[INFO] cloning repository https://github.com/cashweb/cashweb-backends
[INFO] running `Command { std: "git" "-c" "credential.helper=" "-c" "credential.helper=/workspace/cargo-home/bin/git-credential-null" "clone" "--bare" "https://github.com/cashweb/cashweb-backends" "/workspace/cache/git-repos/https%3A%2F%2Fgithub.com%2Fcashweb%2Fcashweb-backends", kill_on_drop: false }`
[INFO] [stderr] Cloning into bare repository '/workspace/cache/git-repos/https%3A%2F%2Fgithub.com%2Fcashweb%2Fcashweb-backends'...
[INFO] running `Command { std: "git" "rev-parse" "HEAD", kill_on_drop: false }`
[INFO] [stdout] ac535cdea9630297f2bd86835f7409569e6706fe
[INFO] checking cashweb/cashweb-backends against 1.55.0 for beta-1.56-3
[INFO] running `Command { std: "git" "clone" "/workspace/cache/git-repos/https%3A%2F%2Fgithub.com%2Fcashweb%2Fcashweb-backends" "/workspace/builds/worker-11/source", kill_on_drop: false }`
[INFO] [stderr] Cloning into '/workspace/builds/worker-11/source'...
[INFO] [stderr] done.
[INFO] validating manifest of git repo https://github.com/cashweb/cashweb-backends on toolchain 1.55.0
[INFO] running `Command { std: "/workspace/cargo-home/bin/cargo" "+1.55.0" "metadata" "--manifest-path" "Cargo.toml" "--no-deps", kill_on_drop: false }`
[INFO] started tweaking git repo https://github.com/cashweb/cashweb-backends
[INFO] finished tweaking git repo https://github.com/cashweb/cashweb-backends
[INFO] tweaked toml for git repo https://github.com/cashweb/cashweb-backends written to /workspace/builds/worker-11/source/Cargo.toml
[INFO] crate git repo https://github.com/cashweb/cashweb-backends already has a lockfile, it will not be regenerated
[INFO] running `Command { std: "/workspace/cargo-home/bin/cargo" "+1.55.0" "fetch" "--manifest-path" "Cargo.toml", kill_on_drop: false }`
[INFO] [stderr]     Blocking waiting for file lock on package cache
[INFO] running `Command { std: "docker" "create" "-v" "/var/lib/crater-agent-workspace/builds/worker-11/target:/opt/rustwide/target:rw,Z" "-v" "/var/lib/crater-agent-workspace/builds/worker-11/source:/opt/rustwide/workdir:ro,Z" "-v" "/var/lib/crater-agent-workspace/cargo-home:/opt/rustwide/cargo-home:ro,Z" "-v" "/var/lib/crater-agent-workspace/rustup-home:/opt/rustwide/rustup-home:ro,Z" "-e" "SOURCE_DIR=/opt/rustwide/workdir" "-e" "CARGO_TARGET_DIR=/opt/rustwide/target" "-e" "CARGO_HOME=/opt/rustwide/cargo-home" "-e" "RUSTUP_HOME=/opt/rustwide/rustup-home" "-w" "/opt/rustwide/workdir" "-m" "1610612736" "--user" "0:0" "--network" "none" "ghcr.io/rust-lang/crates-build-env/linux@sha256:a89201d6b5b9fd45c15d5952ece0a0129e7e80cb26ec023fd59cf09bc26f1604" "/opt/rustwide/cargo-home/bin/cargo" "+1.55.0" "metadata" "--no-deps" "--format-version=1", kill_on_drop: false }`
[INFO] [stdout] 47b051e63890e956064a300e1bb7856c3dfec2ca4e76d322a614b6f38cb02f11
[INFO] [stderr] WARNING: Your kernel does not support swap limit capabilities or the cgroup is not mounted. Memory limited without swap.
[INFO] running `Command { std: "docker" "start" "-a" "47b051e63890e956064a300e1bb7856c3dfec2ca4e76d322a614b6f38cb02f11", kill_on_drop: false }`
[INFO] running `Command { std: "docker" "inspect" "47b051e63890e956064a300e1bb7856c3dfec2ca4e76d322a614b6f38cb02f11", kill_on_drop: false }`
[INFO] running `Command { std: "docker" "rm" "-f" "47b051e63890e956064a300e1bb7856c3dfec2ca4e76d322a614b6f38cb02f11", kill_on_drop: false }`
[INFO] [stdout] 47b051e63890e956064a300e1bb7856c3dfec2ca4e76d322a614b6f38cb02f11
[INFO] running `Command { std: "docker" "create" "-v" "/var/lib/crater-agent-workspace/builds/worker-11/target:/opt/rustwide/target:rw,Z" "-v" "/var/lib/crater-agent-workspace/builds/worker-11/source:/opt/rustwide/workdir:ro,Z" "-v" "/var/lib/crater-agent-workspace/cargo-home:/opt/rustwide/cargo-home:ro,Z" "-v" "/var/lib/crater-agent-workspace/rustup-home:/opt/rustwide/rustup-home:ro,Z" "-e" "SOURCE_DIR=/opt/rustwide/workdir" "-e" "CARGO_TARGET_DIR=/opt/rustwide/target" "-e" "CARGO_INCREMENTAL=0" "-e" "RUST_BACKTRACE=full" "-e" "RUSTFLAGS=--cap-lints=warn" "-e" "CARGO_HOME=/opt/rustwide/cargo-home" "-e" "RUSTUP_HOME=/opt/rustwide/rustup-home" "-w" "/opt/rustwide/workdir" "-m" "1610612736" "--user" "0:0" "--network" "none" "ghcr.io/rust-lang/crates-build-env/linux@sha256:a89201d6b5b9fd45c15d5952ece0a0129e7e80cb26ec023fd59cf09bc26f1604" "/opt/rustwide/cargo-home/bin/cargo" "+1.55.0" "check" "--frozen" "--all" "--all-targets" "--message-format=json", kill_on_drop: false }`
[INFO] [stdout] 6c245d37c4bf511f8ca2eebfa1e7349840a7ead80798d1155b081a55820c97e9
[INFO] [stderr] WARNING: Your kernel does not support swap limit capabilities or the cgroup is not mounted. Memory limited without swap.
[INFO] running `Command { std: "docker" "start" "-a" "6c245d37c4bf511f8ca2eebfa1e7349840a7ead80798d1155b081a55820c97e9", kill_on_drop: false }`
[INFO] [stderr]    Compiling syn v1.0.69
[INFO] [stderr]     Checking futures-io v0.3.14
[INFO] [stderr]    Compiling regex-syntax v0.6.23
[INFO] [stderr]    Compiling yaml-rust v0.3.5
[INFO] [stderr]     Checking bitcoin_hashes v0.7.6
[INFO] [stderr]     Checking subtle v2.4.0
[INFO] [stderr]    Compiling tokio v1.4.0
[INFO] [stderr]     Checking regex-automata v0.1.9
[INFO] [stderr]     Checking itertools v0.10.0
[INFO] [stderr]    Compiling libc v0.2.93
[INFO] [stderr]    Compiling anyhow v1.0.40
[INFO] [stderr]     Checking mio v0.7.11
[INFO] [stderr]     Checking rand_os v0.1.3
[INFO] [stderr]     Checking getrandom v0.1.16
[INFO] [stderr]     Checking atty v0.2.14
[INFO] [stderr]     Checking twoway v0.1.8
[INFO] [stderr]     Checking buf_redux v0.8.4
[INFO] [stderr]     Checking dirs-sys v0.3.5
[INFO] [stderr]     Checking net2 v0.2.37
[INFO] [stderr]     Checking iovec v0.1.4
[INFO] [stderr]    Compiling lexical-core v0.7.5
[INFO] [stderr]    Compiling cast v0.2.4
[INFO] [stderr]     Checking dashmap v4.0.2
[INFO] [stderr]     Checking clap v2.33.3
[INFO] [stderr]     Checking rand_core v0.5.1
[INFO] [stderr]    Compiling petgraph v0.5.1
[INFO] [stderr]     Checking plotters v0.3.0
[INFO] [stderr]     Checking cipher v0.2.5
[INFO] [stderr]     Checking rand v0.6.5
[INFO] [stderr]     Checking dirs v3.0.1
[INFO] [stderr]     Checking zmq-sys v0.11.0
[INFO] [stderr]     Checking chrono v0.4.19
[INFO] [stderr]     Checking serde-hjson v0.9.1
[INFO] [stderr]     Checking ripemd160 v0.9.1
[INFO] [stderr]    Compiling jobserver v0.1.21
[INFO] [stderr]    Compiling getrandom v0.2.2
[INFO] [stderr]    Compiling which v4.1.0
[INFO] [stderr]    Compiling which v3.1.1
[INFO] [stderr]     Checking mio v0.6.23
[INFO] [stderr]     Checking aes-soft v0.6.4
[INFO] [stderr]     Checking block-modes v0.7.0
[INFO] [stderr]     Checking zmq v0.9.2
[INFO] [stderr]     Checking rayon-core v1.9.0
[INFO] [stderr]     Checking headers v0.3.4
[INFO] [stderr]     Checking rand_chacha v0.2.2
[INFO] [stderr]     Checking matchers v0.0.1
[INFO] [stderr]    Compiling cc v1.0.67
[INFO] [stderr]    Compiling rand_core v0.6.2
[INFO] [stderr]    Compiling prost-build v0.7.0
[INFO] [stderr]     Checking tungstenite v0.12.0
[INFO] [stderr]     Checking tempfile v3.2.0
[INFO] [stderr]     Checking aes v0.6.0
[INFO] [stderr]     Checking rand v0.7.3
[INFO] [stderr]    Compiling rand_chacha v0.3.0
[INFO] [stderr]     Checking criterion-plot v0.4.3
[INFO] [stderr]    Compiling nom v5.1.2
[INFO] [stderr]     Checking rayon v1.5.0
[INFO] [stderr]    Compiling rand v0.8.3
[INFO] [stderr]    Compiling regex v1.4.5
[INFO] [stderr]    Compiling ring v0.16.20
[INFO] [stderr]    Compiling cashweb-secp256k1-sys v0.3.1
[INFO] [stderr]    Compiling openssl-sys v0.9.61
[INFO] [stderr]    Compiling libloading v0.5.2
[INFO] [stderr]     Checking multipart v0.17.1
[INFO] [stderr]    Compiling clang-sys v0.29.3
[INFO] [stderr]    Compiling openssl v0.10.33
[INFO] [stderr]    Compiling native-tls v0.2.7
[INFO] [stderr]    Compiling env_logger v0.7.1
[INFO] [stderr]     Checking bitcoincash-addr v0.5.2
[INFO] [stderr]    Compiling cexpr v0.4.0
[INFO] [stderr]     Checking cashweb-secp256k1 v0.19.1
[INFO] [stderr]    Compiling bindgen v0.54.0
[INFO] [stderr]    Compiling prost-derive v0.7.0
[INFO] [stderr]    Compiling serde_derive v1.0.125
[INFO] [stderr]    Compiling futures-macro v0.3.14
[INFO] [stderr]    Compiling thiserror-impl v1.0.24
[INFO] [stderr]    Compiling tokio-macros v1.1.0
[INFO] [stderr]    Compiling tracing-attributes v0.1.15
[INFO] [stderr]    Compiling pin-project-internal v1.0.6
[INFO] [stderr]    Compiling pin-project-internal v0.4.28
[INFO] [stderr]    Compiling async-stream-impl v0.3.0
[INFO] [stderr]     Checking async-stream v0.3.0
[INFO] [stderr]     Checking futures-util v0.3.14
[INFO] [stderr]     Checking pin-project v1.0.6
[INFO] [stderr]     Checking tracing v0.1.25
[INFO] [stderr]     Checking thiserror v1.0.24
[INFO] [stderr]    Compiling prost v0.7.0
[INFO] [stderr]     Checking pin-project v0.4.28
[INFO] [stderr]    Compiling librocksdb-sys v6.11.4
[INFO] [stderr]    Compiling prost-types v0.7.0
[INFO] [stderr]     Checking tower-util v0.3.1
[INFO] [stderr]     Checking futures-executor v0.3.14
[INFO] [stderr]     Checking tokio-util v0.6.5
[INFO] [stderr]     Checking tokio-native-tls v0.3.0
[INFO] [stderr]     Checking tokio-stream v0.1.5
[INFO] [stderr]     Checking tokio-tungstenite v0.13.0
[INFO] [stderr]     Checking futures v0.3.14
[INFO] [stderr]     Checking serde v1.0.125
[INFO] [stderr]     Checking async_zmq v0.3.2
[INFO] [stderr]     Checking h2 v0.3.2
[INFO] [stderr]    Compiling cashweb-auth-wrapper v0.1.0-alpha.5 (/opt/rustwide/workdir/lib/cashweb-auth-wrapper)
[INFO] [stderr]    Compiling cashweb-relay v0.1.0-alpha.4 (/opt/rustwide/workdir/lib/cashweb-relay)
[INFO] [stderr]    Compiling cashweb-keyserver v0.1.0-alpha.4 (/opt/rustwide/workdir/lib/cashweb-keyserver)
[INFO] [stderr]    Compiling cashweb-payments v0.1.0-alpha.5 (/opt/rustwide/workdir/lib/cashweb-payments)
[INFO] [stderr]    Compiling keyserver v0.2.1 (/opt/rustwide/workdir/keyserver)
[INFO] [stderr]     Checking serde_json v1.0.64
[INFO] [stderr]     Checking cashweb-bitcoin v0.1.0-alpha.4 (/opt/rustwide/workdir/lib/cashweb-bitcoin)
[INFO] [stderr]     Checking toml v0.5.8
[INFO] [stderr]     Checking tracing-serde v0.1.2
[INFO] [stderr]     Checking serde_urlencoded v0.7.0
[INFO] [stderr]     Checking bstr v0.2.15
[INFO] [stderr]     Checking serde_cbor v0.11.1
[INFO] [stderr]     Checking hyper v0.14.5
[INFO] [stderr]     Checking csv v1.1.6
[INFO] [stderr]     Checking config v0.10.1
[INFO] [stderr]     Checking tracing-subscriber v0.2.17
[INFO] [stderr]     Checking tinytemplate v1.2.1
[INFO] [stderr]     Checking criterion v0.3.4
[INFO] [stderr] error: could not compile `hyper`
[INFO] [stderr] 
[INFO] [stderr] Caused by:
[INFO] [stderr]   process didn't exit successfully: `rustc --crate-name hyper --edition=2018 /opt/rustwide/cargo-home/registry/src/github.com-1ecc6299db9ec823/hyper-0.14.5/src/lib.rs --error-format=json --json=diagnostic-rendered-ansi --crate-type lib --crate-type staticlib --crate-type cdylib --emit=dep-info,metadata -C embed-bitcode=no -C debuginfo=2 --cfg 'feature="client"' --cfg 'feature="default"' --cfg 'feature="h2"' --cfg 'feature="http1"' --cfg 'feature="http2"' --cfg 'feature="server"' --cfg 'feature="socket2"' --cfg 'feature="stream"' --cfg 'feature="tcp"' -C metadata=ac8be9f244b4e300 -C extra-filename=-ac8be9f244b4e300 --out-dir /opt/rustwide/target/debug/deps -L dependency=/opt/rustwide/target/debug/deps --extern bytes=/opt/rustwide/target/debug/deps/libbytes-415711830f3be7b8.rmeta --extern futures_channel=/opt/rustwide/target/debug/deps/libfutures_channel-3d01f521c5c0a380.rmeta --extern futures_core=/opt/rustwide/target/debug/deps/libfutures_core-031993f7de540254.rmeta --extern futures_util=/opt/rustwide/target/debug/deps/libfutures_util-70f8072d6b6c2fe8.rmeta --extern h2=/opt/rustwide/target/debug/deps/libh2-247aa72a1e6ecd3a.rmeta --extern http=/opt/rustwide/target/debug/deps/libhttp-865455b9d368a194.rmeta --extern http_body=/opt/rustwide/target/debug/deps/libhttp_body-c10db03a1ed5689a.rmeta --extern httparse=/opt/rustwide/target/debug/deps/libhttparse-5c157f380068c030.rmeta --extern httpdate=/opt/rustwide/target/debug/deps/libhttpdate-d7b2309e3bf05c22.rmeta --extern itoa=/opt/rustwide/target/debug/deps/libitoa-7f596774c33c4a87.rmeta --extern pin_project=/opt/rustwide/target/debug/deps/libpin_project-92a79d0b71b0e9f8.rmeta --extern socket2=/opt/rustwide/target/debug/deps/libsocket2-a9dca83212a03365.rmeta --extern tokio=/opt/rustwide/target/debug/deps/libtokio-998e1a5fd4e3636e.rmeta --extern tower_service=/opt/rustwide/target/debug/deps/libtower_service-95ac06497d56a7dc.rmeta --extern tracing=/opt/rustwide/target/debug/deps/libtracing-92552b3831481cae.rmeta --extern want=/opt/rustwide/target/debug/deps/libwant-230894d5890627ce.rmeta --cap-lints allow --cap-lints=warn` (signal: 9, SIGKILL: kill)
[INFO] [stderr] warning: build failed, waiting for other jobs to finish...
[INFO] [stderr] The following warnings were emitted during compilation:
[INFO] [stderr] 
[INFO] [stderr] warning: c++: fatal error: Killed signal terminated program cc1plus
[INFO] [stderr] warning: compilation terminated.
[INFO] [stderr] warning: c++: fatal error: Killed signal terminated program cc1plus
[INFO] [stderr] warning: compilation terminated.
[INFO] [stderr] warning: c++: fatal error: Killed signal terminated program cc1plus
[INFO] [stderr] warning: compilation terminated.
[INFO] [stderr] warning: c++: fatal error: Killed signal terminated program cc1plus
[INFO] [stderr] warning: compilation terminated.
[INFO] [stderr] warning: c++: fatal error: Killed signal terminated program cc1plus
[INFO] [stderr] warning: compilation terminated.
[INFO] [stderr] warning: c++: fatal error: Killed signal terminated program cc1plus
[INFO] [stderr] warning: compilation terminated.
[INFO] [stderr] warning: c++: fatal error: Killed signal terminated program cc1plus
[INFO] [stderr] warning: compilation terminated.
[INFO] [stderr] warning: c++: fatal error: Killed signal terminated program cc1plus
[INFO] [stderr] warning: compilation terminated.
[INFO] [stderr] warning: c++: fatal error: Killed signal terminated program cc1plus
[INFO] [stderr] warning: compilation terminated.
[INFO] [stderr] warning: c++: fatal error: Killed signal terminated program cc1plus
[INFO] [stderr] warning: compilation terminated.
[INFO] [stderr] warning: c++: fatal error: Killed signal terminated program cc1plus
[INFO] [stderr] warning: compilation terminated.
[INFO] [stderr] warning: c++: fatal error: Killed signal terminated program cc1plus
[INFO] [stderr] warning: compilation terminated.
[INFO] [stderr] warning: c++: fatal error: Killed signal terminated program cc1plus
[INFO] [stderr] warning: compilation terminated.
[INFO] [stderr] 
[INFO] [stderr] error: build failed
[INFO] running `Command { std: "docker" "inspect" "6c245d37c4bf511f8ca2eebfa1e7349840a7ead80798d1155b081a55820c97e9", kill_on_drop: false }`
[INFO] running `Command { std: "docker" "rm" "-f" "6c245d37c4bf511f8ca2eebfa1e7349840a7ead80798d1155b081a55820c97e9", kill_on_drop: false }`
[INFO] [stdout] 6c245d37c4bf511f8ca2eebfa1e7349840a7ead80798d1155b081a55820c97e9
