[INFO] cloning repository https://github.com/caosbad/substrate-chengdu-workshop
[INFO] running `Command { std: "git" "-c" "credential.helper=" "-c" "credential.helper=/workspace/cargo-home/bin/git-credential-null" "clone" "--bare" "https://github.com/caosbad/substrate-chengdu-workshop" "/workspace/cache/git-repos/https%3A%2F%2Fgithub.com%2Fcaosbad%2Fsubstrate-chengdu-workshop", kill_on_drop: false }`
[INFO] [stderr] Cloning into bare repository '/workspace/cache/git-repos/https%3A%2F%2Fgithub.com%2Fcaosbad%2Fsubstrate-chengdu-workshop'...
[INFO] running `Command { std: "git" "rev-parse" "HEAD", kill_on_drop: false }`
[INFO] [stdout] b7ed4941feb6d0ccc9ca9e51a1c65c6a92c47e5d
[INFO] checking caosbad/substrate-chengdu-workshop against 1.55.0 for beta-1.56-3
[INFO] running `Command { std: "git" "clone" "/workspace/cache/git-repos/https%3A%2F%2Fgithub.com%2Fcaosbad%2Fsubstrate-chengdu-workshop" "/workspace/builds/worker-1/source", kill_on_drop: false }`
[INFO] [stderr] Cloning into '/workspace/builds/worker-1/source'...
[INFO] [stderr] done.
[INFO] validating manifest of git repo https://github.com/caosbad/substrate-chengdu-workshop on toolchain 1.55.0
[INFO] running `Command { std: "/workspace/cargo-home/bin/cargo" "+1.55.0" "metadata" "--manifest-path" "Cargo.toml" "--no-deps", kill_on_drop: false }`
[INFO] started tweaking git repo https://github.com/caosbad/substrate-chengdu-workshop
[INFO] finished tweaking git repo https://github.com/caosbad/substrate-chengdu-workshop
[INFO] tweaked toml for git repo https://github.com/caosbad/substrate-chengdu-workshop written to /workspace/builds/worker-1/source/Cargo.toml
[INFO] crate git repo https://github.com/caosbad/substrate-chengdu-workshop already has a lockfile, it will not be regenerated
[INFO] running `Command { std: "/workspace/cargo-home/bin/cargo" "+1.55.0" "fetch" "--manifest-path" "Cargo.toml", kill_on_drop: false }`
[INFO] [stderr]     Blocking waiting for file lock on package cache
[INFO] [stderr]  Downloading crates ...
[INFO] [stderr]   Downloaded wasm-bindgen-shared v0.2.47
[INFO] [stderr]   Downloaded wasm-bindgen-macro-support v0.2.47
[INFO] [stderr]   Downloaded openssl-sys v0.9.47
[INFO] [stderr]   Downloaded blake2 v0.8.0
[INFO] [stderr]   Downloaded wasm-bindgen v0.2.47
[INFO] [stderr]   Downloaded wasm-bindgen-futures v0.3.24
[INFO] [stderr]   Downloaded wasm-bindgen-webidl v0.2.47
[INFO] [stderr]   Downloaded paste-impl v0.1.5
[INFO] [stderr]   Downloaded js-sys v0.3.24
[INFO] [stderr]   Downloaded proc-macro-hack v0.5.7
[INFO] [stderr]   Downloaded paste v0.1.5
[INFO] [stderr]   Downloaded protobuf v2.7.0
[INFO] [stderr]   Downloaded rayon-core v1.5.0
[INFO] [stderr]   Downloaded web-sys v0.3.24
[INFO] [stderr]   Downloaded rayon v1.1.0
[INFO] [stderr]   Downloaded syn v0.15.39
[INFO] [stderr]   Downloaded utf8-ranges v1.0.3
[INFO] [stderr]   Downloaded merlin v1.1.0
[INFO] [stderr]   Downloaded hmac v0.7.0
[INFO] [stderr]   Downloaded wasm-bindgen-macro v0.2.47
[INFO] [stderr]   Downloaded wasm-bindgen-backend v0.2.47
[INFO] [stderr]   Downloaded proc-macro-hack v0.4.1
[INFO] [stderr]   Downloaded bstr v0.2.1
[INFO] [stderr]   Downloaded regex v1.1.7
[INFO] [stderr]   Downloaded openssl v0.10.23
[INFO] [stderr]   Downloaded curve25519-dalek v1.2.1
[INFO] [stderr]   Downloaded h2 v0.1.25
[INFO] [stderr]   Downloaded subtle v2.1.0
[INFO] [stderr]   Downloaded parity-multihash v0.1.2
[INFO] [stderr]   Downloaded toml v0.5.1
[INFO] [stderr]   Downloaded slog v2.4.1
[INFO] [stderr]   Downloaded tokio-trace-core v0.2.0
[INFO] [stderr]   Downloaded regex-syntax v0.6.7
[INFO] [stderr]   Downloaded tokio v0.1.21
[INFO] [stderr]   Downloaded rustc-demangle v0.1.15
[INFO] [stderr]   Downloaded hashmap_core v0.1.10
[INFO] [stderr]   Downloaded proc-macro-hack-impl v0.4.1
[INFO] [stderr]   Downloaded serde v1.0.94
[INFO] [stderr]   Downloaded serde_derive v1.0.94
[INFO] [stderr]   Downloaded opaque-debug v0.2.2
[INFO] [stderr]   Downloaded twox-hash v1.4.2
[INFO] [stderr]   Downloaded tokio-threadpool v0.1.14
[INFO] [stderr]   Downloaded http v0.1.17
[INFO] [stderr]   Downloaded hyper v0.12.31
[INFO] [stderr]   Downloaded weedle v0.9.0
[INFO] [stderr]   Downloaded stream-cipher v0.3.0
[INFO] [stderr]   Downloaded bs58 v0.2.2
[INFO] [stderr]   Downloaded libloading v0.5.1
[INFO] [stderr]   Downloaded bumpalo v2.5.0
[INFO] [stderr]   Downloaded aho-corasick v0.7.4
[INFO] [stderr]   Downloaded slog-scope v4.1.1
[INFO] [stderr]   Downloaded stdweb v0.4.17
[INFO] [stderr]   Downloaded backtrace v0.3.32
[INFO] running `Command { std: "docker" "create" "-v" "/var/lib/crater-agent-workspace/builds/worker-1/target:/opt/rustwide/target:rw,Z" "-v" "/var/lib/crater-agent-workspace/builds/worker-1/source:/opt/rustwide/workdir:ro,Z" "-v" "/var/lib/crater-agent-workspace/cargo-home:/opt/rustwide/cargo-home:ro,Z" "-v" "/var/lib/crater-agent-workspace/rustup-home:/opt/rustwide/rustup-home:ro,Z" "-e" "SOURCE_DIR=/opt/rustwide/workdir" "-e" "CARGO_TARGET_DIR=/opt/rustwide/target" "-e" "CARGO_HOME=/opt/rustwide/cargo-home" "-e" "RUSTUP_HOME=/opt/rustwide/rustup-home" "-w" "/opt/rustwide/workdir" "-m" "1610612736" "--user" "0:0" "--network" "none" "ghcr.io/rust-lang/crates-build-env/linux@sha256:a89201d6b5b9fd45c15d5952ece0a0129e7e80cb26ec023fd59cf09bc26f1604" "/opt/rustwide/cargo-home/bin/cargo" "+1.55.0" "metadata" "--no-deps" "--format-version=1", kill_on_drop: false }`
[INFO] [stderr] WARNING: Your kernel does not support swap limit capabilities or the cgroup is not mounted. Memory limited without swap.
[INFO] [stdout] 7f6ad20ea96e829c6e058b55866677edac0e6cf130b5ffd8991f57d1daa12ed5
[INFO] running `Command { std: "docker" "start" "-a" "7f6ad20ea96e829c6e058b55866677edac0e6cf130b5ffd8991f57d1daa12ed5", kill_on_drop: false }`
[INFO] running `Command { std: "docker" "inspect" "7f6ad20ea96e829c6e058b55866677edac0e6cf130b5ffd8991f57d1daa12ed5", kill_on_drop: false }`
[INFO] running `Command { std: "docker" "rm" "-f" "7f6ad20ea96e829c6e058b55866677edac0e6cf130b5ffd8991f57d1daa12ed5", kill_on_drop: false }`
[INFO] [stdout] 7f6ad20ea96e829c6e058b55866677edac0e6cf130b5ffd8991f57d1daa12ed5
[INFO] running `Command { std: "docker" "create" "-v" "/var/lib/crater-agent-workspace/builds/worker-1/target:/opt/rustwide/target:rw,Z" "-v" "/var/lib/crater-agent-workspace/builds/worker-1/source:/opt/rustwide/workdir:ro,Z" "-v" "/var/lib/crater-agent-workspace/cargo-home:/opt/rustwide/cargo-home:ro,Z" "-v" "/var/lib/crater-agent-workspace/rustup-home:/opt/rustwide/rustup-home:ro,Z" "-e" "SOURCE_DIR=/opt/rustwide/workdir" "-e" "CARGO_TARGET_DIR=/opt/rustwide/target" "-e" "CARGO_INCREMENTAL=0" "-e" "RUST_BACKTRACE=full" "-e" "RUSTFLAGS=--cap-lints=warn" "-e" "CARGO_HOME=/opt/rustwide/cargo-home" "-e" "RUSTUP_HOME=/opt/rustwide/rustup-home" "-w" "/opt/rustwide/workdir" "-m" "1610612736" "--user" "0:0" "--network" "none" "ghcr.io/rust-lang/crates-build-env/linux@sha256:a89201d6b5b9fd45c15d5952ece0a0129e7e80cb26ec023fd59cf09bc26f1604" "/opt/rustwide/cargo-home/bin/cargo" "+1.55.0" "check" "--frozen" "--all" "--all-targets" "--message-format=json", kill_on_drop: false }`
[INFO] [stderr] WARNING: Your kernel does not support swap limit capabilities or the cgroup is not mounted. Memory limited without swap.
[INFO] [stdout] ab85a1d059bb5112a0e1890b7dd1c988b1ce5c370fad8268056c15331184a593
[INFO] running `Command { std: "docker" "start" "-a" "ab85a1d059bb5112a0e1890b7dd1c988b1ce5c370fad8268056c15331184a593", kill_on_drop: false }`
[INFO] [stderr]    Compiling spin v0.5.0
[INFO] [stderr]    Compiling either v1.5.2
[INFO] [stderr]    Compiling serde v1.0.94
[INFO] [stderr]    Compiling subtle v2.1.0
[INFO] [stderr]    Compiling regex v1.1.7
[INFO] [stderr]     Checking hash-db v0.12.4
[INFO] [stderr]    Compiling protobuf v2.7.0
[INFO] [stderr]    Compiling rustc-demangle v0.1.15
[INFO] [stderr]    Compiling utf8-ranges v1.0.3
[INFO] [stderr]    Compiling termcolor v1.0.5
[INFO] [stderr]    Compiling sysinfo v0.8.6
[INFO] [stderr]    Compiling byteorder v1.3.2
[INFO] [stderr]     Checking log v0.4.6
[INFO] [stderr]    Compiling rand v0.6.5
[INFO] [stderr]    Compiling num-traits v0.2.8
[INFO] [stderr]     Checking tokio-sync v0.1.6
[INFO] [stderr]     Checking regex-syntax v0.6.7
[INFO] [stderr]     Checking block-buffer v0.3.3
[INFO] [stderr]    Compiling libc v0.2.58
[INFO] [stderr]    Compiling lazy_static v1.3.0
[INFO] [stderr]     Checking trie-root v0.12.4
[INFO] [stderr]     Checking crossbeam-utils v0.6.5
[INFO] [stderr]     Checking tokio-trace-core v0.2.0
[INFO] [stderr]     Checking rand_os v0.1.3
[INFO] [stderr]     Checking num_cpus v1.10.1
[INFO] [stderr]     Checking iovec v0.1.2
[INFO] [stderr]     Checking rand v0.4.6
[INFO] [stderr]     Checking rand v0.5.6
[INFO] [stderr]     Checking net2 v0.2.33
[INFO] [stderr]     Checking get_if_addrs v0.5.3
[INFO] [stderr]     Checking fs-swap v0.2.4
[INFO] [stderr]     Checking fdlimit v0.1.1
[INFO] [stderr]     Checking log v0.3.9
[INFO] [stderr]     Checking want v0.2.0
[INFO] [stderr]     Checking rand_chacha v0.1.1
[INFO] [stderr]    Compiling sr-std v1.0.0 (https://github.com/paritytech/substrate.git?rev=2f1b89f4b2f969917117a6bcecb14f361bf1c776#2f1b89f4)
[INFO] [stderr]    Compiling sr-io v1.0.0 (https://github.com/paritytech/substrate.git?rev=2f1b89f4b2f969917117a6bcecb14f361bf1c776#2f1b89f4)
[INFO] [stderr]    Compiling hyper v0.12.31
[INFO] [stderr]     Checking aho-corasick v0.7.4
[INFO] [stderr]     Checking bstr v0.2.1
[INFO] [stderr]     Checking hash256-std-hasher v0.12.4
[INFO] [stderr]     Checking nix v0.14.1
[INFO] [stderr]     Checking slog-async v2.3.0
[INFO] [stderr]    Compiling thread_local v0.3.6
[INFO] [stderr]     Checking parity-wasm v0.31.3
[INFO] [stderr]     Checking hashbrown v0.1.8
[INFO] [stderr]     Checking uint v0.7.1
[INFO] [stderr]     Checking base64 v0.9.3
[INFO] [stderr]     Checking base64 v0.10.1
[INFO] [stderr]     Checking dns-parser v0.8.0
[INFO] [stderr]     Checking bigint v4.4.1
[INFO] [stderr]     Checking clap v2.32.0
[INFO] [stderr]     Checking futures-cpupool v0.1.8
[INFO] [stderr]    Compiling syn v0.15.39
[INFO] [stderr]     Checking block-buffer v0.7.3
[INFO] [stderr]     Checking block-cipher-trait v0.6.2
[INFO] [stderr]     Checking stream-cipher v0.3.0
[INFO] [stderr]     Checking crypto-mac v0.6.2
[INFO] [stderr]     Checking digest v0.7.6
[INFO] [stderr]     Checking bytes v0.4.12
[INFO] [stderr]     Checking crossbeam-epoch v0.7.1
[INFO] [stderr]     Checking crossbeam-queue v0.1.2
[INFO] [stderr]     Checking tokio-executor v0.1.7
[INFO] [stderr]     Checking crossbeam-channel v0.3.8
[INFO] [stderr]    Compiling atty v0.2.11
[INFO] [stderr]    Compiling time v0.1.42
[INFO] [stderr]     Checking mime v0.2.6
[INFO] [stderr]     Checking mio v0.6.19
[INFO] [stderr]     Checking rand v0.3.23
[INFO] [stderr]     Checking parking_lot_core v0.2.14
[INFO] [stderr]     Checking fixed-hash v0.3.2
[INFO] [stderr]     Checking hmac v0.7.0
[INFO] [stderr]     Checking blake2 v0.8.0
[INFO] [stderr]     Checking sha2 v0.8.0
[INFO] [stderr]     Checking sha3 v0.8.2
[INFO] [stderr]     Checking sha-1 v0.8.1
[INFO] [stderr]     Checking ripemd160 v0.8.0
[INFO] [stderr]     Checking sha2 v0.7.1
[INFO] [stderr]     Checking aes-soft v0.3.3
[INFO] [stderr]     Checking ctr v0.3.2
[INFO] [stderr]     Checking twofish v0.2.0
[INFO] [stderr]     Checking block-modes v0.3.3
[INFO] [stderr]     Checking hmac v0.6.3
[INFO] [stderr]     Checking pbkdf2 v0.2.3
[INFO] [stderr]     Checking parking_lot_core v0.3.1
[INFO] [stderr]     Checking tokio-timer v0.2.11
[INFO] [stderr]     Checking tokio-current-thread v0.1.6
[INFO] [stderr]     Checking crossbeam-deque v0.6.3
[INFO] [stderr]     Checking crossbeam-deque v0.7.1
[INFO] [stderr]     Checking tokio-io v0.1.12
[INFO] [stderr]     Checking http v0.1.17
[INFO] [stderr]     Checking string v0.2.1
[INFO] [stderr]     Checking tokio-buf v0.1.1
[INFO] [stderr]     Checking hyper v0.10.16
[INFO] [stderr]     Checking cuckoofilter v0.3.2
[INFO] [stderr]     Checking names v0.11.0
[INFO] [stderr]     Checking mio-uds v0.6.7
[INFO] [stderr]     Checking mio-extras v2.0.5
[INFO] [stderr]     Checking wasmi-validation v0.1.0
[INFO] [stderr]     Checking parking_lot v0.5.5
[INFO] [stderr]     Checking num-integer v0.1.41
[INFO] [stderr]     Checking parking_lot_core v0.4.0
[INFO] [stderr]     Checking twox-hash v1.4.2
[INFO] [stderr]     Checking trie-db v0.12.4
[INFO] [stderr]     Checking aes-ctr v0.3.0
[INFO] [stderr]     Checking aes v0.3.2
[INFO] [stderr]     Checking scrypt v0.1.2
[INFO] [stderr]     Checking rayon-core v1.5.0
[INFO] [stderr]     Checking parking_lot v0.6.4
[INFO] [stderr]     Checking tokio-threadpool v0.1.14
[INFO] [stderr]     Checking libsecp256k1 v0.2.2
[INFO] [stderr]     Checking tokio-codec v0.1.1
[INFO] [stderr]     Checking rw-stream-sink v0.1.2
[INFO] [stderr]     Checking ctrlc v3.1.3
[INFO] [stderr]     Checking parity-ws v0.8.0
[INFO] [stderr]     Checking aio-limited v0.1.0
[INFO] [stderr]     Checking chrono v0.4.7
[INFO] [stderr]     Checking wasmi v0.4.5
[INFO] [stderr]     Checking parking_lot v0.7.1
[INFO] [stderr]     Checking unsigned-varint v0.2.2
[INFO] [stderr]     Checking yamux v0.2.1
[INFO] [stderr]     Checking rayon v1.1.0
[INFO] [stderr]     Checking globset v0.4.4
[INFO] [stderr]     Checking env_logger v0.6.2
[INFO] [stderr]     Checking tokio-fs v0.1.6
[INFO] [stderr]     Checking once_cell v0.1.8
[INFO] [stderr]     Checking tokio-reactor v0.1.9
[INFO] [stderr]     Checking crossbeam v0.6.0
[INFO] [stderr]     Checking exit-future v0.1.4
[INFO] [stderr]     Checking parity-multihash v0.1.2
[INFO] [stderr]     Checking multistream-select v0.4.0
[INFO] [stderr]     Checking http-body v0.1.0
[INFO] [stderr]     Checking h2 v0.1.25
[INFO] [stderr]     Checking slog-scope v4.1.1
[INFO] [stderr]     Checking tokio-tcp v0.1.3
[INFO] [stderr]     Checking tokio-uds v0.2.5
[INFO] [stderr]     Checking tokio-udp v0.1.3
[INFO] [stderr]    Compiling vergen v3.0.4
[INFO] [stderr]     Checking tokio v0.1.21
[INFO] [stderr]     Checking tokio-dns-unofficial v0.4.0
[INFO] [stderr]     Checking tk-listen v0.2.1
[INFO] [stderr]     Checking pbkdf2 v0.3.0
[INFO] [stderr]    Compiling synstructure v0.10.2
[INFO] [stderr]    Compiling cc v1.0.26
[INFO] [stderr]    Compiling backtrace-sys v0.1.30
[INFO] [stderr]    Compiling clear_on_drop v0.2.3
[INFO] [stderr]    Compiling ring v0.14.6
[INFO] [stderr]    Compiling secp256k1 v0.12.2
[INFO] [stderr]    Compiling openssl-sys v0.9.47
[INFO] [stderr]    Compiling libloading v0.5.1
[INFO] [stderr]    Compiling serde_derive v1.0.94
[INFO] [stderr]    Compiling failure_derive v0.1.5
[INFO] [stderr]    Compiling malloc_size_of_derive v0.1.0
[INFO] [stderr]    Compiling asn1_der_derive v0.1.1
[INFO] [stderr]    Compiling strum_macros v0.14.0
[INFO] [stderr]    Compiling libp2p-core-derive v0.7.0
[INFO] [stderr]    Compiling srml-support-procedural-tools-derive v1.0.0 (https://github.com/paritytech/substrate.git?rev=2f1b89f4b2f969917117a6bcecb14f361bf1c776#2f1b89f4)
[INFO] [stderr]    Compiling proc-macro-hack v0.5.7
[INFO] [stderr]    Compiling jsonrpc-derive v10.1.0
[INFO] [stderr]    Compiling structopt-derive v0.2.18
[INFO] [stderr] error: failed to run custom build command for `clear_on_drop v0.2.3`
[INFO] [stderr] 
[INFO] [stderr] Caused by:
[INFO] [stderr]   process didn't exit successfully: `/opt/rustwide/target/debug/build/clear_on_drop-9d5ba682ed737db3/build-script-build` (signal: 6, SIGABRT: process abort signal)
[INFO] [stderr]   --- stderr
[INFO] [stderr]   thread '<unnamed>' panicked at 'attempted to leave type `internal::Local` uninitialized, which is invalid', /rustc/c8dfcfe046a7680554bf4eb612bad840e7631c4b/library/core/src/mem/mod.rs:663:9
[INFO] [stderr]   stack backtrace:
[INFO] [stderr]   thread '<unnamed>' panicked at 'attempted to leave type `internal::Local` uninitialized, which is invalid', /rustc/c8dfcfe046a7680554bf4eb612bad840e7631c4b/library/core/src/mem/mod.rs:663:9
[INFO] [stderr]   thread '<unnamed>' panicked at 'attempted to leave type `internal::Local` uninitialized, which is invalid', /rustc/c8dfcfe046a7680554bf4eb612bad840e7631c4b/library/core/src/mem/mod.rs:663:9
[INFO] [stderr]   thread '<unnamed>' panicked at 'attempted to leave type `internal::Local` uninitialized, which is invalid', /rustc/c8dfcfe046a7680554bf4eb612bad840e7631c4b/library/core/src/mem/mod.rs:663:9
[INFO] [stderr]   thread '<unnamed>' panicked at 'attempted to leave type `internal::Local` uninitialized, which is invalid', /rustc/c8dfcfe046a7680554bf4eb612bad840e7631c4b/library/core/src/mem/mod.rs:663:9
[INFO] [stderr]   thread '<unnamed>' panicked at 'attempted to leave type `internal::Local` uninitialized, which is invalid', /rustc/c8dfcfe046a7680554bf4eb612bad840e7631c4b/library/core/src/mem/mod.rs:663:9
[INFO] [stderr]   thread '<unnamed>' panicked at 'attempted to leave type `internal::Local` uninitialized, which is invalid', /rustc/c8dfcfe046a7680554bf4eb612bad840e7631c4b/library/core/src/mem/mod.rs:663:9
[INFO] [stderr]   thread '<unnamed>' panicked at 'attempted to leave type `internal::Local` uninitialized, which is invalid', /rustc/c8dfcfe046a7680554bf4eb612bad840e7631c4b/library/core/src/mem/mod.rs:663:9
[INFO] [stderr]   thread '<unnamed>' panicked at 'attempted to leave type `internal::Local` uninitialized, which is invalid', /rustc/c8dfcfe046a7680554bf4eb612bad840e7631c4b/library/core/src/mem/mod.rs:663:9
[INFO] [stderr]   thread '<unnamed>' panicked at 'attempted to leave type `internal::Local` uninitialized, which is invalid', /rustc/c8dfcfe046a7680554bf4eb612bad840e7631c4b/library/core/src/mem/mod.rs:663:9
[INFO] [stderr]   thread '<unnamed>' panicked at 'attempted to leave type `internal::Local` uninitialized, which is invalid', /rustc/c8dfcfe046a7680554bf4eb612bad840e7631c4b/library/core/src/mem/mod.rs:663:9
[INFO] [stderr]   thread '<unnamed>' panicked at 'attempted to leave type `internal::Local` uninitialized, which is invalid', /rustc/c8dfcfe046a7680554bf4eb612bad840e7631c4b/library/core/src/mem/mod.rs:663:9
[INFO] [stderr]      0:     0x55944a018260 - std::backtrace_rs::backtrace::libunwind::trace::ha0ad43e8a952bfe7
[INFO] [stderr]                                  at /rustc/c8dfcfe046a7680554bf4eb612bad840e7631c4b/library/std/src/../../backtrace/src/backtrace/libunwind.rs:90:5
[INFO] [stderr]      1:     0x55944a018260 - std::backtrace_rs::backtrace::trace_unsynchronized::h6830419c0c4130dc
[INFO] [stderr]                                  at /rustc/c8dfcfe046a7680554bf4eb612bad840e7631c4b/library/std/src/../../backtrace/src/backtrace/mod.rs:66:5
[INFO] [stderr]      2:     0x55944a018260 - std::sys_common::backtrace::_print_fmt::h8f3516631ffa1ef5
[INFO] [stderr]                                  at /rustc/c8dfcfe046a7680554bf4eb612bad840e7631c4b/library/std/src/sys_common/backtrace.rs:67:5
[INFO] [stderr]      3:     0x55944a018260 - <std::sys_common::backtrace::_print::DisplayBacktrace as core::fmt::Display>::fmt::he1640d5f0d93f618
[INFO] [stderr]                                  at /rustc/c8dfcfe046a7680554bf4eb612bad840e7631c4b/library/std/src/sys_common/backtrace.rs:46:22
[INFO] [stderr]      4:     0x55944a037a4c - core::fmt::write::h88012e1f01caeebf
[INFO] [stderr]                                  at /rustc/c8dfcfe046a7680554bf4eb612bad840e7631c4b/library/core/src/fmt/mod.rs:1115:17
[INFO] [stderr]      5:     0x55944a014aa5 - std::io::Write::write_fmt::h360fa85b30182555
[INFO] [stderr]                                  at /rustc/c8dfcfe046a7680554bf4eb612bad840e7631c4b/library/std/src/io/mod.rs:1665:15
[INFO] [stderr]      6:     0x55944a01a45b - std::sys_common::backtrace::_print::ha1f00492f406a015
[INFO] [stderr]                                  at /rustc/c8dfcfe046a7680554bf4eb612bad840e7631c4b/library/std/src/sys_common/backtrace.rs:49:5
[INFO] [stderr]      7:     0x55944a01a45b - std::sys_common::backtrace::print::hd54561b13feb6af3
[INFO] [stderr]                                  at /rustc/c8dfcfe046a7680554bf4eb612bad840e7631c4b/library/std/src/sys_common/backtrace.rs:36:9
[INFO] [stderr]      8:     0x55944a01a45b - std::panicking::default_hook::{{closure}}::h84fe124cd0864662
[INFO] [stderr]                                  at /rustc/c8dfcfe046a7680554bf4eb612bad840e7631c4b/library/std/src/panicking.rs:208:50
[INFO] [stderr]      9:     0x55944a019f31 - std::panicking::default_hook::h5a8e74a76ce290a7
[INFO] [stderr]                                  at /rustc/c8dfcfe046a7680554bf4eb612bad840e7631c4b/library/std/src/panicking.rs:225:9
[INFO] [stderr]     10:     0x55944a01ab24 - std::panicking::rust_panic_with_hook::h67c812a4fe9d4c91
[INFO] [stderr]                                  at /rustc/c8dfcfe046a7680554bf4eb612bad840e7631c4b/library/std/src/panicking.rs:622:17
[INFO] [stderr]     11:     0x55944a01a5d7 - std::panicking::begin_panic_handler::{{closure}}::h33f9c1b96af300d7
[INFO] [stderr]                                  at /rustc/c8dfcfe046a7680554bf4eb612bad840e7631c4b/library/std/src/panicking.rs:517:13
[INFO] [stderr]     12:     0x55944a01875c - std::sys_common::backtrace::__rust_end_short_backtrace::h51bae64be5921f0e
[INFO] [stderr]                                  at /rustc/c8dfcfe046a7680554bf4eb612bad840e7631c4b/library/std/src/sys_common/backtrace.rs:141:18
[INFO] [stderr]     13:     0x55944a01a569 - rust_begin_unwind
[INFO] [stderr]                                  at /rustc/c8dfcfe046a7680554bf4eb612bad840e7631c4b/library/std/src/panicking.rs:515:5
[INFO] [stderr]     14:     0x559449f743a1 - core::panicking::panic_fmt::h12a3a3c256485fca
[INFO] [stderr]                                  at /rustc/c8dfcfe046a7680554bf4eb612bad840e7631c4b/library/core/src/panicking.rs:92:14
[INFO] [stderr]     15:     0x559449f742ed - core::panicking::panic::h344f23ad26057b48
[INFO] [stderr]                                  at /rustc/c8dfcfe046a7680554bf4eb612bad840e7631c4b/library/core/src/panicking.rs:50:5
[INFO] [stderr]     16:     0x559449ff3fc3 - core::mem::uninitialized::hab28de51468d0aae
[INFO] [stderr]                                  at /rustc/c8dfcfe046a7680554bf4eb612bad840e7631c4b/library/core/src/mem/mod.rs:663:9
[INFO] [stderr]     17:     0x559449ff3fc3 - <crossbeam_epoch::internal::Local as crossbeam_epoch::sync::list::IsElement<crossbeam_epoch::internal::Local>>::entry_of::h17777c9f1fe7931a
[INFO] [stderr]                                  at /opt/rustwide/cargo-home/registry/src/github.com-1ecc6299db9ec823/crossbeam-epoch-0.7.1/src/internal.rs:493:59
[INFO] [stderr]     18:     0x559449ffd010 - crossbeam_epoch::sync::list::List<T,C>::insert::h2af9ef7440eeabe8
[INFO] [stderr]                                  at /opt/rustwide/cargo-home/registry/src/github.com-1ecc6299db9ec823/crossbeam-epoch-0.7.1/src/sync/list.rs:176:29
[INFO] [stderr]     19:     0x559449ff3425 - crossbeam_epoch::internal::Local::register::h9376df2d457a330c
[INFO] [stderr]                                  at /opt/rustwide/cargo-home/registry/src/github.com-1ecc6299db9ec823/crossbeam-epoch-0.7.1/src/internal.rs:291:13
[INFO] [stderr]     20:     0x559449ff8c9e - crossbeam_epoch::collector::Collector::register::h02240bed680ef82e
[INFO] [stderr]                                  at /opt/rustwide/cargo-home/registry/src/github.com-1ecc6299db9ec823/crossbeam-epoch-0.7.1/src/collector.rs:39:9
[INFO] [stderr]     21:     0x559449ffce81 - crossbeam_epoch::default::HANDLE::__init::h7b4f70da11901002
[INFO] [stderr]                                  at /opt/rustwide/cargo-home/registry/src/github.com-1ecc6299db9ec823/crossbeam-epoch-0.7.1/src/default.rs:17:34
[INFO] [stderr]     22:     0x559449ffa819 - core::ops::function::FnOnce::call_once::h90ad7ef4d0a14bcc
[INFO] [stderr]                                  at /rustc/c8dfcfe046a7680554bf4eb612bad840e7631c4b/library/core/src/ops/function.rs:227:5
[INFO] [stderr]     23:     0x559449ff84dc - std::thread::local::lazy::LazyKeyInner<T>::initialize::h604c7069fe2da936
[INFO] [stderr]                                  at /rustc/c8dfcfe046a7680554bf4eb612bad840e7631c4b/library/std/src/thread/local.rs:431:25
[INFO] [stderr]     24:     0x559449ff59a0 - std::thread::local::fast::Key<T>::try_initialize::h9bac5023a90a7fdb
[INFO] [stderr]                                  at /rustc/c8dfcfe046a7680554bf4eb612bad840e7631c4b/library/std/src/thread/local.rs:609:31
[INFO] [stderr]     25:     0x559449ff5ae7 - std::thread::local::fast::Key<T>::get::h266f05568c3572c3
[INFO] [stderr]                                  at /rustc/c8dfcfe046a7680554bf4eb612bad840e7631c4b/library/std/src/thread/local.rs:592:29
[INFO] [stderr]     26:     0x559449fdf8dd - crossbeam_epoch::default::HANDLE::__getit::hc799114e5efe426a
[INFO] [stderr]                                  at /rustc/c8dfcfe046a7680554bf4eb612bad840e7631c4b/library/std/src/thread/local.rs:311:26
[INFO] [stderr]     27:     0x559449fdfb85 - std::thread::local::LocalKey<T>::try_with::h833f63eedd37fb7f
[INFO] [stderr]                                  at /rustc/c8dfcfe046a7680554bf4eb612bad840e7631c4b/library/std/src/thread/local.rs:398:32
[INFO] [stderr]     28:     0x559449fdf673 - crossbeam_epoch::default::with_handle::hf3d66c10ab559eb2
[INFO] [stderr]                                  at /opt/rustwide/cargo-home/registry/src/github.com-1ecc6299db9ec823/crossbeam-epoch-0.7.1/src/default.rs:42:5
[INFO] [stderr]     29:     0x559449fdf8f7 - crossbeam_epoch::default::is_pinned::h61cb0290544fc474
[INFO] [stderr]                                  at /opt/rustwide/cargo-home/registry/src/github.com-1ecc6299db9ec823/crossbeam-epoch-0.7.1/src/default.rs:29:5
[INFO] [stderr]     30:     0x559449fddfe0 - crossbeam_deque::Stealer<T>::steal::h958552c23856e523
[INFO] [stderr]                                  at /opt/rustwide/cargo-home/registry/src/github.com-1ecc6299db9ec823/crossbeam-deque-0.6.3/src/lib.rs:660:12
[INFO] [stderr]     31:     0x559449fd982d - rayon_core::registry::WorkerThread::steal::{{closure}}::h8086c58f9596a659
[INFO] [stderr]                                  at /opt/rustwide/cargo-home/registry/src/github.com-1ecc6299db9ec823/rayon-core-1.5.0/src/registry.rs:764:27
[INFO] [stderr]     32:     0x559449fd666b - core::ops::function::impls::<impl core::ops::function::FnMut<A> for &mut F>::call_mut::ha01c6f016fa2ad03
[INFO] [stderr]                                  at /rustc/c8dfcfe046a7680554bf4eb612bad840e7631c4b/library/core/src/ops/function.rs:269:13
[INFO] [stderr]     33:     0x559449fd3071 - core::iter::traits::iterator::Iterator::find_map::check::{{closure}}::hf8f0efea5b70750a
[INFO] [stderr]                                  at /rustc/c8dfcfe046a7680554bf4eb612bad840e7631c4b/library/core/src/iter/traits/iterator.rs:2411:32
[INFO] [stderr]     34:     0x559449fce2f1 - core::iter::adapters::filter::filter_try_fold::{{closure}}::h95a1699c37961e4c
[INFO] [stderr]                                  at /rustc/c8dfcfe046a7680554bf4eb612bad840e7631c4b/library/core/src/iter/adapters/filter.rs:44:44
[INFO] [stderr]     35:     0x559449fcc89c - core::ops::function::impls::<impl core::ops::function::FnMut<A> for &mut F>::call_mut::h0ca7db9bfde793c2
[INFO] [stderr]                                  at /rustc/c8dfcfe046a7680554bf4eb612bad840e7631c4b/library/core/src/ops/function.rs:269:13
[INFO] [stderr]     36:     0x559449fd3213 - core::iter::traits::iterator::Iterator::try_fold::h2f06cea3a584d042
[INFO] [stderr]                                  at /rustc/c8dfcfe046a7680554bf4eb612bad840e7631c4b/library/core/src/iter/traits/iterator.rs:1998:21
[INFO] [stderr]     37:     0x559449fc36ee - <core::iter::adapters::chain::Chain<A,B> as core::iter::traits::iterator::Iterator>::try_fold::ha87e3f0ed5fe25b3
[INFO] [stderr]                                  at /rustc/c8dfcfe046a7680554bf4eb612bad840e7631c4b/library/core/src/iter/adapters/chain.rs:104:19
[INFO] [stderr]     38:     0x559449fcc21c - <core::iter::adapters::filter::Filter<I,P> as core::iter::traits::iterator::Iterator>::try_fold::h2bc3bb1321fc28e7
[INFO] [stderr]                                  at /rustc/c8dfcfe046a7680554bf4eb612bad840e7631c4b/library/core/src/iter/adapters/filter.rs:93:9
[INFO] [stderr]     39:     0x559449fce1cb - core::iter::traits::iterator::Iterator::find_map::hce0afa36d15158cc
[INFO] [stderr]                                  at /rustc/c8dfcfe046a7680554bf4eb612bad840e7631c4b/library/core/src/iter/traits/iterator.rs:2417:9
[INFO] [stderr]     40:     0x559449fc7a19 - <core::iter::adapters::filter_map::FilterMap<I,F> as core::iter::traits::iterator::Iterator>::next::h695577e64405c355
[INFO] [stderr]                                  at /rustc/c8dfcfe046a7680554bf4eb612bad840e7631c4b/library/core/src/iter/adapters/filter_map.rs:61:9
[INFO] [stderr]     41:     0x559449fd9762 - rayon_core::registry::WorkerThread::steal::hbb588dfa00b74d8f
[INFO] [stderr]                                  at /opt/rustwide/cargo-home/registry/src/github.com-1ecc6299db9ec823/rayon-core-1.5.0/src/registry.rs:758:9
[INFO] [stderr]     42:     0x559449fd94a2 - rayon_core::registry::WorkerThread::wait_until_cold::{{closure}}::h7825da9d4b7993aa
[INFO] [stderr]                                  at /opt/rustwide/cargo-home/registry/src/github.com-1ecc6299db9ec823/rayon-core-1.5.0/src/registry.rs:714:29
[INFO] [stderr]     43:     0x559449fcec21 - core::option::Option<T>::or_else::ha94239ecbb5c767e
[INFO] [stderr]                                  at /rustc/c8dfcfe046a7680554bf4eb612bad840e7631c4b/library/core/src/option.rs:1124:21
[INFO] [stderr]     44:     0x559449fd8d9a - rayon_core::registry::WorkerThread::wait_until_cold::h12aa0addb2b84027
[INFO] [stderr]                                  at /opt/rustwide/cargo-home/registry/src/github.com-1ecc6299db9ec823/rayon-core-1.5.0/src/registry.rs:712:32
[INFO] [stderr]     45:     0x559449fd8c8f - rayon_core::registry::WorkerThread::wait_until::hb0cd0b4e9fd7c239
[INFO] [stderr]                                  at /opt/rustwide/cargo-home/registry/src/github.com-1ecc6299db9ec823/rayon-core-1.5.0/src/registry.rs:692:13
[INFO] [stderr]     46:     0x559449fd9e80 - rayon_core::registry::main_loop::hd67539914c08b8e1
[INFO] [stderr]                                  at /opt/rustwide/cargo-home/registry/src/github.com-1ecc6299db9ec823/rayon-core-1.5.0/src/registry.rs:812:5
[INFO] [stderr]     47:     0x559449fd690d - rayon_core::registry::ThreadBuilder::run::hfe5c7a6441f26cb6
[INFO] [stderr]                                  at /opt/rustwide/cargo-home/registry/src/github.com-1ecc6299db9ec823/rayon-core-1.5.0/src/registry.rs:58:18
[INFO] [stderr]     48:     0x559449fd6e3d - <rayon_core::registry::DefaultSpawn as rayon_core::registry::ThreadSpawn>::spawn::{{closure}}::hb8955a95f2ea6732
[INFO] [stderr]                                  at /opt/rustwide/cargo-home/registry/src/github.com-1ecc6299db9ec823/rayon-core-1.5.0/src/registry.rs:103:20
[INFO] [stderr]     49:     0x559449fc19f0 - std::sys_common::backtrace::__rust_begin_short_backtrace::hab334e1a1d6dea44
[INFO] [stderr]                                  at /rustc/c8dfcfe046a7680554bf4eb612bad840e7631c4b/library/std/src/sys_common/backtrace.rs:125:18
[INFO] [stderr]     50:     0x559449fc60dd - std::thread::Builder::spawn_unchecked::{{closure}}::{{closure}}::h6e29a70032404ff5
[INFO] [stderr]                                  at /rustc/c8dfcfe046a7680554bf4eb612bad840e7631c4b/library/std/src/thread/mod.rs:476:17
[INFO] [stderr]     51:     0x559449fc79b1 - <std::panic::AssertUnwindSafe<F> as core::ops::function::FnOnce<()>>::call_once::h1cd9a85ecaf69bf8
[INFO] [stderr]                                  at /rustc/c8dfcfe046a7680554bf4eb612bad840e7631c4b/library/std/src/panic.rs:347:9
[INFO] [stderr]     52:     0x559449fdb29c - std::panicking::try::do_call::h3c546bc64552e440
[INFO] [stderr]                                  at /rustc/c8dfcfe046a7680554bf4eb612bad840e7631c4b/library/std/src/panicking.rs:401:40
[INFO] [stderr]     53:     0x559449fdc52d - __rust_try
[INFO] [stderr]     54:     0x559449fdafc7 - std::panicking::try::hac9ab9b56d5e6694
[INFO] [stderr]                                  at /rustc/c8dfcfe046a7680554bf4eb612bad840e7631c4b/library/std/src/panicking.rs:365:19
[INFO] [stderr]     55:     0x559449fc81f1 - std::panic::catch_unwind::hcab48f6e9f414c88
[INFO] [stderr]                                  at /rustc/c8dfcfe046a7680554bf4eb612bad840e7631c4b/library/std/src/panic.rs:434:14
[INFO] [stderr]     56:     0x559449fc5eec - std::thread::Builder::spawn_unchecked::{{closure}}::h5856cb33b4eb8cca
[INFO] [stderr]                                  at /rustc/c8dfcfe046a7680554bf4eb612bad840e7631c4b/library/std/src/thread/mod.rs:475:30
[INFO] [stderr]     57:     0x559449fcc8ef - core::ops::function::FnOnce::call_once{{vtable.shim}}::hdb7c2400a70eb247
[INFO] [stderr]                                  at /rustc/c8dfcfe046a7680554bf4eb612bad840e7631c4b/library/core/src/ops/function.rs:227:5
[INFO] [stderr]     58:     0x55944a0208a7 - <alloc::boxed::Box<F,A> as core::ops::function::FnOnce<Args>>::call_once::h6bff7798948b1075
[INFO] [stderr]                                  at /rustc/c8dfcfe046a7680554bf4eb612bad840e7631c4b/library/alloc/src/boxed.rs:1572:9
[INFO] [stderr]     59:     0x55944a0208a7 - <alloc::boxed::Box<F,A> as core::ops::function::FnOnce<Args>>::call_once::hc2d25ac38f6b2342
[INFO] [stderr]                                  at /rustc/c8dfcfe046a7680554bf4eb612bad840e7631c4b/library/alloc/src/boxed.rs:1572:9
[INFO] [stderr]     60:     0x55944a0208a7 - std::sys::unix::thread::Thread::new::thread_start::hbba5bc368baac205
[INFO] [stderr]                                  at /rustc/c8dfcfe046a7680554bf4eb612bad840e7631c4b/library/std/src/sys/unix/thread.rs:74:17
[INFO] [stderr]     61:     0x7faf97d71609 - start_thread
[INFO] [stderr]     62:     0x7faf97b43293 - clone
[INFO] [stderr]     63:                0x0 - <unknown>
[INFO] [stderr]   Rayon: detected unexpected panic; aborting
[INFO] [stderr] warning: build failed, waiting for other jobs to finish...
[INFO] [stderr] error: build failed
[INFO] running `Command { std: "docker" "inspect" "ab85a1d059bb5112a0e1890b7dd1c988b1ce5c370fad8268056c15331184a593", kill_on_drop: false }`
[INFO] running `Command { std: "docker" "rm" "-f" "ab85a1d059bb5112a0e1890b7dd1c988b1ce5c370fad8268056c15331184a593", kill_on_drop: false }`
[INFO] [stdout] ab85a1d059bb5112a0e1890b7dd1c988b1ce5c370fad8268056c15331184a593
