[INFO] cloning repository https://github.com/candrewlee14/boidflock
[INFO] running `Command { std: "git" "-c" "credential.helper=" "-c" "credential.helper=/workspace/cargo-home/bin/git-credential-null" "clone" "--bare" "https://github.com/candrewlee14/boidflock" "/workspace/cache/git-repos/https%3A%2F%2Fgithub.com%2Fcandrewlee14%2Fboidflock", kill_on_drop: false }`
[INFO] [stderr] Cloning into bare repository '/workspace/cache/git-repos/https%3A%2F%2Fgithub.com%2Fcandrewlee14%2Fboidflock'...
[INFO] running `Command { std: "git" "rev-parse" "HEAD", kill_on_drop: false }`
[INFO] [stdout] 5d07006a77137d46266accb22250be7f7394779d
[INFO] checking candrewlee14/boidflock against beta-2021-10-15 for beta-1.56-3
[INFO] running `Command { std: "git" "clone" "/workspace/cache/git-repos/https%3A%2F%2Fgithub.com%2Fcandrewlee14%2Fboidflock" "/workspace/builds/worker-6/source", kill_on_drop: false }`
[INFO] [stderr] Cloning into '/workspace/builds/worker-6/source'...
[INFO] [stderr] done.
[INFO] [stderr] Updating files:  68% (11/16)
Updating files:  75% (12/16)
Updating files:  81% (13/16)
Updating files:  87% (14/16)
Updating files:  93% (15/16)
Updating files: 100% (16/16)
Updating files: 100% (16/16), done.
[INFO] validating manifest of git repo https://github.com/candrewlee14/boidflock on toolchain beta-2021-10-15
[INFO] running `Command { std: "/workspace/cargo-home/bin/cargo" "+beta-2021-10-15" "metadata" "--manifest-path" "Cargo.toml" "--no-deps", kill_on_drop: false }`
[INFO] started tweaking git repo https://github.com/candrewlee14/boidflock
[INFO] finished tweaking git repo https://github.com/candrewlee14/boidflock
[INFO] tweaked toml for git repo https://github.com/candrewlee14/boidflock written to /workspace/builds/worker-6/source/Cargo.toml
[INFO] crate git repo https://github.com/candrewlee14/boidflock already has a lockfile, it will not be regenerated
[INFO] running `Command { std: "/workspace/cargo-home/bin/cargo" "+beta-2021-10-15" "fetch" "--manifest-path" "Cargo.toml", kill_on_drop: false }`
[INFO] [stderr]     Blocking waiting for file lock on package cache
[INFO] [stderr]  Downloading crates ...
[INFO] [stderr]   Downloaded skeptic v0.13.6
[INFO] [stderr]   Downloaded addr2line v0.15.1
[INFO] [stderr]   Downloaded lyon v0.13.5
[INFO] [stderr]   Downloaded cargo_metadata v0.12.3
[INFO] [stderr]   Downloaded bytecount v0.6.2
[INFO] [stderr]   Downloaded cast v0.2.5
[INFO] [stderr]   Downloaded zip v0.5.12
[INFO] [stderr]   Downloaded error-chain v0.12.4
[INFO] [stderr]   Downloaded euclid v0.19.9
[INFO] [stderr]   Downloaded lyon_path v0.13.2
[INFO] [stderr]   Downloaded sid v0.5.2
[INFO] [stderr]   Downloaded glutin v0.20.1
[INFO] [stderr]   Downloaded glyph_brush v0.5.4
[INFO] [stderr]   Downloaded lyon_geom v0.12.7
[INFO] [stderr]   Downloaded gilrs-core v0.2.6
[INFO] [stderr]   Downloaded lyon_algorithms v0.13.4
[INFO] [stderr]   Downloaded rustc-demangle v0.1.19
[INFO] [stderr]   Downloaded mint v0.5.6
[INFO] [stderr]   Downloaded rand_xoshiro v0.6.0
[INFO] [stderr]   Downloaded xi-unicode v0.2.1
[INFO] [stderr]   Downloaded lyon_tessellation v0.13.5
[INFO] [stderr]   Downloaded gilrs v0.7.4
[INFO] [stderr]   Downloaded smart-default v0.5.2
[INFO] [stderr]   Downloaded backtrace v0.3.59
[INFO] [stderr]   Downloaded bzip2-sys v0.1.10+1.0.8
[INFO] [stderr]   Downloaded euclid_macros v0.1.0
[INFO] [stderr]   Downloaded glam v0.15.1
[INFO] [stderr]   Downloaded ggez v0.5.1
[INFO] [stderr]   Downloaded gfx_window_glutin v0.30.0
[INFO] running `Command { std: "docker" "create" "-v" "/var/lib/crater-agent-workspace/builds/worker-6/target:/opt/rustwide/target:rw,Z" "-v" "/var/lib/crater-agent-workspace/builds/worker-6/source:/opt/rustwide/workdir:ro,Z" "-v" "/var/lib/crater-agent-workspace/cargo-home:/opt/rustwide/cargo-home:ro,Z" "-v" "/var/lib/crater-agent-workspace/rustup-home:/opt/rustwide/rustup-home:ro,Z" "-e" "SOURCE_DIR=/opt/rustwide/workdir" "-e" "CARGO_TARGET_DIR=/opt/rustwide/target" "-e" "CARGO_HOME=/opt/rustwide/cargo-home" "-e" "RUSTUP_HOME=/opt/rustwide/rustup-home" "-w" "/opt/rustwide/workdir" "-m" "1610612736" "--user" "0:0" "--network" "none" "ghcr.io/rust-lang/crates-build-env/linux@sha256:a89201d6b5b9fd45c15d5952ece0a0129e7e80cb26ec023fd59cf09bc26f1604" "/opt/rustwide/cargo-home/bin/cargo" "+beta-2021-10-15" "metadata" "--no-deps" "--format-version=1", kill_on_drop: false }`
[INFO] [stderr] WARNING: Your kernel does not support swap limit capabilities or the cgroup is not mounted. Memory limited without swap.
[INFO] [stdout] 9ec023bc8d2aa58d6702661439c22bcedfd980f2952e68813a79d8166e6f7e3c
[INFO] running `Command { std: "docker" "start" "-a" "9ec023bc8d2aa58d6702661439c22bcedfd980f2952e68813a79d8166e6f7e3c", kill_on_drop: false }`
[INFO] running `Command { std: "docker" "inspect" "9ec023bc8d2aa58d6702661439c22bcedfd980f2952e68813a79d8166e6f7e3c", kill_on_drop: false }`
[INFO] running `Command { std: "docker" "rm" "-f" "9ec023bc8d2aa58d6702661439c22bcedfd980f2952e68813a79d8166e6f7e3c", kill_on_drop: false }`
[INFO] [stdout] 9ec023bc8d2aa58d6702661439c22bcedfd980f2952e68813a79d8166e6f7e3c
[INFO] running `Command { std: "docker" "create" "-v" "/var/lib/crater-agent-workspace/builds/worker-6/target:/opt/rustwide/target:rw,Z" "-v" "/var/lib/crater-agent-workspace/builds/worker-6/source:/opt/rustwide/workdir:ro,Z" "-v" "/var/lib/crater-agent-workspace/cargo-home:/opt/rustwide/cargo-home:ro,Z" "-v" "/var/lib/crater-agent-workspace/rustup-home:/opt/rustwide/rustup-home:ro,Z" "-e" "SOURCE_DIR=/opt/rustwide/workdir" "-e" "CARGO_TARGET_DIR=/opt/rustwide/target" "-e" "CARGO_INCREMENTAL=0" "-e" "RUST_BACKTRACE=full" "-e" "RUSTFLAGS=--cap-lints=warn" "-e" "CARGO_HOME=/opt/rustwide/cargo-home" "-e" "RUSTUP_HOME=/opt/rustwide/rustup-home" "-w" "/opt/rustwide/workdir" "-m" "1610612736" "--user" "0:0" "--network" "none" "ghcr.io/rust-lang/crates-build-env/linux@sha256:a89201d6b5b9fd45c15d5952ece0a0129e7e80cb26ec023fd59cf09bc26f1604" "/opt/rustwide/cargo-home/bin/cargo" "+beta-2021-10-15" "check" "--frozen" "--all" "--all-targets" "--message-format=json", kill_on_drop: false }`
[INFO] [stdout] e3419be75ad04f1611b9971eae407a7d668ef215f6b0dfcc3a1772b605a267b2
[INFO] [stderr] WARNING: Your kernel does not support swap limit capabilities or the cgroup is not mounted. Memory limited without swap.
[INFO] running `Command { std: "docker" "start" "-a" "e3419be75ad04f1611b9971eae407a7d668ef215f6b0dfcc3a1772b605a267b2", kill_on_drop: false }`
[INFO] [stderr]    Compiling libc v0.2.94
[INFO] [stderr]     Checking regex-syntax v0.6.25
[INFO] [stderr]    Compiling bzip2-sys v0.1.10+1.0.8
[INFO] [stderr]    Compiling minimp3-sys v0.3.2
[INFO] [stderr]     Checking glam v0.15.1
[INFO] [stderr]    Compiling cast v0.2.5
[INFO] [stderr]     Checking libloading v0.5.2
[INFO] [stderr]    Compiling syn v1.0.72
[INFO] [stderr]     Checking csv-core v0.1.10
[INFO] [stderr]     Checking plotters v0.3.0
[INFO] [stderr]     Checking criterion-plot v0.4.3
[INFO] [stderr]    Compiling getrandom v0.1.16
[INFO] [stderr]    Compiling getrandom v0.2.2
[INFO] [stderr]     Checking num_cpus v1.13.0
[INFO] [stderr]     Checking nix v0.14.1
[INFO] [stderr]     Checking x11-dl v2.18.5
[INFO] [stderr]     Checking memmap v0.7.0
[INFO] [stderr]     Checking parking_lot_core v0.6.2
[INFO] [stderr]     Checking shared_library v0.1.9
[INFO] [stderr]     Checking raw-window-handle v0.3.3
[INFO] [stderr]     Checking rand_os v0.1.3
[INFO] [stderr]     Checking libudev-sys v0.1.4
[INFO] [stderr]     Checking nix v0.15.0
[INFO] [stderr]     Checking alsa-sys v0.1.2
[INFO] [stderr]     Checking slice-deque v0.3.0
[INFO] [stderr]     Checking atty v0.2.14
[INFO] [stderr]     Checking dirs-sys v0.3.6
[INFO] [stderr]    Compiling rand_core v0.5.1
[INFO] [stderr]    Compiling rand_core v0.6.2
[INFO] [stderr]     Checking osmesa-sys v0.1.2
[INFO] [stderr]     Checking rusttype v0.8.3
[INFO] [stderr]     Checking rayon-core v1.9.0
[INFO] [stderr]     Checking rand v0.6.5
[INFO] [stderr]     Checking regex v1.5.4
[INFO] [stderr]     Checking parking_lot v0.9.0
[INFO] [stderr]     Checking clap v2.33.3
[INFO] [stderr]     Checking bzip2 v0.3.3
[INFO] [stderr]     Checking rand_chacha v0.2.2
[INFO] [stderr]     Checking rand_pcg v0.2.1
[INFO] [stderr]     Checking directories v2.0.2
[INFO] [stderr]     Checking cpal v0.8.2
[INFO] [stderr]    Compiling rand_chacha v0.3.0
[INFO] [stderr]     Checking rand_xoshiro v0.6.0
[INFO] [stderr]     Checking minimp3 v0.3.5
[INFO] [stderr]     Checking rayon v1.5.0
[INFO] [stderr]     Checking rusttype v0.7.9
[INFO] [stderr]     Checking glyph_brush_layout v0.1.9
[INFO] [stderr]     Checking rand v0.7.3
[INFO] [stderr]    Compiling proc-macro-error v1.0.4
[INFO] [stderr]    Compiling rand v0.8.3
[INFO] [stderr]     Checking andrew v0.2.1
[INFO] [stderr]     Checking nalgebra v0.18.1
[INFO] [stderr]    Compiling tempfile v3.2.0
[INFO] [stderr]     Checking twox-hash v1.6.0
[INFO] [stderr]     Checking glutin_glx_sys v0.1.7
[INFO] [stderr]    Compiling phf_generator v0.8.0
[INFO] [stderr]    Compiling phf_codegen v0.8.0
[INFO] [stderr]     Checking glyph_brush v0.6.3
[INFO] [stderr]    Compiling palette v0.5.0
[INFO] [stderr]     Checking wayland-commons v0.21.13
[INFO] [stderr]     Checking glyph_brush v0.5.4
[INFO] [stderr]    Compiling serde_derive v1.0.125
[INFO] [stderr]    Compiling thiserror-impl v1.0.24
[INFO] [stderr]    Compiling palette_derive v0.5.0
[INFO] [stderr]    Compiling structopt-derive v0.4.14
[INFO] [stderr]     Checking wayland-client v0.21.13
[INFO] [stderr]     Checking gilrs-core v0.2.6
[INFO] [stderr]     Checking gilrs v0.7.4
[INFO] [stderr]     Checking wayland-protocols v0.21.13
[INFO] [stderr]     Checking thiserror v1.0.24
[INFO] [stderr]     Checking zip v0.5.12
[INFO] [stderr]     Checking structopt v0.3.21
[INFO] [stderr]     Checking smithay-client-toolkit v0.4.6
[INFO] [stderr]     Checking winit v0.19.5
[INFO] [stderr]     Checking serde v1.0.125
[INFO] [stderr]     Checking glutin v0.20.1
[INFO] [stderr]     Checking gfx_window_glutin v0.30.0
[INFO] [stderr]    Compiling serde_json v1.0.64
[INFO] [stderr]    Compiling semver v0.11.0
[INFO] [stderr]    Compiling cargo-platform v0.1.1
[INFO] [stderr]     Checking rodio v0.9.0
[INFO] [stderr]     Checking toml v0.5.8
[INFO] [stderr]     Checking bstr v0.2.16
[INFO] [stderr]     Checking serde_cbor v0.11.1
[INFO] [stderr]     Checking csv v1.1.6
[INFO] [stderr]    Compiling cargo_metadata v0.12.3
[INFO] [stderr]     Checking tinytemplate v1.2.1
[INFO] [stderr]     Checking criterion v0.3.4
[INFO] [stderr]    Compiling skeptic v0.13.6
[INFO] [stderr]    Compiling ggez v0.5.1
[INFO] [stderr]     Checking boidflock v0.1.0 (/opt/rustwide/workdir)
[INFO] [stdout] error[E0433]: failed to resolve: use of undeclared crate or module `boids`
[INFO] [stdout]  --> benches/bench_boids.rs:6:5
[INFO] [stdout]   |
[INFO] [stdout] 6 | use boids::boid_cloud::BoidCloud;
[INFO] [stdout]   |     ^^^^^ use of undeclared crate or module `boids`
[INFO] [stdout] 
[INFO] [stdout] 
[INFO] [stdout] error[E0433]: failed to resolve: use of undeclared crate or module `boids`
[INFO] [stdout]  --> benches/bench_boids.rs:7:5
[INFO] [stdout]   |
[INFO] [stdout] 7 | use boids::cliargs::BoidSimOpt;
[INFO] [stdout]   |     ^^^^^ use of undeclared crate or module `boids`
[INFO] [stdout] 
[INFO] [stdout] 
[INFO] [stdout] error[E0433]: failed to resolve: use of undeclared type `BoidSimOpt`
[INFO] [stdout]   --> benches/bench_boids.rs:12:15
[INFO] [stdout]    |
[INFO] [stdout] 12 |     let opt = BoidSimOpt::from_iter(vec![""]);
[INFO] [stdout]    |               ^^^^^^^^^^ not found in this scope
[INFO] [stdout]    |
[INFO] [stdout] help: consider importing this struct
[INFO] [stdout]    |
[INFO] [stdout] 1  | use boidflock::cliargs::BoidSimOpt;
[INFO] [stdout]    |
[INFO] [stdout] 
[INFO] [stdout] 
[INFO] [stdout] error[E0433]: failed to resolve: use of undeclared type `BoidCloud`
[INFO] [stdout]   --> benches/bench_boids.rs:14:26
[INFO] [stdout]    |
[INFO] [stdout] 14 |     let mut boid_cloud = BoidCloud::new(2000, 2000., 1000., &mut rng, opt);
[INFO] [stdout]    |                          ^^^^^^^^^ not found in this scope
[INFO] [stdout]    |
[INFO] [stdout] help: consider importing this struct
[INFO] [stdout]    |
[INFO] [stdout] 1  | use boidflock::boid_cloud::BoidCloud;
[INFO] [stdout]    |
[INFO] [stdout] 
[INFO] [stdout] 
[INFO] [stdout] warning: unused import: `criterion::BenchmarkId`
[INFO] [stdout]  --> benches/bench_boids.rs:1:5
[INFO] [stdout]   |
[INFO] [stdout] 1 | use criterion::BenchmarkId;
[INFO] [stdout]   |     ^^^^^^^^^^^^^^^^^^^^^^
[INFO] [stdout]   |
[INFO] [stdout]   = note: `#[warn(unused_imports)]` on by default
[INFO] [stdout] 
[INFO] [stdout] 
[INFO] [stdout] warning: unused import: `structopt::StructOpt`
[INFO] [stdout]  --> benches/bench_boids.rs:9:5
[INFO] [stdout]   |
[INFO] [stdout] 9 | use structopt::StructOpt;
[INFO] [stdout]   |     ^^^^^^^^^^^^^^^^^^^^
[INFO] [stdout] 
[INFO] [stdout] 
[INFO] [stdout] error: aborting due to 4 previous errors; 2 warnings emitted
[INFO] [stdout] 
[INFO] [stdout] 
[INFO] [stdout] For more information about this error, try `rustc --explain E0433`.
[INFO] [stdout] 
[INFO] [stderr] error: could not compile `boidflock` due to 5 previous errors; 2 warnings emitted
[INFO] [stderr] warning: build failed, waiting for other jobs to finish...
[INFO] [stderr] error: build failed
[INFO] running `Command { std: "docker" "inspect" "e3419be75ad04f1611b9971eae407a7d668ef215f6b0dfcc3a1772b605a267b2", kill_on_drop: false }`
[INFO] running `Command { std: "docker" "rm" "-f" "e3419be75ad04f1611b9971eae407a7d668ef215f6b0dfcc3a1772b605a267b2", kill_on_drop: false }`
[INFO] [stdout] e3419be75ad04f1611b9971eae407a7d668ef215f6b0dfcc3a1772b605a267b2
