[INFO] cloning repository https://github.com/canaanmckenzie/Roguish
[INFO] running `Command { std: "git" "-c" "credential.helper=" "-c" "credential.helper=/workspace/cargo-home/bin/git-credential-null" "clone" "--bare" "https://github.com/canaanmckenzie/Roguish" "/workspace/cache/git-repos/https%3A%2F%2Fgithub.com%2Fcanaanmckenzie%2FRoguish", kill_on_drop: false }`
[INFO] [stderr] Cloning into bare repository '/workspace/cache/git-repos/https%3A%2F%2Fgithub.com%2Fcanaanmckenzie%2FRoguish'...
[INFO] running `Command { std: "git" "rev-parse" "HEAD", kill_on_drop: false }`
[INFO] [stdout] b8da1158ad7210f4f29bcb0cefb2459a9ac585a4
[INFO] checking canaanmckenzie/Roguish against 1.55.0 for beta-1.56-3
[INFO] running `Command { std: "git" "clone" "/workspace/cache/git-repos/https%3A%2F%2Fgithub.com%2Fcanaanmckenzie%2FRoguish" "/workspace/builds/worker-13/source", kill_on_drop: false }`
[INFO] [stderr] Cloning into '/workspace/builds/worker-13/source'...
[INFO] [stderr] done.
[INFO] validating manifest of git repo https://github.com/canaanmckenzie/Roguish on toolchain 1.55.0
[INFO] running `Command { std: "/workspace/cargo-home/bin/cargo" "+1.55.0" "metadata" "--manifest-path" "Cargo.toml" "--no-deps", kill_on_drop: false }`
[INFO] started tweaking git repo https://github.com/canaanmckenzie/Roguish
[INFO] finished tweaking git repo https://github.com/canaanmckenzie/Roguish
[INFO] tweaked toml for git repo https://github.com/canaanmckenzie/Roguish written to /workspace/builds/worker-13/source/Cargo.toml
[INFO] crate git repo https://github.com/canaanmckenzie/Roguish already has a lockfile, it will not be regenerated
[INFO] running `Command { std: "/workspace/cargo-home/bin/cargo" "+1.55.0" "fetch" "--manifest-path" "Cargo.toml", kill_on_drop: false }`
[INFO] [stderr]     Blocking waiting for file lock on package cache
[INFO] [stderr]     Blocking waiting for file lock on package cache
[INFO] running `Command { std: "docker" "create" "-v" "/var/lib/crater-agent-workspace/builds/worker-13/target:/opt/rustwide/target:rw,Z" "-v" "/var/lib/crater-agent-workspace/builds/worker-13/source:/opt/rustwide/workdir:ro,Z" "-v" "/var/lib/crater-agent-workspace/cargo-home:/opt/rustwide/cargo-home:ro,Z" "-v" "/var/lib/crater-agent-workspace/rustup-home:/opt/rustwide/rustup-home:ro,Z" "-e" "SOURCE_DIR=/opt/rustwide/workdir" "-e" "CARGO_TARGET_DIR=/opt/rustwide/target" "-e" "CARGO_HOME=/opt/rustwide/cargo-home" "-e" "RUSTUP_HOME=/opt/rustwide/rustup-home" "-w" "/opt/rustwide/workdir" "-m" "1610612736" "--user" "0:0" "--network" "none" "ghcr.io/rust-lang/crates-build-env/linux@sha256:a89201d6b5b9fd45c15d5952ece0a0129e7e80cb26ec023fd59cf09bc26f1604" "/opt/rustwide/cargo-home/bin/cargo" "+1.55.0" "metadata" "--no-deps" "--format-version=1", kill_on_drop: false }`
[INFO] [stdout] f3cb1c4a6e757773bede5cbdbfc2868744d06aaf0808c1291fa64e0ffd65aaee
[INFO] [stderr] WARNING: Your kernel does not support swap limit capabilities or the cgroup is not mounted. Memory limited without swap.
[INFO] running `Command { std: "docker" "start" "-a" "f3cb1c4a6e757773bede5cbdbfc2868744d06aaf0808c1291fa64e0ffd65aaee", kill_on_drop: false }`
[INFO] running `Command { std: "docker" "inspect" "f3cb1c4a6e757773bede5cbdbfc2868744d06aaf0808c1291fa64e0ffd65aaee", kill_on_drop: false }`
[INFO] running `Command { std: "docker" "rm" "-f" "f3cb1c4a6e757773bede5cbdbfc2868744d06aaf0808c1291fa64e0ffd65aaee", kill_on_drop: false }`
[INFO] [stdout] f3cb1c4a6e757773bede5cbdbfc2868744d06aaf0808c1291fa64e0ffd65aaee
[INFO] running `Command { std: "docker" "create" "-v" "/var/lib/crater-agent-workspace/builds/worker-13/target:/opt/rustwide/target:rw,Z" "-v" "/var/lib/crater-agent-workspace/builds/worker-13/source:/opt/rustwide/workdir:ro,Z" "-v" "/var/lib/crater-agent-workspace/cargo-home:/opt/rustwide/cargo-home:ro,Z" "-v" "/var/lib/crater-agent-workspace/rustup-home:/opt/rustwide/rustup-home:ro,Z" "-e" "SOURCE_DIR=/opt/rustwide/workdir" "-e" "CARGO_TARGET_DIR=/opt/rustwide/target" "-e" "CARGO_INCREMENTAL=0" "-e" "RUST_BACKTRACE=full" "-e" "RUSTFLAGS=--cap-lints=warn" "-e" "CARGO_HOME=/opt/rustwide/cargo-home" "-e" "RUSTUP_HOME=/opt/rustwide/rustup-home" "-w" "/opt/rustwide/workdir" "-m" "1610612736" "--user" "0:0" "--network" "none" "ghcr.io/rust-lang/crates-build-env/linux@sha256:a89201d6b5b9fd45c15d5952ece0a0129e7e80cb26ec023fd59cf09bc26f1604" "/opt/rustwide/cargo-home/bin/cargo" "+1.55.0" "check" "--frozen" "--all" "--all-targets" "--message-format=json", kill_on_drop: false }`
[INFO] [stdout] b3038bb43ae90470c1b944819b3686f59ae1f51b2acb7a7073536bf1de5abc8d
[INFO] [stderr] WARNING: Your kernel does not support swap limit capabilities or the cgroup is not mounted. Memory limited without swap.
[INFO] running `Command { std: "docker" "start" "-a" "b3038bb43ae90470c1b944819b3686f59ae1f51b2acb7a7073536bf1de5abc8d", kill_on_drop: false }`
[INFO] [stderr]     Checking jpeg-decoder v0.1.22
[INFO] [stderr]     Checking glow v0.10.0
[INFO] [stderr]    Compiling wayland-sys v0.28.6
[INFO] [stderr]     Checking libloading v0.7.1
[INFO] [stderr]    Compiling nom v5.1.2
[INFO] [stderr]    Compiling hashbrown v0.7.2
[INFO] [stderr]     Checking safe_arch v0.5.2
[INFO] [stderr]     Checking nix v0.20.0
[INFO] [stderr]     Checking dirs-sys v0.3.6
[INFO] [stderr]     Checking parking_lot_core v0.8.5
[INFO] [stderr]     Checking nix v0.18.0
[INFO] [stderr]     Checking net2 v0.2.37
[INFO] [stderr]     Checking iovec v0.1.4
[INFO] [stderr]     Checking memmap2 v0.1.0
[INFO] [stderr]     Checking raw-window-handle v0.3.3
[INFO] [stderr]     Checking shared_library v0.1.9
[INFO] [stderr]     Checking x11-dl v2.19.1
[INFO] [stderr]    Compiling wayland-scanner v0.28.6
[INFO] [stderr]    Compiling syn v1.0.80
[INFO] [stderr]     Checking xcursor v0.3.4
[INFO] [stderr]     Checking dirs v3.0.2
[INFO] [stderr]     Checking flate2 v1.0.22
[INFO] [stderr]     Checking osmesa-sys v0.1.2
[INFO] [stderr]     Checking rand_chacha v0.3.1
[INFO] [stderr]     Checking rand_xorshift v0.3.0
[INFO] [stderr]     Checking dlib v0.5.0
[INFO] [stderr]     Checking wide v0.6.5
[INFO] [stderr]     Checking parking_lot v0.11.2
[INFO] [stderr]     Checking mio v0.6.23
[INFO] [stderr]     Checking xdg v2.4.0
[INFO] [stderr]     Checking image v0.23.14
[INFO] [stderr]     Checking hibitset v0.6.3
[INFO] [stderr]     Checking rand v0.8.4
[INFO] [stderr]     Checking bracket-color v0.8.2
[INFO] [stderr]     Checking object-pool v0.5.4
[INFO] [stderr]     Checking andrew v0.3.1
[INFO] [stderr]     Checking mio-extras v2.0.6
[INFO] [stderr]     Checking bracket-random v0.8.2
[INFO] [stderr]    Compiling wayland-client v0.28.6
[INFO] [stderr]    Compiling wayland-protocols v0.28.6
[INFO] [stderr]     Checking bracket-noise v0.8.2
[INFO] [stderr]     Checking ultraviolet v0.8.1
[INFO] [stderr]     Checking tynm v0.1.6
[INFO] [stderr]     Checking glutin_glx_sys v0.1.7
[INFO] [stderr]     Checking shred v0.10.2
[INFO] [stderr]     Checking specs v0.16.1
[INFO] [stderr]     Checking bracket-geometry v0.8.3
[INFO] [stderr]     Checking calloop v0.6.5
[INFO] [stderr]     Checking wayland-commons v0.28.6
[INFO] [stderr]     Checking bracket-algorithm-traits v0.8.2
[INFO] [stderr]     Checking bracket-pathfinding v0.8.4
[INFO] [stderr]     Checking wayland-cursor v0.28.6
[INFO] [stderr]     Checking wayland-egl v0.28.6
[INFO] [stderr]    Compiling specs-derive v0.4.1
[INFO] [stderr]     Checking smithay-client-toolkit v0.12.3
[INFO] [stderr]     Checking winit v0.24.0
[INFO] [stderr]     Checking glutin v0.26.0
[INFO] [stderr]     Checking bracket-terminal v0.8.5
[INFO] [stderr]     Checking bracket-lib v0.8.1
[INFO] [stderr]     Checking rltk v0.8.1
[INFO] [stderr]     Checking roguish v0.1.0 (/opt/rustwide/workdir)
[INFO] [stdout] error: expected `:`, found `name`
[INFO] [stdout]   --> src/components.rs:27:7
[INFO] [stdout]    |
[INFO] [stdout] 27 |     pube name: String
[INFO] [stdout]    |          ^^^^ expected `:`
[INFO] [stdout] 
[INFO] [stdout] 
[INFO] [stdout] error: expected `:`, found `name`
[INFO] [stdout]   --> src/components.rs:27:7
[INFO] [stdout]    |
[INFO] [stdout] 27 |     pube name: String
[INFO] [stdout]    |          ^^^^ expected `:`
[INFO] [stdout] 
[INFO] [stdout] 
[INFO] [stdout] error: proc-macro derive panicked
[INFO] [stdout]   --> src/components.rs:25:10
[INFO] [stdout]    |
[INFO] [stdout] 25 | #[derive(Component, Debug)]
[INFO] [stdout]    |          ^^^^^^^^^
[INFO] [stdout]    |
[INFO] [stdout]    = help: message: called `Result::unwrap()` on an `Err` value: Error("expected `:`")
[INFO] [stdout] 
[INFO] [stdout] 
[INFO] [stdout] error[E0425]: cannot find value `i` in this scope
[INFO] [stdout]    --> src/main.rs:116:45
[INFO] [stdout]     |
[INFO] [stdout] 116 |             .with(Name{ name: format!("{} #{}",&name,i)})
[INFO] [stdout]     |                                                      ^ help: a local variable with a similar name exists: `x`
[INFO] [stdout] 
[INFO] [stdout] 
[INFO] [stdout] warning: unused import: `VirtualKeyCode`
[INFO] [stdout]  --> src/main.rs:1:32
[INFO] [stdout]   |
[INFO] [stdout] 1 | use rltk::{Rltk,GameState,RGB, VirtualKeyCode,Point};
[INFO] [stdout]   |                                ^^^^^^^^^^^^^^
[INFO] [stdout]   |
[INFO] [stdout]   = note: `#[warn(unused_imports)]` on by default
[INFO] [stdout] 
[INFO] [stdout] 
[INFO] [stdout] warning: unused imports: `GameState`, `VirtualKeyCode`
[INFO] [stdout]  --> src/map.rs:1:17
[INFO] [stdout]   |
[INFO] [stdout] 1 | use rltk::{Rltk,GameState,RGB, VirtualKeyCode,Algorithm2D,Point,BaseMap,RandomNumberGenerator};
[INFO] [stdout]   |                 ^^^^^^^^^      ^^^^^^^^^^^^^^
[INFO] [stdout] 
[INFO] [stdout] 
[INFO] [stdout] warning: unused import: `Player`
[INFO] [stdout]  --> src/map.rs:6:13
[INFO] [stdout]   |
[INFO] [stdout] 6 | use super::{Player};
[INFO] [stdout]   |             ^^^^^^
[INFO] [stdout] 
[INFO] [stdout] 
[INFO] [stdout] warning: unused imports: `GameState`, `RGB`
[INFO] [stdout]  --> src/player.rs:1:17
[INFO] [stdout]   |
[INFO] [stdout] 1 | use rltk::{Rltk,GameState,RGB, VirtualKeyCode,Point};
[INFO] [stdout]   |                 ^^^^^^^^^ ^^^
[INFO] [stdout] 
[INFO] [stdout] 
[INFO] [stdout] warning: unused import: `specs_derive::Component`
[INFO] [stdout]  --> src/player.rs:4:5
[INFO] [stdout]   |
[INFO] [stdout] 4 | use specs_derive::Component;
[INFO] [stdout]   |     ^^^^^^^^^^^^^^^^^^^^^^^
[INFO] [stdout] 
[INFO] [stdout] 
[INFO] [stdout] warning: unused imports: `Map`, `Position`
[INFO] [stdout]  --> src/monster_ai_system.rs:2:22
[INFO] [stdout]   |
[INFO] [stdout] 2 | use super::{Viewshed,Position,Map,Monster};
[INFO] [stdout]   |                      ^^^^^^^^ ^^^
[INFO] [stdout] 
[INFO] [stdout] 
[INFO] [stdout] warning: unused import: `field_of_view`
[INFO] [stdout]  --> src/monster_ai_system.rs:3:12
[INFO] [stdout]   |
[INFO] [stdout] 3 | use rltk::{field_of_view, Point,console};
[INFO] [stdout]   |            ^^^^^^^^^^^^^
[INFO] [stdout] 
[INFO] [stdout] 
[INFO] [stdout] error: proc-macro derive panicked
[INFO] [stdout]   --> src/components.rs:25:10
[INFO] [stdout]    |
[INFO] [stdout] 25 | #[derive(Component, Debug)]
[INFO] [stdout]    |          ^^^^^^^^^
[INFO] [stdout]    |
[INFO] [stdout]    = help: message: called `Result::unwrap()` on an `Err` value: Error("expected `:`")
[INFO] [stdout] 
[INFO] [stdout] 
[INFO] [stdout] error[E0425]: cannot find value `i` in this scope
[INFO] [stdout]    --> src/main.rs:116:45
[INFO] [stdout]     |
[INFO] [stdout] 116 |             .with(Name{ name: format!("{} #{}",&name,i)})
[INFO] [stdout]     |                                                      ^ help: a local variable with a similar name exists: `x`
[INFO] [stdout] 
[INFO] [stdout] 
[INFO] [stdout] warning: unused import: `VirtualKeyCode`
[INFO] [stdout]  --> src/main.rs:1:32
[INFO] [stdout]   |
[INFO] [stdout] 1 | use rltk::{Rltk,GameState,RGB, VirtualKeyCode,Point};
[INFO] [stdout]   |                                ^^^^^^^^^^^^^^
[INFO] [stdout]   |
[INFO] [stdout]   = note: `#[warn(unused_imports)]` on by default
[INFO] [stdout] 
[INFO] [stdout] 
[INFO] [stdout] warning: unused imports: `GameState`, `VirtualKeyCode`
[INFO] [stdout]  --> src/map.rs:1:17
[INFO] [stdout]   |
[INFO] [stdout] 1 | use rltk::{Rltk,GameState,RGB, VirtualKeyCode,Algorithm2D,Point,BaseMap,RandomNumberGenerator};
[INFO] [stdout]   |                 ^^^^^^^^^      ^^^^^^^^^^^^^^
[INFO] [stdout] 
[INFO] [stdout] 
[INFO] [stdout] warning: unused import: `Player`
[INFO] [stdout]  --> src/map.rs:6:13
[INFO] [stdout]   |
[INFO] [stdout] 6 | use super::{Player};
[INFO] [stdout]   |             ^^^^^^
[INFO] [stdout] 
[INFO] [stdout] 
[INFO] [stdout] warning: unused imports: `GameState`, `RGB`
[INFO] [stdout]  --> src/player.rs:1:17
[INFO] [stdout]   |
[INFO] [stdout] 1 | use rltk::{Rltk,GameState,RGB, VirtualKeyCode,Point};
[INFO] [stdout]   |                 ^^^^^^^^^ ^^^
[INFO] [stdout] 
[INFO] [stdout] 
[INFO] [stdout] warning: unused import: `specs_derive::Component`
[INFO] [stdout]  --> src/player.rs:4:5
[INFO] [stdout]   |
[INFO] [stdout] 4 | use specs_derive::Component;
[INFO] [stdout]   |     ^^^^^^^^^^^^^^^^^^^^^^^
[INFO] [stdout] 
[INFO] [stdout] 
[INFO] [stdout] warning: unused imports: `Map`, `Position`
[INFO] [stdout]  --> src/monster_ai_system.rs:2:22
[INFO] [stdout]   |
[INFO] [stdout] 2 | use super::{Viewshed,Position,Map,Monster};
[INFO] [stdout]   |                      ^^^^^^^^ ^^^
[INFO] [stdout] 
[INFO] [stdout] 
[INFO] [stdout] warning: unused import: `field_of_view`
[INFO] [stdout]  --> src/monster_ai_system.rs:3:12
[INFO] [stdout]   |
[INFO] [stdout] 3 | use rltk::{field_of_view, Point,console};
[INFO] [stdout]   |            ^^^^^^^^^^^^^
[INFO] [stdout] 
[INFO] [stdout] 
[INFO] [stdout] error[E0277]: the trait bound `components::Name: specs::Component` is not satisfied
[INFO] [stdout]   --> src/main.rs:86:9
[INFO] [stdout]    |
[INFO] [stdout] 86 |     gs.ecs.register::<Name>();
[INFO] [stdout]    |            ^^^^^^^^ the trait `specs::Component` is not implemented for `components::Name`
[INFO] [stdout] 
[INFO] [stdout] 
[INFO] [stdout] error[E0277]: the trait bound `components::Name: specs::Component` is not satisfied
[INFO] [stdout]   --> src/main.rs:86:9
[INFO] [stdout]    |
[INFO] [stdout] 86 |     gs.ecs.register::<Name>();
[INFO] [stdout]    |            ^^^^^^^^ the trait `specs::Component` is not implemented for `components::Name`
[INFO] [stdout] 
[INFO] [stdout] 
[INFO] [stdout] error[E0277]: the trait bound `components::Name: specs::Component` is not satisfied
[INFO] [stdout]    --> src/main.rs:116:10
[INFO] [stdout]     |
[INFO] [stdout] 116 |             .with(Name{ name: format!("{} #{}",&name,i)})
[INFO] [stdout]     |                   ^^^^^^^^^^^^^^^^^^^^^^^^^^^^^^^^^^^^^^ the trait `specs::Component` is not implemented for `components::Name`
[INFO] [stdout] 
[INFO] [stdout] 
[INFO] [stdout] error[E0277]: the trait bound `components::Name: specs::Component` is not satisfied
[INFO] [stdout]    --> src/main.rs:116:10
[INFO] [stdout]     |
[INFO] [stdout] 116 |             .with(Name{ name: format!("{} #{}",&name,i)})
[INFO] [stdout]     |                   ^^^^^^^^^^^^^^^^^^^^^^^^^^^^^^^^^^^^^^ the trait `specs::Component` is not implemented for `components::Name`
[INFO] [stdout] 
[INFO] [stdout] 
[INFO] [stdout] error: aborting due to 5 previous errors; 7 warnings emitted
[INFO] [stdout] 
[INFO] [stdout] 
[INFO] [stdout] Some errors have detailed explanations: E0277, E0425.
[INFO] [stdout] 
[INFO] [stdout] For more information about an error, try `rustc --explain E0277`.
[INFO] [stdout] 
[INFO] [stdout] error: aborting due to 5 previous errors; 7 warnings emitted
[INFO] [stdout] 
[INFO] [stdout] 
[INFO] [stdout] Some errors have detailed explanations: E0277, E0425.
[INFO] [stdout] 
[INFO] [stdout] For more information about an error, try `rustc --explain E0277`.
[INFO] [stdout] 
[INFO] [stderr] error: could not compile `roguish` due to 6 previous errors; 7 warnings emitted
[INFO] [stderr] warning: build failed, waiting for other jobs to finish...
[INFO] [stderr] error: build failed
[INFO] running `Command { std: "docker" "inspect" "b3038bb43ae90470c1b944819b3686f59ae1f51b2acb7a7073536bf1de5abc8d", kill_on_drop: false }`
[INFO] running `Command { std: "docker" "rm" "-f" "b3038bb43ae90470c1b944819b3686f59ae1f51b2acb7a7073536bf1de5abc8d", kill_on_drop: false }`
[INFO] [stdout] b3038bb43ae90470c1b944819b3686f59ae1f51b2acb7a7073536bf1de5abc8d
