[INFO] cloning repository https://github.com/calvinbrown085/vault4rs
[INFO] running `Command { std: "git" "-c" "credential.helper=" "-c" "credential.helper=/workspace/cargo-home/bin/git-credential-null" "clone" "--bare" "https://github.com/calvinbrown085/vault4rs" "/workspace/cache/git-repos/https%3A%2F%2Fgithub.com%2Fcalvinbrown085%2Fvault4rs", kill_on_drop: false }`
[INFO] [stderr] Cloning into bare repository '/workspace/cache/git-repos/https%3A%2F%2Fgithub.com%2Fcalvinbrown085%2Fvault4rs'...
[INFO] running `Command { std: "git" "rev-parse" "HEAD", kill_on_drop: false }`
[INFO] [stdout] ce4d122204b1d58bff8d8062dde56950ffdbbbae
[INFO] checking calvinbrown085/vault4rs against beta-2021-10-15 for beta-1.56-3
[INFO] running `Command { std: "git" "clone" "/workspace/cache/git-repos/https%3A%2F%2Fgithub.com%2Fcalvinbrown085%2Fvault4rs" "/workspace/builds/worker-13/source", kill_on_drop: false }`
[INFO] [stderr] Cloning into '/workspace/builds/worker-13/source'...
[INFO] [stderr] done.
[INFO] validating manifest of git repo https://github.com/calvinbrown085/vault4rs on toolchain beta-2021-10-15
[INFO] running `Command { std: "/workspace/cargo-home/bin/cargo" "+beta-2021-10-15" "metadata" "--manifest-path" "Cargo.toml" "--no-deps", kill_on_drop: false }`
[INFO] started tweaking git repo https://github.com/calvinbrown085/vault4rs
[INFO] finished tweaking git repo https://github.com/calvinbrown085/vault4rs
[INFO] tweaked toml for git repo https://github.com/calvinbrown085/vault4rs written to /workspace/builds/worker-13/source/Cargo.toml
[INFO] crate git repo https://github.com/calvinbrown085/vault4rs already has a lockfile, it will not be regenerated
[INFO] running `Command { std: "/workspace/cargo-home/bin/cargo" "+beta-2021-10-15" "fetch" "--manifest-path" "Cargo.toml", kill_on_drop: false }`
[INFO] [stderr]  Downloading crates ...
[INFO] [stderr]   Downloaded tokio-threadpool v0.1.16
[INFO] [stderr]   Downloaded publicsuffix v1.5.3
[INFO] [stderr]   Downloaded openssl-sys v0.9.52
[INFO] [stderr]   Downloaded serde_derive v1.0.102
[INFO] [stderr]   Downloaded openssl v0.10.25
[INFO] [stderr]   Downloaded reqwest v0.9.22
[INFO] [stderr]   Downloaded syn v1.0.7
[INFO] [stderr]   Downloaded smallvec v0.6.11
[INFO] running `Command { std: "docker" "create" "-v" "/var/lib/crater-agent-workspace/builds/worker-13/target:/opt/rustwide/target:rw,Z" "-v" "/var/lib/crater-agent-workspace/builds/worker-13/source:/opt/rustwide/workdir:ro,Z" "-v" "/var/lib/crater-agent-workspace/cargo-home:/opt/rustwide/cargo-home:ro,Z" "-v" "/var/lib/crater-agent-workspace/rustup-home:/opt/rustwide/rustup-home:ro,Z" "-e" "SOURCE_DIR=/opt/rustwide/workdir" "-e" "CARGO_TARGET_DIR=/opt/rustwide/target" "-e" "CARGO_HOME=/opt/rustwide/cargo-home" "-e" "RUSTUP_HOME=/opt/rustwide/rustup-home" "-w" "/opt/rustwide/workdir" "-m" "1610612736" "--user" "0:0" "--network" "none" "ghcr.io/rust-lang/crates-build-env/linux@sha256:a89201d6b5b9fd45c15d5952ece0a0129e7e80cb26ec023fd59cf09bc26f1604" "/opt/rustwide/cargo-home/bin/cargo" "+beta-2021-10-15" "metadata" "--no-deps" "--format-version=1", kill_on_drop: false }`
[INFO] [stderr] WARNING: Your kernel does not support swap limit capabilities or the cgroup is not mounted. Memory limited without swap.
[INFO] [stdout] 7051b88a3c7ab8771a4b528fd936f1a36bac2c588b852836e3b6c16692cb4d74
[INFO] running `Command { std: "docker" "start" "-a" "7051b88a3c7ab8771a4b528fd936f1a36bac2c588b852836e3b6c16692cb4d74", kill_on_drop: false }`
[INFO] running `Command { std: "docker" "inspect" "7051b88a3c7ab8771a4b528fd936f1a36bac2c588b852836e3b6c16692cb4d74", kill_on_drop: false }`
[INFO] running `Command { std: "docker" "rm" "-f" "7051b88a3c7ab8771a4b528fd936f1a36bac2c588b852836e3b6c16692cb4d74", kill_on_drop: false }`
[INFO] [stdout] 7051b88a3c7ab8771a4b528fd936f1a36bac2c588b852836e3b6c16692cb4d74
[INFO] running `Command { std: "docker" "create" "-v" "/var/lib/crater-agent-workspace/builds/worker-13/target:/opt/rustwide/target:rw,Z" "-v" "/var/lib/crater-agent-workspace/builds/worker-13/source:/opt/rustwide/workdir:ro,Z" "-v" "/var/lib/crater-agent-workspace/cargo-home:/opt/rustwide/cargo-home:ro,Z" "-v" "/var/lib/crater-agent-workspace/rustup-home:/opt/rustwide/rustup-home:ro,Z" "-e" "SOURCE_DIR=/opt/rustwide/workdir" "-e" "CARGO_TARGET_DIR=/opt/rustwide/target" "-e" "CARGO_INCREMENTAL=0" "-e" "RUST_BACKTRACE=full" "-e" "RUSTFLAGS=--cap-lints=warn" "-e" "CARGO_HOME=/opt/rustwide/cargo-home" "-e" "RUSTUP_HOME=/opt/rustwide/rustup-home" "-w" "/opt/rustwide/workdir" "-m" "1610612736" "--user" "0:0" "--network" "none" "ghcr.io/rust-lang/crates-build-env/linux@sha256:a89201d6b5b9fd45c15d5952ece0a0129e7e80cb26ec023fd59cf09bc26f1604" "/opt/rustwide/cargo-home/bin/cargo" "+beta-2021-10-15" "check" "--frozen" "--all" "--all-targets" "--message-format=json", kill_on_drop: false }`
[INFO] [stdout] 6c39c20bee9d6e9a310fbb39b73e4ab615e24e2d694920a1e1d1c379ca2734ae
[INFO] [stderr] WARNING: Your kernel does not support swap limit capabilities or the cgroup is not mounted. Memory limited without swap.
[INFO] running `Command { std: "docker" "start" "-a" "6c39c20bee9d6e9a310fbb39b73e4ab615e24e2d694920a1e1d1c379ca2734ae", kill_on_drop: false }`
[INFO] [stderr]     Checking smallvec v0.6.11
[INFO] [stderr]    Compiling cc v1.0.46
[INFO] [stderr]    Compiling syn v1.0.7
[INFO] [stderr]    Compiling pkg-config v0.3.16
[INFO] [stderr]    Compiling openssl v0.10.25
[INFO] [stderr]     Checking num_cpus v1.10.1
[INFO] [stderr]     Checking bytes v0.4.12
[INFO] [stderr]     Checking mio v0.6.19
[INFO] [stderr]     Checking flate2 v1.0.12
[INFO] [stderr]     Checking crossbeam-epoch v0.7.2
[INFO] [stderr]     Checking mime_guess v2.0.1
[INFO] [stderr]     Checking uuid v0.7.4
[INFO] [stderr]     Checking futures-cpupool v0.1.8
[INFO] [stderr]     Checking unicode-normalization v0.1.8
[INFO] [stderr]     Checking parking_lot_core v0.6.2
[INFO] [stderr]     Checking crossbeam-deque v0.7.1
[INFO] [stderr]     Checking tokio-io v0.1.12
[INFO] [stderr]     Checking http v0.1.19
[INFO] [stderr]     Checking string v0.2.1
[INFO] [stderr]     Checking tokio-buf v0.1.1
[INFO] [stderr]     Checking parking_lot v0.9.0
[INFO] [stderr]     Checking tokio-threadpool v0.1.16
[INFO] [stderr]    Compiling openssl-sys v0.9.52
[INFO] [stderr]    Compiling backtrace-sys v0.1.32
[INFO] [stderr]     Checking tokio-reactor v0.1.10
[INFO] [stderr]     Checking tokio-tcp v0.1.3
[INFO] [stderr]     Checking idna v0.1.5
[INFO] [stderr]     Checking idna v0.2.0
[INFO] [stderr]     Checking tokio v0.1.22
[INFO] [stderr]    Compiling native-tls v0.2.3
[INFO] [stderr]     Checking url v1.7.2
[INFO] [stderr]     Checking backtrace v0.3.40
[INFO] [stderr]     Checking url v2.1.0
[INFO] [stderr]     Checking error-chain v0.12.1
[INFO] [stderr]     Checking http-body v0.1.0
[INFO] [stderr]     Checking h2 v0.1.26
[INFO] [stderr]     Checking publicsuffix v1.5.3
[INFO] [stderr]     Checking cookie v0.12.0
[INFO] [stderr]    Compiling synstructure v0.12.1
[INFO] [stderr]    Compiling serde_derive v1.0.102
[INFO] [stderr]    Compiling failure_derive v0.1.6
[INFO] [stderr]     Checking hyper v0.12.35
[INFO] [stderr]     Checking failure v0.1.6
[INFO] [stderr]     Checking hyper-tls v0.3.2
[INFO] [stderr]     Checking serde v1.0.102
[INFO] [stderr]     Checking serde_json v1.0.41
[INFO] [stderr]     Checking serde_urlencoded v0.5.5
[INFO] [stderr]     Checking cookie_store v0.7.0
[INFO] [stderr]     Checking reqwest v0.9.22
[INFO] [stderr]     Checking vault4rs v0.1.0 (/opt/rustwide/workdir)
[INFO] [stdout] error[E0425]: cannot find value `secret_path` in this scope
[INFO] [stdout]   --> src/lib.rs:38:59
[INFO] [stdout]    |
[INFO] [stdout] 38 |     let url: Url = base_vault_url.join(&format!("/v1/{}", secret_path)).unwrap();
[INFO] [stdout]    |                                                           ^^^^^^^^^^^ not found in this scope
[INFO] [stdout] 
[INFO] [stdout] 
[INFO] [stdout] error[E0425]: cannot find value `token` in this scope
[INFO] [stdout]   --> src/lib.rs:39:75
[INFO] [stdout]    |
[INFO] [stdout] 39 |     let request: RequestBuilder = client.get(url).header("X-Vault-Token", token);
[INFO] [stdout]    |                                                                           ^^^^^ not found in this scope
[INFO] [stdout] 
[INFO] [stdout] 
[INFO] [stdout] warning: unused import: `std::collections::HashMap`
[INFO] [stdout]  --> src/lib.rs:3:5
[INFO] [stdout]   |
[INFO] [stdout] 3 | use std::collections::HashMap;
[INFO] [stdout]   |     ^^^^^^^^^^^^^^^^^^^^^^^^^
[INFO] [stdout]   |
[INFO] [stdout]   = note: `#[warn(unused_imports)]` on by default
[INFO] [stdout] 
[INFO] [stdout] 
[INFO] [stdout] error[E0425]: cannot find value `secret_path` in this scope
[INFO] [stdout]   --> src/lib.rs:38:59
[INFO] [stdout]    |
[INFO] [stdout] 38 |     let url: Url = base_vault_url.join(&format!("/v1/{}", secret_path)).unwrap();
[INFO] [stdout]    |                                                           ^^^^^^^^^^^ not found in this scope
[INFO] [stdout] 
[INFO] [stdout] 
[INFO] [stdout] error[E0425]: cannot find value `token` in this scope
[INFO] [stdout]   --> src/lib.rs:39:75
[INFO] [stdout]    |
[INFO] [stdout] 39 |     let request: RequestBuilder = client.get(url).header("X-Vault-Token", token);
[INFO] [stdout]    |                                                                           ^^^^^ not found in this scope
[INFO] [stdout] 
[INFO] [stdout] 
[INFO] [stdout] warning: unused import: `std::collections::HashMap`
[INFO] [stdout]  --> src/lib.rs:3:5
[INFO] [stdout]   |
[INFO] [stdout] 3 | use std::collections::HashMap;
[INFO] [stdout]   |     ^^^^^^^^^^^^^^^^^^^^^^^^^
[INFO] [stdout]   |
[INFO] [stdout]   = note: `#[warn(unused_imports)]` on by default
[INFO] [stdout] 
[INFO] [stdout] 
[INFO] [stdout] error: aborting due to 2 previous errors; 1 warning emitted
[INFO] [stdout] 
[INFO] [stdout] 
[INFO] [stdout] For more information about this error, try `rustc --explain E0425`.
[INFO] [stdout] 
[INFO] [stderr] error: could not compile `vault4rs` due to 3 previous errors; 1 warning emitted
[INFO] [stderr] warning: build failed, waiting for other jobs to finish...
[INFO] [stdout] error: aborting due to 2 previous errors; 1 warning emitted
[INFO] [stdout] 
[INFO] [stdout] 
[INFO] [stdout] For more information about this error, try `rustc --explain E0425`.
[INFO] [stdout] 
[INFO] [stderr] error: build failed
[INFO] running `Command { std: "docker" "inspect" "6c39c20bee9d6e9a310fbb39b73e4ab615e24e2d694920a1e1d1c379ca2734ae", kill_on_drop: false }`
[INFO] running `Command { std: "docker" "rm" "-f" "6c39c20bee9d6e9a310fbb39b73e4ab615e24e2d694920a1e1d1c379ca2734ae", kill_on_drop: false }`
[INFO] [stdout] 6c39c20bee9d6e9a310fbb39b73e4ab615e24e2d694920a1e1d1c379ca2734ae
