[INFO] cloning repository https://github.com/caemor/aer
[INFO] running `Command { std: "git" "-c" "credential.helper=" "-c" "credential.helper=/workspace/cargo-home/bin/git-credential-null" "clone" "--bare" "https://github.com/caemor/aer" "/workspace/cache/git-repos/https%3A%2F%2Fgithub.com%2Fcaemor%2Faer", kill_on_drop: false }`
[INFO] [stderr] Cloning into bare repository '/workspace/cache/git-repos/https%3A%2F%2Fgithub.com%2Fcaemor%2Faer'...
[INFO] running `Command { std: "git" "rev-parse" "HEAD", kill_on_drop: false }`
[INFO] [stdout] f92a21ef6b512a0bfc86af43208917f8bd8c8cb7
[INFO] checking caemor/aer against beta-2021-10-15 for beta-1.56-3
[INFO] running `Command { std: "git" "clone" "/workspace/cache/git-repos/https%3A%2F%2Fgithub.com%2Fcaemor%2Faer" "/workspace/builds/worker-0/source", kill_on_drop: false }`
[INFO] [stderr] Cloning into '/workspace/builds/worker-0/source'...
[INFO] [stderr] done.
[INFO] validating manifest of git repo https://github.com/caemor/aer on toolchain beta-2021-10-15
[INFO] running `Command { std: "/workspace/cargo-home/bin/cargo" "+beta-2021-10-15" "metadata" "--manifest-path" "Cargo.toml" "--no-deps", kill_on_drop: false }`
[INFO] started tweaking git repo https://github.com/caemor/aer
[INFO] finished tweaking git repo https://github.com/caemor/aer
[INFO] tweaked toml for git repo https://github.com/caemor/aer written to /workspace/builds/worker-0/source/Cargo.toml
[INFO] crate git repo https://github.com/caemor/aer already has a lockfile, it will not be regenerated
[INFO] running `Command { std: "/workspace/cargo-home/bin/cargo" "+beta-2021-10-15" "fetch" "--manifest-path" "Cargo.toml", kill_on_drop: false }`
[INFO] [stderr]     Updating git repository `https://github.com/caemor/InfluxDBClient-rs`
[INFO] [stderr]     Updating git repository `https://github.com/caemor/openweather`
[INFO] [stderr]  Downloading crates ...
[INFO] [stderr]   Downloaded ioctl-rs v0.1.6
[INFO] [stderr]   Downloaded epd-waveshare v0.4.0
[INFO] [stderr]   Downloaded linux-embedded-hal v0.3.0
[INFO] [stderr]   Downloaded i2cdev v0.4.4
[INFO] [stderr]   Downloaded thiserror v1.0.14
[INFO] [stderr]   Downloaded serial-unix v0.4.0
[INFO] [stderr]   Downloaded embedded-graphics v0.6.1
[INFO] [stderr]   Downloaded spidev v0.4.0
[INFO] [stderr]   Downloaded png v0.16.2
[INFO] [stderr]   Downloaded serial-core v0.4.0
[INFO] [stderr]   Downloaded image v0.23.3
[INFO] [stderr]   Downloaded embedded-graphics-simulator v0.2.0
[INFO] [stderr]   Downloaded thiserror-impl v1.0.14
[INFO] [stderr]   Downloaded http_req v0.5.5
[INFO] [stderr]   Downloaded bme680 v0.5.1
[INFO] [stderr]   Downloaded sysfs_gpio v0.5.4
[INFO] running `Command { std: "docker" "create" "-v" "/var/lib/crater-agent-workspace/builds/worker-0/target:/opt/rustwide/target:rw,Z" "-v" "/var/lib/crater-agent-workspace/builds/worker-0/source:/opt/rustwide/workdir:ro,Z" "-v" "/var/lib/crater-agent-workspace/cargo-home:/opt/rustwide/cargo-home:ro,Z" "-v" "/var/lib/crater-agent-workspace/rustup-home:/opt/rustwide/rustup-home:ro,Z" "-e" "SOURCE_DIR=/opt/rustwide/workdir" "-e" "CARGO_TARGET_DIR=/opt/rustwide/target" "-e" "CARGO_HOME=/opt/rustwide/cargo-home" "-e" "RUSTUP_HOME=/opt/rustwide/rustup-home" "-w" "/opt/rustwide/workdir" "-m" "1610612736" "--user" "0:0" "--network" "none" "ghcr.io/rust-lang/crates-build-env/linux@sha256:a89201d6b5b9fd45c15d5952ece0a0129e7e80cb26ec023fd59cf09bc26f1604" "/opt/rustwide/cargo-home/bin/cargo" "+beta-2021-10-15" "metadata" "--no-deps" "--format-version=1", kill_on_drop: false }`
[INFO] [stdout] 0d924b4aa285c7a872f3e4bc96fb32bcd222d22c91fd5494637feecd896cec0a
[INFO] [stderr] WARNING: Your kernel does not support swap limit capabilities or the cgroup is not mounted. Memory limited without swap.
[INFO] running `Command { std: "docker" "start" "-a" "0d924b4aa285c7a872f3e4bc96fb32bcd222d22c91fd5494637feecd896cec0a", kill_on_drop: false }`
[INFO] running `Command { std: "docker" "inspect" "0d924b4aa285c7a872f3e4bc96fb32bcd222d22c91fd5494637feecd896cec0a", kill_on_drop: false }`
[INFO] running `Command { std: "docker" "rm" "-f" "0d924b4aa285c7a872f3e4bc96fb32bcd222d22c91fd5494637feecd896cec0a", kill_on_drop: false }`
[INFO] [stdout] 0d924b4aa285c7a872f3e4bc96fb32bcd222d22c91fd5494637feecd896cec0a
[INFO] running `Command { std: "docker" "create" "-v" "/var/lib/crater-agent-workspace/builds/worker-0/target:/opt/rustwide/target:rw,Z" "-v" "/var/lib/crater-agent-workspace/builds/worker-0/source:/opt/rustwide/workdir:ro,Z" "-v" "/var/lib/crater-agent-workspace/cargo-home:/opt/rustwide/cargo-home:ro,Z" "-v" "/var/lib/crater-agent-workspace/rustup-home:/opt/rustwide/rustup-home:ro,Z" "-e" "SOURCE_DIR=/opt/rustwide/workdir" "-e" "CARGO_TARGET_DIR=/opt/rustwide/target" "-e" "CARGO_INCREMENTAL=0" "-e" "RUST_BACKTRACE=full" "-e" "RUSTFLAGS=--cap-lints=warn" "-e" "CARGO_HOME=/opt/rustwide/cargo-home" "-e" "RUSTUP_HOME=/opt/rustwide/rustup-home" "-w" "/opt/rustwide/workdir" "-m" "1610612736" "--user" "0:0" "--network" "none" "ghcr.io/rust-lang/crates-build-env/linux@sha256:a89201d6b5b9fd45c15d5952ece0a0129e7e80cb26ec023fd59cf09bc26f1604" "/opt/rustwide/cargo-home/bin/cargo" "+beta-2021-10-15" "check" "--frozen" "--all" "--all-targets" "--message-format=json", kill_on_drop: false }`
[INFO] [stdout] 4ecd0c95e2ef0c07b7311de29b71301ee60e18a791959437d4eb146ee18a8121
[INFO] [stderr] WARNING: Your kernel does not support swap limit capabilities or the cgroup is not mounted. Memory limited without swap.
[INFO] running `Command { std: "docker" "start" "-a" "4ecd0c95e2ef0c07b7311de29b71301ee60e18a791959437d4eb146ee18a8121", kill_on_drop: false }`
[INFO] [stderr]    Compiling syn v1.0.17
[INFO] [stderr]     Checking untrusted v0.7.0
[INFO] [stderr]    Compiling anyhow v1.0.28
[INFO] [stderr]    Compiling ring v0.16.12
[INFO] [stderr]     Checking http v0.2.1
[INFO] [stderr]    Compiling ryu v1.0.3
[INFO] [stderr]     Checking embedded-hal v0.2.3
[INFO] [stderr]     Checking iovec v0.1.4
[INFO] [stderr]     Checking net2 v0.2.33
[INFO] [stderr]     Checking time v0.1.42
[INFO] [stderr]     Checking serial-core v0.4.0
[INFO] [stderr]     Checking termios v0.2.2
[INFO] [stderr]     Checking ioctl-rs v0.1.6
[INFO] [stderr]     Checking atty v0.2.14
[INFO] [stderr]     Checking embedded-graphics v0.6.1
[INFO] [stderr]     Checking nix v0.14.1
[INFO] [stderr]     Checking serde_urlencoded v0.6.1
[INFO] [stderr]     Checking env_logger v0.7.1
[INFO] [stderr]     Checking bme680 v0.5.1
[INFO] [stderr]     Checking serial-unix v0.4.0
[INFO] [stderr]     Checking mio v0.6.21
[INFO] [stderr]     Checking chrono v0.4.11
[INFO] [stderr]     Checking serde_json v1.0.51
[INFO] [stderr]     Checking epd-waveshare v0.4.0
[INFO] [stderr]     Checking tokio v0.2.16
[INFO] [stderr]     Checking http-body v0.3.1
[INFO] [stderr]     Checking sct v0.6.0
[INFO] [stderr]     Checking webpki v0.21.2
[INFO] [stderr]     Checking i2cdev v0.4.4
[INFO] [stderr]     Checking spidev v0.4.0
[INFO] [stderr]     Checking sysfs_gpio v0.5.4
[INFO] [stderr]     Checking tokio-util v0.3.1
[INFO] [stderr]     Checking ct-logs v0.6.0
[INFO] [stderr]     Checking rustls v0.17.0
[INFO] [stderr]     Checking webpki-roots v0.18.0
[INFO] [stderr]     Checking rustls v0.16.0
[INFO] [stderr]     Checking linux-embedded-hal v0.3.0
[INFO] [stderr]    Compiling futures-macro v0.3.4
[INFO] [stderr]    Compiling pin-project-internal v0.4.8
[INFO] [stderr]    Compiling serde_derive v1.0.106
[INFO] [stderr]    Compiling thiserror-impl v1.0.14
[INFO] [stderr]     Checking http_req v0.5.5
[INFO] [stderr]     Checking tokio-rustls v0.13.0
[INFO] [stderr]     Checking rustls-native-certs v0.3.0
[INFO] [stderr]     Checking futures-util v0.3.4
[INFO] [stderr]     Checking thiserror v1.0.14
[INFO] [stderr]     Checking pin-project v0.4.8
[INFO] [stderr]     Checking h2 v0.2.4
[INFO] [stderr]     Checking futures-executor v0.3.4
[INFO] [stderr]     Checking futures v0.3.4
[INFO] [stderr]     Checking openweather v0.1.0 (https://github.com/caemor/openweather#4fea9786)
[INFO] [stderr]     Checking hyper v0.13.4
[INFO] [stderr]     Checking hyper-rustls v0.20.0
[INFO] [stderr]     Checking reqwest v0.10.4
[INFO] [stderr]     Checking influx_db_client v0.4.0 (https://github.com/caemor/InfluxDBClient-rs#2a553b47)
[INFO] [stderr]     Checking aer v0.1.0 (/opt/rustwide/workdir)
[INFO] [stdout] error[E0425]: cannot find function `draw_temp` in this scope
[INFO] [stdout]   --> src/weather.rs:20:5
[INFO] [stdout]    |
[INFO] [stdout] 20 |       draw_temp(display, weather.main.temp);
[INFO] [stdout]    |       ^^^^^^^^^ help: a function with a similar name exists: `draw_text`
[INFO] [stdout]    |
[INFO] [stdout]   ::: src/lib.rs:75:1
[INFO] [stdout]    |
[INFO] [stdout] 75 | / pub fn draw_text<T: DrawTarget<BinaryColor>, F: Copy + Font>(
[INFO] [stdout] 76 | |     display: &mut T,
[INFO] [stdout] 77 | |     text: &str,
[INFO] [stdout] 78 | |     top_left: Point,
[INFO] [stdout] ...  |
[INFO] [stdout] 88 | |         .draw(display);
[INFO] [stdout] 89 | | }
[INFO] [stdout]    | |_- similarly named function `draw_text` defined here
[INFO] [stdout] 
[INFO] [stdout] 
[INFO] [stdout] error[E0425]: cannot find function `draw_sunset` in this scope
[INFO] [stdout]   --> src/weather.rs:40:5
[INFO] [stdout]    |
[INFO] [stdout] 40 |     draw_sunset(display, sunrise, sunset);
[INFO] [stdout]    |     ^^^^^^^^^^^ not found in this scope
[INFO] [stdout] 
[INFO] [stdout] 
[INFO] [stdout] error[E0425]: cannot find function `draw_sensor` in this scope
[INFO] [stdout]   --> src/sensor.rs:55:5
[INFO] [stdout]    |
[INFO] [stdout] 55 |     draw_sensor(display, temp, humidity, pressure, gas);
[INFO] [stdout]    |     ^^^^^^^^^^^ not found in this scope
[INFO] [stdout] 
[INFO] [stdout] 
[INFO] [stdout] error[E0425]: cannot find function `draw` in this scope
[INFO] [stdout]  --> src/time.rs:8:5
[INFO] [stdout]   |
[INFO] [stdout] 8 |     draw(display, local);
[INFO] [stdout]   |     ^^^^ not found in this scope
[INFO] [stdout] 
[INFO] [stdout] 
[INFO] [stdout] error[E0425]: cannot find function `draw_temp` in this scope
[INFO] [stdout]   --> src/weather.rs:20:5
[INFO] [stdout]    |
[INFO] [stdout] 20 |       draw_temp(display, weather.main.temp);
[INFO] [stdout]    |       ^^^^^^^^^ help: a function with a similar name exists: `draw_text`
[INFO] [stdout]    |
[INFO] [stdout]   ::: src/lib.rs:75:1
[INFO] [stdout]    |
[INFO] [stdout] 75 | / pub fn draw_text<T: DrawTarget<BinaryColor>, F: Copy + Font>(
[INFO] [stdout] 76 | |     display: &mut T,
[INFO] [stdout] 77 | |     text: &str,
[INFO] [stdout] 78 | |     top_left: Point,
[INFO] [stdout] ...  |
[INFO] [stdout] 88 | |         .draw(display);
[INFO] [stdout] 89 | | }
[INFO] [stdout]    | |_- similarly named function `draw_text` defined here
[INFO] [stdout] 
[INFO] [stdout] 
[INFO] [stdout] error[E0425]: cannot find function `draw_sunset` in this scope
[INFO] [stdout]   --> src/weather.rs:40:5
[INFO] [stdout]    |
[INFO] [stdout] 40 |     draw_sunset(display, sunrise, sunset);
[INFO] [stdout]    |     ^^^^^^^^^^^ not found in this scope
[INFO] [stdout] 
[INFO] [stdout] 
[INFO] [stdout] error[E0425]: cannot find function `draw_sensor` in this scope
[INFO] [stdout]   --> src/sensor.rs:55:5
[INFO] [stdout]    |
[INFO] [stdout] 55 |     draw_sensor(display, temp, humidity, pressure, gas);
[INFO] [stdout]    |     ^^^^^^^^^^^ not found in this scope
[INFO] [stdout] 
[INFO] [stdout] 
[INFO] [stdout] error[E0425]: cannot find function `draw` in this scope
[INFO] [stdout]  --> src/time.rs:8:5
[INFO] [stdout]   |
[INFO] [stdout] 8 |     draw(display, local);
[INFO] [stdout]   |     ^^^^ not found in this scope
[INFO] [stdout] 
[INFO] [stdout] 
[INFO] [stdout] error[E0308]: mismatched types
[INFO] [stdout]   --> src/lib.rs:29:20
[INFO] [stdout]    |
[INFO] [stdout] 29 | pub fn height() -> i32 {
[INFO] [stdout]    |        ------      ^^^ expected `i32`, found `()`
[INFO] [stdout]    |        |
[INFO] [stdout]    |        implicitly returns `()` as its body has no tail or `return` expression
[INFO] [stdout] 
[INFO] [stdout] 
[INFO] [stdout] error[E0308]: mismatched types
[INFO] [stdout]   --> src/lib.rs:36:19
[INFO] [stdout]    |
[INFO] [stdout] 36 | pub fn width() -> i32 {
[INFO] [stdout]    |        -----      ^^^ expected `i32`, found `()`
[INFO] [stdout]    |        |
[INFO] [stdout]    |        implicitly returns `()` as its body has no tail or `return` expression
[INFO] [stdout] 
[INFO] [stdout] 
[INFO] [stdout] error: aborting due to 6 previous errors
[INFO] [stdout] 
[INFO] [stdout] 
[INFO] [stdout] Some errors have detailed explanations: E0308, E0425.
[INFO] [stdout] 
[INFO] [stdout] For more information about an error, try `rustc --explain E0308`.
[INFO] [stdout] 
[INFO] [stderr] error: could not compile `aer` due to 7 previous errors
[INFO] [stderr] warning: build failed, waiting for other jobs to finish...
[INFO] [stdout] error[E0308]: mismatched types
[INFO] [stdout]   --> src/lib.rs:29:20
[INFO] [stdout]    |
[INFO] [stdout] 29 | pub fn height() -> i32 {
[INFO] [stdout]    |        ------      ^^^ expected `i32`, found `()`
[INFO] [stdout]    |        |
[INFO] [stdout]    |        implicitly returns `()` as its body has no tail or `return` expression
[INFO] [stdout] 
[INFO] [stdout] 
[INFO] [stdout] error[E0308]: mismatched types
[INFO] [stdout]   --> src/lib.rs:36:19
[INFO] [stdout]    |
[INFO] [stdout] 36 | pub fn width() -> i32 {
[INFO] [stdout]    |        -----      ^^^ expected `i32`, found `()`
[INFO] [stdout]    |        |
[INFO] [stdout]    |        implicitly returns `()` as its body has no tail or `return` expression
[INFO] [stdout] 
[INFO] [stdout] 
[INFO] [stdout] error: aborting due to 6 previous errors
[INFO] [stdout] 
[INFO] [stdout] 
[INFO] [stdout] Some errors have detailed explanations: E0308, E0425.
[INFO] [stdout] 
[INFO] [stdout] For more information about an error, try `rustc --explain E0308`.
[INFO] [stdout] 
[INFO] [stderr] error: build failed
[INFO] running `Command { std: "docker" "inspect" "4ecd0c95e2ef0c07b7311de29b71301ee60e18a791959437d4eb146ee18a8121", kill_on_drop: false }`
[INFO] running `Command { std: "docker" "rm" "-f" "4ecd0c95e2ef0c07b7311de29b71301ee60e18a791959437d4eb146ee18a8121", kill_on_drop: false }`
[INFO] [stdout] 4ecd0c95e2ef0c07b7311de29b71301ee60e18a791959437d4eb146ee18a8121
