[INFO] cloning repository https://github.com/c0ldch0c0l8/iced_practice
[INFO] running `Command { std: "git" "-c" "credential.helper=" "-c" "credential.helper=/workspace/cargo-home/bin/git-credential-null" "clone" "--bare" "https://github.com/c0ldch0c0l8/iced_practice" "/workspace/cache/git-repos/https%3A%2F%2Fgithub.com%2Fc0ldch0c0l8%2Ficed_practice", kill_on_drop: false }`
[INFO] [stderr] Cloning into bare repository '/workspace/cache/git-repos/https%3A%2F%2Fgithub.com%2Fc0ldch0c0l8%2Ficed_practice'...
[INFO] running `Command { std: "git" "rev-parse" "HEAD", kill_on_drop: false }`
[INFO] [stdout] 44c5993238711d5251c88bbccc249e9bd0e7cc01
[INFO] checking c0ldch0c0l8/iced_practice against 1.55.0 for beta-1.56-3
[INFO] running `Command { std: "git" "clone" "/workspace/cache/git-repos/https%3A%2F%2Fgithub.com%2Fc0ldch0c0l8%2Ficed_practice" "/workspace/builds/worker-0/source", kill_on_drop: false }`
[INFO] [stderr] Cloning into '/workspace/builds/worker-0/source'...
[INFO] [stderr] done.
[INFO] validating manifest of git repo https://github.com/c0ldch0c0l8/iced_practice on toolchain 1.55.0
[INFO] running `Command { std: "/workspace/cargo-home/bin/cargo" "+1.55.0" "metadata" "--manifest-path" "Cargo.toml" "--no-deps", kill_on_drop: false }`
[INFO] started tweaking git repo https://github.com/c0ldch0c0l8/iced_practice
[INFO] finished tweaking git repo https://github.com/c0ldch0c0l8/iced_practice
[INFO] tweaked toml for git repo https://github.com/c0ldch0c0l8/iced_practice written to /workspace/builds/worker-0/source/Cargo.toml
[INFO] crate git repo https://github.com/c0ldch0c0l8/iced_practice already has a lockfile, it will not be regenerated
[INFO] running `Command { std: "/workspace/cargo-home/bin/cargo" "+1.55.0" "fetch" "--manifest-path" "Cargo.toml", kill_on_drop: false }`
[INFO] [stderr]     Blocking waiting for file lock on package cache
[INFO] [stderr]     Blocking waiting for file lock on package cache
[INFO] [stderr]  Downloading crates ...
[INFO] [stderr]   Downloaded longest-increasing-subsequence v0.1.0
[INFO] [stderr]   Downloaded wayland-sys v0.29.0
[INFO] [stderr]   Downloaded wayland-scanner v0.29.0
[INFO] [stderr]   Downloaded gif v0.11.3
[INFO] [stderr]   Downloaded wayland-commons v0.29.0
[INFO] [stderr]   Downloaded ash v0.33.3+1.2.191
[INFO] [stderr]   Downloaded naga v0.6.3
[INFO] [stderr]   Downloaded wgpu v0.10.2
[INFO] [stderr]   Downloaded error-code v2.3.0
[INFO] [stderr]   Downloaded glam v0.10.2
[INFO] [stderr]   Downloaded dwrote v0.11.0
[INFO] [stderr]   Downloaded winapi-wsapoll v0.1.1
[INFO] [stderr]   Downloaded core-text v19.2.0
[INFO] [stderr]   Downloaded wgpu-core v0.10.4
[INFO] [stderr]   Downloaded pathfinder_geometry v0.5.1
[INFO] [stderr]   Downloaded font-kit v0.10.1
[INFO] [stderr]   Downloaded wgpu-hal v0.10.7
[INFO] [stderr]   Downloaded wayland-client v0.29.0
[INFO] [stderr]   Downloaded str-buf v1.0.5
[INFO] [stderr]   Downloaded memmap2 v0.3.1
[INFO] [stderr]   Downloaded freetype v0.7.0
[INFO] [stderr]   Downloaded clipboard_wayland v0.2.0
[INFO] [stderr]   Downloaded x11rb v0.8.1
[INFO] [stderr]   Downloaded window_clipboard v0.2.1
[INFO] [stderr]   Downloaded wayland-protocols v0.29.0
[INFO] [stderr]   Downloaded glyph_brush v0.7.2
[INFO] [stderr]   Downloaded pathfinder_simd v0.5.1
[INFO] [stderr]   Downloaded gpu-alloc v0.5.2
[INFO] [stderr]   Downloaded dodrio v0.2.0
[INFO] [stderr]   Downloaded gethostname v0.2.1
[INFO] [stderr]   Downloaded smithay-client-toolkit v0.15.1
[INFO] [stderr]   Downloaded clipboard-win v4.2.1
[INFO] [stderr]   Downloaded clipboard_x11 v0.3.1
[INFO] [stderr]   Downloaded clipboard_macos v0.1.0
[INFO] [stderr]   Downloaded nix v0.22.2
[INFO] [stderr]   Downloaded calloop v0.9.1
[INFO] [stderr]   Downloaded servo-fontconfig v0.5.1
[INFO] [stderr]   Downloaded glyph_brush_draw_cache v0.1.4
[INFO] [stderr]   Downloaded servo-fontconfig-sys v5.1.0
[INFO] [stderr]   Downloaded wgpu_glyph v0.14.1
[INFO] [stderr]   Downloaded nix v0.20.2
[INFO] [stderr]   Downloaded wayland-cursor v0.29.0
[INFO] [stderr]   Downloaded freetype-sys v0.13.1
[INFO] running `Command { std: "docker" "create" "-v" "/var/lib/crater-agent-workspace/builds/worker-0/target:/opt/rustwide/target:rw,Z" "-v" "/var/lib/crater-agent-workspace/builds/worker-0/source:/opt/rustwide/workdir:ro,Z" "-v" "/var/lib/crater-agent-workspace/cargo-home:/opt/rustwide/cargo-home:ro,Z" "-v" "/var/lib/crater-agent-workspace/rustup-home:/opt/rustwide/rustup-home:ro,Z" "-e" "SOURCE_DIR=/opt/rustwide/workdir" "-e" "CARGO_TARGET_DIR=/opt/rustwide/target" "-e" "CARGO_HOME=/opt/rustwide/cargo-home" "-e" "RUSTUP_HOME=/opt/rustwide/rustup-home" "-w" "/opt/rustwide/workdir" "-m" "1610612736" "--user" "0:0" "--network" "none" "ghcr.io/rust-lang/crates-build-env/linux@sha256:a89201d6b5b9fd45c15d5952ece0a0129e7e80cb26ec023fd59cf09bc26f1604" "/opt/rustwide/cargo-home/bin/cargo" "+1.55.0" "metadata" "--no-deps" "--format-version=1", kill_on_drop: false }`
[INFO] [stdout] fc7c89e4d80c9ce9ee1162b79e1d1546183a605901c0af8d62edce60411d3ab4
[INFO] [stderr] WARNING: Your kernel does not support swap limit capabilities or the cgroup is not mounted. Memory limited without swap.
[INFO] running `Command { std: "docker" "start" "-a" "fc7c89e4d80c9ce9ee1162b79e1d1546183a605901c0af8d62edce60411d3ab4", kill_on_drop: false }`
[INFO] running `Command { std: "docker" "inspect" "fc7c89e4d80c9ce9ee1162b79e1d1546183a605901c0af8d62edce60411d3ab4", kill_on_drop: false }`
[INFO] running `Command { std: "docker" "rm" "-f" "fc7c89e4d80c9ce9ee1162b79e1d1546183a605901c0af8d62edce60411d3ab4", kill_on_drop: false }`
[INFO] [stdout] fc7c89e4d80c9ce9ee1162b79e1d1546183a605901c0af8d62edce60411d3ab4
[INFO] running `Command { std: "docker" "create" "-v" "/var/lib/crater-agent-workspace/builds/worker-0/target:/opt/rustwide/target:rw,Z" "-v" "/var/lib/crater-agent-workspace/builds/worker-0/source:/opt/rustwide/workdir:ro,Z" "-v" "/var/lib/crater-agent-workspace/cargo-home:/opt/rustwide/cargo-home:ro,Z" "-v" "/var/lib/crater-agent-workspace/rustup-home:/opt/rustwide/rustup-home:ro,Z" "-e" "SOURCE_DIR=/opt/rustwide/workdir" "-e" "CARGO_TARGET_DIR=/opt/rustwide/target" "-e" "CARGO_INCREMENTAL=0" "-e" "RUST_BACKTRACE=full" "-e" "RUSTFLAGS=--cap-lints=warn" "-e" "CARGO_HOME=/opt/rustwide/cargo-home" "-e" "RUSTUP_HOME=/opt/rustwide/rustup-home" "-w" "/opt/rustwide/workdir" "-m" "1610612736" "--user" "0:0" "--network" "none" "ghcr.io/rust-lang/crates-build-env/linux@sha256:a89201d6b5b9fd45c15d5952ece0a0129e7e80cb26ec023fd59cf09bc26f1604" "/opt/rustwide/cargo-home/bin/cargo" "+1.55.0" "check" "--frozen" "--all" "--all-targets" "--message-format=json", kill_on_drop: false }`
[INFO] [stdout] ad10c968d3c2750b613839eafc37736aa9357ddd47789c4cb9732bca8d9ca748
[INFO] [stderr] WARNING: Your kernel does not support swap limit capabilities or the cgroup is not mounted. Memory limited without swap.
[INFO] running `Command { std: "docker" "start" "-a" "ad10c968d3c2750b613839eafc37736aa9357ddd47789c4cb9732bca8d9ca748", kill_on_drop: false }`
[INFO] [stderr]    Compiling syn v1.0.80
[INFO] [stderr]    Compiling futures-core v0.3.17
[INFO] [stderr]     Checking minimal-lexical v0.1.4
[INFO] [stderr]    Compiling khronos-egl v4.1.0
[INFO] [stderr]     Checking fixedbitset v0.4.0
[INFO] [stderr]     Checking renderdoc-sys v0.7.1
[INFO] [stderr]     Checking arrayvec v0.7.1
[INFO] [stderr]     Checking profiling v1.0.3
[INFO] [stderr]    Compiling winit v0.25.0 (https://github.com/iced-rs/winit?rev=1e6623c4d06d110e5408dcbdf1edebd07e6a200e#1e6623c4)
[INFO] [stderr]     Checking mutate_once v0.1.1
[INFO] [stderr]    Compiling cmake v0.1.45
[INFO] [stderr]    Compiling wayland-sys v0.28.6
[INFO] [stderr]     Checking instant v0.1.11
[INFO] [stderr]    Compiling wayland-sys v0.29.0
[INFO] [stderr]    Compiling servo-fontconfig-sys v5.1.0
[INFO] [stderr]    Compiling glam v0.10.2
[INFO] [stderr]    Compiling smithay-client-toolkit v0.15.1
[INFO] [stderr]     Checking codespan-reporting v0.11.1
[INFO] [stderr]    Compiling wgpu-core v0.10.4
[INFO] [stderr]     Checking gif v0.11.3
[INFO] [stderr]     Checking ash v0.33.3+1.2.191
[INFO] [stderr]     Checking kamadak-exif v0.5.4
[INFO] [stderr]     Checking num_cpus v1.13.0
[INFO] [stderr]     Checking getrandom v0.2.3
[INFO] [stderr]     Checking parking_lot_core v0.8.5
[INFO] [stderr]     Checking memmap2 v0.2.3
[INFO] [stderr]     Checking dirs-sys-next v0.1.2
[INFO] [stderr]     Checking gethostname v0.2.1
[INFO] [stderr]     Checking memmap2 v0.3.1
[INFO] [stderr]     Checking iced_core v0.4.0 (https://github.com/iced-rs/iced?rev=3aae45c1913e6a6f60b009f19d00d10add7ad11e#3aae45c1)
[INFO] [stderr]     Checking wgpu-types v0.10.0
[INFO] [stderr]     Checking mio v0.7.13
[INFO] [stderr]     Checking nix v0.20.2
[INFO] [stderr]     Checking nix v0.22.2
[INFO] [stderr]     Checking spirv v0.2.0+1.5.4
[INFO] [stderr]     Checking approx v0.5.0
[INFO] [stderr]     Checking ordered-float v2.8.0
[INFO] [stderr]     Checking petgraph v0.6.0
[INFO] [stderr]     Checking nom v7.0.0
[INFO] [stderr]    Compiling wayland-scanner v0.28.6
[INFO] [stderr]    Compiling wayland-scanner v0.29.0
[INFO] [stderr]     Checking gpu-alloc v0.5.2
[INFO] [stderr]     Checking gpu-descriptor v0.2.1
[INFO] [stderr]    Compiling freetype-sys v0.13.1
[INFO] [stderr]    Compiling expat-sys v2.1.6
[INFO] [stderr]     Checking dirs-next v2.0.0
[INFO] [stderr]     Checking guillotiere v0.6.2
[INFO] [stderr]     Checking rand_core v0.6.3
[INFO] [stderr]     Checking parking_lot v0.11.2
[INFO] [stderr]     Checking glyph_brush_layout v0.2.3
[INFO] [stderr]     Checking iced_style v0.3.0 (https://github.com/iced-rs/iced?rev=3aae45c1913e6a6f60b009f19d00d10add7ad11e#3aae45c1)
[INFO] [stderr]    Compiling pathfinder_simd v0.5.1
[INFO] [stderr]     Checking rayon-core v1.9.1
[INFO] [stderr]     Checking rand_chacha v0.3.1
[INFO] [stderr]     Checking futures-channel v0.3.17
[INFO] [stderr]     Checking rand v0.8.4
[INFO] [stderr]     Checking rayon v1.5.1
[INFO] [stderr]    Compiling wayland-client v0.28.6
[INFO] [stderr]    Compiling wayland-protocols v0.28.6
[INFO] [stderr]     Checking freetype v0.7.0
[INFO] [stderr]    Compiling wayland-client v0.29.0
[INFO] [stderr]    Compiling wayland-protocols v0.29.0
[INFO] [stderr]     Checking servo-fontconfig v0.5.1
[INFO] [stderr]     Checking xcursor v0.3.4
[INFO] [stderr]     Checking pathfinder_geometry v0.5.1
[INFO] [stderr]     Checking twox-hash v1.6.1
[INFO] [stderr]     Checking font-kit v0.10.1
[INFO] [stderr]     Checking wayland-commons v0.29.0
[INFO] [stderr]     Checking calloop v0.9.1
[INFO] [stderr]     Checking wayland-commons v0.28.6
[INFO] [stderr]     Checking x11rb v0.8.1
[INFO] [stderr]     Checking glyph_brush_draw_cache v0.1.4
[INFO] [stderr]     Checking jpeg-decoder v0.1.22
[INFO] [stderr]     Checking glyph_brush v0.7.2
[INFO] [stderr]     Checking wayland-cursor v0.29.0
[INFO] [stderr]     Checking wayland-cursor v0.28.6
[INFO] [stderr]    Compiling thiserror-impl v1.0.29
[INFO] [stderr]    Compiling futures-macro v0.3.17
[INFO] [stderr]    Compiling bytemuck_derive v1.0.1
[INFO] [stderr]     Checking bytemuck v1.7.2
[INFO] [stderr]     Checking image v0.23.14
[INFO] [stderr]     Checking futures-util v0.3.17
[INFO] [stderr]     Checking thiserror v1.0.29
[INFO] [stderr]     Checking naga v0.6.3
[INFO] [stderr]     Checking clipboard_x11 v0.3.1
[INFO] [stderr]     Checking futures-executor v0.3.17
[INFO] [stderr]     Checking futures v0.3.17
[INFO] [stderr]     Checking iced_futures v0.3.0 (https://github.com/iced-rs/iced?rev=3aae45c1913e6a6f60b009f19d00d10add7ad11e#3aae45c1)
[INFO] [stderr]     Checking iced_native v0.4.0 (https://github.com/iced-rs/iced?rev=3aae45c1913e6a6f60b009f19d00d10add7ad11e#3aae45c1)
[INFO] [stderr]     Checking wgpu-hal v0.10.7
[INFO] [stderr]     Checking iced_graphics v0.2.0 (https://github.com/iced-rs/iced?rev=3aae45c1913e6a6f60b009f19d00d10add7ad11e#3aae45c1)
[INFO] [stderr]     Checking wgpu v0.10.2
[INFO] [stderr]     Checking wgpu_glyph v0.14.1
[INFO] [stderr]     Checking iced_wgpu v0.4.0 (https://github.com/iced-rs/iced?rev=3aae45c1913e6a6f60b009f19d00d10add7ad11e#3aae45c1)
[INFO] [stderr]     Checking smithay-client-toolkit v0.14.0
[INFO] [stderr]     Checking smithay-clipboard v0.6.4
[INFO] [stderr]     Checking clipboard_wayland v0.2.0
[INFO] [stderr]     Checking window_clipboard v0.2.1
[INFO] [stderr]     Checking iced_winit v0.3.0 (https://github.com/iced-rs/iced?rev=3aae45c1913e6a6f60b009f19d00d10add7ad11e#3aae45c1)
[INFO] [stderr]     Checking iced v0.3.0 (https://github.com/iced-rs/iced?rev=3aae45c1913e6a6f60b009f19d00d10add7ad11e#3aae45c1)
[INFO] [stderr]     Checking iced_practice v0.1.0 (/opt/rustwide/workdir)
[INFO] [stdout] error[E0425]: cannot find value `current_theme` in this scope
[INFO] [stdout]   --> src/style.rs:69:20
[INFO] [stdout]    |
[INFO] [stdout] 69 |             .style(current_theme.radio)
[INFO] [stdout]    |                    ^^^^^^^^^^^^^ not found in this scope
[INFO] [stdout] 
[INFO] [stdout] 
[INFO] [stdout] error[E0425]: cannot find value `current_theme` in this scope
[INFO] [stdout]   --> src/style.rs:77:16
[INFO] [stdout]    |
[INFO] [stdout] 77 |         .style(current_theme.container)
[INFO] [stdout]    |                ^^^^^^^^^^^^^ not found in this scope
[INFO] [stdout] 
[INFO] [stdout] 
[INFO] [stdout] error[E0425]: cannot find value `current_theme` in this scope
[INFO] [stdout]   --> src/style.rs:69:20
[INFO] [stdout]    |
[INFO] [stdout] 69 |             .style(current_theme.radio)
[INFO] [stdout]    |                    ^^^^^^^^^^^^^ not found in this scope
[INFO] [stdout] 
[INFO] [stdout] 
[INFO] [stdout] error[E0425]: cannot find value `current_theme` in this scope
[INFO] [stdout]   --> src/style.rs:77:16
[INFO] [stdout]    |
[INFO] [stdout] 77 |         .style(current_theme.container)
[INFO] [stdout]    |                ^^^^^^^^^^^^^ not found in this scope
[INFO] [stdout] 
[INFO] [stdout] 
[INFO] [stdout] error[E0277]: the trait bound `iced::radio::Style: From<iced::radio::Style>` is not satisfied
[INFO] [stdout]   --> src/style.rs:60:20
[INFO] [stdout]    |
[INFO] [stdout] 60 |             .style(self.get_current_theme().radio)
[INFO] [stdout]    |                    ^^^^^^^^^^^^^^^^^^^^^^^^^^^^^^
[INFO] [stdout]    |                    |
[INFO] [stdout]    |                    expected an implementor of trait `From<iced::radio::Style>`
[INFO] [stdout]    |                    help: consider borrowing here: `&self.get_current_theme().radio`
[INFO] [stdout]    |
[INFO] [stdout]    = note: required because of the requirements on the impl of `From<iced::radio::Style>` for `Box<(dyn iced::radio::StyleSheet + 'static)>`
[INFO] [stdout]    = note: required because of the requirements on the impl of `Into<Box<(dyn iced::radio::StyleSheet + 'static)>>` for `iced::radio::Style`
[INFO] [stdout] 
[INFO] [stdout] 
[INFO] [stdout] error[E0277]: the trait bound `iced::radio::Style: From<iced::radio::Style>` is not satisfied
[INFO] [stdout]   --> src/style.rs:60:20
[INFO] [stdout]    |
[INFO] [stdout] 60 |             .style(self.get_current_theme().radio)
[INFO] [stdout]    |                    ^^^^^^^^^^^^^^^^^^^^^^^^^^^^^^
[INFO] [stdout]    |                    |
[INFO] [stdout]    |                    expected an implementor of trait `From<iced::radio::Style>`
[INFO] [stdout]    |                    help: consider borrowing here: `&self.get_current_theme().radio`
[INFO] [stdout]    |
[INFO] [stdout]    = note: required because of the requirements on the impl of `From<iced::radio::Style>` for `Box<(dyn iced::radio::StyleSheet + 'static)>`
[INFO] [stdout]    = note: required because of the requirements on the impl of `Into<Box<(dyn iced::radio::StyleSheet + 'static)>>` for `iced::radio::Style`
[INFO] [stdout] 
[INFO] [stdout] 
[INFO] [stdout] error: aborting due to 3 previous errors
[INFO] [stdout] 
[INFO] [stdout] 
[INFO] [stdout] Some errors have detailed explanations: E0277, E0425.
[INFO] [stdout] 
[INFO] [stdout] For more information about an error, try `rustc --explain E0277`.
[INFO] [stdout] 
[INFO] [stdout] error: aborting due to 3 previous errors
[INFO] [stdout] 
[INFO] [stdout] 
[INFO] [stdout] Some errors have detailed explanations: E0277, E0425.
[INFO] [stdout] 
[INFO] [stdout] For more information about an error, try `rustc --explain E0277`.
[INFO] [stdout] 
[INFO] [stderr] error: could not compile `iced_practice` due to 4 previous errors
[INFO] [stderr] warning: build failed, waiting for other jobs to finish...
[INFO] [stderr] error: build failed
[INFO] running `Command { std: "docker" "inspect" "ad10c968d3c2750b613839eafc37736aa9357ddd47789c4cb9732bca8d9ca748", kill_on_drop: false }`
[INFO] running `Command { std: "docker" "rm" "-f" "ad10c968d3c2750b613839eafc37736aa9357ddd47789c4cb9732bca8d9ca748", kill_on_drop: false }`
[INFO] [stdout] ad10c968d3c2750b613839eafc37736aa9357ddd47789c4cb9732bca8d9ca748
