[INFO] cloning repository https://github.com/bz10bis/rust_roguelike
[INFO] running `Command { std: "git" "-c" "credential.helper=" "-c" "credential.helper=/workspace/cargo-home/bin/git-credential-null" "clone" "--bare" "https://github.com/bz10bis/rust_roguelike" "/workspace/cache/git-repos/https%3A%2F%2Fgithub.com%2Fbz10bis%2Frust_roguelike", kill_on_drop: false }`
[INFO] [stderr] Cloning into bare repository '/workspace/cache/git-repos/https%3A%2F%2Fgithub.com%2Fbz10bis%2Frust_roguelike'...
[INFO] running `Command { std: "git" "rev-parse" "HEAD", kill_on_drop: false }`
[INFO] [stdout] 91b29f10f75680afba1f7356d754f1b30b673245
[INFO] checking bz10bis/rust_roguelike against 1.55.0 for beta-1.56-3
[INFO] running `Command { std: "git" "clone" "/workspace/cache/git-repos/https%3A%2F%2Fgithub.com%2Fbz10bis%2Frust_roguelike" "/workspace/builds/worker-1/source", kill_on_drop: false }`
[INFO] [stderr] Cloning into '/workspace/builds/worker-1/source'...
[INFO] [stderr] done.
[INFO] validating manifest of git repo https://github.com/bz10bis/rust_roguelike on toolchain 1.55.0
[INFO] running `Command { std: "/workspace/cargo-home/bin/cargo" "+1.55.0" "metadata" "--manifest-path" "Cargo.toml" "--no-deps", kill_on_drop: false }`
[INFO] started tweaking git repo https://github.com/bz10bis/rust_roguelike
[INFO] finished tweaking git repo https://github.com/bz10bis/rust_roguelike
[INFO] tweaked toml for git repo https://github.com/bz10bis/rust_roguelike written to /workspace/builds/worker-1/source/Cargo.toml
[INFO] crate git repo https://github.com/bz10bis/rust_roguelike already has a lockfile, it will not be regenerated
[INFO] running `Command { std: "/workspace/cargo-home/bin/cargo" "+1.55.0" "fetch" "--manifest-path" "Cargo.toml", kill_on_drop: false }`
[INFO] [stderr]     Blocking waiting for file lock on package cache
[INFO] [stderr]     Blocking waiting for file lock on package cache
[INFO] [stderr]  Downloading crates ...
[INFO] [stderr]   Downloaded tcod v0.15.0
[INFO] [stderr]   Downloaded tcod-sys v5.0.1
[INFO] running `Command { std: "docker" "create" "-v" "/var/lib/crater-agent-workspace/builds/worker-1/target:/opt/rustwide/target:rw,Z" "-v" "/var/lib/crater-agent-workspace/builds/worker-1/source:/opt/rustwide/workdir:ro,Z" "-v" "/var/lib/crater-agent-workspace/cargo-home:/opt/rustwide/cargo-home:ro,Z" "-v" "/var/lib/crater-agent-workspace/rustup-home:/opt/rustwide/rustup-home:ro,Z" "-e" "SOURCE_DIR=/opt/rustwide/workdir" "-e" "CARGO_TARGET_DIR=/opt/rustwide/target" "-e" "CARGO_HOME=/opt/rustwide/cargo-home" "-e" "RUSTUP_HOME=/opt/rustwide/rustup-home" "-w" "/opt/rustwide/workdir" "-m" "1610612736" "--user" "0:0" "--network" "none" "ghcr.io/rust-lang/crates-build-env/linux@sha256:a89201d6b5b9fd45c15d5952ece0a0129e7e80cb26ec023fd59cf09bc26f1604" "/opt/rustwide/cargo-home/bin/cargo" "+1.55.0" "metadata" "--no-deps" "--format-version=1", kill_on_drop: false }`
[INFO] [stdout] de0c7e49b5d226ef73de95379443bf011b8e2f342e8b61df4fa6a198859f1558
[INFO] [stderr] WARNING: Your kernel does not support swap limit capabilities or the cgroup is not mounted. Memory limited without swap.
[INFO] running `Command { std: "docker" "start" "-a" "de0c7e49b5d226ef73de95379443bf011b8e2f342e8b61df4fa6a198859f1558", kill_on_drop: false }`
[INFO] running `Command { std: "docker" "inspect" "de0c7e49b5d226ef73de95379443bf011b8e2f342e8b61df4fa6a198859f1558", kill_on_drop: false }`
[INFO] running `Command { std: "docker" "rm" "-f" "de0c7e49b5d226ef73de95379443bf011b8e2f342e8b61df4fa6a198859f1558", kill_on_drop: false }`
[INFO] [stdout] de0c7e49b5d226ef73de95379443bf011b8e2f342e8b61df4fa6a198859f1558
[INFO] running `Command { std: "docker" "create" "-v" "/var/lib/crater-agent-workspace/builds/worker-1/target:/opt/rustwide/target:rw,Z" "-v" "/var/lib/crater-agent-workspace/builds/worker-1/source:/opt/rustwide/workdir:ro,Z" "-v" "/var/lib/crater-agent-workspace/cargo-home:/opt/rustwide/cargo-home:ro,Z" "-v" "/var/lib/crater-agent-workspace/rustup-home:/opt/rustwide/rustup-home:ro,Z" "-e" "SOURCE_DIR=/opt/rustwide/workdir" "-e" "CARGO_TARGET_DIR=/opt/rustwide/target" "-e" "CARGO_INCREMENTAL=0" "-e" "RUST_BACKTRACE=full" "-e" "RUSTFLAGS=--cap-lints=warn" "-e" "CARGO_HOME=/opt/rustwide/cargo-home" "-e" "RUSTUP_HOME=/opt/rustwide/rustup-home" "-w" "/opt/rustwide/workdir" "-m" "1610612736" "--user" "0:0" "--network" "none" "ghcr.io/rust-lang/crates-build-env/linux@sha256:a89201d6b5b9fd45c15d5952ece0a0129e7e80cb26ec023fd59cf09bc26f1604" "/opt/rustwide/cargo-home/bin/cargo" "+1.55.0" "check" "--frozen" "--all" "--all-targets" "--message-format=json", kill_on_drop: false }`
[INFO] [stdout] d6f73a10d75f6a3e0e0958f802dec635b7a66fdd3e0b27de4ff01413bf6ce1c2
[INFO] [stderr] WARNING: Your kernel does not support swap limit capabilities or the cgroup is not mounted. Memory limited without swap.
[INFO] running `Command { std: "docker" "start" "-a" "d6f73a10d75f6a3e0e0958f802dec635b7a66fdd3e0b27de4ff01413bf6ce1c2", kill_on_drop: false }`
[INFO] [stderr]    Compiling syn v1.0.41
[INFO] [stderr]    Compiling tcod-sys v5.0.1
[INFO] [stderr]     Checking rand v0.4.6
[INFO] [stderr]     Checking rand v0.3.23
[INFO] [stderr]    Compiling serde_derive v1.0.116
[INFO] [stderr]     Checking serde v1.0.116
[INFO] [stderr]     Checking serde_json v1.0.57
[INFO] [stderr]     Checking tcod v0.15.0
[INFO] [stderr]     Checking roguelite v0.1.0 (/opt/rustwide/workdir)
[INFO] [stdout] warning: unused imports: `Deserialize`, `Serialize`
[INFO] [stdout]   --> src/main.rs:13:13
[INFO] [stdout]    |
[INFO] [stdout] 13 | use serde::{Deserialize, Serialize};
[INFO] [stdout]    |             ^^^^^^^^^^^  ^^^^^^^^^
[INFO] [stdout]    |
[INFO] [stdout]    = note: `#[warn(unused_imports)]` on by default
[INFO] [stdout] 
[INFO] [stdout] 
[INFO] [stdout] warning: unused imports: `Deserialize`, `Serialize`
[INFO] [stdout]   --> src/main.rs:13:13
[INFO] [stdout]    |
[INFO] [stdout] 13 | use serde::{Deserialize, Serialize};
[INFO] [stdout]    |             ^^^^^^^^^^^  ^^^^^^^^^
[INFO] [stdout]    |
[INFO] [stdout]    = note: `#[warn(unused_imports)]` on by default
[INFO] [stdout] 
[INFO] [stdout] 
[INFO] [stdout] error[E0609]: no field `always_visible` on type `object::Object`
[INFO] [stdout]    --> src/main.rs:421:12
[INFO] [stdout]     |
[INFO] [stdout] 421 |     stairs.always_visible = true;
[INFO] [stdout]     |            ^^^^^^^^^^^^^^ unknown field
[INFO] [stdout]     |
[INFO] [stdout]     = note: available fields are: `x`, `y`, `char`, `color`, `name` ... and 5 others
[INFO] [stdout] 
[INFO] [stdout] 
[INFO] [stdout] error[E0609]: no field `dungeon_level` on type `&mut game::Game`
[INFO] [stdout]    --> src/main.rs:438:10
[INFO] [stdout]     |
[INFO] [stdout] 438 |     game.dungeon_level += 1;
[INFO] [stdout]     |          ^^^^^^^^^^^^^ unknown field
[INFO] [stdout]     |
[INFO] [stdout]     = note: available fields are: `map`, `messages`, `inventory`
[INFO] [stdout] 
[INFO] [stdout] 
[INFO] [stdout] error: aborting due to 2 previous errors; 1 warning emitted
[INFO] [stdout] 
[INFO] [stdout] 
[INFO] [stdout] For more information about this error, try `rustc --explain E0609`.
[INFO] [stdout] 
[INFO] [stderr] error: could not compile `roguelite` due to 3 previous errors; 1 warning emitted
[INFO] [stderr] warning: build failed, waiting for other jobs to finish...
[INFO] [stdout] error[E0609]: no field `always_visible` on type `object::Object`
[INFO] [stdout]    --> src/main.rs:421:12
[INFO] [stdout]     |
[INFO] [stdout] 421 |     stairs.always_visible = true;
[INFO] [stdout]     |            ^^^^^^^^^^^^^^ unknown field
[INFO] [stdout]     |
[INFO] [stdout]     = note: available fields are: `x`, `y`, `char`, `color`, `name` ... and 5 others
[INFO] [stdout] 
[INFO] [stdout] 
[INFO] [stdout] error[E0609]: no field `dungeon_level` on type `&mut game::Game`
[INFO] [stdout]    --> src/main.rs:438:10
[INFO] [stdout]     |
[INFO] [stdout] 438 |     game.dungeon_level += 1;
[INFO] [stdout]     |          ^^^^^^^^^^^^^ unknown field
[INFO] [stdout]     |
[INFO] [stdout]     = note: available fields are: `map`, `messages`, `inventory`
[INFO] [stdout] 
[INFO] [stdout] 
[INFO] [stdout] error: aborting due to 2 previous errors; 1 warning emitted
[INFO] [stdout] 
[INFO] [stdout] 
[INFO] [stdout] For more information about this error, try `rustc --explain E0609`.
[INFO] [stdout] 
[INFO] [stderr] error: build failed
[INFO] running `Command { std: "docker" "inspect" "d6f73a10d75f6a3e0e0958f802dec635b7a66fdd3e0b27de4ff01413bf6ce1c2", kill_on_drop: false }`
[INFO] running `Command { std: "docker" "rm" "-f" "d6f73a10d75f6a3e0e0958f802dec635b7a66fdd3e0b27de4ff01413bf6ce1c2", kill_on_drop: false }`
[INFO] [stdout] d6f73a10d75f6a3e0e0958f802dec635b7a66fdd3e0b27de4ff01413bf6ce1c2
