[INFO] cloning repository https://github.com/bvrner/glboot
[INFO] running `Command { std: "git" "-c" "credential.helper=" "-c" "credential.helper=/workspace/cargo-home/bin/git-credential-null" "clone" "--bare" "https://github.com/bvrner/glboot" "/workspace/cache/git-repos/https%3A%2F%2Fgithub.com%2Fbvrner%2Fglboot", kill_on_drop: false }`
[INFO] [stderr] Cloning into bare repository '/workspace/cache/git-repos/https%3A%2F%2Fgithub.com%2Fbvrner%2Fglboot'...
[INFO] running `Command { std: "git" "rev-parse" "HEAD", kill_on_drop: false }`
[INFO] [stdout] ae9bd4dd37baebb83d34769810d087a55852afe9
[INFO] checking bvrner/glboot against beta-2021-10-15 for beta-1.56-3
[INFO] running `Command { std: "git" "clone" "/workspace/cache/git-repos/https%3A%2F%2Fgithub.com%2Fbvrner%2Fglboot" "/workspace/builds/worker-6/source", kill_on_drop: false }`
[INFO] [stderr] Cloning into '/workspace/builds/worker-6/source'...
[INFO] [stderr] done.
[INFO] [stderr] Updating files:  20% (17/82)
Updating files:  21% (18/82)
Updating files:  23% (19/82)
Updating files:  24% (20/82)
Updating files:  25% (21/82)
Updating files:  26% (22/82)
Updating files:  28% (23/82)
Updating files:  29% (24/82)
Updating files:  30% (25/82)
Updating files:  31% (26/82)
Updating files:  32% (27/82)
Updating files:  34% (28/82)
Updating files:  35% (29/82)
Updating files:  36% (30/82)
Updating files:  37% (31/82)
Updating files:  39% (32/82)
Updating files:  40% (33/82)
Updating files:  41% (34/82)
Updating files:  42% (35/82)
Updating files:  43% (36/82)
Updating files:  45% (37/82)
Updating files:  46% (38/82)
Updating files:  47% (39/82)
Updating files:  48% (40/82)
Updating files:  50% (41/82)
Updating files:  51% (42/82)
Updating files:  52% (43/82)
Updating files:  53% (44/82)
Updating files:  54% (45/82)
Updating files:  56% (46/82)
Updating files:  57% (47/82)
Updating files:  58% (48/82)
Updating files:  59% (49/82)
Updating files:  60% (50/82)
Updating files:  62% (51/82)
Updating files:  63% (52/82)
Updating files:  64% (53/82)
Updating files:  65% (54/82)
Updating files:  67% (55/82)
Updating files:  68% (56/82)
Updating files:  69% (57/82)
Updating files:  70% (58/82)
Updating files:  71% (59/82)
Updating files:  73% (60/82)
Updating files:  74% (61/82)
Updating files:  75% (62/82)
Updating files:  76% (63/82)
Updating files:  78% (64/82)
Updating files:  79% (65/82)
Updating files:  80% (66/82)
Updating files:  81% (67/82)
Updating files:  82% (68/82)
Updating files:  84% (69/82)
Updating files:  85% (70/82)
Updating files:  86% (71/82)
Updating files:  87% (72/82)
Updating files:  89% (73/82)
Updating files:  90% (74/82)
Updating files:  91% (75/82)
Updating files:  92% (76/82)
Updating files:  93% (77/82)
Updating files:  95% (78/82)
Updating files:  96% (79/82)
Updating files:  97% (80/82)
Updating files:  98% (81/82)
Updating files: 100% (82/82)
Updating files: 100% (82/82), done.
[INFO] validating manifest of git repo https://github.com/bvrner/glboot on toolchain beta-2021-10-15
[INFO] running `Command { std: "/workspace/cargo-home/bin/cargo" "+beta-2021-10-15" "metadata" "--manifest-path" "Cargo.toml" "--no-deps", kill_on_drop: false }`
[INFO] started tweaking git repo https://github.com/bvrner/glboot
[INFO] finished tweaking git repo https://github.com/bvrner/glboot
[INFO] tweaked toml for git repo https://github.com/bvrner/glboot written to /workspace/builds/worker-6/source/Cargo.toml
[INFO] crate git repo https://github.com/bvrner/glboot already has a lockfile, it will not be regenerated
[INFO] running `Command { std: "/workspace/cargo-home/bin/cargo" "+beta-2021-10-15" "fetch" "--manifest-path" "Cargo.toml", kill_on_drop: false }`
[INFO] [stderr]     Blocking waiting for file lock on package cache
[INFO] [stderr]     Blocking waiting for file lock on package cache
[INFO] running `Command { std: "docker" "create" "-v" "/var/lib/crater-agent-workspace/builds/worker-6/target:/opt/rustwide/target:rw,Z" "-v" "/var/lib/crater-agent-workspace/builds/worker-6/source:/opt/rustwide/workdir:ro,Z" "-v" "/var/lib/crater-agent-workspace/cargo-home:/opt/rustwide/cargo-home:ro,Z" "-v" "/var/lib/crater-agent-workspace/rustup-home:/opt/rustwide/rustup-home:ro,Z" "-e" "SOURCE_DIR=/opt/rustwide/workdir" "-e" "CARGO_TARGET_DIR=/opt/rustwide/target" "-e" "CARGO_HOME=/opt/rustwide/cargo-home" "-e" "RUSTUP_HOME=/opt/rustwide/rustup-home" "-w" "/opt/rustwide/workdir" "-m" "1610612736" "--user" "0:0" "--network" "none" "ghcr.io/rust-lang/crates-build-env/linux@sha256:a89201d6b5b9fd45c15d5952ece0a0129e7e80cb26ec023fd59cf09bc26f1604" "/opt/rustwide/cargo-home/bin/cargo" "+beta-2021-10-15" "metadata" "--no-deps" "--format-version=1", kill_on_drop: false }`
[INFO] [stdout] e992c6424d2c2b5c3daf8c22c1ff9a6b158feb2f5323e6c12d73562f6be1957d
[INFO] [stderr] WARNING: Your kernel does not support swap limit capabilities or the cgroup is not mounted. Memory limited without swap.
[INFO] running `Command { std: "docker" "start" "-a" "e992c6424d2c2b5c3daf8c22c1ff9a6b158feb2f5323e6c12d73562f6be1957d", kill_on_drop: false }`
[INFO] running `Command { std: "docker" "inspect" "e992c6424d2c2b5c3daf8c22c1ff9a6b158feb2f5323e6c12d73562f6be1957d", kill_on_drop: false }`
[INFO] running `Command { std: "docker" "rm" "-f" "e992c6424d2c2b5c3daf8c22c1ff9a6b158feb2f5323e6c12d73562f6be1957d", kill_on_drop: false }`
[INFO] [stdout] e992c6424d2c2b5c3daf8c22c1ff9a6b158feb2f5323e6c12d73562f6be1957d
[INFO] running `Command { std: "docker" "create" "-v" "/var/lib/crater-agent-workspace/builds/worker-6/target:/opt/rustwide/target:rw,Z" "-v" "/var/lib/crater-agent-workspace/builds/worker-6/source:/opt/rustwide/workdir:ro,Z" "-v" "/var/lib/crater-agent-workspace/cargo-home:/opt/rustwide/cargo-home:ro,Z" "-v" "/var/lib/crater-agent-workspace/rustup-home:/opt/rustwide/rustup-home:ro,Z" "-e" "SOURCE_DIR=/opt/rustwide/workdir" "-e" "CARGO_TARGET_DIR=/opt/rustwide/target" "-e" "CARGO_INCREMENTAL=0" "-e" "RUST_BACKTRACE=full" "-e" "RUSTFLAGS=--cap-lints=warn" "-e" "CARGO_HOME=/opt/rustwide/cargo-home" "-e" "RUSTUP_HOME=/opt/rustwide/rustup-home" "-w" "/opt/rustwide/workdir" "-m" "1610612736" "--user" "0:0" "--network" "none" "ghcr.io/rust-lang/crates-build-env/linux@sha256:a89201d6b5b9fd45c15d5952ece0a0129e7e80cb26ec023fd59cf09bc26f1604" "/opt/rustwide/cargo-home/bin/cargo" "+beta-2021-10-15" "check" "--frozen" "--all" "--all-targets" "--message-format=json", kill_on_drop: false }`
[INFO] [stdout] 9e6812ebdcb492609c56173d977d7b4cdfdc6a8ee328151dfa2d378568854ae8
[INFO] [stderr] WARNING: Your kernel does not support swap limit capabilities or the cgroup is not mounted. Memory limited without swap.
[INFO] running `Command { std: "docker" "start" "-a" "9e6812ebdcb492609c56173d977d7b4cdfdc6a8ee328151dfa2d378568854ae8", kill_on_drop: false }`
[INFO] [stderr]     Blocking waiting for file lock on package cache
[INFO] [stderr]    Compiling serde v1.0.110
[INFO] [stderr]    Compiling syn v1.0.52
[INFO] [stderr]     Checking weezl v0.1.3
[INFO] [stderr]     Checking half v1.6.0
[INFO] [stderr]     Checking oorandom v11.1.1
[INFO] [stderr]    Compiling crossbeam-utils v0.8.4
[INFO] [stderr]    Compiling memoffset v0.6.3
[INFO] [stderr]    Compiling rayon v1.5.1
[INFO] [stderr]    Compiling imgui-sys v0.6.0
[INFO] [stderr]    Compiling cmake v0.1.42
[INFO] [stderr]     Checking itertools v0.9.0
[INFO] [stderr]     Checking itertools v0.10.0
[INFO] [stderr]     Checking regex v1.3.7
[INFO] [stderr]    Compiling proc-macro2 v1.0.24
[INFO] [stderr]     Checking parking_lot_core v0.8.1
[INFO] [stderr]     Checking rand_os v0.1.3
[INFO] [stderr]     Checking clap v2.33.1
[INFO] [stderr]     Checking regex-automata v0.1.9
[INFO] [stderr]    Compiling gl_generator v0.14.0
[INFO] [stderr]     Checking approx v0.3.2
[INFO] [stderr]     Checking plotters v0.3.0
[INFO] [stderr]    Compiling gl_generator v0.9.0
[INFO] [stderr]     Checking png v0.16.5
[INFO] [stderr]     Checking rand v0.6.5
[INFO] [stderr]     Checking gif v0.11.1
[INFO] [stderr]     Checking parking_lot v0.11.1
[INFO] [stderr]    Compiling quote v1.0.6
[INFO] [stderr]    Compiling glfw-sys v3.3.2
[INFO] [stderr]     Checking criterion-plot v0.4.3
[INFO] [stderr]    Compiling gl v0.14.0
[INFO] [stderr]    Compiling imgui-opengl-renderer v0.10.0
[INFO] [stderr]     Checking cgmath v0.17.0
[INFO] [stderr]     Checking crossbeam-epoch v0.9.4
[INFO] [stderr]     Checking crossbeam-channel v0.5.1
[INFO] [stderr]     Checking crossbeam-deque v0.8.0
[INFO] [stderr]     Checking rayon-core v1.9.1
[INFO] [stderr]     Checking glfw v0.41.0
[INFO] [stderr]     Checking serde_json v1.0.53
[INFO] [stderr]     Checking bstr v0.2.13
[INFO] [stderr]     Checking serde_cbor v0.11.1
[INFO] [stderr]     Checking jpeg-decoder v0.1.22
[INFO] [stderr]     Checking csv v1.1.3
[INFO] [stderr]     Checking tinytemplate v1.1.0
[INFO] [stderr]     Checking tiff v0.6.0
[INFO] [stderr]    Compiling serde_derive v1.0.110
[INFO] [stderr]    Compiling gltf-derive v0.16.0
[INFO] [stderr]    Compiling thiserror-impl v1.0.26
[INFO] [stderr]     Checking imgui v0.6.1
[INFO] [stderr]     Checking image v0.23.14
[INFO] [stderr]     Checking thiserror v1.0.26
[INFO] [stderr]     Checking gltf-json v0.16.0
[INFO] [stderr]     Checking criterion v0.3.4
[INFO] [stderr]     Checking gltf v0.16.0
[INFO] [stderr]     Checking glboot v0.1.0 (/opt/rustwide/workdir)
[INFO] [stdout] warning: unused import: `gl::types::*`
[INFO] [stdout]  --> src/ogl/texture/mod.rs:1:5
[INFO] [stdout]   |
[INFO] [stdout] 1 | use gl::types::*;
[INFO] [stdout]   |     ^^^^^^^^^^^^
[INFO] [stdout]   |
[INFO] [stdout]   = note: `#[warn(unused_imports)]` on by default
[INFO] [stdout] 
[INFO] [stdout] 
[INFO] [stdout] warning: unused import: `gl::types::*`
[INFO] [stdout]  --> src/ogl/texture/mod.rs:1:5
[INFO] [stdout]   |
[INFO] [stdout] 1 | use gl::types::*;
[INFO] [stdout]   |     ^^^^^^^^^^^^
[INFO] [stdout]   |
[INFO] [stdout]   = note: `#[warn(unused_imports)]` on by default
[INFO] [stdout] 
[INFO] [stdout] 
[INFO] [stdout] warning: 1 warning emitted
[INFO] [stdout] 
[INFO] [stdout] 
[INFO] [stdout] warning: 1 warning emitted
[INFO] [stdout] 
[INFO] [stdout] 
[INFO] [stdout] error[E0433]: failed to resolve: could not find `model` in `ogl`
[INFO] [stdout]  --> benches/models_bench.rs:4:18
[INFO] [stdout]   |
[INFO] [stdout] 4 | use glboot::ogl::model::mesh::Model;
[INFO] [stdout]   |                  ^^^^^ could not find `model` in `ogl`
[INFO] [stdout] 
[INFO] [stdout] 
[INFO] [stdout] error[E0432]: unresolved import `glboot::ogl::model`
[INFO] [stdout]  --> benches/models_bench.rs:5:18
[INFO] [stdout]   |
[INFO] [stdout] 5 | use glboot::ogl::model::{loaders, FullVertex};
[INFO] [stdout]   |                  ^^^^^ could not find `model` in `ogl`
[INFO] [stdout] 
[INFO] [stdout] 
[INFO] [stdout] error[E0412]: cannot find type `Model` in this scope
[INFO] [stdout]   --> benches/models_bench.rs:26:24
[INFO] [stdout]    |
[INFO] [stdout] 26 |             let model: Model<FullVertex> = loaders::load_gltf(&m_path).unwrap();
[INFO] [stdout]    |                        ^^^^^ not found in this scope
[INFO] [stdout] 
[INFO] [stdout] 
[INFO] [stdout] error[E0412]: cannot find type `Model` in this scope
[INFO] [stdout]   --> benches/models_bench.rs:31:24
[INFO] [stdout]    |
[INFO] [stdout] 31 |             let model: Model<FullVertex> = loaders::load_gltf(&d_path).unwrap();
[INFO] [stdout]    |                        ^^^^^ not found in this scope
[INFO] [stdout] 
[INFO] [stdout] 
[INFO] [stdout] error: aborting due to 4 previous errors
[INFO] [stdout] 
[INFO] [stdout] 
[INFO] [stdout] Some errors have detailed explanations: E0412, E0432, E0433.
[INFO] [stdout] 
[INFO] [stdout] For more information about an error, try `rustc --explain E0412`.
[INFO] [stdout] 
[INFO] [stderr] error: could not compile `glboot` due to 5 previous errors
[INFO] [stderr] warning: build failed, waiting for other jobs to finish...
[INFO] [stderr] error: build failed
[INFO] running `Command { std: "docker" "inspect" "9e6812ebdcb492609c56173d977d7b4cdfdc6a8ee328151dfa2d378568854ae8", kill_on_drop: false }`
[INFO] running `Command { std: "docker" "rm" "-f" "9e6812ebdcb492609c56173d977d7b4cdfdc6a8ee328151dfa2d378568854ae8", kill_on_drop: false }`
[INFO] [stdout] 9e6812ebdcb492609c56173d977d7b4cdfdc6a8ee328151dfa2d378568854ae8
