[INFO] cloning repository https://github.com/bragaz/rust-tutorial
[INFO] running `Command { std: "git" "-c" "credential.helper=" "-c" "credential.helper=/workspace/cargo-home/bin/git-credential-null" "clone" "--bare" "https://github.com/bragaz/rust-tutorial" "/workspace/cache/git-repos/https%3A%2F%2Fgithub.com%2Fbragaz%2Frust-tutorial", kill_on_drop: false }`
[INFO] [stderr] Cloning into bare repository '/workspace/cache/git-repos/https%3A%2F%2Fgithub.com%2Fbragaz%2Frust-tutorial'...
[INFO] running `Command { std: "git" "rev-parse" "HEAD", kill_on_drop: false }`
[INFO] [stdout] 175ca3477c086f3d3a259514c87a16981ab607f4
[INFO] checking bragaz/rust-tutorial against beta-2021-10-15 for beta-1.56-3
[INFO] running `Command { std: "git" "clone" "/workspace/cache/git-repos/https%3A%2F%2Fgithub.com%2Fbragaz%2Frust-tutorial" "/workspace/builds/worker-80/source", kill_on_drop: false }`
[INFO] [stderr] Cloning into '/workspace/builds/worker-80/source'...
[INFO] [stderr] done.
[INFO] validating manifest of git repo https://github.com/bragaz/rust-tutorial on toolchain beta-2021-10-15
[INFO] running `Command { std: "/workspace/cargo-home/bin/cargo" "+beta-2021-10-15" "metadata" "--manifest-path" "Cargo.toml" "--no-deps", kill_on_drop: false }`
[INFO] started tweaking git repo https://github.com/bragaz/rust-tutorial
[INFO] finished tweaking git repo https://github.com/bragaz/rust-tutorial
[INFO] tweaked toml for git repo https://github.com/bragaz/rust-tutorial written to /workspace/builds/worker-80/source/Cargo.toml
[INFO] crate git repo https://github.com/bragaz/rust-tutorial already has a lockfile, it will not be regenerated
[INFO] running `Command { std: "/workspace/cargo-home/bin/cargo" "+beta-2021-10-15" "fetch" "--manifest-path" "Cargo.toml", kill_on_drop: false }`
[INFO] [stderr]     Blocking waiting for file lock on package cache
[INFO] [stderr]     Blocking waiting for file lock on package cache
[INFO] running `Command { std: "docker" "create" "-v" "/var/lib/crater-agent-workspace/builds/worker-80/target:/opt/rustwide/target:rw,Z" "-v" "/var/lib/crater-agent-workspace/builds/worker-80/source:/opt/rustwide/workdir:ro,Z" "-v" "/var/lib/crater-agent-workspace/cargo-home:/opt/rustwide/cargo-home:ro,Z" "-v" "/var/lib/crater-agent-workspace/rustup-home:/opt/rustwide/rustup-home:ro,Z" "-e" "SOURCE_DIR=/opt/rustwide/workdir" "-e" "CARGO_TARGET_DIR=/opt/rustwide/target" "-e" "CARGO_HOME=/opt/rustwide/cargo-home" "-e" "RUSTUP_HOME=/opt/rustwide/rustup-home" "-w" "/opt/rustwide/workdir" "-m" "1610612736" "--user" "0:0" "--network" "none" "ghcr.io/rust-lang/crates-build-env/linux@sha256:a89201d6b5b9fd45c15d5952ece0a0129e7e80cb26ec023fd59cf09bc26f1604" "/opt/rustwide/cargo-home/bin/cargo" "+beta-2021-10-15" "metadata" "--no-deps" "--format-version=1", kill_on_drop: false }`
[INFO] [stdout] 9707ea21406222029ff1ce80f494d0911c0cfde11d6c75b65f6dac166188c24e
[INFO] running `Command { std: "docker" "start" "-a" "9707ea21406222029ff1ce80f494d0911c0cfde11d6c75b65f6dac166188c24e", kill_on_drop: false }`
[INFO] running `Command { std: "docker" "inspect" "9707ea21406222029ff1ce80f494d0911c0cfde11d6c75b65f6dac166188c24e", kill_on_drop: false }`
[INFO] running `Command { std: "docker" "rm" "-f" "9707ea21406222029ff1ce80f494d0911c0cfde11d6c75b65f6dac166188c24e", kill_on_drop: false }`
[INFO] [stdout] 9707ea21406222029ff1ce80f494d0911c0cfde11d6c75b65f6dac166188c24e
[INFO] running `Command { std: "docker" "create" "-v" "/var/lib/crater-agent-workspace/builds/worker-80/target:/opt/rustwide/target:rw,Z" "-v" "/var/lib/crater-agent-workspace/builds/worker-80/source:/opt/rustwide/workdir:ro,Z" "-v" "/var/lib/crater-agent-workspace/cargo-home:/opt/rustwide/cargo-home:ro,Z" "-v" "/var/lib/crater-agent-workspace/rustup-home:/opt/rustwide/rustup-home:ro,Z" "-e" "SOURCE_DIR=/opt/rustwide/workdir" "-e" "CARGO_TARGET_DIR=/opt/rustwide/target" "-e" "CARGO_INCREMENTAL=0" "-e" "RUST_BACKTRACE=full" "-e" "RUSTFLAGS=--cap-lints=warn" "-e" "CARGO_HOME=/opt/rustwide/cargo-home" "-e" "RUSTUP_HOME=/opt/rustwide/rustup-home" "-w" "/opt/rustwide/workdir" "-m" "1610612736" "--user" "0:0" "--network" "none" "ghcr.io/rust-lang/crates-build-env/linux@sha256:a89201d6b5b9fd45c15d5952ece0a0129e7e80cb26ec023fd59cf09bc26f1604" "/opt/rustwide/cargo-home/bin/cargo" "+beta-2021-10-15" "check" "--frozen" "--all" "--all-targets" "--message-format=json", kill_on_drop: false }`
[INFO] [stdout] 356bbc122e4aa51155f6772685688792267859ade753b2f4bc50bd5f3f516549
[INFO] running `Command { std: "docker" "start" "-a" "356bbc122e4aa51155f6772685688792267859ade753b2f4bc50bd5f3f516549", kill_on_drop: false }`
[INFO] [stderr]     Checking rand_core v0.4.2
[INFO] [stderr]    Compiling autocfg v0.1.7
[INFO] [stderr]    Compiling libc v0.2.77
[INFO] [stderr]     Checking rand_core v0.3.1
[INFO] [stderr]     Checking rand_jitter v0.1.4
[INFO] [stderr]     Checking rand_isaac v0.1.1
[INFO] [stderr]     Checking rand_xorshift v0.1.1
[INFO] [stderr]     Checking rand_hc v0.1.0
[INFO] [stderr]    Compiling rand_chacha v0.1.1
[INFO] [stderr]    Compiling rand_pcg v0.1.2
[INFO] [stderr]    Compiling rand v0.6.5
[INFO] [stderr]     Checking rand_os v0.1.3
[INFO] [stderr]     Checking tutorial-rust v0.1.0 (/opt/rustwide/workdir)
[INFO] [stdout] error[E0405]: cannot find trait `Display` in this scope
[INFO] [stdout]   --> src/traits.rs:64:39
[INFO] [stdout]    |
[INFO] [stdout] 64 | pub fn notify2(item: &(impl Summary + Display)) {
[INFO] [stdout]    |                                       ^^^^^^^ not found in this scope
[INFO] [stdout]    |
[INFO] [stdout] help: consider importing one of these items
[INFO] [stdout]    |
[INFO] [stdout] 2  | use core::fmt::Display;
[INFO] [stdout]    |
[INFO] [stdout] 2  | use std::fmt::Display;
[INFO] [stdout]    |
[INFO] [stdout] 
[INFO] [stdout] 
[INFO] [stdout] error: aborting due to previous error
[INFO] [stdout] 
[INFO] [stdout] 
[INFO] [stdout] For more information about this error, try `rustc --explain E0405`.
[INFO] [stdout] 
[INFO] [stderr] error: could not compile `tutorial-rust` due to 2 previous errors
[INFO] [stderr] warning: build failed, waiting for other jobs to finish...
[INFO] [stdout] error[E0422]: cannot find struct, variant or union type `Rectangle` in this scope
[INFO] [stdout]   --> src/tests.rs:13:22
[INFO] [stdout]    |
[INFO] [stdout] 13 |         let larger = Rectangle {
[INFO] [stdout]    |                      ^^^^^^^^^ not found in this scope
[INFO] [stdout]    |
[INFO] [stdout] help: consider importing this struct
[INFO] [stdout]    |
[INFO] [stdout] 3  |     use crate::types::Rectangle;
[INFO] [stdout]    |
[INFO] [stdout] 
[INFO] [stdout] 
[INFO] [stdout] error[E0422]: cannot find struct, variant or union type `Rectangle` in this scope
[INFO] [stdout]   --> src/tests.rs:17:23
[INFO] [stdout]    |
[INFO] [stdout] 17 |         let smaller = Rectangle {
[INFO] [stdout]    |                       ^^^^^^^^^ not found in this scope
[INFO] [stdout]    |
[INFO] [stdout] help: consider importing this struct
[INFO] [stdout]    |
[INFO] [stdout] 3  |     use crate::types::Rectangle;
[INFO] [stdout]    |
[INFO] [stdout] 
[INFO] [stdout] 
[INFO] [stdout] error[E0405]: cannot find trait `Display` in this scope
[INFO] [stdout]   --> src/traits.rs:64:39
[INFO] [stdout]    |
[INFO] [stdout] 64 | pub fn notify2(item: &(impl Summary + Display)) {
[INFO] [stdout]    |                                       ^^^^^^^ not found in this scope
[INFO] [stdout]    |
[INFO] [stdout] help: consider importing one of these items
[INFO] [stdout]    |
[INFO] [stdout] 2  | use core::fmt::Display;
[INFO] [stdout]    |
[INFO] [stdout] 2  | use std::fmt::Display;
[INFO] [stdout]    |
[INFO] [stdout] 
[INFO] [stdout] 
[INFO] [stdout] warning: unused import: `super::*`
[INFO] [stdout]  --> src/tests.rs:3:9
[INFO] [stdout]   |
[INFO] [stdout] 3 |     use super::*;
[INFO] [stdout]   |         ^^^^^^^^
[INFO] [stdout]   |
[INFO] [stdout]   = note: `#[warn(unused_imports)]` on by default
[INFO] [stdout] 
[INFO] [stdout] 
[INFO] [stdout] error: aborting due to 3 previous errors; 1 warning emitted
[INFO] [stdout] 
[INFO] [stdout] 
[INFO] [stdout] Some errors have detailed explanations: E0405, E0422.
[INFO] [stdout] 
[INFO] [stdout] For more information about an error, try `rustc --explain E0405`.
[INFO] [stdout] 
[INFO] [stderr] error: build failed
[INFO] running `Command { std: "docker" "inspect" "356bbc122e4aa51155f6772685688792267859ade753b2f4bc50bd5f3f516549", kill_on_drop: false }`
[INFO] running `Command { std: "docker" "rm" "-f" "356bbc122e4aa51155f6772685688792267859ade753b2f4bc50bd5f3f516549", kill_on_drop: false }`
[INFO] [stdout] 356bbc122e4aa51155f6772685688792267859ade753b2f4bc50bd5f3f516549
