[INFO] cloning repository https://github.com/bpostlethwaite/spectrak
[INFO] running `Command { std: "git" "-c" "credential.helper=" "-c" "credential.helper=/workspace/cargo-home/bin/git-credential-null" "clone" "--bare" "https://github.com/bpostlethwaite/spectrak" "/workspace/cache/git-repos/https%3A%2F%2Fgithub.com%2Fbpostlethwaite%2Fspectrak", kill_on_drop: false }`
[INFO] [stderr] Cloning into bare repository '/workspace/cache/git-repos/https%3A%2F%2Fgithub.com%2Fbpostlethwaite%2Fspectrak'...
[INFO] running `Command { std: "git" "rev-parse" "HEAD", kill_on_drop: false }`
[INFO] [stdout] 59871e38d442c0f6f80a1933e12c0061ae2b3309
[INFO] checking bpostlethwaite/spectrak against 1.55.0 for beta-1.56-3
[INFO] running `Command { std: "git" "clone" "/workspace/cache/git-repos/https%3A%2F%2Fgithub.com%2Fbpostlethwaite%2Fspectrak" "/workspace/builds/worker-64/source", kill_on_drop: false }`
[INFO] [stderr] Cloning into '/workspace/builds/worker-64/source'...
[INFO] [stderr] done.
[INFO] validating manifest of git repo https://github.com/bpostlethwaite/spectrak on toolchain 1.55.0
[INFO] running `Command { std: "/workspace/cargo-home/bin/cargo" "+1.55.0" "metadata" "--manifest-path" "Cargo.toml" "--no-deps", kill_on_drop: false }`
[INFO] started tweaking git repo https://github.com/bpostlethwaite/spectrak
[INFO] finished tweaking git repo https://github.com/bpostlethwaite/spectrak
[INFO] tweaked toml for git repo https://github.com/bpostlethwaite/spectrak written to /workspace/builds/worker-64/source/Cargo.toml
[INFO] crate git repo https://github.com/bpostlethwaite/spectrak already has a lockfile, it will not be regenerated
[INFO] running `Command { std: "/workspace/cargo-home/bin/cargo" "+1.55.0" "fetch" "--manifest-path" "Cargo.toml", kill_on_drop: false }`
[INFO] [stderr]     Blocking waiting for file lock on package cache
[INFO] [stderr]     Blocking waiting for file lock on package cache
[INFO] [stderr]  Downloading crates ...
[INFO] [stderr]   Downloaded realfft v2.0.1
[INFO] [stderr]   Downloaded jack-sys v0.2.2
[INFO] [stderr]   Downloaded jack v0.7.1
[INFO] running `Command { std: "docker" "create" "-v" "/var/lib/crater-agent-workspace/builds/worker-64/target:/opt/rustwide/target:rw,Z" "-v" "/var/lib/crater-agent-workspace/builds/worker-64/source:/opt/rustwide/workdir:ro,Z" "-v" "/var/lib/crater-agent-workspace/cargo-home:/opt/rustwide/cargo-home:ro,Z" "-v" "/var/lib/crater-agent-workspace/rustup-home:/opt/rustwide/rustup-home:ro,Z" "-e" "SOURCE_DIR=/opt/rustwide/workdir" "-e" "CARGO_TARGET_DIR=/opt/rustwide/target" "-e" "CARGO_HOME=/opt/rustwide/cargo-home" "-e" "RUSTUP_HOME=/opt/rustwide/rustup-home" "-w" "/opt/rustwide/workdir" "-m" "1610612736" "--user" "0:0" "--network" "none" "ghcr.io/rust-lang/crates-build-env/linux@sha256:a89201d6b5b9fd45c15d5952ece0a0129e7e80cb26ec023fd59cf09bc26f1604" "/opt/rustwide/cargo-home/bin/cargo" "+1.55.0" "metadata" "--no-deps" "--format-version=1", kill_on_drop: false }`
[INFO] [stdout] 2e162ec2f254cc02b637ee36254f490ad13ce09ceeaad7db7e2e1196fbd842a7
[INFO] running `Command { std: "docker" "start" "-a" "2e162ec2f254cc02b637ee36254f490ad13ce09ceeaad7db7e2e1196fbd842a7", kill_on_drop: false }`
[INFO] running `Command { std: "docker" "inspect" "2e162ec2f254cc02b637ee36254f490ad13ce09ceeaad7db7e2e1196fbd842a7", kill_on_drop: false }`
[INFO] running `Command { std: "docker" "rm" "-f" "2e162ec2f254cc02b637ee36254f490ad13ce09ceeaad7db7e2e1196fbd842a7", kill_on_drop: false }`
[INFO] [stdout] 2e162ec2f254cc02b637ee36254f490ad13ce09ceeaad7db7e2e1196fbd842a7
[INFO] running `Command { std: "docker" "create" "-v" "/var/lib/crater-agent-workspace/builds/worker-64/target:/opt/rustwide/target:rw,Z" "-v" "/var/lib/crater-agent-workspace/builds/worker-64/source:/opt/rustwide/workdir:ro,Z" "-v" "/var/lib/crater-agent-workspace/cargo-home:/opt/rustwide/cargo-home:ro,Z" "-v" "/var/lib/crater-agent-workspace/rustup-home:/opt/rustwide/rustup-home:ro,Z" "-e" "SOURCE_DIR=/opt/rustwide/workdir" "-e" "CARGO_TARGET_DIR=/opt/rustwide/target" "-e" "CARGO_INCREMENTAL=0" "-e" "RUST_BACKTRACE=full" "-e" "RUSTFLAGS=--cap-lints=warn" "-e" "CARGO_HOME=/opt/rustwide/cargo-home" "-e" "RUSTUP_HOME=/opt/rustwide/rustup-home" "-w" "/opt/rustwide/workdir" "-m" "1610612736" "--user" "0:0" "--network" "none" "ghcr.io/rust-lang/crates-build-env/linux@sha256:a89201d6b5b9fd45c15d5952ece0a0129e7e80cb26ec023fd59cf09bc26f1604" "/opt/rustwide/cargo-home/bin/cargo" "+1.55.0" "check" "--frozen" "--all" "--all-targets" "--message-format=json", kill_on_drop: false }`
[INFO] [stdout] ae35262dc9022111b43053bbb5f7a79087d0a52328fb36804d3b7cef16813a11
[INFO] running `Command { std: "docker" "start" "-a" "ae35262dc9022111b43053bbb5f7a79087d0a52328fb36804d3b7cef16813a11", kill_on_drop: false }`
[INFO] [stderr]     Blocking waiting for file lock on package cache
[INFO] [stderr]    Compiling libc v0.2.102
[INFO] [stderr]    Compiling xml-rs v0.8.4
[INFO] [stderr]     Checking bitflags v1.3.2
[INFO] [stderr]    Compiling proc-macro2 v1.0.29
[INFO] [stderr]    Compiling unicode-xid v0.2.2
[INFO] [stderr]    Compiling version_check v0.9.3
[INFO] [stderr]     Checking once_cell v1.8.0
[INFO] [stderr]    Compiling crossbeam-utils v0.8.5
[INFO] [stderr]    Compiling memchr v2.4.1
[INFO] [stderr]     Checking scopeguard v1.1.0
[INFO] [stderr]    Compiling crossbeam-epoch v0.9.5
[INFO] [stderr]     Checking minimal-lexical v0.1.3
[INFO] [stderr]    Compiling crossbeam-queue v0.3.2
[INFO] [stderr]    Compiling rayon-core v1.9.1
[INFO] [stderr]    Compiling parking_lot_core v0.8.5
[INFO] [stderr]     Checking ttf-parser v0.12.3
[INFO] [stderr]    Compiling winit v0.25.0
[INFO] [stderr]    Compiling cc v1.0.70
[INFO] [stderr]     Checking emath v0.14.0 (https://github.com/emilk/egui?branch=master#67bf716b)
[INFO] [stderr]     Checking nohash-hasher v0.2.0
[INFO] [stderr]     Checking adler32 v1.2.0
[INFO] [stderr]     Checking gimli v0.25.0
[INFO] [stderr]     Checking either v1.6.1
[INFO] [stderr]     Checking atomic_refcell v0.1.7
[INFO] [stderr]    Compiling crc32fast v1.2.1
[INFO] [stderr]     Checking rustc-demangle v0.1.21
[INFO] [stderr]     Checking strength_reduce v0.2.3
[INFO] [stderr]     Checking byteorder v1.4.3
[INFO] [stderr]     Checking weezl v0.1.5
[INFO] [stderr]    Compiling cgmath v0.18.0
[INFO] [stderr]     Checking color_quant v1.1.0
[INFO] [stderr]    Compiling anyhow v1.0.44
[INFO] [stderr]     Checking bytemuck v1.7.2
[INFO] [stderr]     Checking scoped_threadpool v0.1.9
[INFO] [stderr]     Checking cache-padded v1.1.1
[INFO] [stderr]     Checking instant v0.1.10
[INFO] [stderr]    Compiling wayland-sys v0.28.6
[INFO] [stderr]    Compiling memoffset v0.6.4
[INFO] [stderr]    Compiling num-traits v0.2.14
[INFO] [stderr]    Compiling num-integer v0.1.44
[INFO] [stderr]    Compiling miniz_oxide v0.4.4
[INFO] [stderr]     Checking walkdir v2.3.2
[INFO] [stderr]    Compiling rayon v1.5.1
[INFO] [stderr]    Compiling num-iter v0.1.42
[INFO] [stderr]    Compiling num-rational v0.3.2
[INFO] [stderr]     Checking lock_api v0.4.5
[INFO] [stderr]     Checking miniz_oxide v0.3.7
[INFO] [stderr]     Checking ringbuf v0.2.6
[INFO] [stderr]     Checking gif v0.11.2
[INFO] [stderr]     Checking deflate v0.8.6
[INFO] [stderr]    Compiling gl_generator v0.14.0
[INFO] [stderr]     Checking andrew v0.3.1
[INFO] [stderr]    Compiling nom v7.0.0
[INFO] [stderr]    Compiling ahash v0.7.4
[INFO] [stderr]     Checking crossbeam-channel v0.5.1
[INFO] [stderr]     Checking png v0.16.8
[INFO] [stderr]     Checking object v0.26.2
[INFO] [stderr]     Checking crossbeam-deque v0.8.1
[INFO] [stderr]    Compiling backtrace v0.3.61
[INFO] [stderr]     Checking owned_ttf_parser v0.12.1
[INFO] [stderr]    Compiling quote v1.0.9
[INFO] [stderr]     Checking ab_glyph v0.2.11
[INFO] [stderr]     Checking crossbeam v0.8.1
[INFO] [stderr]    Compiling wayland-scanner v0.28.6
[INFO] [stderr]    Compiling glutin_glx_sys v0.1.7
[INFO] [stderr]    Compiling glutin_egl_sys v0.1.5
[INFO] [stderr]    Compiling glium v0.30.2
[INFO] [stderr]     Checking num-complex v0.4.0
[INFO] [stderr]     Checking approx v0.4.0
[INFO] [stderr]     Checking transpose v0.2.1
[INFO] [stderr]     Checking primal-check v0.3.1
[INFO] [stderr]     Checking nix v0.20.0
[INFO] [stderr]     Checking nix v0.18.0
[INFO] [stderr]     Checking memmap2 v0.1.0
[INFO] [stderr]     Checking x11-dl v2.18.5
[INFO] [stderr]     Checking mio v0.7.13
[INFO] [stderr]     Checking num_cpus v1.13.0
[INFO] [stderr]     Checking getrandom v0.2.3
[INFO] [stderr]     Checking raw-window-handle v0.3.3
[INFO] [stderr]     Checking shared_library v0.1.9
[INFO] [stderr]     Checking memmap2 v0.2.3
[INFO] [stderr]     Checking jack-sys v0.2.2
[INFO] [stderr]     Checking rustfft v6.0.1
[INFO] [stderr]     Checking osmesa-sys v0.1.2
[INFO] [stderr]     Checking parking_lot v0.11.2
[INFO] [stderr]     Checking jack v0.7.1
[INFO] [stderr]    Compiling xcb v0.9.0
[INFO] [stderr]     Checking mio-misc v1.2.1
[INFO] [stderr]     Checking addr2line v0.16.0
[INFO] [stderr]     Checking epaint v0.14.0 (https://github.com/emilk/egui?branch=master#67bf716b)
[INFO] [stderr]     Checking xcursor v0.3.4
[INFO] [stderr]    Compiling wayland-client v0.28.6
[INFO] [stderr]    Compiling wayland-protocols v0.28.6
[INFO] [stderr]     Checking egui v0.14.2 (https://github.com/emilk/egui?branch=master#67bf716b)
[INFO] [stderr]     Checking wayland-commons v0.28.6
[INFO] [stderr]     Checking jpeg-decoder v0.1.22
[INFO] [stderr]     Checking calloop v0.6.5
[INFO] [stderr]     Checking epi v0.14.0 (https://github.com/emilk/egui?branch=master#67bf716b)
[INFO] [stderr]     Checking realfft v2.0.1
[INFO] [stderr]     Checking tiff v0.6.1
[INFO] [stderr]     Checking image v0.23.14
[INFO] [stderr]     Checking wayland-cursor v0.28.6
[INFO] [stderr]     Checking wayland-egl v0.28.6
[INFO] [stderr]     Checking x11-clipboard v0.5.2
[INFO] [stderr]     Checking smithay-client-toolkit v0.12.3
[INFO] [stderr]     Checking smithay-client-toolkit v0.14.0
[INFO] [stderr]     Checking smithay-clipboard v0.6.4
[INFO] [stderr]     Checking copypasta v0.7.1
[INFO] [stderr]     Checking glutin v0.27.0
[INFO] [stderr]     Checking egui_glium v0.14.0 (https://github.com/emilk/egui?branch=master#67bf716b)
[INFO] [stderr]     Checking spectrak v0.1.0 (/opt/rustwide/workdir)
[INFO] [stdout] error[E0432]: unresolved import `egui::widgets::plot::Curve`
[INFO] [stdout]  --> src/lib/spectrum.rs:1:27
[INFO] [stdout]   |
[INFO] [stdout] 1 | use egui::widgets::plot::{Curve, Plot};
[INFO] [stdout]   |                           ^^^^^ no `Curve` in `widgets::plot`
[INFO] [stdout] 
[INFO] [stdout] 
[INFO] [stdout] error[E0432]: unresolved import `egui::widgets::plot::Curve`
[INFO] [stdout]  --> src/lib/spectrum.rs:1:27
[INFO] [stdout]   |
[INFO] [stdout] 1 | use egui::widgets::plot::{Curve, Plot};
[INFO] [stdout]   |                           ^^^^^ no `Curve` in `widgets::plot`
[INFO] [stdout] 
[INFO] [stdout] 
[INFO] [stdout] warning: unused `#[macro_use]` import
[INFO] [stdout]  --> src/main.rs:4:1
[INFO] [stdout]   |
[INFO] [stdout] 4 | #[macro_use]
[INFO] [stdout]   | ^^^^^^^^^^^^
[INFO] [stdout]   |
[INFO] [stdout]   = note: `#[warn(unused_imports)]` on by default
[INFO] [stdout] 
[INFO] [stdout] 
[INFO] [stdout] warning: unused import: `jack`
[INFO] [stdout]   --> src/main.rs:10:5
[INFO] [stdout]    |
[INFO] [stdout] 10 | use jack;
[INFO] [stdout]    |     ^^^^
[INFO] [stdout] 
[INFO] [stdout] 
[INFO] [stdout] warning: unused import: `std::thread`
[INFO] [stdout]   --> src/main.rs:12:5
[INFO] [stdout]    |
[INFO] [stdout] 12 | use std::thread;
[INFO] [stdout]    |     ^^^^^^^^^^^
[INFO] [stdout] 
[INFO] [stdout] 
[INFO] [stdout] warning: unused import: `std::time::Duration`
[INFO] [stdout]   --> src/main.rs:13:5
[INFO] [stdout]    |
[INFO] [stdout] 13 | use std::time::Duration;
[INFO] [stdout]    |     ^^^^^^^^^^^^^^^^^^^
[INFO] [stdout] 
[INFO] [stdout] 
[INFO] [stdout] warning: unused `#[macro_use]` import
[INFO] [stdout]  --> src/main.rs:4:1
[INFO] [stdout]   |
[INFO] [stdout] 4 | #[macro_use]
[INFO] [stdout]   | ^^^^^^^^^^^^
[INFO] [stdout]   |
[INFO] [stdout]   = note: `#[warn(unused_imports)]` on by default
[INFO] [stdout] 
[INFO] [stdout] 
[INFO] [stdout] warning: unused import: `anyhow::Result`
[INFO] [stdout]  --> src/lib/app.rs:4:5
[INFO] [stdout]   |
[INFO] [stdout] 4 | use anyhow::Result;
[INFO] [stdout]   |     ^^^^^^^^^^^^^^
[INFO] [stdout] 
[INFO] [stdout] 
[INFO] [stdout] warning: unused import: `jack`
[INFO] [stdout]   --> src/main.rs:10:5
[INFO] [stdout]    |
[INFO] [stdout] 10 | use jack;
[INFO] [stdout]    |     ^^^^
[INFO] [stdout] 
[INFO] [stdout] 
[INFO] [stdout] warning: unnecessary parentheses around `if` condition
[INFO] [stdout]   --> src/lib/app.rs:22:12
[INFO] [stdout]    |
[INFO] [stdout] 22 |         if (self.data.len() < self.fft_size) {
[INFO] [stdout]    |            ^^^^^^^^^^^^^^^^^^^^^^^^^^^^^^^^^ help: remove these parentheses
[INFO] [stdout]    |
[INFO] [stdout]    = note: `#[warn(unused_parens)]` on by default
[INFO] [stdout] 
[INFO] [stdout] 
[INFO] [stdout] warning: unused import: `std::thread`
[INFO] [stdout]   --> src/main.rs:12:5
[INFO] [stdout]    |
[INFO] [stdout] 12 | use std::thread;
[INFO] [stdout]    |     ^^^^^^^^^^^
[INFO] [stdout] 
[INFO] [stdout] 
[INFO] [stdout] warning: unused import: `std::time::Duration`
[INFO] [stdout]   --> src/main.rs:13:5
[INFO] [stdout]    |
[INFO] [stdout] 13 | use std::time::Duration;
[INFO] [stdout]    |     ^^^^^^^^^^^^^^^^^^^
[INFO] [stdout] 
[INFO] [stdout] 
[INFO] [stdout] warning: unused import: `anyhow::Result`
[INFO] [stdout]  --> src/lib/app.rs:4:5
[INFO] [stdout]   |
[INFO] [stdout] 4 | use anyhow::Result;
[INFO] [stdout]   |     ^^^^^^^^^^^^^^
[INFO] [stdout] 
[INFO] [stdout] 
[INFO] [stdout] warning: unused imports: `Matrix4`, `Vector2`
[INFO] [stdout]  --> src/lib/spectrograph.rs:1:14
[INFO] [stdout]   |
[INFO] [stdout] 1 | use cgmath::{Matrix4, Vector2};
[INFO] [stdout]   |              ^^^^^^^  ^^^^^^^
[INFO] [stdout] 
[INFO] [stdout] 
[INFO] [stdout] warning: unnecessary parentheses around `if` condition
[INFO] [stdout]   --> src/lib/app.rs:22:12
[INFO] [stdout]    |
[INFO] [stdout] 22 |         if (self.data.len() < self.fft_size) {
[INFO] [stdout]    |            ^^^^^^^^^^^^^^^^^^^^^^^^^^^^^^^^^ help: remove these parentheses
[INFO] [stdout]    |
[INFO] [stdout]    = note: `#[warn(unused_parens)]` on by default
[INFO] [stdout] 
[INFO] [stdout] 
[INFO] [stdout] warning: unused imports: `FFTProc`, `PlaybackSystem`, `PortConnector`, `SineGen`
[INFO] [stdout]   --> src/main.rs:17:24
[INFO] [stdout]    |
[INFO] [stdout] 17 | use lib::controllers::{FFTProc, PlaybackSystem, PortConnector, SineGen};
[INFO] [stdout]    |                        ^^^^^^^  ^^^^^^^^^^^^^^  ^^^^^^^^^^^^^  ^^^^^^^
[INFO] [stdout] 
[INFO] [stdout] 
[INFO] [stdout] warning: unused imports: `Matrix4`, `Vector2`
[INFO] [stdout]  --> src/lib/spectrograph.rs:1:14
[INFO] [stdout]   |
[INFO] [stdout] 1 | use cgmath::{Matrix4, Vector2};
[INFO] [stdout]   |              ^^^^^^^  ^^^^^^^
[INFO] [stdout] 
[INFO] [stdout] 
[INFO] [stdout] warning: unused imports: `FFTProc`, `PlaybackSystem`, `PortConnector`, `SineGen`
[INFO] [stdout]   --> src/main.rs:17:24
[INFO] [stdout]    |
[INFO] [stdout] 17 | use lib::controllers::{FFTProc, PlaybackSystem, PortConnector, SineGen};
[INFO] [stdout]    |                        ^^^^^^^  ^^^^^^^^^^^^^^  ^^^^^^^^^^^^^  ^^^^^^^
[INFO] [stdout] 
[INFO] [stdout] 
[INFO] [stdout] error[E0061]: this function takes 1 argument but 2 arguments were supplied
[INFO] [stdout]    --> src/main.rs:143:22
[INFO] [stdout]     |
[INFO] [stdout] 143 |                 egui.on_event(event, control_flow);
[INFO] [stdout]     |                      ^^^^^^^^ -----  ------------ supplied 2 arguments
[INFO] [stdout]     |                      |
[INFO] [stdout]     |                      expected 1 argument
[INFO] [stdout]     |
[INFO] [stdout] note: associated function defined here
[INFO] [stdout]    --> /opt/rustwide/cargo-home/git/checkouts/egui-5e4507fa4153be06/67bf716/egui_glium/src/lib.rs:563:12
[INFO] [stdout]     |
[INFO] [stdout] 563 |     pub fn on_event(&mut self, event: &glium::glutin::event::WindowEvent<'_>) {
[INFO] [stdout]     |            ^^^^^^^^
[INFO] [stdout] 
[INFO] [stdout] 
[INFO] [stdout] error[E0061]: this function takes 1 argument but 2 arguments were supplied
[INFO] [stdout]    --> src/main.rs:143:22
[INFO] [stdout]     |
[INFO] [stdout] 143 |                 egui.on_event(event, control_flow);
[INFO] [stdout]     |                      ^^^^^^^^ -----  ------------ supplied 2 arguments
[INFO] [stdout]     |                      |
[INFO] [stdout]     |                      expected 1 argument
[INFO] [stdout]     |
[INFO] [stdout] note: associated function defined here
[INFO] [stdout]    --> /opt/rustwide/cargo-home/git/checkouts/egui-5e4507fa4153be06/67bf716/egui_glium/src/lib.rs:563:12
[INFO] [stdout]     |
[INFO] [stdout] 563 |     pub fn on_event(&mut self, event: &glium::glutin::event::WindowEvent<'_>) {
[INFO] [stdout]     |            ^^^^^^^^
[INFO] [stdout] 
[INFO] [stdout] 
[INFO] [stdout] error[E0599]: no method named `curve` found for struct `Plot` in the current scope
[INFO] [stdout]   --> src/lib/spectrum.rs:31:14
[INFO] [stdout]    |
[INFO] [stdout] 31 |             .curve(self.sin(data))
[INFO] [stdout]    |              ^^^^^ method not found in `Plot`
[INFO] [stdout] 
[INFO] [stdout] 
[INFO] [stdout] error[E0599]: no method named `curve` found for struct `Plot` in the current scope
[INFO] [stdout]   --> src/lib/spectrum.rs:31:14
[INFO] [stdout]    |
[INFO] [stdout] 31 |             .curve(self.sin(data))
[INFO] [stdout]    |              ^^^^^ method not found in `Plot`
[INFO] [stdout] 
[INFO] [stdout] 
[INFO] [stdout] error: aborting due to 3 previous errors; 8 warnings emitted
[INFO] [stdout] 
[INFO] [stdout] 
[INFO] [stdout] Some errors have detailed explanations: E0061, E0432, E0599.
[INFO] [stdout] 
[INFO] [stdout] For more information about an error, try `rustc --explain E0061`.
[INFO] [stdout] 
[INFO] [stdout] error: aborting due to 3 previous errors; 8 warnings emitted
[INFO] [stdout] 
[INFO] [stdout] 
[INFO] [stdout] Some errors have detailed explanations: E0061, E0432, E0599.
[INFO] [stdout] 
[INFO] [stdout] For more information about an error, try `rustc --explain E0061`.
[INFO] [stdout] 
[INFO] [stderr] error: could not compile `spectrak` due to 4 previous errors; 8 warnings emitted
[INFO] [stderr] warning: build failed, waiting for other jobs to finish...
[INFO] [stderr] error: build failed
[INFO] running `Command { std: "docker" "inspect" "ae35262dc9022111b43053bbb5f7a79087d0a52328fb36804d3b7cef16813a11", kill_on_drop: false }`
[INFO] running `Command { std: "docker" "rm" "-f" "ae35262dc9022111b43053bbb5f7a79087d0a52328fb36804d3b7cef16813a11", kill_on_drop: false }`
[INFO] [stdout] ae35262dc9022111b43053bbb5f7a79087d0a52328fb36804d3b7cef16813a11
