[INFO] cloning repository https://github.com/bpar476/Rust-Renderer-VK
[INFO] running `Command { std: "git" "-c" "credential.helper=" "-c" "credential.helper=/workspace/cargo-home/bin/git-credential-null" "clone" "--bare" "https://github.com/bpar476/Rust-Renderer-VK" "/workspace/cache/git-repos/https%3A%2F%2Fgithub.com%2Fbpar476%2FRust-Renderer-VK", kill_on_drop: false }`
[INFO] [stderr] Cloning into bare repository '/workspace/cache/git-repos/https%3A%2F%2Fgithub.com%2Fbpar476%2FRust-Renderer-VK'...
[INFO] running `Command { std: "git" "rev-parse" "HEAD", kill_on_drop: false }`
[INFO] [stdout] 3f4c2bd6b23533813ecf161963c5af1e401492a6
[INFO] checking bpar476/Rust-Renderer-VK against beta-2021-10-15 for beta-1.56-3
[INFO] running `Command { std: "git" "clone" "/workspace/cache/git-repos/https%3A%2F%2Fgithub.com%2Fbpar476%2FRust-Renderer-VK" "/workspace/builds/worker-88/source", kill_on_drop: false }`
[INFO] [stderr] Cloning into '/workspace/builds/worker-88/source'...
[INFO] [stderr] done.
[INFO] validating manifest of git repo https://github.com/bpar476/Rust-Renderer-VK on toolchain beta-2021-10-15
[INFO] running `Command { std: "/workspace/cargo-home/bin/cargo" "+beta-2021-10-15" "metadata" "--manifest-path" "Cargo.toml" "--no-deps", kill_on_drop: false }`
[INFO] started tweaking git repo https://github.com/bpar476/Rust-Renderer-VK
[INFO] finished tweaking git repo https://github.com/bpar476/Rust-Renderer-VK
[INFO] tweaked toml for git repo https://github.com/bpar476/Rust-Renderer-VK written to /workspace/builds/worker-88/source/Cargo.toml
[INFO] crate git repo https://github.com/bpar476/Rust-Renderer-VK already has a lockfile, it will not be regenerated
[INFO] running `Command { std: "/workspace/cargo-home/bin/cargo" "+beta-2021-10-15" "fetch" "--manifest-path" "Cargo.toml", kill_on_drop: false }`
[INFO] [stderr]     Blocking waiting for file lock on package cache
[INFO] [stderr]     Blocking waiting for file lock on package cache
[INFO] running `Command { std: "docker" "create" "-v" "/var/lib/crater-agent-workspace/builds/worker-88/target:/opt/rustwide/target:rw,Z" "-v" "/var/lib/crater-agent-workspace/builds/worker-88/source:/opt/rustwide/workdir:ro,Z" "-v" "/var/lib/crater-agent-workspace/cargo-home:/opt/rustwide/cargo-home:ro,Z" "-v" "/var/lib/crater-agent-workspace/rustup-home:/opt/rustwide/rustup-home:ro,Z" "-e" "SOURCE_DIR=/opt/rustwide/workdir" "-e" "CARGO_TARGET_DIR=/opt/rustwide/target" "-e" "CARGO_HOME=/opt/rustwide/cargo-home" "-e" "RUSTUP_HOME=/opt/rustwide/rustup-home" "-w" "/opt/rustwide/workdir" "-m" "1610612736" "--user" "0:0" "--network" "none" "ghcr.io/rust-lang/crates-build-env/linux@sha256:a89201d6b5b9fd45c15d5952ece0a0129e7e80cb26ec023fd59cf09bc26f1604" "/opt/rustwide/cargo-home/bin/cargo" "+beta-2021-10-15" "metadata" "--no-deps" "--format-version=1", kill_on_drop: false }`
[INFO] [stdout] b088bad87196faac34f117d4fc11fcc46e135c113bab43b9b398dec771fdde8e
[INFO] running `Command { std: "docker" "start" "-a" "b088bad87196faac34f117d4fc11fcc46e135c113bab43b9b398dec771fdde8e", kill_on_drop: false }`
[INFO] running `Command { std: "docker" "inspect" "b088bad87196faac34f117d4fc11fcc46e135c113bab43b9b398dec771fdde8e", kill_on_drop: false }`
[INFO] running `Command { std: "docker" "rm" "-f" "b088bad87196faac34f117d4fc11fcc46e135c113bab43b9b398dec771fdde8e", kill_on_drop: false }`
[INFO] [stdout] b088bad87196faac34f117d4fc11fcc46e135c113bab43b9b398dec771fdde8e
[INFO] running `Command { std: "docker" "create" "-v" "/var/lib/crater-agent-workspace/builds/worker-88/target:/opt/rustwide/target:rw,Z" "-v" "/var/lib/crater-agent-workspace/builds/worker-88/source:/opt/rustwide/workdir:ro,Z" "-v" "/var/lib/crater-agent-workspace/cargo-home:/opt/rustwide/cargo-home:ro,Z" "-v" "/var/lib/crater-agent-workspace/rustup-home:/opt/rustwide/rustup-home:ro,Z" "-e" "SOURCE_DIR=/opt/rustwide/workdir" "-e" "CARGO_TARGET_DIR=/opt/rustwide/target" "-e" "CARGO_INCREMENTAL=0" "-e" "RUST_BACKTRACE=full" "-e" "RUSTFLAGS=--cap-lints=warn" "-e" "CARGO_HOME=/opt/rustwide/cargo-home" "-e" "RUSTUP_HOME=/opt/rustwide/rustup-home" "-w" "/opt/rustwide/workdir" "-m" "1610612736" "--user" "0:0" "--network" "none" "ghcr.io/rust-lang/crates-build-env/linux@sha256:a89201d6b5b9fd45c15d5952ece0a0129e7e80cb26ec023fd59cf09bc26f1604" "/opt/rustwide/cargo-home/bin/cargo" "+beta-2021-10-15" "check" "--frozen" "--all" "--all-targets" "--message-format=json", kill_on_drop: false }`
[INFO] [stdout] ba1f4a6720cf0cf1beb853ff651c0e3630daa772844f2bc60dc92d084ff89083
[INFO] running `Command { std: "docker" "start" "-a" "ba1f4a6720cf0cf1beb853ff651c0e3630daa772844f2bc60dc92d084ff89083", kill_on_drop: false }`
[INFO] [stderr]     Blocking waiting for file lock on package cache
[INFO] [stderr]    Compiling libc v0.2.101
[INFO] [stderr]    Compiling xml-rs v0.8.4
[INFO] [stderr]     Checking bitflags v1.3.2
[INFO] [stderr]    Compiling crossbeam-utils v0.8.5
[INFO] [stderr]     Checking smallvec v1.6.1
[INFO] [stderr]     Checking scopeguard v1.1.0
[INFO] [stderr]    Compiling memchr v2.4.1
[INFO] [stderr]    Compiling crossbeam-epoch v0.9.5
[INFO] [stderr]     Checking downcast-rs v1.2.0
[INFO] [stderr]     Checking ttf-parser v0.6.2
[INFO] [stderr]     Checking minimal-lexical v0.1.3
[INFO] [stderr]    Compiling nix v0.18.0
[INFO] [stderr]     Checking scoped-tls v1.0.0
[INFO] [stderr]    Compiling crossbeam-queue v0.3.2
[INFO] [stderr]     Checking same-file v1.0.6
[INFO] [stderr]     Checking xdg v2.2.0
[INFO] [stderr]    Compiling winapi v0.3.9
[INFO] [stderr]    Compiling winit v0.25.0
[INFO] [stderr]     Checking percent-encoding v2.1.0
[INFO] [stderr]     Checking libloading v0.7.0
[INFO] [stderr]     Checking libloading v0.6.7
[INFO] [stderr]     Checking instant v0.1.10
[INFO] [stderr]    Compiling wayland-sys v0.28.6
[INFO] [stderr]    Compiling num-traits v0.2.14
[INFO] [stderr]    Compiling memoffset v0.6.4
[INFO] [stderr]    Compiling nom v7.0.0
[INFO] [stderr]    Compiling num-bigint v0.4.2
[INFO] [stderr]    Compiling num-rational v0.4.0
[INFO] [stderr]    Compiling num-iter v0.1.42
[INFO] [stderr]    Compiling x11-dl v2.18.5
[INFO] [stderr]    Compiling quote v1.0.9
[INFO] [stderr]     Checking dlib v0.5.0
[INFO] [stderr]     Checking ash v0.33.3+1.2.191
[INFO] [stderr]     Checking lock_api v0.4.5
[INFO] [stderr]     Checking walkdir v2.3.2
[INFO] [stderr]     Checking owned_ttf_parser v0.6.0
[INFO] [stderr]     Checking dlib v0.4.2
[INFO] [stderr]    Compiling wayland-scanner v0.28.6
[INFO] [stderr]     Checking rusttype v0.9.2
[INFO] [stderr]     Checking crossbeam-channel v0.5.1
[INFO] [stderr]     Checking num-integer v0.1.44
[INFO] [stderr]     Checking num-complex v0.4.0
[INFO] [stderr]     Checking crossbeam-deque v0.8.1
[INFO] [stderr]     Checking andrew v0.3.1
[INFO] [stderr]     Checking nix v0.20.0
[INFO] [stderr]     Checking memmap2 v0.1.0
[INFO] [stderr]     Checking mio v0.7.13
[INFO] [stderr]     Checking parking_lot_core v0.8.5
[INFO] [stderr]     Checking raw-window-handle v0.3.3
[INFO] [stderr]    Compiling wayland-client v0.28.6
[INFO] [stderr]    Compiling wayland-protocols v0.28.6
[INFO] [stderr]     Checking parking_lot v0.11.2
[INFO] [stderr]     Checking crossbeam v0.8.1
[INFO] [stderr]     Checking xcursor v0.3.4
[INFO] [stderr]     Checking mio-misc v1.2.1
[INFO] [stderr]     Checking num v0.4.0
[INFO] [stderr]     Checking calloop v0.6.5
[INFO] [stderr]     Checking wayland-commons v0.28.6
[INFO] [stderr]     Checking wayland-cursor v0.28.6
[INFO] [stderr]     Checking smithay-client-toolkit v0.12.3
[INFO] [stderr]     Checking rust-renderer-vk v0.1.0 (/opt/rustwide/workdir)
[INFO] [stdout] error[E0433]: failed to resolve: could not find `shared` in `winapi`
[INFO] [stdout]    --> src/main.rs:566:21
[INFO] [stdout]     |
[INFO] [stdout] 566 |         use winapi::shared::windef::HWND;
[INFO] [stdout]     |                     ^^^^^^ could not find `shared` in `winapi`
[INFO] [stdout] 
[INFO] [stdout] 
[INFO] [stdout] error[E0433]: failed to resolve: could not find `um` in `winapi`
[INFO] [stdout]    --> src/main.rs:567:21
[INFO] [stdout]     |
[INFO] [stdout] 567 |         use winapi::um::libloaderapi::GetModuleHandleW;
[INFO] [stdout]     |                     ^^ could not find `um` in `winapi`
[INFO] [stdout] 
[INFO] [stdout] 
[INFO] [stdout] error[E0432]: unresolved import `winit::platform::windows`
[INFO] [stdout]    --> src/main.rs:568:30
[INFO] [stdout]     |
[INFO] [stdout] 568 |         use winit::platform::windows::WindowExtWindows;
[INFO] [stdout]     |                              ^^^^^^^ could not find `windows` in `platform`
[INFO] [stdout] 
[INFO] [stdout] 
[INFO] [stdout] error[E0433]: failed to resolve: could not find `shared` in `winapi`
[INFO] [stdout]    --> src/main.rs:566:21
[INFO] [stdout]     |
[INFO] [stdout] 566 |         use winapi::shared::windef::HWND;
[INFO] [stdout]     |                     ^^^^^^ could not find `shared` in `winapi`
[INFO] [stdout] 
[INFO] [stdout] 
[INFO] [stdout] error[E0433]: failed to resolve: could not find `um` in `winapi`
[INFO] [stdout]    --> src/main.rs:567:21
[INFO] [stdout]     |
[INFO] [stdout] 567 |         use winapi::um::libloaderapi::GetModuleHandleW;
[INFO] [stdout]     |                     ^^ could not find `um` in `winapi`
[INFO] [stdout] 
[INFO] [stdout] 
[INFO] [stdout] error[E0432]: unresolved import `winit::platform::windows`
[INFO] [stdout]    --> src/main.rs:568:30
[INFO] [stdout]     |
[INFO] [stdout] 568 |         use winit::platform::windows::WindowExtWindows;
[INFO] [stdout]     |                              ^^^^^^^ could not find `windows` in `platform`
[INFO] [stdout] 
[INFO] [stdout] 
[INFO] [stdout] error[E0412]: cannot find type `HWND` in this scope
[INFO] [stdout]    --> src/main.rs:570:37
[INFO] [stdout]     |
[INFO] [stdout] 570 |         let hwnd = window.hwnd() as HWND;
[INFO] [stdout]     |                                     ^^^^ not found in this scope
[INFO] [stdout]     |
[INFO] [stdout] help: consider importing one of these items
[INFO] [stdout]     |
[INFO] [stdout] 1   | use ash::vk::HWND;
[INFO] [stdout]     |
[INFO] [stdout] 1   | use crate::vk::HWND;
[INFO] [stdout]     |
[INFO] [stdout] 
[INFO] [stdout] 
[INFO] [stdout] error[E0425]: cannot find function, tuple struct or tuple variant `GetModuleHandleW` in this scope
[INFO] [stdout]    --> src/main.rs:571:34
[INFO] [stdout]     |
[INFO] [stdout] 571 |         let hinstance = unsafe { GetModuleHandleW(ptr::null()) as *const c_void };
[INFO] [stdout]     |                                  ^^^^^^^^^^^^^^^^ not found in this scope
[INFO] [stdout] 
[INFO] [stdout] 
[INFO] [stdout] warning: unused import: `Deref`
[INFO] [stdout]  --> src/main.rs:4:30
[INFO] [stdout]   |
[INFO] [stdout] 4 | use std::ops::{BitAndAssign, Deref, Not};
[INFO] [stdout]   |                              ^^^^^
[INFO] [stdout]   |
[INFO] [stdout]   = note: `#[warn(unused_imports)]` on by default
[INFO] [stdout] 
[INFO] [stdout] 
[INFO] [stdout] warning: unused import: `SurfaceCapabilitiesKHR`
[INFO] [stdout]   --> src/main.rs:11:71
[INFO] [stdout]    |
[INFO] [stdout] 11 |     self, ApplicationInfo, DeviceQueueCreateInfo, InstanceCreateInfo, SurfaceCapabilitiesKHR,
[INFO] [stdout]    |                                                                       ^^^^^^^^^^^^^^^^^^^^^^
[INFO] [stdout] 
[INFO] [stdout] 
[INFO] [stdout] error[E0412]: cannot find type `HWND` in this scope
[INFO] [stdout]    --> src/main.rs:570:37
[INFO] [stdout]     |
[INFO] [stdout] 570 |         let hwnd = window.hwnd() as HWND;
[INFO] [stdout]     |                                     ^^^^ not found in this scope
[INFO] [stdout]     |
[INFO] [stdout] help: consider importing one of these items
[INFO] [stdout]     |
[INFO] [stdout] 1   | use ash::vk::HWND;
[INFO] [stdout]     |
[INFO] [stdout] 1   | use crate::vk::HWND;
[INFO] [stdout]     |
[INFO] [stdout] 
[INFO] [stdout] 
[INFO] [stdout] error[E0425]: cannot find function, tuple struct or tuple variant `GetModuleHandleW` in this scope
[INFO] [stdout]    --> src/main.rs:571:34
[INFO] [stdout]     |
[INFO] [stdout] 571 |         let hinstance = unsafe { GetModuleHandleW(ptr::null()) as *const c_void };
[INFO] [stdout]     |                                  ^^^^^^^^^^^^^^^^ not found in this scope
[INFO] [stdout] 
[INFO] [stdout] 
[INFO] [stdout] warning: unused import: `Deref`
[INFO] [stdout]  --> src/main.rs:4:30
[INFO] [stdout]   |
[INFO] [stdout] 4 | use std::ops::{BitAndAssign, Deref, Not};
[INFO] [stdout]   |                              ^^^^^
[INFO] [stdout]   |
[INFO] [stdout]   = note: `#[warn(unused_imports)]` on by default
[INFO] [stdout] 
[INFO] [stdout] 
[INFO] [stdout] warning: unused import: `SurfaceCapabilitiesKHR`
[INFO] [stdout]   --> src/main.rs:11:71
[INFO] [stdout]    |
[INFO] [stdout] 11 |     self, ApplicationInfo, DeviceQueueCreateInfo, InstanceCreateInfo, SurfaceCapabilitiesKHR,
[INFO] [stdout]    |                                                                       ^^^^^^^^^^^^^^^^^^^^^^
[INFO] [stdout] 
[INFO] [stdout] 
[INFO] [stdout] error[E0599]: no method named `hwnd` found for reference `&winit::window::Window` in the current scope
[INFO] [stdout]    --> src/main.rs:570:27
[INFO] [stdout]     |
[INFO] [stdout] 570 |         let hwnd = window.hwnd() as HWND;
[INFO] [stdout]     |                           ^^^^ method not found in `&winit::window::Window`
[INFO] [stdout] 
[INFO] [stdout] 
[INFO] [stdout] error[E0599]: no method named `hwnd` found for reference `&winit::window::Window` in the current scope
[INFO] [stdout]    --> src/main.rs:570:27
[INFO] [stdout]     |
[INFO] [stdout] 570 |         let hwnd = window.hwnd() as HWND;
[INFO] [stdout]     |                           ^^^^ method not found in `&winit::window::Window`
[INFO] [stdout] 
[INFO] [stdout] 
[INFO] [stdout] error: aborting due to 6 previous errors; 2 warnings emitted
[INFO] [stdout] 
[INFO] [stdout] 
[INFO] [stdout] Some errors have detailed explanations: E0412, E0425, E0432, E0433, E0599.
[INFO] [stdout] 
[INFO] [stdout] For more information about an error, try `rustc --explain E0412`.
[INFO] [stdout] 
[INFO] [stderr] error: could not compile `rust-renderer-vk` due to 7 previous errors; 2 warnings emitted
[INFO] [stderr] warning: build failed, waiting for other jobs to finish...
[INFO] [stdout] error: aborting due to 6 previous errors; 2 warnings emitted
[INFO] [stdout] 
[INFO] [stdout] 
[INFO] [stdout] Some errors have detailed explanations: E0412, E0425, E0432, E0433, E0599.
[INFO] [stdout] 
[INFO] [stdout] For more information about an error, try `rustc --explain E0412`.
[INFO] [stdout] 
[INFO] [stderr] error: build failed
[INFO] running `Command { std: "docker" "inspect" "ba1f4a6720cf0cf1beb853ff651c0e3630daa772844f2bc60dc92d084ff89083", kill_on_drop: false }`
[INFO] running `Command { std: "docker" "rm" "-f" "ba1f4a6720cf0cf1beb853ff651c0e3630daa772844f2bc60dc92d084ff89083", kill_on_drop: false }`
[INFO] [stdout] ba1f4a6720cf0cf1beb853ff651c0e3630daa772844f2bc60dc92d084ff89083
