[INFO] cloning repository https://github.com/boringcactus/circumvention-chronicles
[INFO] running `Command { std: "git" "-c" "credential.helper=" "-c" "credential.helper=/workspace/cargo-home/bin/git-credential-null" "clone" "--bare" "https://github.com/boringcactus/circumvention-chronicles" "/workspace/cache/git-repos/https%3A%2F%2Fgithub.com%2Fboringcactus%2Fcircumvention-chronicles", kill_on_drop: false }`
[INFO] [stderr] Cloning into bare repository '/workspace/cache/git-repos/https%3A%2F%2Fgithub.com%2Fboringcactus%2Fcircumvention-chronicles'...
[INFO] running `Command { std: "git" "rev-parse" "HEAD", kill_on_drop: false }`
[INFO] [stdout] e905d9d7133b1cad818052cdc14d96961b3fedcc
[INFO] checking boringcactus/circumvention-chronicles against beta-2021-10-15 for beta-1.56-3
[INFO] running `Command { std: "git" "clone" "/workspace/cache/git-repos/https%3A%2F%2Fgithub.com%2Fboringcactus%2Fcircumvention-chronicles" "/workspace/builds/worker-7/source", kill_on_drop: false }`
[INFO] [stderr] Cloning into '/workspace/builds/worker-7/source'...
[INFO] [stderr] done.
[INFO] validating manifest of git repo https://github.com/boringcactus/circumvention-chronicles on toolchain beta-2021-10-15
[INFO] running `Command { std: "/workspace/cargo-home/bin/cargo" "+beta-2021-10-15" "metadata" "--manifest-path" "Cargo.toml" "--no-deps", kill_on_drop: false }`
[INFO] started tweaking git repo https://github.com/boringcactus/circumvention-chronicles
[INFO] finished tweaking git repo https://github.com/boringcactus/circumvention-chronicles
[INFO] tweaked toml for git repo https://github.com/boringcactus/circumvention-chronicles written to /workspace/builds/worker-7/source/Cargo.toml
[INFO] crate git repo https://github.com/boringcactus/circumvention-chronicles already has a lockfile, it will not be regenerated
[INFO] running `Command { std: "/workspace/cargo-home/bin/cargo" "+beta-2021-10-15" "fetch" "--manifest-path" "Cargo.toml", kill_on_drop: false }`
[INFO] [stderr]     Blocking waiting for file lock on package cache
[INFO] [stderr]     Blocking waiting for file lock on package cache
[INFO] running `Command { std: "docker" "create" "-v" "/var/lib/crater-agent-workspace/builds/worker-7/target:/opt/rustwide/target:rw,Z" "-v" "/var/lib/crater-agent-workspace/builds/worker-7/source:/opt/rustwide/workdir:ro,Z" "-v" "/var/lib/crater-agent-workspace/cargo-home:/opt/rustwide/cargo-home:ro,Z" "-v" "/var/lib/crater-agent-workspace/rustup-home:/opt/rustwide/rustup-home:ro,Z" "-e" "SOURCE_DIR=/opt/rustwide/workdir" "-e" "CARGO_TARGET_DIR=/opt/rustwide/target" "-e" "CARGO_HOME=/opt/rustwide/cargo-home" "-e" "RUSTUP_HOME=/opt/rustwide/rustup-home" "-w" "/opt/rustwide/workdir" "-m" "1610612736" "--user" "0:0" "--network" "none" "ghcr.io/rust-lang/crates-build-env/linux@sha256:a89201d6b5b9fd45c15d5952ece0a0129e7e80cb26ec023fd59cf09bc26f1604" "/opt/rustwide/cargo-home/bin/cargo" "+beta-2021-10-15" "metadata" "--no-deps" "--format-version=1", kill_on_drop: false }`
[INFO] [stdout] 7402360cbc8df1d40cc244037cc81c46b52749c923aefe6f3e53ca8fd7d5ecf1
[INFO] running `Command { std: "docker" "start" "-a" "7402360cbc8df1d40cc244037cc81c46b52749c923aefe6f3e53ca8fd7d5ecf1", kill_on_drop: false }`
[INFO] running `Command { std: "docker" "inspect" "7402360cbc8df1d40cc244037cc81c46b52749c923aefe6f3e53ca8fd7d5ecf1", kill_on_drop: false }`
[INFO] running `Command { std: "docker" "rm" "-f" "7402360cbc8df1d40cc244037cc81c46b52749c923aefe6f3e53ca8fd7d5ecf1", kill_on_drop: false }`
[INFO] [stdout] 7402360cbc8df1d40cc244037cc81c46b52749c923aefe6f3e53ca8fd7d5ecf1
[INFO] running `Command { std: "docker" "create" "-v" "/var/lib/crater-agent-workspace/builds/worker-7/target:/opt/rustwide/target:rw,Z" "-v" "/var/lib/crater-agent-workspace/builds/worker-7/source:/opt/rustwide/workdir:ro,Z" "-v" "/var/lib/crater-agent-workspace/cargo-home:/opt/rustwide/cargo-home:ro,Z" "-v" "/var/lib/crater-agent-workspace/rustup-home:/opt/rustwide/rustup-home:ro,Z" "-e" "SOURCE_DIR=/opt/rustwide/workdir" "-e" "CARGO_TARGET_DIR=/opt/rustwide/target" "-e" "CARGO_INCREMENTAL=0" "-e" "RUST_BACKTRACE=full" "-e" "RUSTFLAGS=--cap-lints=warn" "-e" "CARGO_HOME=/opt/rustwide/cargo-home" "-e" "RUSTUP_HOME=/opt/rustwide/rustup-home" "-w" "/opt/rustwide/workdir" "-m" "1610612736" "--user" "0:0" "--network" "none" "ghcr.io/rust-lang/crates-build-env/linux@sha256:a89201d6b5b9fd45c15d5952ece0a0129e7e80cb26ec023fd59cf09bc26f1604" "/opt/rustwide/cargo-home/bin/cargo" "+beta-2021-10-15" "check" "--frozen" "--all" "--all-targets" "--message-format=json", kill_on_drop: false }`
[INFO] [stdout] 95c35d6dfee8e119c46e92a6b2bb7edc711711a6379ae133aa225bbb67094b82
[INFO] running `Command { std: "docker" "start" "-a" "95c35d6dfee8e119c46e92a6b2bb7edc711711a6379ae133aa225bbb67094b82", kill_on_drop: false }`
[INFO] [stderr]     Blocking waiting for file lock on package cache
[INFO] [stderr]     Checking libc v0.2.37
[INFO] [stderr]    Compiling version_check v0.1.3
[INFO] [stderr]     Checking byteorder v1.2.1
[INFO] [stderr]     Checking cfg-if v0.1.2
[INFO] [stderr]    Compiling siphasher v0.2.2
[INFO] [stderr]     Checking num-traits v0.2.0
[INFO] [stderr]     Checking lazy_static v1.0.0
[INFO] [stderr]    Compiling pkg-config v0.3.9
[INFO] [stderr]    Compiling itoa v0.3.4
[INFO] [stderr]    Compiling dtoa v0.4.2
[INFO] [stderr]     Checking bitflags v1.0.1
[INFO] [stderr]    Compiling serde v0.9.15
[INFO] [stderr]    Compiling khronos_api v2.1.0
[INFO] [stderr]    Compiling bitflags v0.9.1
[INFO] [stderr]     Checking piston-float v0.3.0
[INFO] [stderr]     Checking futures v0.1.18
[INFO] [stderr]     Checking serde v1.0.27
[INFO] [stderr]     Checking adler32 v1.0.2
[INFO] [stderr]    Compiling cc v1.0.4
[INFO] [stderr]    Compiling rayon-core v1.4.0
[INFO] [stderr]    Compiling either v1.4.0
[INFO] [stderr]     Checking slab v0.3.0
[INFO] [stderr]    Compiling openssl v0.9.24
[INFO] [stderr]     Checking shader_version v0.3.0
[INFO] [stderr]     Checking linked-hash-map v0.5.1
[INFO] [stderr]     Checking scoped-tls v0.1.0
[INFO] [stderr]     Checking lzw v0.10.0
[INFO] [stderr]     Checking color_quant v1.0.0
[INFO] [stderr]     Checking piston-texture v0.6.0
[INFO] [stderr]    Compiling build_const v0.2.0
[INFO] [stderr]     Checking read_color v1.0.0
[INFO] [stderr]     Checking unicode-normalization v0.1.5
[INFO] [stderr]     Checking smallvec v0.2.1
[INFO] [stderr]     Checking take v0.1.0
[INFO] [stderr]     Checking safemem v0.2.0
[INFO] [stderr]     Checking interpolation v0.1.0
[INFO] [stderr]     Checking fixedbitset v0.1.8
[INFO] [stderr]     Checking httparse v1.2.4
[INFO] [stderr]     Checking piston-shaders_graphics2d v0.3.1
[INFO] [stderr]     Checking find_folder v0.3.0
[INFO] [stderr]     Checking open v1.2.1
[INFO] [stderr]     Checking arrayvec v0.4.7
[INFO] [stderr]    Compiling syn v0.10.8
[INFO] [stderr]     Checking unreachable v0.1.1
[INFO] [stderr]    Compiling syn v0.11.11
[INFO] [stderr]     Checking petgraph v0.4.11
[INFO] [stderr]     Checking log v0.4.1
[INFO] [stderr]     Checking crossbeam-utils v0.2.2
[INFO] [stderr]     Checking encoding_rs v0.7.2
[INFO] [stderr]    Compiling xml-rs v0.7.0
[INFO] [stderr]     Checking draw_state v0.8.0
[INFO] [stderr]    Compiling itertools v0.5.10
[INFO] [stderr]    Compiling xml-rs v0.6.1
[INFO] [stderr]     Checking log v0.3.9
[INFO] [stderr]     Checking piston-viewport v0.3.0
[INFO] [stderr]     Checking vecmath v0.3.1
[INFO] [stderr]     Checking rand v0.4.2
[INFO] [stderr]     Checking num_cpus v1.8.0
[INFO] [stderr]     Checking iovec v0.1.2
[INFO] [stderr]     Checking net2 v0.2.32
[INFO] [stderr]     Checking fs2 v0.2.5
[INFO] [stderr]     Checking time v0.1.39
[INFO] [stderr]     Checking shared_library v0.1.8
[INFO] [stderr]    Compiling crc v1.7.0
[INFO] [stderr]     Checking inflate v0.3.4
[INFO] [stderr]     Checking gif v0.9.2
[INFO] [stderr]     Checking crossbeam-epoch v0.3.0
[INFO] [stderr]    Compiling unicase v1.4.2
[INFO] [stderr]    Compiling unicase v2.1.0
[INFO] [stderr]    Compiling wayland-scanner v0.9.10
[INFO] [stderr]    Compiling num-traits v0.1.43
[INFO] [stderr]    Compiling serde_derive_internals v0.19.0
[INFO] [stderr]     Checking stb_truetype v0.2.2
[INFO] [stderr]     Checking deflate v0.7.17
[INFO] [stderr]     Checking base64 v0.9.0
[INFO] [stderr]     Checking rand v0.3.22
[INFO] [stderr]     Checking num-integer v0.1.36
[INFO] [stderr]     Checking bytes v0.4.6
[INFO] [stderr]     Checking memmap v0.4.0
[INFO] [stderr]     Checking tokio-service v0.1.0
[INFO] [stderr]     Checking futures-cpupool v0.1.8
[INFO] [stderr]     Checking idna v0.1.4
[INFO] [stderr]     Checking relay v0.1.1
[INFO] [stderr]     Checking num-complex v0.1.42
[INFO] [stderr]     Checking daggy v0.5.0
[INFO] [stderr]     Checking mio v0.6.13
[INFO] [stderr]    Compiling x11-dl v2.17.3
[INFO] [stderr]    Compiling openssl-sys v0.9.27
[INFO] [stderr]     Checking libflate v0.1.14
[INFO] [stderr]    Compiling serde_json v0.9.10
[INFO] [stderr]     Checking enum_primitive v0.1.1
[INFO] [stderr]     Checking ordered-float v0.5.0
[INFO] [stderr]     Checking osmesa-sys v0.1.2
[INFO] [stderr]     Checking crossbeam-deque v0.2.0
[INFO] [stderr]     Checking tempfile v2.2.0
[INFO] [stderr]     Checking uuid v0.5.1
[INFO] [stderr]    Compiling conrod_derive v0.1.0
[INFO] [stderr]     Checking num-bigint v0.1.43
[INFO] [stderr]     Checking num-iter v0.1.35
[INFO] [stderr]    Compiling gl_generator v0.7.0
[INFO] [stderr]    Compiling gl_generator v0.6.1
[INFO] [stderr]    Compiling phf_shared v0.7.21
[INFO] [stderr]     Checking tokio-io v0.1.5
[INFO] [stderr]     Checking rusttype v0.2.3
[INFO] [stderr]     Checking rusttype v0.4.1
[INFO] [stderr]     Checking png v0.11.0
[INFO] [stderr]    Compiling phf v0.7.21
[INFO] [stderr]     Checking tokio-core v0.1.12
[INFO] [stderr]    Compiling phf_generator v0.7.21
[INFO] [stderr]    Compiling derivative v1.0.0
[INFO] [stderr]     Checking mime v0.3.5
[INFO] [stderr]    Compiling wayland-client v0.9.10
[INFO] [stderr]    Compiling wayland-protocols v0.9.10
[INFO] [stderr]     Checking url v1.7.0
[INFO] [stderr]     Checking num-rational v0.1.42
[INFO] [stderr] error: failed to run custom build command for `openssl v0.9.24`
[INFO] [stderr] 
[INFO] [stderr] Caused by:
[INFO] [stderr]   process didn't exit successfully: `/opt/rustwide/target/debug/build/openssl-4d6ab75776983e89/build-script-build` (exit status: 101)
[INFO] [stderr]   --- stderr
[INFO] [stderr]   thread 'main' panicked at 'Unable to detect OpenSSL version', /opt/rustwide/cargo-home/registry/src/github.com-1ecc6299db9ec823/openssl-0.9.24/build.rs:16:14
[INFO] [stderr]   stack backtrace:
[INFO] [stderr]      0:     0x55756a96676c - std::backtrace_rs::backtrace::libunwind::trace::h51faa62df48810e4
[INFO] [stderr]                                  at /rustc/58268ff091703ace98c3c2a8c5f2fb2c3aecace2/library/std/src/../../backtrace/src/backtrace/libunwind.rs:90:5
[INFO] [stderr]      1:     0x55756a96676c - std::backtrace_rs::backtrace::trace_unsynchronized::h91de4d8e16d607e4
[INFO] [stderr]                                  at /rustc/58268ff091703ace98c3c2a8c5f2fb2c3aecace2/library/std/src/../../backtrace/src/backtrace/mod.rs:66:5
[INFO] [stderr]      2:     0x55756a96676c - std::sys_common::backtrace::_print_fmt::h71b0935f97e4322c
[INFO] [stderr]                                  at /rustc/58268ff091703ace98c3c2a8c5f2fb2c3aecace2/library/std/src/sys_common/backtrace.rs:67:5
[INFO] [stderr]      3:     0x55756a96676c - <std::sys_common::backtrace::_print::DisplayBacktrace as core::fmt::Display>::fmt::h9a78218788c14e18
[INFO] [stderr]                                  at /rustc/58268ff091703ace98c3c2a8c5f2fb2c3aecace2/library/std/src/sys_common/backtrace.rs:46:22
[INFO] [stderr]      4:     0x55756a9810bc - core::fmt::write::h3381b3176fe2b3d3
[INFO] [stderr]                                  at /rustc/58268ff091703ace98c3c2a8c5f2fb2c3aecace2/library/core/src/fmt/mod.rs:1150:17
[INFO] [stderr]      5:     0x55756a964675 - std::io::Write::write_fmt::h1d5220480c7a2437
[INFO] [stderr]                                  at /rustc/58268ff091703ace98c3c2a8c5f2fb2c3aecace2/library/std/src/io/mod.rs:1667:15
[INFO] [stderr]      6:     0x55756a967e60 - std::sys_common::backtrace::_print::h4b77abc4d907ed0e
[INFO] [stderr]                                  at /rustc/58268ff091703ace98c3c2a8c5f2fb2c3aecace2/library/std/src/sys_common/backtrace.rs:49:5
[INFO] [stderr]      7:     0x55756a967e60 - std::sys_common::backtrace::print::hb170c60b542377ad
[INFO] [stderr]                                  at /rustc/58268ff091703ace98c3c2a8c5f2fb2c3aecace2/library/std/src/sys_common/backtrace.rs:36:9
[INFO] [stderr]      8:     0x55756a967e60 - std::panicking::default_hook::{{closure}}::h12bbda9af8901ee3
[INFO] [stderr]                                  at /rustc/58268ff091703ace98c3c2a8c5f2fb2c3aecace2/library/std/src/panicking.rs:210:50
[INFO] [stderr]      9:     0x55756a967a17 - std::panicking::default_hook::h8c6c66d3f3ba6768
[INFO] [stderr]                                  at /rustc/58268ff091703ace98c3c2a8c5f2fb2c3aecace2/library/std/src/panicking.rs:227:9
[INFO] [stderr]     10:     0x55756a968514 - std::panicking::rust_panic_with_hook::h36f2fa0bb09f4069
[INFO] [stderr]                                  at /rustc/58268ff091703ace98c3c2a8c5f2fb2c3aecace2/library/std/src/panicking.rs:624:17
[INFO] [stderr]     11:     0x55756a9502ce - std::panicking::begin_panic::{{closure}}::h2212d1bcc2ec95f5
[INFO] [stderr]                                  at /rustc/58268ff091703ace98c3c2a8c5f2fb2c3aecace2/library/std/src/panicking.rs:544:9
[INFO] [stderr]     12:     0x55756a950128 - std::sys_common::backtrace::__rust_end_short_backtrace::hd790b7cee0272d58
[INFO] [stderr]                                  at /rustc/58268ff091703ace98c3c2a8c5f2fb2c3aecace2/library/std/src/sys_common/backtrace.rs:141:18
[INFO] [stderr]     13:     0x55756a95020f - std::panicking::begin_panic::h55f33d96d8ba6df3
[INFO] [stderr]                                  at /rustc/58268ff091703ace98c3c2a8c5f2fb2c3aecace2/library/std/src/panicking.rs:543:12
[INFO] [stderr]     14:     0x55756a951596 - build_script_build::main::hac172f6ce00a66ca
[INFO] [stderr]                                  at /opt/rustwide/cargo-home/registry/src/github.com-1ecc6299db9ec823/openssl-0.9.24/build.rs:16:14
[INFO] [stderr]     15:     0x55756a94e55b - core::ops::function::FnOnce::call_once::h657ac27ac3944b76
[INFO] [stderr]                                  at /rustc/58268ff091703ace98c3c2a8c5f2fb2c3aecace2/library/core/src/ops/function.rs:227:5
[INFO] [stderr]     16:     0x55756a95016e - std::sys_common::backtrace::__rust_begin_short_backtrace::h5ce3539efee370db
[INFO] [stderr]                                  at /rustc/58268ff091703ace98c3c2a8c5f2fb2c3aecace2/library/std/src/sys_common/backtrace.rs:125:18
[INFO] [stderr]     17:     0x55756a94f1e1 - std::rt::lang_start::{{closure}}::h5de54de1e3e4efbc
[INFO] [stderr]                                  at /rustc/58268ff091703ace98c3c2a8c5f2fb2c3aecace2/library/std/src/rt.rs:63:18
[INFO] [stderr]     18:     0x55756a968a1a - core::ops::function::impls::<impl core::ops::function::FnOnce<A> for &F>::call_once::hc590b210ed55e22f
[INFO] [stderr]                                  at /rustc/58268ff091703ace98c3c2a8c5f2fb2c3aecace2/library/core/src/ops/function.rs:259:13
[INFO] [stderr]     19:     0x55756a968a1a - std::panicking::try::do_call::h5f0600b7a33ea1af
[INFO] [stderr]                                  at /rustc/58268ff091703ace98c3c2a8c5f2fb2c3aecace2/library/std/src/panicking.rs:403:40
[INFO] [stderr]     20:     0x55756a968a1a - std::panicking::try::he15826df0f376a33
[INFO] [stderr]                                  at /rustc/58268ff091703ace98c3c2a8c5f2fb2c3aecace2/library/std/src/panicking.rs:367:19
[INFO] [stderr]     21:     0x55756a968a1a - std::panic::catch_unwind::hd8af3a578b6b4c86
[INFO] [stderr]                                  at /rustc/58268ff091703ace98c3c2a8c5f2fb2c3aecace2/library/std/src/panic.rs:129:14
[INFO] [stderr]     22:     0x55756a968a1a - std::rt::lang_start_internal::{{closure}}::h301d1329324ae1f0
[INFO] [stderr]                                  at /rustc/58268ff091703ace98c3c2a8c5f2fb2c3aecace2/library/std/src/rt.rs:45:48
[INFO] [stderr]     23:     0x55756a968a1a - std::panicking::try::do_call::h941e8fdb0bd03655
[INFO] [stderr]                                  at /rustc/58268ff091703ace98c3c2a8c5f2fb2c3aecace2/library/std/src/panicking.rs:403:40
[INFO] [stderr]     24:     0x55756a968a1a - std::panicking::try::ha20a77bf65530f63
[INFO] [stderr]                                  at /rustc/58268ff091703ace98c3c2a8c5f2fb2c3aecace2/library/std/src/panicking.rs:367:19
[INFO] [stderr]     25:     0x55756a968a1a - std::panic::catch_unwind::h33afc061cc69ef90
[INFO] [stderr]                                  at /rustc/58268ff091703ace98c3c2a8c5f2fb2c3aecace2/library/std/src/panic.rs:129:14
[INFO] [stderr]     26:     0x55756a968a1a - std::rt::lang_start_internal::hc05c244593147106
[INFO] [stderr]                                  at /rustc/58268ff091703ace98c3c2a8c5f2fb2c3aecace2/library/std/src/rt.rs:45:20
[INFO] [stderr]     27:     0x55756a94f1b0 - std::rt::lang_start::h78e9f82e4ae4e7f5
[INFO] [stderr]                                  at /rustc/58268ff091703ace98c3c2a8c5f2fb2c3aecace2/library/std/src/rt.rs:62:5
[INFO] [stderr]     28:     0x55756a951ccc - main
[INFO] [stderr]     29:     0x7f0c955030b3 - __libc_start_main
[INFO] [stderr]     30:     0x55756a94c6be - _start
[INFO] [stderr]     31:                0x0 - <unknown>
[INFO] [stderr] warning: build failed, waiting for other jobs to finish...
[INFO] [stdout] error[E0311]: the parameter type `K` may not live long enough
[INFO] [stdout]   --> /opt/rustwide/cargo-home/registry/src/github.com-1ecc6299db9ec823/rusttype-0.2.3/src/support/bst/map.rs:81:19
[INFO] [stdout]    |
[INFO] [stdout] 81 |             match node.force() {
[INFO] [stdout]    |                   ^^^^
[INFO] [stdout]    |
[INFO] [stdout] note: the parameter type `K` must be valid for the anonymous lifetime defined on the function body at 78:37...
[INFO] [stdout]   --> /opt/rustwide/cargo-home/registry/src/github.com-1ecc6299db9ec823/rusttype-0.2.3/src/support/bst/map.rs:78:37
[INFO] [stdout]    |
[INFO] [stdout] 78 |                 node: node::NodeRef<marker::Immut, K, V, marker::LeafOrInternal>)
[INFO] [stdout]    |                                     ^^^^^^^^^^^^^
[INFO] [stdout] 
[INFO] [stdout] 
[INFO] [stdout] error[E0311]: the parameter type `V` may not live long enough
[INFO] [stdout]   --> /opt/rustwide/cargo-home/registry/src/github.com-1ecc6299db9ec823/rusttype-0.2.3/src/support/bst/map.rs:81:19
[INFO] [stdout]    |
[INFO] [stdout] 81 |             match node.force() {
[INFO] [stdout]    |                   ^^^^
[INFO] [stdout]    |
[INFO] [stdout] note: the parameter type `V` must be valid for the anonymous lifetime defined on the function body at 78:37...
[INFO] [stdout]   --> /opt/rustwide/cargo-home/registry/src/github.com-1ecc6299db9ec823/rusttype-0.2.3/src/support/bst/map.rs:78:37
[INFO] [stdout]    |
[INFO] [stdout] 78 |                 node: node::NodeRef<marker::Immut, K, V, marker::LeafOrInternal>)
[INFO] [stdout]    |                                     ^^^^^^^^^^^^^
[INFO] [stdout] 
[INFO] [stdout] 
[INFO] [stdout] error: aborting due to 2 previous errors
[INFO] [stdout] 
[INFO] [stdout] 
[INFO] [stdout] error[E0713]: borrow may still be in use when destructor runs
[INFO] [stdout]    --> /opt/rustwide/cargo-home/registry/src/github.com-1ecc6299db9ec823/url-1.7.0/src/form_urlencoded.rs:261:40
[INFO] [stdout]     |
[INFO] [stdout] 259 | impl<'a> Target for ::UrlQuery<'a> {
[INFO] [stdout]     |      -- lifetime `'a` defined here
[INFO] [stdout] 260 |     fn as_mut_string(&mut self) -> &mut String { &mut self.url.serialization }
[INFO] [stdout] 261 |     fn finish(self) -> &'a mut ::Url { self.url }
[INFO] [stdout]     |                                        ^^^^^^^^ - here, drop of `self` needs exclusive access to `*self.url`, because the type `UrlQuery<'_>` implements the `Drop` trait
[INFO] [stdout]     |                                        |
[INFO] [stdout]     |                                        returning this value requires that `*self.url` is borrowed for `'a`
[INFO] [stdout] 
[INFO] [stdout] 
[INFO] [stdout] error: aborting due to previous error
[INFO] [stdout] 
[INFO] [stdout] 
[INFO] [stdout] For more information about this error, try `rustc --explain E0713`.
[INFO] [stdout] 
[INFO] [stderr] error: build failed
[INFO] running `Command { std: "docker" "inspect" "95c35d6dfee8e119c46e92a6b2bb7edc711711a6379ae133aa225bbb67094b82", kill_on_drop: false }`
[INFO] running `Command { std: "docker" "rm" "-f" "95c35d6dfee8e119c46e92a6b2bb7edc711711a6379ae133aa225bbb67094b82", kill_on_drop: false }`
[INFO] [stdout] 95c35d6dfee8e119c46e92a6b2bb7edc711711a6379ae133aa225bbb67094b82
