[INFO] cloning repository https://github.com/bmcclelland/565-vsm
[INFO] running `Command { std: "git" "-c" "credential.helper=" "-c" "credential.helper=/workspace/cargo-home/bin/git-credential-null" "clone" "--bare" "https://github.com/bmcclelland/565-vsm" "/workspace/cache/git-repos/https%3A%2F%2Fgithub.com%2Fbmcclelland%2F565-vsm", kill_on_drop: false }`
[INFO] [stderr] Cloning into bare repository '/workspace/cache/git-repos/https%3A%2F%2Fgithub.com%2Fbmcclelland%2F565-vsm'...
[INFO] running `Command { std: "git" "rev-parse" "HEAD", kill_on_drop: false }`
[INFO] [stdout] 31d7ed70f080638b12743c9eb97b56707ff166a9
[INFO] checking bmcclelland/565-vsm against beta-2021-10-15 for beta-1.56-3
[INFO] running `Command { std: "git" "clone" "/workspace/cache/git-repos/https%3A%2F%2Fgithub.com%2Fbmcclelland%2F565-vsm" "/workspace/builds/worker-43/source", kill_on_drop: false }`
[INFO] [stderr] Cloning into '/workspace/builds/worker-43/source'...
[INFO] [stderr] done.
[INFO] validating manifest of git repo https://github.com/bmcclelland/565-vsm on toolchain beta-2021-10-15
[INFO] running `Command { std: "/workspace/cargo-home/bin/cargo" "+beta-2021-10-15" "metadata" "--manifest-path" "Cargo.toml" "--no-deps", kill_on_drop: false }`
[INFO] started tweaking git repo https://github.com/bmcclelland/565-vsm
[INFO] finished tweaking git repo https://github.com/bmcclelland/565-vsm
[INFO] tweaked toml for git repo https://github.com/bmcclelland/565-vsm written to /workspace/builds/worker-43/source/Cargo.toml
[INFO] crate git repo https://github.com/bmcclelland/565-vsm already has a lockfile, it will not be regenerated
[INFO] running `Command { std: "/workspace/cargo-home/bin/cargo" "+beta-2021-10-15" "fetch" "--manifest-path" "Cargo.toml", kill_on_drop: false }`
[INFO] [stderr]     Blocking waiting for file lock on package cache
[INFO] [stderr]     Blocking waiting for file lock on package cache
[INFO] [stderr]  Downloading crates ...
[INFO] [stderr]   Downloaded tiff v0.4.0
[INFO] [stderr]   Downloaded glutin v0.23.0
[INFO] [stderr]   Downloaded bytemuck v1.2.0
[INFO] [stderr]   Downloaded takeable-option v0.5.0
[INFO] [stderr]   Downloaded winit v0.21.0
[INFO] [stderr]   Downloaded glutin_gles2_sys v0.1.4
[INFO] [stderr]   Downloaded glutin_wgl_sys v0.1.4
[INFO] [stderr]   Downloaded glutin_glx_sys v0.1.6
[INFO] [stderr]   Downloaded smithay-client-toolkit v0.6.5
[INFO] [stderr]   Downloaded glium v0.26.0
[INFO] [stderr]   Downloaded image v0.23.0
[INFO] [stderr]   Downloaded nalgebra-glm v0.5.0
[INFO] running `Command { std: "docker" "create" "-v" "/var/lib/crater-agent-workspace/builds/worker-43/target:/opt/rustwide/target:rw,Z" "-v" "/var/lib/crater-agent-workspace/builds/worker-43/source:/opt/rustwide/workdir:ro,Z" "-v" "/var/lib/crater-agent-workspace/cargo-home:/opt/rustwide/cargo-home:ro,Z" "-v" "/var/lib/crater-agent-workspace/rustup-home:/opt/rustwide/rustup-home:ro,Z" "-e" "SOURCE_DIR=/opt/rustwide/workdir" "-e" "CARGO_TARGET_DIR=/opt/rustwide/target" "-e" "CARGO_HOME=/opt/rustwide/cargo-home" "-e" "RUSTUP_HOME=/opt/rustwide/rustup-home" "-w" "/opt/rustwide/workdir" "-m" "1610612736" "--user" "0:0" "--network" "none" "ghcr.io/rust-lang/crates-build-env/linux@sha256:a89201d6b5b9fd45c15d5952ece0a0129e7e80cb26ec023fd59cf09bc26f1604" "/opt/rustwide/cargo-home/bin/cargo" "+beta-2021-10-15" "metadata" "--no-deps" "--format-version=1", kill_on_drop: false }`
[INFO] [stdout] aa5fa9952eb467e06b31abc18d24b26d4c4671dabef03c996dafe9463b090d4a
[INFO] running `Command { std: "docker" "start" "-a" "aa5fa9952eb467e06b31abc18d24b26d4c4671dabef03c996dafe9463b090d4a", kill_on_drop: false }`
[INFO] running `Command { std: "docker" "inspect" "aa5fa9952eb467e06b31abc18d24b26d4c4671dabef03c996dafe9463b090d4a", kill_on_drop: false }`
[INFO] running `Command { std: "docker" "rm" "-f" "aa5fa9952eb467e06b31abc18d24b26d4c4671dabef03c996dafe9463b090d4a", kill_on_drop: false }`
[INFO] [stdout] aa5fa9952eb467e06b31abc18d24b26d4c4671dabef03c996dafe9463b090d4a
[INFO] running `Command { std: "docker" "create" "-v" "/var/lib/crater-agent-workspace/builds/worker-43/target:/opt/rustwide/target:rw,Z" "-v" "/var/lib/crater-agent-workspace/builds/worker-43/source:/opt/rustwide/workdir:ro,Z" "-v" "/var/lib/crater-agent-workspace/cargo-home:/opt/rustwide/cargo-home:ro,Z" "-v" "/var/lib/crater-agent-workspace/rustup-home:/opt/rustwide/rustup-home:ro,Z" "-e" "SOURCE_DIR=/opt/rustwide/workdir" "-e" "CARGO_TARGET_DIR=/opt/rustwide/target" "-e" "CARGO_INCREMENTAL=0" "-e" "RUST_BACKTRACE=full" "-e" "RUSTFLAGS=--cap-lints=warn" "-e" "CARGO_HOME=/opt/rustwide/cargo-home" "-e" "RUSTUP_HOME=/opt/rustwide/rustup-home" "-w" "/opt/rustwide/workdir" "-m" "1610612736" "--user" "0:0" "--network" "none" "ghcr.io/rust-lang/crates-build-env/linux@sha256:a89201d6b5b9fd45c15d5952ece0a0129e7e80cb26ec023fd59cf09bc26f1604" "/opt/rustwide/cargo-home/bin/cargo" "+beta-2021-10-15" "check" "--frozen" "--all" "--all-targets" "--message-format=json", kill_on_drop: false }`
[INFO] [stdout] 3bffe8bccde293d6773a5c22b172ab0a0c93f36f9a56d676c1bffe63e092f283
[INFO] running `Command { std: "docker" "start" "-a" "3bffe8bccde293d6773a5c22b172ab0a0c93f36f9a56d676c1bffe63e092f283", kill_on_drop: false }`
[INFO] [stderr]     Blocking waiting for file lock on package cache
[INFO] [stderr]    Compiling autocfg v1.0.0
[INFO] [stderr]    Compiling log v0.4.8
[INFO] [stderr]    Compiling xml-rs v0.8.0
[INFO] [stderr]    Compiling byteorder v1.3.4
[INFO] [stderr]    Compiling khronos_api v3.1.0
[INFO] [stderr]    Compiling proc-macro2 v0.4.30
[INFO] [stderr]    Compiling unicode-xid v0.1.0
[INFO] [stderr]    Compiling cfg-if v0.1.10
[INFO] [stderr]     Checking scopeguard v1.0.0
[INFO] [stderr]    Compiling nix v0.14.1
[INFO] [stderr]     Checking void v1.0.2
[INFO] [stderr]     Checking slab v0.4.2
[INFO] [stderr]     Checking lazycell v1.2.1
[INFO] [stderr]    Compiling maybe-uninit v2.0.0
[INFO] [stderr]     Checking arrayvec v0.5.1
[INFO] [stderr]     Checking same-file v1.0.6
[INFO] [stderr]     Checking downcast-rs v1.1.1
[INFO] [stderr]     Checking adler32 v1.0.4
[INFO] [stderr]    Compiling rayon-core v1.7.0
[INFO] [stderr]    Compiling typenum v1.11.2
[INFO] [stderr]    Compiling libm v0.1.4
[INFO] [stderr]     Checking xdg v2.2.0
[INFO] [stderr]     Checking smallvec v1.2.0
[INFO] [stderr]    Compiling crc32fast v1.2.0
[INFO] [stderr]     Checking instant v0.1.2
[INFO] [stderr]     Checking rawpointer v0.2.1
[INFO] [stderr]     Checking percent-encoding v2.1.0
[INFO] [stderr]     Checking lzw v0.10.0
[INFO] [stderr]     Checking either v1.5.3
[INFO] [stderr]     Checking color_quant v1.0.1
[INFO] [stderr]     Checking rustc-demangle v0.1.16
[INFO] [stderr]     Checking takeable-option v0.5.0
[INFO] [stderr]     Checking fnv v1.0.6
[INFO] [stderr]     Checking scoped_threadpool v0.1.9
[INFO] [stderr]     Checking bytemuck v1.2.0
[INFO] [stderr]     Checking arrayref v0.3.6
[INFO] [stderr]    Compiling semver v0.9.0
[INFO] [stderr]    Compiling libloading v0.5.2
[INFO] [stderr]    Compiling crossbeam-utils v0.7.0
[INFO] [stderr]    Compiling crossbeam-epoch v0.8.0
[INFO] [stderr]    Compiling x11-dl v2.18.5
[INFO] [stderr]    Compiling backtrace-sys v0.1.32
[INFO] [stderr]     Checking net2 v0.2.33
[INFO] [stderr]     Checking iovec v0.1.4
[INFO] [stderr]     Checking memmap v0.7.0
[INFO] [stderr]     Checking num_cpus v1.12.0
[INFO] [stderr]     Checking shared_library v0.1.9
[INFO] [stderr]     Checking raw-window-handle v0.3.3
[INFO] [stderr]     Checking rand v0.7.3
[INFO] [stderr]     Checking matrixmultiply v0.2.3
[INFO] [stderr]     Checking inflate v0.4.5
[INFO] [stderr]     Checking miniz_oxide v0.3.6
[INFO] [stderr]     Checking lock_api v0.3.3
[INFO] [stderr]    Compiling rustc_version v0.2.3
[INFO] [stderr]     Checking walkdir v2.3.1
[INFO] [stderr]    Compiling num-traits v0.2.11
[INFO] [stderr]    Compiling num-integer v0.1.42
[INFO] [stderr]    Compiling num-complex v0.2.4
[INFO] [stderr]    Compiling num-rational v0.2.3
[INFO] [stderr]    Compiling num-iter v0.1.40
[INFO] [stderr]     Checking osmesa-sys v0.1.2
[INFO] [stderr]     Checking gif v0.10.3
[INFO] [stderr]     Checking parking_lot_core v0.7.0
[INFO] [stderr]     Checking mio v0.6.21
[INFO] [stderr]    Compiling memoffset v0.5.3
[INFO] [stderr]     Checking crossbeam-queue v0.2.1
[INFO] [stderr]     Checking parking_lot v0.10.0
[INFO] [stderr]    Compiling gl_generator v0.13.1
[INFO] [stderr]    Compiling gl_generator v0.14.0
[INFO] [stderr]     Checking dlib v0.4.1
[INFO] [stderr]     Checking stb_truetype v0.3.1
[INFO] [stderr]     Checking deflate v0.7.20
[INFO] [stderr]     Checking tiff v0.4.0
[INFO] [stderr]     Checking rand_distr v0.2.2
[INFO] [stderr]     Checking wayland-sys v0.23.6
[INFO] [stderr]     Checking mio-extras v2.0.6
[INFO] [stderr]    Compiling quote v0.6.13
[INFO] [stderr]     Checking png v0.15.3
[INFO] [stderr]     Checking generic-array v0.13.2
[INFO] [stderr]     Checking backtrace v0.3.43
[INFO] [stderr]    Compiling wayland-scanner v0.23.6
[INFO] [stderr]     Checking approx v0.3.2
[INFO] [stderr]     Checking ordered-float v1.0.2
[INFO] [stderr]     Checking line_drawing v0.7.0
[INFO] [stderr]     Checking calloop v0.4.4
[INFO] [stderr]     Checking wayland-commons v0.23.6
[INFO] [stderr]    Compiling glium v0.26.0
[INFO] [stderr]    Compiling glutin_glx_sys v0.1.6
[INFO] [stderr]    Compiling glutin_egl_sys v0.1.4
[INFO] [stderr]     Checking crossbeam-deque v0.7.2
[INFO] [stderr]     Checking rusttype v0.8.2
[INFO] [stderr]     Checking alga v0.9.2
[INFO] [stderr]    Compiling wayland-client v0.23.6
[INFO] [stderr]    Compiling wayland-protocols v0.23.6
[INFO] [stderr]     Checking rusttype v0.7.9
[INFO] [stderr]     Checking andrew v0.2.1
[INFO] [stderr]     Checking nalgebra v0.19.0
[INFO] [stderr]     Checking rayon v1.3.0
[INFO] [stderr]     Checking jpeg-decoder v0.1.18
[INFO] [stderr]     Checking image v0.23.0
[INFO] [stderr]     Checking nalgebra-glm v0.5.0
[INFO] [stderr]     Checking smithay-client-toolkit v0.6.5
[INFO] [stderr]     Checking winit v0.21.0
[INFO] [stderr]     Checking glutin v0.23.0
[INFO] [stderr]     Checking vsm v0.1.0 (/opt/rustwide/workdir)
[INFO] [stdout] error[E0557]: feature has been removed
[INFO] [stdout]  --> src/lib.rs:1:12
[INFO] [stdout]   |
[INFO] [stdout] 1 | #![feature(const_generics)]
[INFO] [stdout]   |            ^^^^^^^^^^^^^^ feature has been removed
[INFO] [stdout]   |
[INFO] [stdout]   = note: removed in favor of `#![feature(adt_const_params]` and `#![feature(generic_const_exprs)]`
[INFO] [stdout] 
[INFO] [stdout] 
[INFO] [stdout] error[E0557]: feature has been removed
[INFO] [stdout]  --> src/lib.rs:1:12
[INFO] [stdout]   |
[INFO] [stdout] 1 | #![feature(const_generics)]
[INFO] [stdout]   |            ^^^^^^^^^^^^^^ feature has been removed
[INFO] [stdout]   |
[INFO] [stdout]   = note: removed in favor of `#![feature(adt_const_params]` and `#![feature(generic_const_exprs)]`
[INFO] [stdout] 
[INFO] [stdout] 
[INFO] [stdout] error[E0554]: `#![feature]` may not be used on the beta release channel
[INFO] [stdout]  --> src/lib.rs:1:1
[INFO] [stdout]   |
[INFO] [stdout] 1 | #![feature(const_generics)]
[INFO] [stdout]   | ^^^^^^^^^^^^^^^^^^^^^^^^^^^
[INFO] [stdout] 
[INFO] [stdout] 
[INFO] [stdout] warning: trailing semicolon in macro used in expression position
[INFO] [stdout]   --> src/gl/meshes.rs:30:47
[INFO] [stdout]    |
[INFO] [stdout] 30 |             Mesh::new(display, &$val).unwrap();
[INFO] [stdout]    |                                               ^
[INFO] [stdout] ...
[INFO] [stdout] 35 |         MeshId::Square => mesh!(VERTS),
[INFO] [stdout]    |                           ------------ in this macro invocation
[INFO] [stdout]    |
[INFO] [stdout]    = note: `#[warn(semicolon_in_expressions_from_macros)]` on by default
[INFO] [stdout]    = warning: this was previously accepted by the compiler but is being phased out; it will become a hard error in a future release!
[INFO] [stdout]    = note: for more information, see issue #79813 <https://github.com/rust-lang/rust/issues/79813>
[INFO] [stdout]    = note: macro invocations at the end of a block are treated as expressions
[INFO] [stdout]    = note: to ignore the value produced by the macro, add a semicolon after the invocation of `mesh`
[INFO] [stdout]    = note: this warning originates in the macro `mesh` (in Nightly builds, run with -Z macro-backtrace for more info)
[INFO] [stdout] 
[INFO] [stdout] 
[INFO] [stdout] warning: trailing semicolon in macro used in expression position
[INFO] [stdout]   --> src/gl/programs.rs:56:71
[INFO] [stdout]    |
[INFO] [stdout] 56 |             Program::from_source(display, $vert, $frag, None).unwrap();
[INFO] [stdout]    |                                                                       ^
[INFO] [stdout] ...
[INFO] [stdout] 61 |         ProgramId::Std => program!(VSHADER, HSHADER),
[INFO] [stdout]    |                           -------------------------- in this macro invocation
[INFO] [stdout]    |
[INFO] [stdout]    = warning: this was previously accepted by the compiler but is being phased out; it will become a hard error in a future release!
[INFO] [stdout]    = note: for more information, see issue #79813 <https://github.com/rust-lang/rust/issues/79813>
[INFO] [stdout]    = note: macro invocations at the end of a block are treated as expressions
[INFO] [stdout]    = note: to ignore the value produced by the macro, add a semicolon after the invocation of `program`
[INFO] [stdout]    = note: this warning originates in the macro `program` (in Nightly builds, run with -Z macro-backtrace for more info)
[INFO] [stdout] 
[INFO] [stdout] 
[INFO] [stdout] error[E0554]: `#![feature]` may not be used on the beta release channel
[INFO] [stdout]  --> src/lib.rs:1:1
[INFO] [stdout]   |
[INFO] [stdout] 1 | #![feature(const_generics)]
[INFO] [stdout]   | ^^^^^^^^^^^^^^^^^^^^^^^^^^^
[INFO] [stdout] 
[INFO] [stdout] 
[INFO] [stdout] warning: trailing semicolon in macro used in expression position
[INFO] [stdout]   --> src/gl/meshes.rs:30:47
[INFO] [stdout]    |
[INFO] [stdout] 30 |             Mesh::new(display, &$val).unwrap();
[INFO] [stdout]    |                                               ^
[INFO] [stdout] ...
[INFO] [stdout] 35 |         MeshId::Square => mesh!(VERTS),
[INFO] [stdout]    |                           ------------ in this macro invocation
[INFO] [stdout]    |
[INFO] [stdout]    = note: `#[warn(semicolon_in_expressions_from_macros)]` on by default
[INFO] [stdout]    = warning: this was previously accepted by the compiler but is being phased out; it will become a hard error in a future release!
[INFO] [stdout]    = note: for more information, see issue #79813 <https://github.com/rust-lang/rust/issues/79813>
[INFO] [stdout]    = note: macro invocations at the end of a block are treated as expressions
[INFO] [stdout]    = note: to ignore the value produced by the macro, add a semicolon after the invocation of `mesh`
[INFO] [stdout]    = note: this warning originates in the macro `mesh` (in Nightly builds, run with -Z macro-backtrace for more info)
[INFO] [stdout] 
[INFO] [stdout] 
[INFO] [stdout] warning: trailing semicolon in macro used in expression position
[INFO] [stdout]   --> src/gl/programs.rs:56:71
[INFO] [stdout]    |
[INFO] [stdout] 56 |             Program::from_source(display, $vert, $frag, None).unwrap();
[INFO] [stdout]    |                                                                       ^
[INFO] [stdout] ...
[INFO] [stdout] 61 |         ProgramId::Std => program!(VSHADER, HSHADER),
[INFO] [stdout]    |                           -------------------------- in this macro invocation
[INFO] [stdout]    |
[INFO] [stdout]    = warning: this was previously accepted by the compiler but is being phased out; it will become a hard error in a future release!
[INFO] [stdout]    = note: for more information, see issue #79813 <https://github.com/rust-lang/rust/issues/79813>
[INFO] [stdout]    = note: macro invocations at the end of a block are treated as expressions
[INFO] [stdout]    = note: to ignore the value produced by the macro, add a semicolon after the invocation of `program`
[INFO] [stdout]    = note: this warning originates in the macro `program` (in Nightly builds, run with -Z macro-backtrace for more info)
[INFO] [stdout] 
[INFO] [stdout] 
[INFO] [stdout] error: aborting due to 2 previous errors; 2 warnings emitted
[INFO] [stdout] 
[INFO] [stdout] 
[INFO] [stdout] Some errors have detailed explanations: E0554, E0557.
[INFO] [stdout] 
[INFO] [stdout] For more information about an error, try `rustc --explain E0554`.
[INFO] [stdout] 
[INFO] [stdout] error: aborting due to 2 previous errors; 2 warnings emitted
[INFO] [stdout] 
[INFO] [stdout] 
[INFO] [stdout] Some errors have detailed explanations: E0554, E0557.
[INFO] [stdout] 
[INFO] [stdout] For more information about an error, try `rustc --explain E0554`.
[INFO] [stdout] 
[INFO] [stderr] error: could not compile `vsm` due to 3 previous errors; 2 warnings emitted
[INFO] [stderr] warning: build failed, waiting for other jobs to finish...
[INFO] [stderr] error: build failed
[INFO] running `Command { std: "docker" "inspect" "3bffe8bccde293d6773a5c22b172ab0a0c93f36f9a56d676c1bffe63e092f283", kill_on_drop: false }`
[INFO] running `Command { std: "docker" "rm" "-f" "3bffe8bccde293d6773a5c22b172ab0a0c93f36f9a56d676c1bffe63e092f283", kill_on_drop: false }`
[INFO] [stdout] 3bffe8bccde293d6773a5c22b172ab0a0c93f36f9a56d676c1bffe63e092f283
