[INFO] cloning repository https://github.com/bkolad/type_level_trick
[INFO] running `Command { std: "git" "-c" "credential.helper=" "-c" "credential.helper=/workspace/cargo-home/bin/git-credential-null" "clone" "--bare" "https://github.com/bkolad/type_level_trick" "/workspace/cache/git-repos/https%3A%2F%2Fgithub.com%2Fbkolad%2Ftype_level_trick", kill_on_drop: false }`
[INFO] [stderr] Cloning into bare repository '/workspace/cache/git-repos/https%3A%2F%2Fgithub.com%2Fbkolad%2Ftype_level_trick'...
[INFO] running `Command { std: "git" "rev-parse" "HEAD", kill_on_drop: false }`
[INFO] [stdout] abe51077588615bb3c7452b1fde6e03e230bb844
[INFO] checking bkolad/type_level_trick against 1.55.0 for beta-1.56-3
[INFO] running `Command { std: "git" "clone" "/workspace/cache/git-repos/https%3A%2F%2Fgithub.com%2Fbkolad%2Ftype_level_trick" "/workspace/builds/worker-81/source", kill_on_drop: false }`
[INFO] [stderr] Cloning into '/workspace/builds/worker-81/source'...
[INFO] [stderr] done.
[INFO] validating manifest of git repo https://github.com/bkolad/type_level_trick on toolchain 1.55.0
[INFO] running `Command { std: "/workspace/cargo-home/bin/cargo" "+1.55.0" "metadata" "--manifest-path" "Cargo.toml" "--no-deps", kill_on_drop: false }`
[INFO] started tweaking git repo https://github.com/bkolad/type_level_trick
[INFO] finished tweaking git repo https://github.com/bkolad/type_level_trick
[INFO] tweaked toml for git repo https://github.com/bkolad/type_level_trick written to /workspace/builds/worker-81/source/Cargo.toml
[INFO] crate git repo https://github.com/bkolad/type_level_trick already has a lockfile, it will not be regenerated
[INFO] running `Command { std: "/workspace/cargo-home/bin/cargo" "+1.55.0" "fetch" "--manifest-path" "Cargo.toml", kill_on_drop: false }`
[INFO] [stderr]     Blocking waiting for file lock on package cache
[INFO] [stderr]     Blocking waiting for file lock on package cache
[INFO] running `Command { std: "docker" "create" "-v" "/var/lib/crater-agent-workspace/builds/worker-81/target:/opt/rustwide/target:rw,Z" "-v" "/var/lib/crater-agent-workspace/builds/worker-81/source:/opt/rustwide/workdir:ro,Z" "-v" "/var/lib/crater-agent-workspace/cargo-home:/opt/rustwide/cargo-home:ro,Z" "-v" "/var/lib/crater-agent-workspace/rustup-home:/opt/rustwide/rustup-home:ro,Z" "-e" "SOURCE_DIR=/opt/rustwide/workdir" "-e" "CARGO_TARGET_DIR=/opt/rustwide/target" "-e" "CARGO_HOME=/opt/rustwide/cargo-home" "-e" "RUSTUP_HOME=/opt/rustwide/rustup-home" "-w" "/opt/rustwide/workdir" "-m" "1610612736" "--user" "0:0" "--network" "none" "ghcr.io/rust-lang/crates-build-env/linux@sha256:a89201d6b5b9fd45c15d5952ece0a0129e7e80cb26ec023fd59cf09bc26f1604" "/opt/rustwide/cargo-home/bin/cargo" "+1.55.0" "metadata" "--no-deps" "--format-version=1", kill_on_drop: false }`
[INFO] [stdout] 29bcd227eeedf1c0eeefa72b075bd1a930523d38286acbd922ffed45dd593aa3
[INFO] running `Command { std: "docker" "start" "-a" "29bcd227eeedf1c0eeefa72b075bd1a930523d38286acbd922ffed45dd593aa3", kill_on_drop: false }`
[INFO] running `Command { std: "docker" "inspect" "29bcd227eeedf1c0eeefa72b075bd1a930523d38286acbd922ffed45dd593aa3", kill_on_drop: false }`
[INFO] running `Command { std: "docker" "rm" "-f" "29bcd227eeedf1c0eeefa72b075bd1a930523d38286acbd922ffed45dd593aa3", kill_on_drop: false }`
[INFO] [stdout] 29bcd227eeedf1c0eeefa72b075bd1a930523d38286acbd922ffed45dd593aa3
[INFO] running `Command { std: "docker" "create" "-v" "/var/lib/crater-agent-workspace/builds/worker-81/target:/opt/rustwide/target:rw,Z" "-v" "/var/lib/crater-agent-workspace/builds/worker-81/source:/opt/rustwide/workdir:ro,Z" "-v" "/var/lib/crater-agent-workspace/cargo-home:/opt/rustwide/cargo-home:ro,Z" "-v" "/var/lib/crater-agent-workspace/rustup-home:/opt/rustwide/rustup-home:ro,Z" "-e" "SOURCE_DIR=/opt/rustwide/workdir" "-e" "CARGO_TARGET_DIR=/opt/rustwide/target" "-e" "CARGO_INCREMENTAL=0" "-e" "RUST_BACKTRACE=full" "-e" "RUSTFLAGS=--cap-lints=warn" "-e" "CARGO_HOME=/opt/rustwide/cargo-home" "-e" "RUSTUP_HOME=/opt/rustwide/rustup-home" "-w" "/opt/rustwide/workdir" "-m" "1610612736" "--user" "0:0" "--network" "none" "ghcr.io/rust-lang/crates-build-env/linux@sha256:a89201d6b5b9fd45c15d5952ece0a0129e7e80cb26ec023fd59cf09bc26f1604" "/opt/rustwide/cargo-home/bin/cargo" "+1.55.0" "check" "--frozen" "--all" "--all-targets" "--message-format=json", kill_on_drop: false }`
[INFO] [stdout] cc6de66dc42ea70594e1453544496b5bca048379a29500a3110c1952ce7f4cd5
[INFO] running `Command { std: "docker" "start" "-a" "cc6de66dc42ea70594e1453544496b5bca048379a29500a3110c1952ce7f4cd5", kill_on_drop: false }`
[INFO] [stderr]     Blocking waiting for file lock on package cache
[INFO] [stderr]     Checking type_level_trick v0.1.0 (/opt/rustwide/workdir)
[INFO] [stdout] warning: unused variable: `gadget1`
[INFO] [stdout]   --> src/main.rs:31:9
[INFO] [stdout]    |
[INFO] [stdout] 31 |     let gadget1= Gadget::<POSSEIDONType>{
[INFO] [stdout]    |         ^^^^^^^ help: if this is intentional, prefix it with an underscore: `_gadget1`
[INFO] [stdout]    |
[INFO] [stdout]    = note: `#[warn(unused_variables)]` on by default
[INFO] [stdout] 
[INFO] [stdout] 
[INFO] [stdout] warning: unused variable: `gadget1`
[INFO] [stdout]   --> src/main.rs:31:9
[INFO] [stdout]    |
[INFO] [stdout] 31 |     let gadget1= Gadget::<POSSEIDONType>{
[INFO] [stdout]    |         ^^^^^^^ help: if this is intentional, prefix it with an underscore: `_gadget1`
[INFO] [stdout]    |
[INFO] [stdout]    = note: `#[warn(unused_variables)]` on by default
[INFO] [stdout] 
[INFO] [stdout] 
[INFO] [stdout] warning: unused variable: `native1`
[INFO] [stdout]   --> src/main.rs:35:9
[INFO] [stdout]    |
[INFO] [stdout] 35 |     let native1= Native::<Hash>{
[INFO] [stdout]    |         ^^^^^^^ help: if this is intentional, prefix it with an underscore: `_native1`
[INFO] [stdout] 
[INFO] [stdout] 
[INFO] [stdout] warning: unused variable: `g`
[INFO] [stdout]   --> src/main.rs:43:27
[INFO] [stdout]    |
[INFO] [stdout] 43 | fn force_the_same_hash<T>(g:Gadget::<T>, native:Native<T>){
[INFO] [stdout]    |                           ^ help: if this is intentional, prefix it with an underscore: `_g`
[INFO] [stdout] 
[INFO] [stdout] 
[INFO] [stdout] warning: unused variable: `native`
[INFO] [stdout]   --> src/main.rs:43:42
[INFO] [stdout]    |
[INFO] [stdout] 43 | fn force_the_same_hash<T>(g:Gadget::<T>, native:Native<T>){
[INFO] [stdout]    |                                          ^^^^^^ help: if this is intentional, prefix it with an underscore: `_native`
[INFO] [stdout] 
[INFO] [stdout] 
[INFO] [stdout] warning: unused variable: `native1`
[INFO] [stdout]   --> src/main.rs:35:9
[INFO] [stdout]    |
[INFO] [stdout] 35 |     let native1= Native::<Hash>{
[INFO] [stdout]    |         ^^^^^^^ help: if this is intentional, prefix it with an underscore: `_native1`
[INFO] [stdout] 
[INFO] [stdout] 
[INFO] [stdout] warning: unused variable: `g`
[INFO] [stdout]   --> src/main.rs:43:27
[INFO] [stdout]    |
[INFO] [stdout] 43 | fn force_the_same_hash<T>(g:Gadget::<T>, native:Native<T>){
[INFO] [stdout]    |                           ^ help: if this is intentional, prefix it with an underscore: `_g`
[INFO] [stdout] 
[INFO] [stdout] 
[INFO] [stdout] warning: unused variable: `native`
[INFO] [stdout]   --> src/main.rs:43:42
[INFO] [stdout]    |
[INFO] [stdout] 43 | fn force_the_same_hash<T>(g:Gadget::<T>, native:Native<T>){
[INFO] [stdout]    |                                          ^^^^^^ help: if this is intentional, prefix it with an underscore: `_native`
[INFO] [stdout] 
[INFO] [stdout] 
[INFO] [stdout] error[E0382]: use of moved value: `gadget`
[INFO] [stdout]   --> src/main.rs:38:25
[INFO] [stdout]    |
[INFO] [stdout] 19 |     let gadget= Gadget::<Hash>{
[INFO] [stdout]    |         ------ move occurs because `gadget` has type `Gadget<'_, MIMCType>`, which does not implement the `Copy` trait
[INFO] [stdout] ...
[INFO] [stdout] 28 |     force_the_same_hash(gadget, native);
[INFO] [stdout]    |                         ------ value moved here
[INFO] [stdout] ...
[INFO] [stdout] 38 |     force_the_same_hash(gadget, native);
[INFO] [stdout]    |                         ^^^^^^ value used here after move
[INFO] [stdout] 
[INFO] [stdout] 
[INFO] [stdout] error[E0382]: use of moved value: `gadget`
[INFO] [stdout]   --> src/main.rs:38:25
[INFO] [stdout]    |
[INFO] [stdout] 19 |     let gadget= Gadget::<Hash>{
[INFO] [stdout]    |         ------ move occurs because `gadget` has type `Gadget<'_, MIMCType>`, which does not implement the `Copy` trait
[INFO] [stdout] ...
[INFO] [stdout] 28 |     force_the_same_hash(gadget, native);
[INFO] [stdout]    |                         ------ value moved here
[INFO] [stdout] ...
[INFO] [stdout] 38 |     force_the_same_hash(gadget, native);
[INFO] [stdout]    |                         ^^^^^^ value used here after move
[INFO] [stdout] 
[INFO] [stdout] 
[INFO] [stdout] error[E0382]: use of moved value: `native`
[INFO] [stdout]   --> src/main.rs:38:33
[INFO] [stdout]    |
[INFO] [stdout] 23 |     let native= Native::<Hash>{
[INFO] [stdout]    |         ------ move occurs because `native` has type `Native<'_, MIMCType>`, which does not implement the `Copy` trait
[INFO] [stdout] ...
[INFO] [stdout] 28 |     force_the_same_hash(gadget, native);
[INFO] [stdout]    |                                 ------ value moved here
[INFO] [stdout] ...
[INFO] [stdout] 38 |     force_the_same_hash(gadget, native);
[INFO] [stdout]    |                                 ^^^^^^ value used here after move
[INFO] [stdout] 
[INFO] [stdout] 
[INFO] [stdout] error: aborting due to 2 previous errors; 4 warnings emitted
[INFO] [stdout] 
[INFO] [stdout] 
[INFO] [stdout] For more information about this error, try `rustc --explain E0382`.
[INFO] [stdout] 
[INFO] [stdout] error[E0382]: use of moved value: `native`
[INFO] [stdout]   --> src/main.rs:38:33
[INFO] [stdout]    |
[INFO] [stdout] 23 |     let native= Native::<Hash>{
[INFO] [stdout]    |         ------ move occurs because `native` has type `Native<'_, MIMCType>`, which does not implement the `Copy` trait
[INFO] [stdout] ...
[INFO] [stdout] 28 |     force_the_same_hash(gadget, native);
[INFO] [stdout]    |                                 ------ value moved here
[INFO] [stdout] ...
[INFO] [stdout] 38 |     force_the_same_hash(gadget, native);
[INFO] [stdout]    |                                 ^^^^^^ value used here after move
[INFO] [stdout] 
[INFO] [stdout] 
[INFO] [stdout] error: aborting due to 2 previous errors; 4 warnings emitted
[INFO] [stdout] 
[INFO] [stdout] 
[INFO] [stdout] For more information about this error, try `rustc --explain E0382`.
[INFO] [stdout] 
[INFO] [stderr] error: could not compile `type_level_trick` due to 3 previous errors; 4 warnings emitted
[INFO] [stderr] warning: build failed, waiting for other jobs to finish...
[INFO] [stderr] error: build failed
[INFO] running `Command { std: "docker" "inspect" "cc6de66dc42ea70594e1453544496b5bca048379a29500a3110c1952ce7f4cd5", kill_on_drop: false }`
[INFO] running `Command { std: "docker" "rm" "-f" "cc6de66dc42ea70594e1453544496b5bca048379a29500a3110c1952ce7f4cd5", kill_on_drop: false }`
[INFO] [stdout] cc6de66dc42ea70594e1453544496b5bca048379a29500a3110c1952ce7f4cd5
