[INFO] cloning repository https://github.com/binary-rusty-hermit/rusty-hermit-clone
[INFO] running `Command { std: "git" "-c" "credential.helper=" "-c" "credential.helper=/workspace/cargo-home/bin/git-credential-null" "clone" "--bare" "https://github.com/binary-rusty-hermit/rusty-hermit-clone" "/workspace/cache/git-repos/https%3A%2F%2Fgithub.com%2Fbinary-rusty-hermit%2Frusty-hermit-clone", kill_on_drop: false }`
[INFO] [stderr] Cloning into bare repository '/workspace/cache/git-repos/https%3A%2F%2Fgithub.com%2Fbinary-rusty-hermit%2Frusty-hermit-clone'...
[INFO] running `Command { std: "git" "rev-parse" "HEAD", kill_on_drop: false }`
[INFO] [stdout] fd0f2c865675fdda523c3d552972b11637cd1a49
[INFO] checking binary-rusty-hermit/rusty-hermit-clone against beta-2021-10-15 for beta-1.56-3
[INFO] running `Command { std: "git" "clone" "/workspace/cache/git-repos/https%3A%2F%2Fgithub.com%2Fbinary-rusty-hermit%2Frusty-hermit-clone" "/workspace/builds/worker-14/source", kill_on_drop: false }`
[INFO] [stderr] Cloning into '/workspace/builds/worker-14/source'...
[INFO] [stderr] done.
[INFO] validating manifest of git repo https://github.com/binary-rusty-hermit/rusty-hermit-clone on toolchain beta-2021-10-15
[INFO] running `Command { std: "/workspace/cargo-home/bin/cargo" "+beta-2021-10-15" "metadata" "--manifest-path" "Cargo.toml" "--no-deps", kill_on_drop: false }`
[INFO] removed /workspace/builds/worker-14/source/.cargo/config
[INFO] removed /workspace/builds/worker-14/source/rust-toolchain
[INFO] started tweaking git repo https://github.com/binary-rusty-hermit/rusty-hermit-clone
[INFO] finished tweaking git repo https://github.com/binary-rusty-hermit/rusty-hermit-clone
[INFO] tweaked toml for git repo https://github.com/binary-rusty-hermit/rusty-hermit-clone written to /workspace/builds/worker-14/source/Cargo.toml
[INFO] crate git repo https://github.com/binary-rusty-hermit/rusty-hermit-clone already has a lockfile, it will not be regenerated
[INFO] running `Command { std: "/workspace/cargo-home/bin/cargo" "+beta-2021-10-15" "fetch" "--manifest-path" "Cargo.toml", kill_on_drop: false }`
[INFO] [stderr] warning: profiles for the non root package will be ignored, specify profiles at the workspace root:
[INFO] [stderr] package:   /workspace/builds/worker-14/source/benches/netbench/Cargo.toml
[INFO] [stderr] workspace: /workspace/builds/worker-14/source/Cargo.toml
[INFO] [stderr] warning: profiles for the non root package will be ignored, specify profiles at the workspace root:
[INFO] [stderr] package:   /workspace/builds/worker-14/source/benches/micro/Cargo.toml
[INFO] [stderr] workspace: /workspace/builds/worker-14/source/Cargo.toml
[INFO] [stderr] warning: profiles for the non root package will be ignored, specify profiles at the workspace root:
[INFO] [stderr] package:   /workspace/builds/worker-14/source/examples/hello_world/Cargo.toml
[INFO] [stderr] workspace: /workspace/builds/worker-14/source/Cargo.toml
[INFO] [stderr] warning: profiles for the non root package will be ignored, specify profiles at the workspace root:
[INFO] [stderr] package:   /workspace/builds/worker-14/source/examples/httpd/Cargo.toml
[INFO] [stderr] workspace: /workspace/builds/worker-14/source/Cargo.toml
[INFO] [stderr] warning: profiles for the non root package will be ignored, specify profiles at the workspace root:
[INFO] [stderr] package:   /workspace/builds/worker-14/source/examples/demo/Cargo.toml
[INFO] [stderr] workspace: /workspace/builds/worker-14/source/Cargo.toml
[INFO] [stderr]     Blocking waiting for file lock on package cache
[INFO] [stderr]     Updating git repository `https://github.com/hermitcore/tiny-http.git`
[INFO] [stderr]     Blocking waiting for file lock on package cache
[INFO] running `Command { std: "docker" "create" "-v" "/var/lib/crater-agent-workspace/builds/worker-14/target:/opt/rustwide/target:rw,Z" "-v" "/var/lib/crater-agent-workspace/builds/worker-14/source:/opt/rustwide/workdir:ro,Z" "-v" "/var/lib/crater-agent-workspace/cargo-home:/opt/rustwide/cargo-home:ro,Z" "-v" "/var/lib/crater-agent-workspace/rustup-home:/opt/rustwide/rustup-home:ro,Z" "-e" "SOURCE_DIR=/opt/rustwide/workdir" "-e" "CARGO_TARGET_DIR=/opt/rustwide/target" "-e" "CARGO_HOME=/opt/rustwide/cargo-home" "-e" "RUSTUP_HOME=/opt/rustwide/rustup-home" "-w" "/opt/rustwide/workdir" "-m" "1610612736" "--user" "0:0" "--network" "none" "ghcr.io/rust-lang/crates-build-env/linux@sha256:a89201d6b5b9fd45c15d5952ece0a0129e7e80cb26ec023fd59cf09bc26f1604" "/opt/rustwide/cargo-home/bin/cargo" "+beta-2021-10-15" "metadata" "--no-deps" "--format-version=1", kill_on_drop: false }`
[INFO] [stderr] WARNING: Your kernel does not support swap limit capabilities or the cgroup is not mounted. Memory limited without swap.
[INFO] [stdout] 7b3623149ba677c1d81ae7d8cad04a09826dce415f56cf6f71d799a1af5a1e0d
[INFO] running `Command { std: "docker" "start" "-a" "7b3623149ba677c1d81ae7d8cad04a09826dce415f56cf6f71d799a1af5a1e0d", kill_on_drop: false }`
[INFO] running `Command { std: "docker" "inspect" "7b3623149ba677c1d81ae7d8cad04a09826dce415f56cf6f71d799a1af5a1e0d", kill_on_drop: false }`
[INFO] running `Command { std: "docker" "rm" "-f" "7b3623149ba677c1d81ae7d8cad04a09826dce415f56cf6f71d799a1af5a1e0d", kill_on_drop: false }`
[INFO] [stdout] 7b3623149ba677c1d81ae7d8cad04a09826dce415f56cf6f71d799a1af5a1e0d
[INFO] running `Command { std: "docker" "create" "-v" "/var/lib/crater-agent-workspace/builds/worker-14/target:/opt/rustwide/target:rw,Z" "-v" "/var/lib/crater-agent-workspace/builds/worker-14/source:/opt/rustwide/workdir:ro,Z" "-v" "/var/lib/crater-agent-workspace/cargo-home:/opt/rustwide/cargo-home:ro,Z" "-v" "/var/lib/crater-agent-workspace/rustup-home:/opt/rustwide/rustup-home:ro,Z" "-e" "SOURCE_DIR=/opt/rustwide/workdir" "-e" "CARGO_TARGET_DIR=/opt/rustwide/target" "-e" "CARGO_INCREMENTAL=0" "-e" "RUST_BACKTRACE=full" "-e" "RUSTFLAGS=--cap-lints=warn" "-e" "CARGO_HOME=/opt/rustwide/cargo-home" "-e" "RUSTUP_HOME=/opt/rustwide/rustup-home" "-w" "/opt/rustwide/workdir" "-m" "1610612736" "--user" "0:0" "--network" "none" "ghcr.io/rust-lang/crates-build-env/linux@sha256:a89201d6b5b9fd45c15d5952ece0a0129e7e80cb26ec023fd59cf09bc26f1604" "/opt/rustwide/cargo-home/bin/cargo" "+beta-2021-10-15" "check" "--frozen" "--all" "--all-targets" "--message-format=json", kill_on_drop: false }`
[INFO] [stdout] 29f3a368514b60d9d839c17ba772074ec4dec692e82ac222a628ed5562f0d040
[INFO] [stderr] WARNING: Your kernel does not support swap limit capabilities or the cgroup is not mounted. Memory limited without swap.
[INFO] running `Command { std: "docker" "start" "-a" "29f3a368514b60d9d839c17ba772074ec4dec692e82ac222a628ed5562f0d040", kill_on_drop: false }`
[INFO] [stderr] warning: profiles for the non root package will be ignored, specify profiles at the workspace root:
[INFO] [stderr] package:   /opt/rustwide/workdir/benches/netbench/Cargo.toml
[INFO] [stderr] workspace: /opt/rustwide/workdir/Cargo.toml
[INFO] [stderr] warning: profiles for the non root package will be ignored, specify profiles at the workspace root:
[INFO] [stderr] package:   /opt/rustwide/workdir/benches/micro/Cargo.toml
[INFO] [stderr] workspace: /opt/rustwide/workdir/Cargo.toml
[INFO] [stderr] warning: profiles for the non root package will be ignored, specify profiles at the workspace root:
[INFO] [stderr] package:   /opt/rustwide/workdir/examples/hello_world/Cargo.toml
[INFO] [stderr] workspace: /opt/rustwide/workdir/Cargo.toml
[INFO] [stderr] warning: profiles for the non root package will be ignored, specify profiles at the workspace root:
[INFO] [stderr] package:   /opt/rustwide/workdir/examples/httpd/Cargo.toml
[INFO] [stderr] workspace: /opt/rustwide/workdir/Cargo.toml
[INFO] [stderr] warning: profiles for the non root package will be ignored, specify profiles at the workspace root:
[INFO] [stderr] package:   /opt/rustwide/workdir/examples/demo/Cargo.toml
[INFO] [stderr] workspace: /opt/rustwide/workdir/Cargo.toml
[INFO] [stderr]     Blocking waiting for file lock on package cache
[INFO] [stderr]     Checking cfg-if v0.1.10
[INFO] [stderr]     Checking lazy_static v1.4.0
[INFO] [stderr]     Checking unicode-width v0.1.8
[INFO] [stderr]     Checking strsim v0.8.0
[INFO] [stderr]     Checking vec_map v0.8.2
[INFO] [stderr]     Checking ansi_term v0.11.0
[INFO] [stderr]     Checking bytes v0.5.6
[INFO] [stderr]     Checking hdrhist v0.5.0
[INFO] [stderr]     Checking scopeguard v1.1.0
[INFO] [stderr]     Checking matches v0.1.8
[INFO] [stderr]     Checking tinyvec v0.3.4
[INFO] [stderr]     Checking either v1.6.0
[INFO] [stderr]     Checking percent-encoding v2.1.0
[INFO] [stderr]    Compiling x86 v0.34.0
[INFO] [stderr]    Compiling llvm-tools v0.1.1
[INFO] [stderr]    Compiling libm v0.2.1
[INFO] [stderr]     Checking ascii v1.0.0
[INFO] [stderr]     Checking managed v0.7.2
[INFO] [stderr]     Checking chunked_transfer v1.2.0
[INFO] [stderr]     Checking bit_field v0.10.1
[INFO] [stderr]     Checking hello_world v0.1.0 (/opt/rustwide/workdir/examples/hello_world)
[INFO] [stderr]    Compiling libc v0.2.77
[INFO] [stderr]    Compiling syscalls v0.2.6
[INFO] [stderr]    Compiling rayon-core v1.8.0
[INFO] [stderr]    Compiling log v0.4.11
[INFO] [stderr]    Compiling byteorder v1.3.4
[INFO] [stderr]     Checking textwrap v0.11.0
[INFO] [stderr]     Checking unicode-bidi v0.3.4
[INFO] [stderr]    Compiling num-traits v0.2.12
[INFO] [stderr]    Compiling memoffset v0.5.5
[INFO] [stderr]    Compiling num-integer v0.1.43
[INFO] [stderr]     Checking bitflags v1.2.1
[INFO] [stderr]     Checking maybe-uninit v2.0.0
[INFO] [stderr]    Compiling rayon v1.4.0
[INFO] [stderr]     Checking crossbeam-utils v0.7.2
[INFO] [stderr]    Compiling rand_os v0.1.3
[INFO] [stderr]    Compiling raw-cpuid v8.1.1
[INFO] [stderr]     Checking unicode-normalization v0.1.13
[INFO] [stderr]    Compiling serde_derive v1.0.116
[INFO] [stderr]    Compiling serde_repr v0.1.6
[INFO] [stderr]    Compiling rand v0.6.5
[INFO] [stderr]     Checking smoltcp v0.6.0
[INFO] [stderr]     Checking crossbeam-epoch v0.8.2
[INFO] [stderr]     Checking crossbeam-channel v0.4.4
[INFO] [stderr]     Checking num_cpus v1.13.0
[INFO] [stderr]     Checking atty v0.2.14
[INFO] [stderr]     Checking hermit-abi v0.1.17 (/opt/rustwide/workdir/hermit-abi)
[INFO] [stderr]     Checking crossbeam-deque v0.7.3
[INFO] [stdout] error[E0557]: feature has been removed
[INFO] [stdout]  --> hermit-abi/src/lib.rs:5:12
[INFO] [stdout]   |
[INFO] [stdout] 5 | #![feature(const_raw_ptr_to_usize_cast)]
[INFO] [stdout]   |            ^^^^^^^^^^^^^^^^^^^^^^^^^^^ feature has been removed
[INFO] [stdout]   |
[INFO] [stdout]   = note: at compile-time, pointers do not have an integer value, so these casts cannot be properly supported
[INFO] [stdout] 
[INFO] [stdout] 
[INFO] [stdout] error[E0554]: `#![feature]` may not be used on the beta release channel
[INFO] [stdout]  --> hermit-abi/src/lib.rs:5:1
[INFO] [stdout]   |
[INFO] [stdout] 5 | #![feature(const_raw_ptr_to_usize_cast)]
[INFO] [stdout]   | ^^^^^^^^^^^^^^^^^^^^^^^^^^^^^^^^^^^^^^^^
[INFO] [stdout] 
[INFO] [stdout] 
[INFO] [stderr]     Checking clap v2.33.3
[INFO] [stdout] error[E0557]: feature has been removed
[INFO] [stdout]  --> hermit-abi/src/lib.rs:5:12
[INFO] [stdout]   |
[INFO] [stdout] 5 | #![feature(const_raw_ptr_to_usize_cast)]
[INFO] [stdout]   |            ^^^^^^^^^^^^^^^^^^^^^^^^^^^ feature has been removed
[INFO] [stdout]   |
[INFO] [stdout]   = note: at compile-time, pointers do not have an integer value, so these casts cannot be properly supported
[INFO] [stdout] 
[INFO] [stdout] 
[INFO] [stdout] error[E0554]: `#![feature]` may not be used on the beta release channel
[INFO] [stdout]  --> hermit-abi/src/lib.rs:5:1
[INFO] [stdout]   |
[INFO] [stdout] 5 | #![feature(const_raw_ptr_to_usize_cast)]
[INFO] [stdout]   | ^^^^^^^^^^^^^^^^^^^^^^^^^^^^^^^^^^^^^^^^
[INFO] [stdout] 
[INFO] [stdout] 
[INFO] [stdout] error: aborting due to 2 previous errors
[INFO] [stdout] 
[INFO] [stdout] 
[INFO] [stdout] Some errors have detailed explanations: E0554, E0557.
[INFO] [stdout] 
[INFO] [stdout] For more information about an error, try `rustc --explain E0554`.
[INFO] [stdout] 
[INFO] [stderr] error: could not compile `hermit-abi` due to 3 previous errors
[INFO] [stderr] warning: build failed, waiting for other jobs to finish...
[INFO] [stdout] error: aborting due to 2 previous errors
[INFO] [stdout] 
[INFO] [stdout] 
[INFO] [stdout] Some errors have detailed explanations: E0554, E0557.
[INFO] [stdout] 
[INFO] [stdout] For more information about an error, try `rustc --explain E0554`.
[INFO] [stdout] 
[INFO] [stderr] error: build failed
[INFO] running `Command { std: "docker" "inspect" "29f3a368514b60d9d839c17ba772074ec4dec692e82ac222a628ed5562f0d040", kill_on_drop: false }`
[INFO] running `Command { std: "docker" "rm" "-f" "29f3a368514b60d9d839c17ba772074ec4dec692e82ac222a628ed5562f0d040", kill_on_drop: false }`
[INFO] [stdout] 29f3a368514b60d9d839c17ba772074ec4dec692e82ac222a628ed5562f0d040
