[INFO] cloning repository https://github.com/bifrost-codes/substrate-rpc-client
[INFO] running `Command { std: "git" "-c" "credential.helper=" "-c" "credential.helper=/workspace/cargo-home/bin/git-credential-null" "clone" "--bare" "https://github.com/bifrost-codes/substrate-rpc-client" "/workspace/cache/git-repos/https%3A%2F%2Fgithub.com%2Fbifrost-codes%2Fsubstrate-rpc-client", kill_on_drop: false }`
[INFO] [stderr] Cloning into bare repository '/workspace/cache/git-repos/https%3A%2F%2Fgithub.com%2Fbifrost-codes%2Fsubstrate-rpc-client'...
[INFO] running `Command { std: "git" "rev-parse" "HEAD", kill_on_drop: false }`
[INFO] [stdout] b1cd17fbd9cfb3f80d1100abed3be1a35d9e8e7e
[INFO] checking bifrost-codes/substrate-rpc-client against 1.55.0 for beta-1.56-3
[INFO] running `Command { std: "git" "clone" "/workspace/cache/git-repos/https%3A%2F%2Fgithub.com%2Fbifrost-codes%2Fsubstrate-rpc-client" "/workspace/builds/worker-5/source", kill_on_drop: false }`
[INFO] [stderr] Cloning into '/workspace/builds/worker-5/source'...
[INFO] [stderr] done.
[INFO] validating manifest of git repo https://github.com/bifrost-codes/substrate-rpc-client on toolchain 1.55.0
[INFO] running `Command { std: "/workspace/cargo-home/bin/cargo" "+1.55.0" "metadata" "--manifest-path" "Cargo.toml" "--no-deps", kill_on_drop: false }`
[INFO] started tweaking git repo https://github.com/bifrost-codes/substrate-rpc-client
[INFO] finished tweaking git repo https://github.com/bifrost-codes/substrate-rpc-client
[INFO] tweaked toml for git repo https://github.com/bifrost-codes/substrate-rpc-client written to /workspace/builds/worker-5/source/Cargo.toml
[INFO] crate git repo https://github.com/bifrost-codes/substrate-rpc-client already has a lockfile, it will not be regenerated
[INFO] running `Command { std: "/workspace/cargo-home/bin/cargo" "+1.55.0" "fetch" "--manifest-path" "Cargo.toml", kill_on_drop: false }`
[INFO] running `Command { std: "docker" "create" "-v" "/var/lib/crater-agent-workspace/builds/worker-5/target:/opt/rustwide/target:rw,Z" "-v" "/var/lib/crater-agent-workspace/builds/worker-5/source:/opt/rustwide/workdir:ro,Z" "-v" "/var/lib/crater-agent-workspace/cargo-home:/opt/rustwide/cargo-home:ro,Z" "-v" "/var/lib/crater-agent-workspace/rustup-home:/opt/rustwide/rustup-home:ro,Z" "-e" "SOURCE_DIR=/opt/rustwide/workdir" "-e" "CARGO_TARGET_DIR=/opt/rustwide/target" "-e" "CARGO_HOME=/opt/rustwide/cargo-home" "-e" "RUSTUP_HOME=/opt/rustwide/rustup-home" "-w" "/opt/rustwide/workdir" "-m" "1610612736" "--user" "0:0" "--network" "none" "ghcr.io/rust-lang/crates-build-env/linux@sha256:a89201d6b5b9fd45c15d5952ece0a0129e7e80cb26ec023fd59cf09bc26f1604" "/opt/rustwide/cargo-home/bin/cargo" "+1.55.0" "metadata" "--no-deps" "--format-version=1", kill_on_drop: false }`
[INFO] [stdout] 808c7df9238d43526688d2faed793c1d72e2d8476b9d3b8df1194c2fe144d18f
[INFO] [stderr] WARNING: Your kernel does not support swap limit capabilities or the cgroup is not mounted. Memory limited without swap.
[INFO] running `Command { std: "docker" "start" "-a" "808c7df9238d43526688d2faed793c1d72e2d8476b9d3b8df1194c2fe144d18f", kill_on_drop: false }`
[INFO] running `Command { std: "docker" "inspect" "808c7df9238d43526688d2faed793c1d72e2d8476b9d3b8df1194c2fe144d18f", kill_on_drop: false }`
[INFO] running `Command { std: "docker" "rm" "-f" "808c7df9238d43526688d2faed793c1d72e2d8476b9d3b8df1194c2fe144d18f", kill_on_drop: false }`
[INFO] [stdout] 808c7df9238d43526688d2faed793c1d72e2d8476b9d3b8df1194c2fe144d18f
[INFO] running `Command { std: "docker" "create" "-v" "/var/lib/crater-agent-workspace/builds/worker-5/target:/opt/rustwide/target:rw,Z" "-v" "/var/lib/crater-agent-workspace/builds/worker-5/source:/opt/rustwide/workdir:ro,Z" "-v" "/var/lib/crater-agent-workspace/cargo-home:/opt/rustwide/cargo-home:ro,Z" "-v" "/var/lib/crater-agent-workspace/rustup-home:/opt/rustwide/rustup-home:ro,Z" "-e" "SOURCE_DIR=/opt/rustwide/workdir" "-e" "CARGO_TARGET_DIR=/opt/rustwide/target" "-e" "CARGO_INCREMENTAL=0" "-e" "RUST_BACKTRACE=full" "-e" "RUSTFLAGS=--cap-lints=warn" "-e" "CARGO_HOME=/opt/rustwide/cargo-home" "-e" "RUSTUP_HOME=/opt/rustwide/rustup-home" "-w" "/opt/rustwide/workdir" "-m" "1610612736" "--user" "0:0" "--network" "none" "ghcr.io/rust-lang/crates-build-env/linux@sha256:a89201d6b5b9fd45c15d5952ece0a0129e7e80cb26ec023fd59cf09bc26f1604" "/opt/rustwide/cargo-home/bin/cargo" "+1.55.0" "check" "--frozen" "--all" "--all-targets" "--message-format=json", kill_on_drop: false }`
[INFO] [stderr] WARNING: Your kernel does not support swap limit capabilities or the cgroup is not mounted. Memory limited without swap.
[INFO] [stdout] a0290d6e05a08a69288f1b6bd6dc7611e3f1caa9dc8371901114939e22ea324d
[INFO] running `Command { std: "docker" "start" "-a" "a0290d6e05a08a69288f1b6bd6dc7611e3f1caa9dc8371901114939e22ea324d", kill_on_drop: false }`
[INFO] [stderr]    Compiling syn v1.0.11
[INFO] [stderr]    Compiling byteorder v1.3.2
[INFO] [stderr]    Compiling cc v1.0.46
[INFO] [stderr]    Compiling serde v1.0.103
[INFO] [stderr]     Checking bitvec v0.15.2
[INFO] [stderr]     Checking rustc-hex v2.0.1
[INFO] [stderr]     Checking arrayvec v0.5.1
[INFO] [stderr]    Compiling failure_derive v0.1.6
[INFO] [stderr]     Checking byte-slice-cast v0.3.4
[INFO] [stderr]    Compiling subtle v2.2.1
[INFO] [stderr]    Compiling ppv-lite86 v0.2.5
[INFO] [stderr]     Checking parity-wasm v0.41.0
[INFO] [stderr]     Checking sr-std v2.0.0 (https://github.com/paritytech/substrate?rev=605852eaa414ddae0bb12bb4974b9cba24ccf7db#605852ea)
[INFO] [stderr]     Checking environmental v1.0.2
[INFO] [stderr]    Compiling tiny-keccak v2.0.1
[INFO] [stderr]     Checking zeroize v0.9.3
[INFO] [stderr]     Checking hex v0.4.0
[INFO] [stderr]     Checking constant_time_eq v0.1.4
[INFO] [stderr]    Compiling heapsize v0.4.2
[INFO] [stderr]     Checking zeroize v1.1.0
[INFO] [stderr]     Checking integer-sqrt v0.1.2
[INFO] [stderr]    Compiling openssl v0.10.25
[INFO] [stderr]     Checking once_cell v0.2.4
[INFO] [stderr]     Checking strum v0.15.0
[INFO] [stderr]     Checking bitcoin_hashes v0.7.2
[INFO] [stderr]     Checking rand_core v0.3.1
[INFO] [stderr]    Compiling rand_pcg v0.1.2
[INFO] [stderr]    Compiling rand_chacha v0.1.1
[INFO] [stderr]    Compiling rand v0.6.5
[INFO] [stderr]    Compiling lazy_static v1.4.0
[INFO] [stderr]    Compiling num-traits v0.2.8
[INFO] [stderr]    Compiling num-rational v0.2.2
[INFO] [stderr]    Compiling hashbrown v0.6.3
[INFO] [stderr]    Compiling syn v0.15.44
[INFO] [stderr]     Checking trie-root v0.15.2
[INFO] [stderr]    Compiling libc v0.2.66
[INFO] [stderr]     Checking c2-chacha v0.2.2
[INFO] [stderr]     Checking thread_local v0.3.6
[INFO] [stderr]     Checking crossbeam-utils v0.6.6
[INFO] [stderr]     Checking tracing-core v0.1.7
[INFO] [stderr]    Compiling typenum v1.11.2
[INFO] [stderr]     Checking rand_hc v0.1.0
[INFO] [stderr]     Checking rand_xorshift v0.1.1
[INFO] [stderr]     Checking rand_isaac v0.1.1
[INFO] [stderr]     Checking rand_os v0.1.3
[INFO] [stderr]     Checking getrandom v0.1.12
[INFO] [stderr]     Checking num_cpus v1.11.1
[INFO] [stderr]     Checking atty v0.2.13
[INFO] [stderr]    Compiling safe-mix v1.0.0
[INFO] [stderr]    Compiling aho-corasick v0.7.6
[INFO] [stderr]     Checking blake2-rfc v0.2.18
[INFO] [stderr]     Checking mio v0.6.19
[INFO] [stderr]     Checking tokio-executor v0.1.8
[INFO] [stderr]     Checking digest v0.8.1
[INFO] [stderr]     Checking crypto-mac v0.7.0
[INFO] [stderr]     Checking rand_core v0.5.1
[INFO] [stderr]     Checking wasmi-validation v0.3.0
[INFO] [stderr]     Checking regex v1.3.1
[INFO] [stderr]    Compiling generic-array v0.12.3
[INFO] [stderr]     Checking parking_lot_core v0.6.2
[INFO] [stderr]     Checking hmac v0.7.1
[INFO] [stderr]     Checking block-buffer v0.7.3
[INFO] [stderr]     Checking uint v0.8.1
[INFO] [stderr]     Checking pbkdf2 v0.3.0
[INFO] [stderr]     Checking hashbrown v0.1.8
[INFO] [stderr]     Checking bytes v0.4.12
[INFO] [stderr]     Checking base64 v0.9.3
[INFO] [stderr]     Checking base64 v0.10.1
[INFO] [stderr]     Checking elastic-array v0.10.2
[INFO] [stderr]    Compiling clear_on_drop v0.2.3
[INFO] [stderr]    Compiling backtrace-sys v0.1.32
[INFO] [stderr]    Compiling openssl-sys v0.9.52
[INFO] [stderr]    Compiling secp256k1 v0.15.3 (https://github.com/bifrost-codes/rust-secp256k1#9c756f7e)
[INFO] [stderr]     Checking rand_chacha v0.2.1
[INFO] [stderr]     Checking hmac-drbg v0.2.0
[INFO] [stderr]     Checking sha2 v0.8.0
[INFO] [stderr]     Checking sha-1 v0.8.1
[INFO] [stderr]     Checking parking_lot v0.9.0
[INFO] [stderr]     Checking mio-extras v2.0.5
[INFO] [stderr]     Checking env_logger v0.7.1
[INFO] [stderr]     Checking hyper v0.10.16
[INFO] [stderr]     Checking rand v0.7.2
[INFO] [stderr]     Checking tokio-io v0.1.12
[INFO] [stderr]     Checking num-integer v0.1.41
[INFO] [stderr]    Compiling curve25519-dalek v1.2.3
[INFO] [stderr]     Checking merlin v1.2.1
[INFO] [stderr]     Checking num-bigint v0.2.3
[INFO] [stderr]     Checking chrono v0.4.10
[INFO] [stderr]     Checking tokio-reactor v0.1.10
[INFO] [stderr]     Checking tokio-codec v0.1.1
[INFO] [stderr]     Checking backtrace v0.3.39
[INFO] [stderr]     Checking parking_lot_core v0.4.0
[INFO] [stderr]     Checking libsecp256k1 v0.3.1
[INFO] [stderr]    Compiling native-tls v0.2.3
[INFO] [stderr]     Checking fixed-hash v0.5.1
[INFO] [stderr]     Checking twox-hash v1.5.0
[INFO] [stderr]     Checking ws v0.9.1
[INFO] [stderr]     Checking substrate-panic-handler v2.0.0 (https://github.com/paritytech/substrate?rev=605852eaa414ddae0bb12bb4974b9cba24ccf7db#605852ea)
[INFO] [stderr]     Checking tokio-tcp v0.1.3
[INFO] [stderr]     Checking parking_lot v0.7.1
[INFO] [stderr]    Compiling Inflector v0.11.4
[INFO] [stderr]     Checking once_cell v0.1.8
[INFO] [stderr]     Checking eos-keys v0.1.0 (https://github.com/bifrost-codes/rust-eos?branch=use-rust-secp256k1#ab1b387e)
[INFO] [stderr]     Checking wasmi v0.6.2
[INFO] [stderr]     Checking tokio-tls v0.2.1
[INFO] [stderr]    Compiling synstructure v0.12.1
[INFO] [stderr]     Checking websocket-base v0.24.0
[INFO] [stderr]     Checking websocket v0.24.0
[INFO] [stderr]    Compiling serde_derive v1.0.103
[INFO] [stderr]    Compiling proc-macro-hack v0.5.10
[INFO] [stderr]    Compiling substrate-debug-derive v2.0.0 (https://github.com/paritytech/substrate?rev=605852eaa414ddae0bb12bb4974b9cba24ccf7db#605852ea)
[INFO] [stderr]    Compiling impl-trait-for-tuples v0.1.3
[INFO] [stderr]    Compiling malloc_size_of_derive v0.1.1
[INFO] [stderr]    Compiling frame-support-procedural-tools-derive v2.0.0 (https://github.com/paritytech/substrate?rev=605852eaa414ddae0bb12bb4974b9cba24ccf7db#605852ea)
[INFO] [stderr]    Compiling tracing-attributes v0.1.5
[INFO] [stderr]    Compiling eosio-core-derive v0.2.1 (https://github.com/bifrost-codes/rust-eos?branch=use-rust-secp256k1#ab1b387e)
[INFO] [stderr]    Compiling derive_more v0.15.0
[INFO] [stderr]    Compiling strum_macros v0.15.0
[INFO] [stderr]     Checking failure v0.1.6
[INFO] [stderr]     Checking parity-util-mem v0.2.0
[INFO] [stderr]     Checking schnorrkel v0.8.5
[INFO] [stderr]     Checking ed25519-dalek v0.9.1
[INFO] [stderr]     Checking tiny-bip39 v0.6.2
[INFO] [stderr]    Compiling const-random-macro v0.1.6
[INFO] [stderr]    Compiling paste-impl v0.1.6
[INFO] [stderr]     Checking substrate-bip39 v0.3.1
[INFO] [stderr]     Checking tracing v0.1.10
[INFO] [stderr]     Checking const-random v0.1.6
[INFO] [stderr]     Checking ahash v0.2.16
[INFO] [stderr]     Checking paste v0.1.6
[INFO] [stderr]     Checking trie-db v0.16.0
[INFO] [stderr]     Checking memory-db v0.15.2
[INFO] [stderr]     Checking substrate-wasm-interface v2.0.0 (https://github.com/paritytech/substrate?rev=605852eaa414ddae0bb12bb4974b9cba24ccf7db#605852ea)
[INFO] [stderr]     Checking impl-serde v0.2.3
[INFO] [stderr]     Checking serde_json v1.0.41
[INFO] [stderr]     Checking substrate-primitives-storage v2.0.0 (https://github.com/paritytech/substrate?rev=605852eaa414ddae0bb12bb4974b9cba24ccf7db#605852ea)
[INFO] [stderr]    Compiling toml v0.5.3
[INFO] [stderr]    Compiling proc-macro-crate v0.1.4
[INFO] [stderr]    Compiling frame-support-procedural-tools v2.0.0 (https://github.com/paritytech/substrate?rev=605852eaa414ddae0bb12bb4974b9cba24ccf7db#605852ea)
[INFO] [stderr]    Compiling parity-scale-codec-derive v1.0.3
[INFO] [stderr]    Compiling substrate-runtime-interface-proc-macro v2.0.0 (https://github.com/paritytech/substrate?rev=605852eaa414ddae0bb12bb4974b9cba24ccf7db#605852ea)
[INFO] [stderr]    Compiling frame-support-procedural v2.0.0 (https://github.com/paritytech/substrate?rev=605852eaa414ddae0bb12bb4974b9cba24ccf7db#605852ea)
[INFO] [stderr]     Checking parity-scale-codec v1.1.0
[INFO] [stderr]     Checking impl-codec v0.4.1
[INFO] [stderr]     Checking sr-arithmetic v2.0.0 (https://github.com/paritytech/substrate?rev=605852eaa414ddae0bb12bb4974b9cba24ccf7db#605852ea)
[INFO] [stderr]     Checking eos-chain v0.1.0 (https://github.com/bifrost-codes/rust-eos?branch=use-rust-secp256k1#ab1b387e)
[INFO] [stderr]     Checking primitive-types v0.6.1
[INFO] [stderr]     Checking substrate-externalities v2.0.0 (https://github.com/paritytech/substrate?rev=605852eaa414ddae0bb12bb4974b9cba24ccf7db#605852ea)
[INFO] [stderr]     Checking substrate-runtime-interface v2.0.0 (https://github.com/paritytech/substrate?rev=605852eaa414ddae0bb12bb4974b9cba24ccf7db#605852ea)
[INFO] [stderr]     Checking substrate-primitives v2.0.0 (https://github.com/paritytech/substrate?rev=605852eaa414ddae0bb12bb4974b9cba24ccf7db#605852ea)
[INFO] [stderr]     Checking substrate-trie v2.0.0 (https://github.com/paritytech/substrate?rev=605852eaa414ddae0bb12bb4974b9cba24ccf7db#605852ea)
[INFO] [stderr]     Checking substrate-inherents v2.0.0 (https://github.com/paritytech/substrate?rev=605852eaa414ddae0bb12bb4974b9cba24ccf7db#605852ea)
[INFO] [stderr]     Checking frame-metadata v2.0.0 (https://github.com/paritytech/substrate?rev=605852eaa414ddae0bb12bb4974b9cba24ccf7db#605852ea)
[INFO] [stderr]     Checking substrate-state-machine v2.0.0 (https://github.com/paritytech/substrate?rev=605852eaa414ddae0bb12bb4974b9cba24ccf7db#605852ea)
[INFO] [stderr]     Checking sr-io v2.0.0 (https://github.com/paritytech/substrate?rev=605852eaa414ddae0bb12bb4974b9cba24ccf7db#605852ea)
[INFO] [stderr]     Checking substrate-application-crypto v2.0.0 (https://github.com/paritytech/substrate?rev=605852eaa414ddae0bb12bb4974b9cba24ccf7db#605852ea)
[INFO] [stdout] error: unexpected token
[INFO] [stdout]   --> /opt/rustwide/cargo-home/git/checkouts/substrate-7e08433d4c370a21/605852e/primitives/application-crypto/src/lib.rs:57:49
[INFO] [stdout]    |
[INFO] [stdout] 57 |         $crate::app_crypto_public_full_crypto!($module::Public, $key_type);
[INFO] [stdout]    |                                                       ^^
[INFO] [stdout]    | 
[INFO] [stdout]   ::: /opt/rustwide/cargo-home/git/checkouts/substrate-7e08433d4c370a21/605852e/primitives/application-crypto/src/ed25519.rs:27:5
[INFO] [stdout]    |
[INFO] [stdout] 27 |     crate::app_crypto!(super, ED25519);
[INFO] [stdout]    |     ----------------------------------- in this macro invocation
[INFO] [stdout]    |
[INFO] [stdout]    = note: this error originates in the macro `crate::app_crypto` (in Nightly builds, run with -Z macro-backtrace for more info)
[INFO] [stdout] 
[INFO] [stdout] 
[INFO] [stdout] error: unexpected token
[INFO] [stdout]   --> /opt/rustwide/cargo-home/git/checkouts/substrate-7e08433d4c370a21/605852e/primitives/application-crypto/src/lib.rs:59:52
[INFO] [stdout]    |
[INFO] [stdout] 59 |         $crate::app_crypto_signature_full_crypto!($module::Signature, $key_type);
[INFO] [stdout]    |                                                          ^^
[INFO] [stdout]    | 
[INFO] [stdout]   ::: /opt/rustwide/cargo-home/git/checkouts/substrate-7e08433d4c370a21/605852e/primitives/application-crypto/src/ed25519.rs:27:5
[INFO] [stdout]    |
[INFO] [stdout] 27 |     crate::app_crypto!(super, ED25519);
[INFO] [stdout]    |     ----------------------------------- in this macro invocation
[INFO] [stdout]    |
[INFO] [stdout]    = note: this error originates in the macro `crate::app_crypto` (in Nightly builds, run with -Z macro-backtrace for more info)
[INFO] [stdout] 
[INFO] [stdout] 
[INFO] [stdout] error: unexpected token
[INFO] [stdout]   --> /opt/rustwide/cargo-home/git/checkouts/substrate-7e08433d4c370a21/605852e/primitives/application-crypto/src/lib.rs:57:49
[INFO] [stdout]    |
[INFO] [stdout] 57 |         $crate::app_crypto_public_full_crypto!($module::Public, $key_type);
[INFO] [stdout]    |                                                       ^^
[INFO] [stdout]    | 
[INFO] [stdout]   ::: /opt/rustwide/cargo-home/git/checkouts/substrate-7e08433d4c370a21/605852e/primitives/application-crypto/src/sr25519.rs:27:5
[INFO] [stdout]    |
[INFO] [stdout] 27 |     crate::app_crypto!(super, SR25519);
[INFO] [stdout]    |     ----------------------------------- in this macro invocation
[INFO] [stdout]    |
[INFO] [stdout]    = note: this error originates in the macro `crate::app_crypto` (in Nightly builds, run with -Z macro-backtrace for more info)
[INFO] [stdout] 
[INFO] [stdout] 
[INFO] [stdout] error: unexpected token
[INFO] [stdout]   --> /opt/rustwide/cargo-home/git/checkouts/substrate-7e08433d4c370a21/605852e/primitives/application-crypto/src/lib.rs:59:52
[INFO] [stdout]    |
[INFO] [stdout] 59 |         $crate::app_crypto_signature_full_crypto!($module::Signature, $key_type);
[INFO] [stdout]    |                                                          ^^
[INFO] [stdout]    | 
[INFO] [stdout]   ::: /opt/rustwide/cargo-home/git/checkouts/substrate-7e08433d4c370a21/605852e/primitives/application-crypto/src/sr25519.rs:27:5
[INFO] [stdout]    |
[INFO] [stdout] 27 |     crate::app_crypto!(super, SR25519);
[INFO] [stdout]    |     ----------------------------------- in this macro invocation
[INFO] [stdout]    |
[INFO] [stdout]    = note: this error originates in the macro `crate::app_crypto` (in Nightly builds, run with -Z macro-backtrace for more info)
[INFO] [stdout] 
[INFO] [stdout] 
[INFO] [stdout] error[E0277]: `ed25519::app::Public` doesn't implement `std::fmt::Debug`
[INFO] [stdout]    --> /opt/rustwide/cargo-home/git/checkouts/substrate-7e08433d4c370a21/605852e/primitives/application-crypto/src/lib.rs:277:8
[INFO] [stdout]     |
[INFO] [stdout] 277 |         impl $crate::AppPublic for Public {
[INFO] [stdout]     |              ^^^^^^^^^^^^^^^^^ `ed25519::app::Public` cannot be formatted using `{:?}`
[INFO] [stdout]     | 
[INFO] [stdout]    ::: /opt/rustwide/cargo-home/git/checkouts/substrate-7e08433d4c370a21/605852e/primitives/application-crypto/src/traits.rs:62:11
[INFO] [stdout]     |
[INFO] [stdout] 62  | pub trait AppPublic:
[INFO] [stdout]     |           --------- required by a bound in this
[INFO] [stdout] 63  |     AppKey + Public + Ord + PartialOrd + Eq + PartialEq + Debug + MaybeHash + codec::Codec
[INFO] [stdout]     |                                                           ----- required by this bound in `traits::AppPublic`
[INFO] [stdout]     | 
[INFO] [stdout]    ::: /opt/rustwide/cargo-home/git/checkouts/substrate-7e08433d4c370a21/605852e/primitives/application-crypto/src/ed25519.rs:27:5
[INFO] [stdout]     |
[INFO] [stdout] 27  |     crate::app_crypto!(super, ED25519);
[INFO] [stdout]     |     ----------------------------------- in this macro invocation
[INFO] [stdout]     |
[INFO] [stdout]     = help: the trait `std::fmt::Debug` is not implemented for `ed25519::app::Public`
[INFO] [stdout]     = note: add `#[derive(Debug)]` to `ed25519::app::Public` or manually `impl std::fmt::Debug for ed25519::app::Public`
[INFO] [stdout]     = note: this error originates in the macro `$crate::app_crypto_public_common` (in Nightly builds, run with -Z macro-backtrace for more info)
[INFO] [stdout] 
[INFO] [stdout] 
[INFO] [stdout] error[E0277]: the trait bound `ed25519::app::Public: WrapperTypeEncode` is not satisfied
[INFO] [stdout]    --> /opt/rustwide/cargo-home/git/checkouts/substrate-7e08433d4c370a21/605852e/primitives/application-crypto/src/lib.rs:277:8
[INFO] [stdout]     |
[INFO] [stdout] 277 |         impl $crate::AppPublic for Public {
[INFO] [stdout]     |              ^^^^^^^^^^^^^^^^^ the trait `WrapperTypeEncode` is not implemented for `ed25519::app::Public`
[INFO] [stdout]     | 
[INFO] [stdout]    ::: /opt/rustwide/cargo-home/git/checkouts/substrate-7e08433d4c370a21/605852e/primitives/application-crypto/src/traits.rs:62:11
[INFO] [stdout]     |
[INFO] [stdout] 62  | pub trait AppPublic:
[INFO] [stdout]     |           --------- required by a bound in this
[INFO] [stdout] 63  |     AppKey + Public + Ord + PartialOrd + Eq + PartialEq + Debug + MaybeHash + codec::Codec
[INFO] [stdout]     |                                                                               ------------ required by this bound in `traits::AppPublic`
[INFO] [stdout]     | 
[INFO] [stdout]    ::: /opt/rustwide/cargo-home/git/checkouts/substrate-7e08433d4c370a21/605852e/primitives/application-crypto/src/ed25519.rs:27:5
[INFO] [stdout]     |
[INFO] [stdout] 27  |     crate::app_crypto!(super, ED25519);
[INFO] [stdout]     |     ----------------------------------- in this macro invocation
[INFO] [stdout]     |
[INFO] [stdout]     = note: required because of the requirements on the impl of `Encode` for `ed25519::app::Public`
[INFO] [stdout]     = note: this error originates in the macro `$crate::app_crypto_public_common` (in Nightly builds, run with -Z macro-backtrace for more info)
[INFO] [stdout] 
[INFO] [stdout] 
[INFO] [stdout] error[E0277]: the trait bound `ed25519::app::Public: WrapperTypeDecode` is not satisfied
[INFO] [stdout]    --> /opt/rustwide/cargo-home/git/checkouts/substrate-7e08433d4c370a21/605852e/primitives/application-crypto/src/lib.rs:277:8
[INFO] [stdout]     |
[INFO] [stdout] 277 |         impl $crate::AppPublic for Public {
[INFO] [stdout]     |              ^^^^^^^^^^^^^^^^^ the trait `WrapperTypeDecode` is not implemented for `ed25519::app::Public`
[INFO] [stdout]     | 
[INFO] [stdout]    ::: /opt/rustwide/cargo-home/git/checkouts/substrate-7e08433d4c370a21/605852e/primitives/application-crypto/src/traits.rs:62:11
[INFO] [stdout]     |
[INFO] [stdout] 62  | pub trait AppPublic:
[INFO] [stdout]     |           --------- required by a bound in this
[INFO] [stdout] 63  |     AppKey + Public + Ord + PartialOrd + Eq + PartialEq + Debug + MaybeHash + codec::Codec
[INFO] [stdout]     |                                                                               ------------ required by this bound in `traits::AppPublic`
[INFO] [stdout]     | 
[INFO] [stdout]    ::: /opt/rustwide/cargo-home/git/checkouts/substrate-7e08433d4c370a21/605852e/primitives/application-crypto/src/ed25519.rs:27:5
[INFO] [stdout]     |
[INFO] [stdout] 27  |     crate::app_crypto!(super, ED25519);
[INFO] [stdout]     |     ----------------------------------- in this macro invocation
[INFO] [stdout]     |
[INFO] [stdout]     = note: required because of the requirements on the impl of `Decode` for `ed25519::app::Public`
[INFO] [stdout]     = note: this error originates in the macro `$crate::app_crypto_public_common` (in Nightly builds, run with -Z macro-backtrace for more info)
[INFO] [stdout] 
[INFO] [stdout] 
[INFO] [stdout] error[E0277]: `ed25519::app::Signature` doesn't implement `std::fmt::Debug`
[INFO] [stdout]    --> /opt/rustwide/cargo-home/git/checkouts/substrate-7e08433d4c370a21/605852e/primitives/application-crypto/src/lib.rs:384:8
[INFO] [stdout]     |
[INFO] [stdout] 384 |         impl $crate::AppSignature for Signature {
[INFO] [stdout]     |              ^^^^^^^^^^^^^^^^^^^^ `ed25519::app::Signature` cannot be formatted using `{:?}`
[INFO] [stdout]     | 
[INFO] [stdout]    ::: /opt/rustwide/cargo-home/git/checkouts/substrate-7e08433d4c370a21/605852e/primitives/application-crypto/src/traits.rs:78:51
[INFO] [stdout]     |
[INFO] [stdout] 78  | pub trait AppSignature: AppKey + Eq + PartialEq + Debug + MaybeHash {
[INFO] [stdout]     |                                                   ----- required by this bound in `traits::AppSignature`
[INFO] [stdout]     | 
[INFO] [stdout]    ::: /opt/rustwide/cargo-home/git/checkouts/substrate-7e08433d4c370a21/605852e/primitives/application-crypto/src/ed25519.rs:27:5
[INFO] [stdout]     |
[INFO] [stdout] 27  |     crate::app_crypto!(super, ED25519);
[INFO] [stdout]     |     ----------------------------------- in this macro invocation
[INFO] [stdout]     |
[INFO] [stdout]     = help: the trait `std::fmt::Debug` is not implemented for `ed25519::app::Signature`
[INFO] [stdout]     = note: add `#[derive(Debug)]` to `ed25519::app::Signature` or manually `impl std::fmt::Debug for ed25519::app::Signature`
[INFO] [stdout]     = note: this error originates in the macro `$crate::app_crypto_signature_common` (in Nightly builds, run with -Z macro-backtrace for more info)
[INFO] [stdout] 
[INFO] [stdout] 
[INFO] [stdout] error[E0277]: `sr25519::app::Public` doesn't implement `std::fmt::Debug`
[INFO] [stdout]    --> /opt/rustwide/cargo-home/git/checkouts/substrate-7e08433d4c370a21/605852e/primitives/application-crypto/src/lib.rs:277:8
[INFO] [stdout]     |
[INFO] [stdout] 277 |         impl $crate::AppPublic for Public {
[INFO] [stdout]     |              ^^^^^^^^^^^^^^^^^ `sr25519::app::Public` cannot be formatted using `{:?}`
[INFO] [stdout]     | 
[INFO] [stdout]    ::: /opt/rustwide/cargo-home/git/checkouts/substrate-7e08433d4c370a21/605852e/primitives/application-crypto/src/traits.rs:62:11
[INFO] [stdout]     |
[INFO] [stdout] 62  | pub trait AppPublic:
[INFO] [stdout]     |           --------- required by a bound in this
[INFO] [stdout] 63  |     AppKey + Public + Ord + PartialOrd + Eq + PartialEq + Debug + MaybeHash + codec::Codec
[INFO] [stdout]     |                                                           ----- required by this bound in `traits::AppPublic`
[INFO] [stdout]     | 
[INFO] [stdout]    ::: /opt/rustwide/cargo-home/git/checkouts/substrate-7e08433d4c370a21/605852e/primitives/application-crypto/src/sr25519.rs:27:5
[INFO] [stdout]     |
[INFO] [stdout] 27  |     crate::app_crypto!(super, SR25519);
[INFO] [stdout]     |     ----------------------------------- in this macro invocation
[INFO] [stdout]     |
[INFO] [stdout]     = help: the trait `std::fmt::Debug` is not implemented for `sr25519::app::Public`
[INFO] [stdout]     = note: add `#[derive(Debug)]` to `sr25519::app::Public` or manually `impl std::fmt::Debug for sr25519::app::Public`
[INFO] [stdout]     = note: this error originates in the macro `$crate::app_crypto_public_common` (in Nightly builds, run with -Z macro-backtrace for more info)
[INFO] [stdout] 
[INFO] [stdout] 
[INFO] [stdout] error[E0277]: the trait bound `sr25519::app::Public: WrapperTypeEncode` is not satisfied
[INFO] [stdout]    --> /opt/rustwide/cargo-home/git/checkouts/substrate-7e08433d4c370a21/605852e/primitives/application-crypto/src/lib.rs:277:8
[INFO] [stdout]     |
[INFO] [stdout] 277 |         impl $crate::AppPublic for Public {
[INFO] [stdout]     |              ^^^^^^^^^^^^^^^^^ the trait `WrapperTypeEncode` is not implemented for `sr25519::app::Public`
[INFO] [stdout]     | 
[INFO] [stdout]    ::: /opt/rustwide/cargo-home/git/checkouts/substrate-7e08433d4c370a21/605852e/primitives/application-crypto/src/traits.rs:62:11
[INFO] [stdout]     |
[INFO] [stdout] 62  | pub trait AppPublic:
[INFO] [stdout]     |           --------- required by a bound in this
[INFO] [stdout] 63  |     AppKey + Public + Ord + PartialOrd + Eq + PartialEq + Debug + MaybeHash + codec::Codec
[INFO] [stdout]     |                                                                               ------------ required by this bound in `traits::AppPublic`
[INFO] [stdout]     | 
[INFO] [stdout]    ::: /opt/rustwide/cargo-home/git/checkouts/substrate-7e08433d4c370a21/605852e/primitives/application-crypto/src/sr25519.rs:27:5
[INFO] [stdout]     |
[INFO] [stdout] 27  |     crate::app_crypto!(super, SR25519);
[INFO] [stdout]     |     ----------------------------------- in this macro invocation
[INFO] [stdout]     |
[INFO] [stdout]     = note: required because of the requirements on the impl of `Encode` for `sr25519::app::Public`
[INFO] [stdout]     = note: this error originates in the macro `$crate::app_crypto_public_common` (in Nightly builds, run with -Z macro-backtrace for more info)
[INFO] [stdout] 
[INFO] [stdout] 
[INFO] [stdout] error[E0277]: the trait bound `sr25519::app::Public: WrapperTypeDecode` is not satisfied
[INFO] [stdout]    --> /opt/rustwide/cargo-home/git/checkouts/substrate-7e08433d4c370a21/605852e/primitives/application-crypto/src/lib.rs:277:8
[INFO] [stdout]     |
[INFO] [stdout] 277 |         impl $crate::AppPublic for Public {
[INFO] [stdout]     |              ^^^^^^^^^^^^^^^^^ the trait `WrapperTypeDecode` is not implemented for `sr25519::app::Public`
[INFO] [stdout]     | 
[INFO] [stdout]    ::: /opt/rustwide/cargo-home/git/checkouts/substrate-7e08433d4c370a21/605852e/primitives/application-crypto/src/traits.rs:62:11
[INFO] [stdout]     |
[INFO] [stdout] 62  | pub trait AppPublic:
[INFO] [stdout]     |           --------- required by a bound in this
[INFO] [stdout] 63  |     AppKey + Public + Ord + PartialOrd + Eq + PartialEq + Debug + MaybeHash + codec::Codec
[INFO] [stdout]     |                                                                               ------------ required by this bound in `traits::AppPublic`
[INFO] [stdout]     | 
[INFO] [stdout]    ::: /opt/rustwide/cargo-home/git/checkouts/substrate-7e08433d4c370a21/605852e/primitives/application-crypto/src/sr25519.rs:27:5
[INFO] [stdout]     |
[INFO] [stdout] 27  |     crate::app_crypto!(super, SR25519);
[INFO] [stdout]     |     ----------------------------------- in this macro invocation
[INFO] [stdout]     |
[INFO] [stdout]     = note: required because of the requirements on the impl of `Decode` for `sr25519::app::Public`
[INFO] [stdout]     = note: this error originates in the macro `$crate::app_crypto_public_common` (in Nightly builds, run with -Z macro-backtrace for more info)
[INFO] [stdout] 
[INFO] [stdout] 
[INFO] [stdout] error[E0277]: `sr25519::app::Signature` doesn't implement `std::fmt::Debug`
[INFO] [stdout]    --> /opt/rustwide/cargo-home/git/checkouts/substrate-7e08433d4c370a21/605852e/primitives/application-crypto/src/lib.rs:384:8
[INFO] [stdout]     |
[INFO] [stdout] 384 |         impl $crate::AppSignature for Signature {
[INFO] [stdout]     |              ^^^^^^^^^^^^^^^^^^^^ `sr25519::app::Signature` cannot be formatted using `{:?}`
[INFO] [stdout]     | 
[INFO] [stdout]    ::: /opt/rustwide/cargo-home/git/checkouts/substrate-7e08433d4c370a21/605852e/primitives/application-crypto/src/traits.rs:78:51
[INFO] [stdout]     |
[INFO] [stdout] 78  | pub trait AppSignature: AppKey + Eq + PartialEq + Debug + MaybeHash {
[INFO] [stdout]     |                                                   ----- required by this bound in `traits::AppSignature`
[INFO] [stdout]     | 
[INFO] [stdout]    ::: /opt/rustwide/cargo-home/git/checkouts/substrate-7e08433d4c370a21/605852e/primitives/application-crypto/src/sr25519.rs:27:5
[INFO] [stdout]     |
[INFO] [stdout] 27  |     crate::app_crypto!(super, SR25519);
[INFO] [stdout]     |     ----------------------------------- in this macro invocation
[INFO] [stdout]     |
[INFO] [stdout]     = help: the trait `std::fmt::Debug` is not implemented for `sr25519::app::Signature`
[INFO] [stdout]     = note: add `#[derive(Debug)]` to `sr25519::app::Signature` or manually `impl std::fmt::Debug for sr25519::app::Signature`
[INFO] [stdout]     = note: this error originates in the macro `$crate::app_crypto_signature_common` (in Nightly builds, run with -Z macro-backtrace for more info)
[INFO] [stdout] 
[INFO] [stdout] 
[INFO] [stdout] error: aborting due to 12 previous errors
[INFO] [stdout] 
[INFO] [stdout] 
[INFO] [stdout] For more information about this error, try `rustc --explain E0277`.
[INFO] [stdout] 
[INFO] [stderr] error: could not compile `substrate-application-crypto` due to 13 previous errors
[INFO] running `Command { std: "docker" "inspect" "a0290d6e05a08a69288f1b6bd6dc7611e3f1caa9dc8371901114939e22ea324d", kill_on_drop: false }`
[INFO] running `Command { std: "docker" "rm" "-f" "a0290d6e05a08a69288f1b6bd6dc7611e3f1caa9dc8371901114939e22ea324d", kill_on_drop: false }`
[INFO] [stdout] a0290d6e05a08a69288f1b6bd6dc7611e3f1caa9dc8371901114939e22ea324d
