[INFO] cloning repository https://github.com/bgreni/NES-rs
[INFO] running `Command { std: "git" "-c" "credential.helper=" "-c" "credential.helper=/workspace/cargo-home/bin/git-credential-null" "clone" "--bare" "https://github.com/bgreni/NES-rs" "/workspace/cache/git-repos/https%3A%2F%2Fgithub.com%2Fbgreni%2FNES-rs", kill_on_drop: false }`
[INFO] [stderr] Cloning into bare repository '/workspace/cache/git-repos/https%3A%2F%2Fgithub.com%2Fbgreni%2FNES-rs'...
[INFO] running `Command { std: "git" "rev-parse" "HEAD", kill_on_drop: false }`
[INFO] [stdout] 132c87c9107c7c5ad7611e5b81567a537dfa882c
[INFO] checking bgreni/NES-rs against beta-2021-10-15 for beta-1.56-3
[INFO] running `Command { std: "git" "clone" "/workspace/cache/git-repos/https%3A%2F%2Fgithub.com%2Fbgreni%2FNES-rs" "/workspace/builds/worker-3/source", kill_on_drop: false }`
[INFO] [stderr] Cloning into '/workspace/builds/worker-3/source'...
[INFO] [stderr] done.
[INFO] validating manifest of git repo https://github.com/bgreni/NES-rs on toolchain beta-2021-10-15
[INFO] running `Command { std: "/workspace/cargo-home/bin/cargo" "+beta-2021-10-15" "metadata" "--manifest-path" "Cargo.toml" "--no-deps", kill_on_drop: false }`
[INFO] started tweaking git repo https://github.com/bgreni/NES-rs
[INFO] finished tweaking git repo https://github.com/bgreni/NES-rs
[INFO] tweaked toml for git repo https://github.com/bgreni/NES-rs written to /workspace/builds/worker-3/source/Cargo.toml
[INFO] crate git repo https://github.com/bgreni/NES-rs already has a lockfile, it will not be regenerated
[INFO] running `Command { std: "/workspace/cargo-home/bin/cargo" "+beta-2021-10-15" "fetch" "--manifest-path" "Cargo.toml", kill_on_drop: false }`
[INFO] running `Command { std: "docker" "create" "-v" "/var/lib/crater-agent-workspace/builds/worker-3/target:/opt/rustwide/target:rw,Z" "-v" "/var/lib/crater-agent-workspace/builds/worker-3/source:/opt/rustwide/workdir:ro,Z" "-v" "/var/lib/crater-agent-workspace/cargo-home:/opt/rustwide/cargo-home:ro,Z" "-v" "/var/lib/crater-agent-workspace/rustup-home:/opt/rustwide/rustup-home:ro,Z" "-e" "SOURCE_DIR=/opt/rustwide/workdir" "-e" "CARGO_TARGET_DIR=/opt/rustwide/target" "-e" "CARGO_HOME=/opt/rustwide/cargo-home" "-e" "RUSTUP_HOME=/opt/rustwide/rustup-home" "-w" "/opt/rustwide/workdir" "-m" "1610612736" "--user" "0:0" "--network" "none" "ghcr.io/rust-lang/crates-build-env/linux@sha256:a89201d6b5b9fd45c15d5952ece0a0129e7e80cb26ec023fd59cf09bc26f1604" "/opt/rustwide/cargo-home/bin/cargo" "+beta-2021-10-15" "metadata" "--no-deps" "--format-version=1", kill_on_drop: false }`
[INFO] [stdout] 2ca6617f1782baa514be6d4a2f6de4c0a73939358802f1dd011a9bffb809f897
[INFO] [stderr] WARNING: Your kernel does not support swap limit capabilities or the cgroup is not mounted. Memory limited without swap.
[INFO] running `Command { std: "docker" "start" "-a" "2ca6617f1782baa514be6d4a2f6de4c0a73939358802f1dd011a9bffb809f897", kill_on_drop: false }`
[INFO] running `Command { std: "docker" "inspect" "2ca6617f1782baa514be6d4a2f6de4c0a73939358802f1dd011a9bffb809f897", kill_on_drop: false }`
[INFO] running `Command { std: "docker" "rm" "-f" "2ca6617f1782baa514be6d4a2f6de4c0a73939358802f1dd011a9bffb809f897", kill_on_drop: false }`
[INFO] [stdout] 2ca6617f1782baa514be6d4a2f6de4c0a73939358802f1dd011a9bffb809f897
[INFO] running `Command { std: "docker" "create" "-v" "/var/lib/crater-agent-workspace/builds/worker-3/target:/opt/rustwide/target:rw,Z" "-v" "/var/lib/crater-agent-workspace/builds/worker-3/source:/opt/rustwide/workdir:ro,Z" "-v" "/var/lib/crater-agent-workspace/cargo-home:/opt/rustwide/cargo-home:ro,Z" "-v" "/var/lib/crater-agent-workspace/rustup-home:/opt/rustwide/rustup-home:ro,Z" "-e" "SOURCE_DIR=/opt/rustwide/workdir" "-e" "CARGO_TARGET_DIR=/opt/rustwide/target" "-e" "CARGO_INCREMENTAL=0" "-e" "RUST_BACKTRACE=full" "-e" "RUSTFLAGS=--cap-lints=warn" "-e" "CARGO_HOME=/opt/rustwide/cargo-home" "-e" "RUSTUP_HOME=/opt/rustwide/rustup-home" "-w" "/opt/rustwide/workdir" "-m" "1610612736" "--user" "0:0" "--network" "none" "ghcr.io/rust-lang/crates-build-env/linux@sha256:a89201d6b5b9fd45c15d5952ece0a0129e7e80cb26ec023fd59cf09bc26f1604" "/opt/rustwide/cargo-home/bin/cargo" "+beta-2021-10-15" "check" "--frozen" "--all" "--all-targets" "--message-format=json", kill_on_drop: false }`
[INFO] [stdout] d30eb9e567fc84031902a498774ebfddaad9be365490f19067d44edd63a0e8ed
[INFO] [stderr] WARNING: Your kernel does not support swap limit capabilities or the cgroup is not mounted. Memory limited without swap.
[INFO] running `Command { std: "docker" "start" "-a" "d30eb9e567fc84031902a498774ebfddaad9be365490f19067d44edd63a0e8ed", kill_on_drop: false }`
[INFO] [stderr]    Compiling num-derive v0.3.3
[INFO] [stderr]     Checking Nes-rs v0.1.0 (/opt/rustwide/workdir)
[INFO] [stdout] error[E0583]: file not found for module `timing`
[INFO] [stdout]  --> src/hardware/mod.rs:5:1
[INFO] [stdout]   |
[INFO] [stdout] 5 | mod timing;
[INFO] [stdout]   | ^^^^^^^^^^^
[INFO] [stdout]   |
[INFO] [stdout]   = help: to create the module `timing`, create file "src/hardware/timing.rs" or "src/hardware/timing/mod.rs"
[INFO] [stdout] 
[INFO] [stdout] 
[INFO] [stdout] error[E0583]: file not found for module `debug`
[INFO] [stdout]  --> src/hardware/mod.rs:6:1
[INFO] [stdout]   |
[INFO] [stdout] 6 | mod debug;
[INFO] [stdout]   | ^^^^^^^^^^
[INFO] [stdout]   |
[INFO] [stdout]   = help: to create the module `debug`, create file "src/hardware/debug.rs" or "src/hardware/debug/mod.rs"
[INFO] [stdout] 
[INFO] [stdout] 
[INFO] [stdout] error[E0583]: file not found for module `timing`
[INFO] [stdout]  --> src/hardware/mod.rs:5:1
[INFO] [stdout]   |
[INFO] [stdout] 5 | mod timing;
[INFO] [stdout]   | ^^^^^^^^^^^
[INFO] [stdout]   |
[INFO] [stdout]   = help: to create the module `timing`, create file "src/hardware/timing.rs" or "src/hardware/timing/mod.rs"
[INFO] [stdout] 
[INFO] [stdout] 
[INFO] [stdout] error[E0583]: file not found for module `debug`
[INFO] [stdout]  --> src/hardware/mod.rs:6:1
[INFO] [stdout]   |
[INFO] [stdout] 6 | mod debug;
[INFO] [stdout]   | ^^^^^^^^^^
[INFO] [stdout]   |
[INFO] [stdout]   = help: to create the module `debug`, create file "src/hardware/debug.rs" or "src/hardware/debug/mod.rs"
[INFO] [stdout] 
[INFO] [stdout] 
[INFO] [stdout] error[E0432]: unresolved import `crate::hardware::debug::DebugUtils`
[INFO] [stdout]  --> src/hardware/memory.rs:2:5
[INFO] [stdout]   |
[INFO] [stdout] 2 | use crate::hardware::debug::DebugUtils;
[INFO] [stdout]   |     ^^^^^^^^^^^^^^^^^^^^^^^^^^^^^^^^^^ no `DebugUtils` in `hardware::debug`
[INFO] [stdout] 
[INFO] [stdout] 
[INFO] [stdout] warning: unused import: `num_traits::FromPrimitive`
[INFO] [stdout]  --> src/hardware/cpu.rs:5:5
[INFO] [stdout]   |
[INFO] [stdout] 5 | use num_traits::FromPrimitive;
[INFO] [stdout]   |     ^^^^^^^^^^^^^^^^^^^^^^^^^
[INFO] [stdout]   |
[INFO] [stdout]   = note: `#[warn(unused_imports)]` on by default
[INFO] [stdout] 
[INFO] [stdout] 
[INFO] [stdout] error[E0432]: unresolved import `crate::hardware::debug::DebugUtils`
[INFO] [stdout]  --> src/hardware/memory.rs:2:5
[INFO] [stdout]   |
[INFO] [stdout] 2 | use crate::hardware::debug::DebugUtils;
[INFO] [stdout]   |     ^^^^^^^^^^^^^^^^^^^^^^^^^^^^^^^^^^ no `DebugUtils` in `hardware::debug`
[INFO] [stdout] 
[INFO] [stdout] 
[INFO] [stdout] warning: unused import: `num_traits::FromPrimitive`
[INFO] [stdout]  --> src/hardware/cpu.rs:5:5
[INFO] [stdout]   |
[INFO] [stdout] 5 | use num_traits::FromPrimitive;
[INFO] [stdout]   |     ^^^^^^^^^^^^^^^^^^^^^^^^^
[INFO] [stdout]   |
[INFO] [stdout]   = note: `#[warn(unused_imports)]` on by default
[INFO] [stdout] 
[INFO] [stdout] 
[INFO] [stdout] warning: unused import: `num_traits::FromPrimitive`
[INFO] [stdout]  --> src/hardware/instruction.rs:2:5
[INFO] [stdout]   |
[INFO] [stdout] 2 | use num_traits::FromPrimitive;
[INFO] [stdout]   |     ^^^^^^^^^^^^^^^^^^^^^^^^^
[INFO] [stdout] 
[INFO] [stdout] 
[INFO] [stdout] error: aborting due to 3 previous errors; 2 warnings emitted
[INFO] [stdout] 
[INFO] [stdout] 
[INFO] [stdout] Some errors have detailed explanations: E0432, E0583.
[INFO] [stdout] 
[INFO] [stdout] For more information about an error, try `rustc --explain E0432`.
[INFO] [stdout] 
[INFO] [stderr] error: could not compile `Nes-rs` due to 4 previous errors; 2 warnings emitted
[INFO] [stderr] warning: build failed, waiting for other jobs to finish...
[INFO] [stdout] error: aborting due to 3 previous errors; 1 warning emitted
[INFO] [stdout] 
[INFO] [stdout] 
[INFO] [stdout] Some errors have detailed explanations: E0432, E0583.
[INFO] [stdout] 
[INFO] [stdout] For more information about an error, try `rustc --explain E0432`.
[INFO] [stdout] 
[INFO] [stderr] error: build failed
[INFO] running `Command { std: "docker" "inspect" "d30eb9e567fc84031902a498774ebfddaad9be365490f19067d44edd63a0e8ed", kill_on_drop: false }`
[INFO] running `Command { std: "docker" "rm" "-f" "d30eb9e567fc84031902a498774ebfddaad9be365490f19067d44edd63a0e8ed", kill_on_drop: false }`
[INFO] [stdout] d30eb9e567fc84031902a498774ebfddaad9be365490f19067d44edd63a0e8ed
