[INFO] cloning repository https://github.com/bfops/opencl-raytrace
[INFO] running `Command { std: "git" "-c" "credential.helper=" "-c" "credential.helper=/workspace/cargo-home/bin/git-credential-null" "clone" "--bare" "https://github.com/bfops/opencl-raytrace" "/workspace/cache/git-repos/https%3A%2F%2Fgithub.com%2Fbfops%2Fopencl-raytrace", kill_on_drop: false }`
[INFO] [stderr] Cloning into bare repository '/workspace/cache/git-repos/https%3A%2F%2Fgithub.com%2Fbfops%2Fopencl-raytrace'...
[INFO] running `Command { std: "git" "rev-parse" "HEAD", kill_on_drop: false }`
[INFO] [stdout] 0a2646180032e1292095b2e122e9d55bb02e18fa
[INFO] checking bfops/opencl-raytrace against beta-2021-10-15 for beta-1.56-3
[INFO] running `Command { std: "git" "clone" "/workspace/cache/git-repos/https%3A%2F%2Fgithub.com%2Fbfops%2Fopencl-raytrace" "/workspace/builds/worker-4/source", kill_on_drop: false }`
[INFO] [stderr] Cloning into '/workspace/builds/worker-4/source'...
[INFO] [stderr] done.
[INFO] validating manifest of git repo https://github.com/bfops/opencl-raytrace on toolchain beta-2021-10-15
[INFO] running `Command { std: "/workspace/cargo-home/bin/cargo" "+beta-2021-10-15" "metadata" "--manifest-path" "Cargo.toml" "--no-deps", kill_on_drop: false }`
[INFO] started tweaking git repo https://github.com/bfops/opencl-raytrace
[INFO] finished tweaking git repo https://github.com/bfops/opencl-raytrace
[INFO] tweaked toml for git repo https://github.com/bfops/opencl-raytrace written to /workspace/builds/worker-4/source/Cargo.toml
[INFO] crate git repo https://github.com/bfops/opencl-raytrace already has a lockfile, it will not be regenerated
[INFO] running `Command { std: "/workspace/cargo-home/bin/cargo" "+beta-2021-10-15" "fetch" "--manifest-path" "Cargo.toml", kill_on_drop: false }`
[INFO] [stderr] warning: An explicit [[bin]] section is specified in Cargo.toml which currently
[INFO] [stderr] disables Cargo from automatically inferring other binary targets.
[INFO] [stderr] This inference behavior will change in the Rust 2018 edition and the following
[INFO] [stderr] files will be included as a binary target:
[INFO] [stderr] 
[INFO] [stderr] * /workspace/builds/worker-4/source/src/main.rs
[INFO] [stderr] 
[INFO] [stderr] This is likely to break cargo build or cargo test as these files may not be
[INFO] [stderr] ready to be compiled as a binary target today. You can future-proof yourself
[INFO] [stderr] and disable this warning by adding `autobins = false` to your [package]
[INFO] [stderr] section. You may also move the files to a location where Cargo would not
[INFO] [stderr] automatically infer them to be a target, such as in subfolders.
[INFO] [stderr] 
[INFO] [stderr] For more information on this warning you can consult
[INFO] [stderr] https://github.com/rust-lang/cargo/issues/5330
[INFO] [stderr]     Blocking waiting for file lock on package cache
[INFO] [stderr]     Updating git repository `https://github.com/luqmana/rust-opencl`
[INFO] [stderr]     Blocking waiting for file lock on package cache
[INFO] [stderr]  Downloading crates ...
[INFO] [stderr]   Downloaded wayland-sys v0.5.9
[INFO] [stderr]   Downloaded byteorder v0.5.1
[INFO] [stderr]   Downloaded shared_library v0.1.4
[INFO] [stderr]   Downloaded core-foundation v0.2.1
[INFO] [stderr]   Downloaded gleam v0.2.15
[INFO] [stderr]   Downloaded cgl v0.1.4
[INFO] [stderr]   Downloaded android_glue v0.1.3
[INFO] [stderr]   Downloaded smallvec v0.1.7
[INFO] [stderr]   Downloaded cocoa v0.3.0
[INFO] [stderr]   Downloaded cgmath v0.9.1
[INFO] [stderr]   Downloaded num-rational v0.1.32
[INFO] [stderr]   Downloaded num-complex v0.1.32
[INFO] [stderr]   Downloaded num-bigint v0.1.32
[INFO] [stderr]   Downloaded debug-builders v0.1.0
[INFO] [stderr]   Downloaded x11-dl v2.4.0
[INFO] [stderr]   Downloaded rustc-serialize v0.3.19
[INFO] [stderr]   Downloaded backtrace v0.1.8
[INFO] [stderr]   Downloaded num v0.1.32
[INFO] [stderr]   Downloaded num-traits v0.1.32
[INFO] [stderr]   Downloaded tempfile v2.1.3
[INFO] [stderr]   Downloaded gl_generator v0.5.1
[INFO] [stderr]   Downloaded crossbeam v0.1.6
[INFO] [stderr]   Downloaded libloading v0.2.1
[INFO] [stderr]   Downloaded dylib v0.0.1
[INFO] [stderr]   Downloaded glium v0.14.0
[INFO] [stderr]   Downloaded winapi v0.2.6
[INFO] [stderr]   Downloaded dlib v0.3.0
[INFO] [stderr]   Downloaded dlib v0.2.0
[INFO] [stderr]   Downloaded wayland-window v0.2.3
[INFO] [stderr]   Downloaded wayland-client v0.5.10
[INFO] [stderr]   Downloaded fs2 v0.2.4
[INFO] [stderr]   Downloaded glutin v0.5.1
[INFO] [stderr]   Downloaded backtrace-sys v0.1.3
[INFO] [stderr]   Downloaded xml-rs v0.2.2
[INFO] [stderr]   Downloaded serde v0.7.0
[INFO] [stderr]   Downloaded core-graphics v0.3.0
[INFO] [stderr]   Downloaded xml-rs v0.3.0
[INFO] [stderr]   Downloaded core-foundation-sys v0.2.1
[INFO] [stderr]   Downloaded wayland-kbd v0.3.5
[INFO] [stderr]   Downloaded objc v0.2.1
[INFO] [stderr]   Downloaded osmesa-sys v0.0.5
[INFO] [stderr]   Downloaded memmap v0.2.3
[INFO] [stderr]   Downloaded wayland-scanner v0.5.8
[INFO] [stderr]   Downloaded libc v0.2.10
[INFO] running `Command { std: "docker" "create" "-v" "/var/lib/crater-agent-workspace/builds/worker-4/target:/opt/rustwide/target:rw,Z" "-v" "/var/lib/crater-agent-workspace/builds/worker-4/source:/opt/rustwide/workdir:ro,Z" "-v" "/var/lib/crater-agent-workspace/cargo-home:/opt/rustwide/cargo-home:ro,Z" "-v" "/var/lib/crater-agent-workspace/rustup-home:/opt/rustwide/rustup-home:ro,Z" "-e" "SOURCE_DIR=/opt/rustwide/workdir" "-e" "CARGO_TARGET_DIR=/opt/rustwide/target" "-e" "CARGO_HOME=/opt/rustwide/cargo-home" "-e" "RUSTUP_HOME=/opt/rustwide/rustup-home" "-w" "/opt/rustwide/workdir" "-m" "1610612736" "--user" "0:0" "--network" "none" "ghcr.io/rust-lang/crates-build-env/linux@sha256:a89201d6b5b9fd45c15d5952ece0a0129e7e80cb26ec023fd59cf09bc26f1604" "/opt/rustwide/cargo-home/bin/cargo" "+beta-2021-10-15" "metadata" "--no-deps" "--format-version=1", kill_on_drop: false }`
[INFO] [stderr] WARNING: Your kernel does not support swap limit capabilities or the cgroup is not mounted. Memory limited without swap.
[INFO] [stdout] 9b07e83d2e54c427159c71c4083e16b9fbdcc5c5ca90e50fca3b1d231497cac6
[INFO] running `Command { std: "docker" "start" "-a" "9b07e83d2e54c427159c71c4083e16b9fbdcc5c5ca90e50fca3b1d231497cac6", kill_on_drop: false }`
[INFO] running `Command { std: "docker" "inspect" "9b07e83d2e54c427159c71c4083e16b9fbdcc5c5ca90e50fca3b1d231497cac6", kill_on_drop: false }`
[INFO] running `Command { std: "docker" "rm" "-f" "9b07e83d2e54c427159c71c4083e16b9fbdcc5c5ca90e50fca3b1d231497cac6", kill_on_drop: false }`
[INFO] [stdout] 9b07e83d2e54c427159c71c4083e16b9fbdcc5c5ca90e50fca3b1d231497cac6
[INFO] running `Command { std: "docker" "create" "-v" "/var/lib/crater-agent-workspace/builds/worker-4/target:/opt/rustwide/target:rw,Z" "-v" "/var/lib/crater-agent-workspace/builds/worker-4/source:/opt/rustwide/workdir:ro,Z" "-v" "/var/lib/crater-agent-workspace/cargo-home:/opt/rustwide/cargo-home:ro,Z" "-v" "/var/lib/crater-agent-workspace/rustup-home:/opt/rustwide/rustup-home:ro,Z" "-e" "SOURCE_DIR=/opt/rustwide/workdir" "-e" "CARGO_TARGET_DIR=/opt/rustwide/target" "-e" "CARGO_INCREMENTAL=0" "-e" "RUST_BACKTRACE=full" "-e" "RUSTFLAGS=--cap-lints=warn" "-e" "CARGO_HOME=/opt/rustwide/cargo-home" "-e" "RUSTUP_HOME=/opt/rustwide/rustup-home" "-w" "/opt/rustwide/workdir" "-m" "1610612736" "--user" "0:0" "--network" "none" "ghcr.io/rust-lang/crates-build-env/linux@sha256:a89201d6b5b9fd45c15d5952ece0a0129e7e80cb26ec023fd59cf09bc26f1604" "/opt/rustwide/cargo-home/bin/cargo" "+beta-2021-10-15" "check" "--frozen" "--all" "--all-targets" "--message-format=json", kill_on_drop: false }`
[INFO] [stderr] WARNING: Your kernel does not support swap limit capabilities or the cgroup is not mounted. Memory limited without swap.
[INFO] [stdout] 396bb0f69985f2c241e3d94324a7f062f4fd61d74603de86ecc06c7c2799c8ea
[INFO] running `Command { std: "docker" "start" "-a" "396bb0f69985f2c241e3d94324a7f062f4fd61d74603de86ecc06c7c2799c8ea", kill_on_drop: false }`
[INFO] [stderr] warning: An explicit [[bin]] section is specified in Cargo.toml which currently
[INFO] [stderr] disables Cargo from automatically inferring other binary targets.
[INFO] [stderr] This inference behavior will change in the Rust 2018 edition and the following
[INFO] [stderr] files will be included as a binary target:
[INFO] [stderr] 
[INFO] [stderr] * /opt/rustwide/workdir/src/main.rs
[INFO] [stderr] 
[INFO] [stderr] This is likely to break cargo build or cargo test as these files may not be
[INFO] [stderr] ready to be compiled as a binary target today. You can future-proof yourself
[INFO] [stderr] and disable this warning by adding `autobins = false` to your [package]
[INFO] [stderr] section. You may also move the files to a location where Cargo would not
[INFO] [stderr] automatically infer them to be a target, such as in subfolders.
[INFO] [stderr] 
[INFO] [stderr] For more information on this warning you can consult
[INFO] [stderr] https://github.com/rust-lang/cargo/issues/5330
[INFO] [stderr]     Blocking waiting for file lock on package cache
[INFO] [stderr]     Blocking waiting for file lock on package cache
[INFO] [stderr]     Blocking waiting for file lock on package cache
[INFO] [stderr]     Checking libc v0.2.10
[INFO] [stderr]     Checking winapi v0.2.6
[INFO] [stderr]    Compiling libloading v0.2.1
[INFO] [stderr]     Checking num-traits v0.1.32
[INFO] [stderr]    Compiling khronos_api v1.0.0
[INFO] [stderr]    Compiling log v0.3.6
[INFO] [stderr]     Checking crossbeam v0.1.6
[INFO] [stderr]     Checking rustc-serialize v0.3.19
[INFO] [stderr]    Compiling backtrace-sys v0.1.3
[INFO] [stderr]     Checking byteorder v0.5.1
[INFO] [stderr]     Checking debug-builders v0.1.0
[INFO] [stderr]     Checking cfg-if v0.1.0
[INFO] [stderr]     Checking smallvec v0.1.7
[INFO] [stderr]    Compiling xml-rs v0.2.2
[INFO] [stderr]    Compiling xml-rs v0.3.0
[INFO] [stderr]     Checking dylib v0.0.1
[INFO] [stderr]     Checking opencl v0.3.0-dev (https://github.com/luqmana/rust-opencl#f5403650)
[INFO] [stderr]    Compiling tempfile v2.1.3
[INFO] [stdout] error[E0642]: patterns aren't allowed in functions without bodies
[INFO] [stdout]    --> /opt/rustwide/cargo-home/registry/src/github.com-1ecc6299db9ec823/rustc-serialize-0.3.19/src/serialize.rs:147:45
[INFO] [stdout]     |
[INFO] [stdout] 147 | ...                   &f_name: &str,
[INFO] [stdout]     |                       ^^^^^^^ pattern not allowed in function without body
[INFO] [stdout] 
[INFO] [stdout] 
[INFO] [stderr]     Checking kernel32-sys v0.2.2
[INFO] [stderr]     Checking dbghelp-sys v0.2.0
[INFO] [stdout] error[E0512]: cannot transmute between types of different sizes, or dependently-sized types
[INFO] [stdout]   --> /opt/rustwide/cargo-home/registry/src/github.com-1ecc6299db9ec823/crossbeam-0.1.6/src/sync/seg_queue.rs:34:29
[INFO] [stdout]    |
[INFO] [stdout] 34 |             ready: unsafe { mem::transmute([0usize; SEG_SIZE]) },
[INFO] [stdout]    |                             ^^^^^^^^^^^^^^
[INFO] [stdout]    |
[INFO] [stdout]    = note: source type: `[usize; 32]` (2048 bits)
[INFO] [stdout]    = note: target type: `[AtomicBool; 32]` (256 bits)
[INFO] [stdout] 
[INFO] [stdout] 
[INFO] [stdout] error: aborting due to previous error
[INFO] [stdout] 
[INFO] [stdout] 
[INFO] [stdout] For more information about this error, try `rustc --explain E0512`.
[INFO] [stdout] 
[INFO] [stderr] error: could not compile `crossbeam` due to 2 previous errors
[INFO] [stderr] warning: build failed, waiting for other jobs to finish...
[INFO] [stdout] error[E0412]: cannot find type `StaticMutex` in module `std::sync`
[INFO] [stdout]    --> /opt/rustwide/cargo-home/git/checkouts/rust-opencl-18192c142e877e60/f540365/src/hl.rs:134:40
[INFO] [stdout]     |
[INFO] [stdout] 134 | static mut platforms_mutex: std::sync::StaticMutex = std::sync::MUTEX_INIT;
[INFO] [stdout]     |                                        ^^^^^^^^^^^ not found in `std::sync`
[INFO] [stdout] 
[INFO] [stdout] 
[INFO] [stdout] error[E0425]: cannot find value `MUTEX_INIT` in module `std::sync`
[INFO] [stdout]    --> /opt/rustwide/cargo-home/git/checkouts/rust-opencl-18192c142e877e60/f540365/src/hl.rs:134:65
[INFO] [stdout]     |
[INFO] [stdout] 134 | static mut platforms_mutex: std::sync::StaticMutex = std::sync::MUTEX_INIT;
[INFO] [stdout]     |                                                                 ^^^^^^^^^^ not found in `std::sync`
[INFO] [stdout] 
[INFO] [stdout] 
[INFO] [stdout] error[E0554]: `#![feature]` may not be used on the beta release channel
[INFO] [stdout]  --> /opt/rustwide/cargo-home/git/checkouts/rust-opencl-18192c142e877e60/f540365/src/lib.rs:5:1
[INFO] [stdout]   |
[INFO] [stdout] 5 | #![feature(static_mutex)]
[INFO] [stdout]   | ^^^^^^^^^^^^^^^^^^^^^^^^^
[INFO] [stdout] 
[INFO] [stdout] 
[INFO] [stdout] error: aborting due to 3 previous errors
[INFO] [stdout] 
[INFO] [stdout] 
[INFO] [stdout] Some errors have detailed explanations: E0412, E0425, E0554.
[INFO] [stdout] 
[INFO] [stdout] For more information about an error, try `rustc --explain E0412`.
[INFO] [stdout] 
[INFO] [stdout] error: aborting due to previous error
[INFO] [stdout] 
[INFO] [stdout] 
[INFO] [stdout] For more information about this error, try `rustc --explain E0642`.
[INFO] [stdout] 
[INFO] [stderr] error: build failed
[INFO] running `Command { std: "docker" "inspect" "396bb0f69985f2c241e3d94324a7f062f4fd61d74603de86ecc06c7c2799c8ea", kill_on_drop: false }`
[INFO] running `Command { std: "docker" "rm" "-f" "396bb0f69985f2c241e3d94324a7f062f4fd61d74603de86ecc06c7c2799c8ea", kill_on_drop: false }`
[INFO] [stdout] 396bb0f69985f2c241e3d94324a7f062f4fd61d74603de86ecc06c7c2799c8ea
