[INFO] cloning repository https://github.com/benjcollins/compiler2
[INFO] running `Command { std: "git" "-c" "credential.helper=" "-c" "credential.helper=/workspace/cargo-home/bin/git-credential-null" "clone" "--bare" "https://github.com/benjcollins/compiler2" "/workspace/cache/git-repos/https%3A%2F%2Fgithub.com%2Fbenjcollins%2Fcompiler2", kill_on_drop: false }`
[INFO] [stderr] Cloning into bare repository '/workspace/cache/git-repos/https%3A%2F%2Fgithub.com%2Fbenjcollins%2Fcompiler2'...
[INFO] running `Command { std: "git" "rev-parse" "HEAD", kill_on_drop: false }`
[INFO] [stdout] 8dad9c335ab40f3baeffc1e2b64152741f0b7f45
[INFO] checking benjcollins/compiler2 against 1.55.0 for beta-1.56-3
[INFO] running `Command { std: "git" "clone" "/workspace/cache/git-repos/https%3A%2F%2Fgithub.com%2Fbenjcollins%2Fcompiler2" "/workspace/builds/worker-0/source", kill_on_drop: false }`
[INFO] [stderr] Cloning into '/workspace/builds/worker-0/source'...
[INFO] [stderr] done.
[INFO] validating manifest of git repo https://github.com/benjcollins/compiler2 on toolchain 1.55.0
[INFO] running `Command { std: "/workspace/cargo-home/bin/cargo" "+1.55.0" "metadata" "--manifest-path" "Cargo.toml" "--no-deps", kill_on_drop: false }`
[INFO] started tweaking git repo https://github.com/benjcollins/compiler2
[INFO] finished tweaking git repo https://github.com/benjcollins/compiler2
[INFO] tweaked toml for git repo https://github.com/benjcollins/compiler2 written to /workspace/builds/worker-0/source/Cargo.toml
[INFO] crate git repo https://github.com/benjcollins/compiler2 already has a lockfile, it will not be regenerated
[INFO] running `Command { std: "/workspace/cargo-home/bin/cargo" "+1.55.0" "fetch" "--manifest-path" "Cargo.toml", kill_on_drop: false }`
[INFO] running `Command { std: "docker" "create" "-v" "/var/lib/crater-agent-workspace/builds/worker-0/target:/opt/rustwide/target:rw,Z" "-v" "/var/lib/crater-agent-workspace/builds/worker-0/source:/opt/rustwide/workdir:ro,Z" "-v" "/var/lib/crater-agent-workspace/cargo-home:/opt/rustwide/cargo-home:ro,Z" "-v" "/var/lib/crater-agent-workspace/rustup-home:/opt/rustwide/rustup-home:ro,Z" "-e" "SOURCE_DIR=/opt/rustwide/workdir" "-e" "CARGO_TARGET_DIR=/opt/rustwide/target" "-e" "CARGO_HOME=/opt/rustwide/cargo-home" "-e" "RUSTUP_HOME=/opt/rustwide/rustup-home" "-w" "/opt/rustwide/workdir" "-m" "1610612736" "--user" "0:0" "--network" "none" "ghcr.io/rust-lang/crates-build-env/linux@sha256:a89201d6b5b9fd45c15d5952ece0a0129e7e80cb26ec023fd59cf09bc26f1604" "/opt/rustwide/cargo-home/bin/cargo" "+1.55.0" "metadata" "--no-deps" "--format-version=1", kill_on_drop: false }`
[INFO] [stdout] 829faa20b97235fbf77b303fb4764428f4a316d24591f9d09b7d58737f2f9d3c
[INFO] [stderr] WARNING: Your kernel does not support swap limit capabilities or the cgroup is not mounted. Memory limited without swap.
[INFO] running `Command { std: "docker" "start" "-a" "829faa20b97235fbf77b303fb4764428f4a316d24591f9d09b7d58737f2f9d3c", kill_on_drop: false }`
[INFO] running `Command { std: "docker" "inspect" "829faa20b97235fbf77b303fb4764428f4a316d24591f9d09b7d58737f2f9d3c", kill_on_drop: false }`
[INFO] running `Command { std: "docker" "rm" "-f" "829faa20b97235fbf77b303fb4764428f4a316d24591f9d09b7d58737f2f9d3c", kill_on_drop: false }`
[INFO] [stdout] 829faa20b97235fbf77b303fb4764428f4a316d24591f9d09b7d58737f2f9d3c
[INFO] running `Command { std: "docker" "create" "-v" "/var/lib/crater-agent-workspace/builds/worker-0/target:/opt/rustwide/target:rw,Z" "-v" "/var/lib/crater-agent-workspace/builds/worker-0/source:/opt/rustwide/workdir:ro,Z" "-v" "/var/lib/crater-agent-workspace/cargo-home:/opt/rustwide/cargo-home:ro,Z" "-v" "/var/lib/crater-agent-workspace/rustup-home:/opt/rustwide/rustup-home:ro,Z" "-e" "SOURCE_DIR=/opt/rustwide/workdir" "-e" "CARGO_TARGET_DIR=/opt/rustwide/target" "-e" "CARGO_INCREMENTAL=0" "-e" "RUST_BACKTRACE=full" "-e" "RUSTFLAGS=--cap-lints=warn" "-e" "CARGO_HOME=/opt/rustwide/cargo-home" "-e" "RUSTUP_HOME=/opt/rustwide/rustup-home" "-w" "/opt/rustwide/workdir" "-m" "1610612736" "--user" "0:0" "--network" "none" "ghcr.io/rust-lang/crates-build-env/linux@sha256:a89201d6b5b9fd45c15d5952ece0a0129e7e80cb26ec023fd59cf09bc26f1604" "/opt/rustwide/cargo-home/bin/cargo" "+1.55.0" "check" "--frozen" "--all" "--all-targets" "--message-format=json", kill_on_drop: false }`
[INFO] [stderr] WARNING: Your kernel does not support swap limit capabilities or the cgroup is not mounted. Memory limited without swap.
[INFO] [stdout] 0ea00c7d189f79bc3d4e2bf1226b5c0b18f4bd7898fff3a4bd7ea755e9c607ed
[INFO] running `Command { std: "docker" "start" "-a" "0ea00c7d189f79bc3d4e2bf1226b5c0b18f4bd7898fff3a4bd7ea755e9c607ed", kill_on_drop: false }`
[INFO] [stderr]     Checking compiler v0.1.0 (/opt/rustwide/workdir)
[INFO] [stdout] error: expected one of `.`, `;`, `?`, `}`, or an operator, found `scope`
[INFO] [stdout]   --> src/types.rs:27:25
[INFO] [stdout]    |
[INFO] [stdout] 26 |                         unify_types(ty, b)
[INFO] [stdout]    |                                           - expected one of `.`, `;`, `?`, `}`, or an operator
[INFO] [stdout] 27 |                         scope.insert(ident, Rc::new(RefCell::new(ty)));
[INFO] [stdout]    |                         ^^^^^ unexpected token
[INFO] [stdout] 
[INFO] [stdout] 
[INFO] [stdout] error: expected one of `.`, `;`, `?`, `}`, or an operator, found `scope`
[INFO] [stdout]   --> src/types.rs:27:25
[INFO] [stdout]    |
[INFO] [stdout] 26 |                         unify_types(ty, b)
[INFO] [stdout]    |                                           - expected one of `.`, `;`, `?`, `}`, or an operator
[INFO] [stdout] 27 |                         scope.insert(ident, Rc::new(RefCell::new(ty)));
[INFO] [stdout]    |                         ^^^^^ unexpected token
[INFO] [stdout] 
[INFO] [stdout] 
[INFO] [stdout] error[E0425]: cannot find value `scope` in this scope
[INFO] [stdout]   --> src/types.rs:70:28
[INFO] [stdout]    |
[INFO] [stdout] 70 |         type_of_expr(expr, scope);
[INFO] [stdout]    |                            ^^^^^ not found in this scope
[INFO] [stdout] 
[INFO] [stdout] 
[INFO] [stdout] error[E0106]: missing lifetime specifier
[INFO] [stdout]   --> src/types.rs:58:20
[INFO] [stdout]    |
[INFO] [stdout] 58 |     TupleIter(Iter<Expr<'a>>),
[INFO] [stdout]    |                    ^ expected named lifetime parameter
[INFO] [stdout]    |
[INFO] [stdout] help: consider using the `'a` lifetime
[INFO] [stdout]    |
[INFO] [stdout] 58 |     TupleIter(Iter<'a, Expr<'a>>),
[INFO] [stdout]    |                    ^^^
[INFO] [stdout] 
[INFO] [stdout] 
[INFO] [stdout] error[E0425]: cannot find value `scope` in this scope
[INFO] [stdout]   --> src/types.rs:70:28
[INFO] [stdout]    |
[INFO] [stdout] 70 |         type_of_expr(expr, scope);
[INFO] [stdout]    |                            ^^^^^ not found in this scope
[INFO] [stdout] 
[INFO] [stdout] 
[INFO] [stdout] error[E0106]: missing lifetime specifier
[INFO] [stdout]   --> src/types.rs:58:20
[INFO] [stdout]    |
[INFO] [stdout] 58 |     TupleIter(Iter<Expr<'a>>),
[INFO] [stdout]    |                    ^ expected named lifetime parameter
[INFO] [stdout]    |
[INFO] [stdout] help: consider using the `'a` lifetime
[INFO] [stdout]    |
[INFO] [stdout] 58 |     TupleIter(Iter<'a, Expr<'a>>),
[INFO] [stdout]    |                    ^^^
[INFO] [stdout] 
[INFO] [stdout] 
[INFO] [stdout] error[E0477]: the type `Expr<'a>` does not fulfill the required lifetime
[INFO] [stdout]   --> src/types.rs:58:15
[INFO] [stdout]    |
[INFO] [stdout] 58 |     TupleIter(Iter<Expr<'a>>),
[INFO] [stdout]    |               ^^^^^^^^^^^^^^
[INFO] [stdout]    |
[INFO] [stdout]    = note: type must satisfy the static lifetime
[INFO] [stdout] 
[INFO] [stdout] 
[INFO] [stdout] error: aborting due to 4 previous errors
[INFO] [stdout] 
[INFO] [stdout] 
[INFO] [stdout] Some errors have detailed explanations: E0106, E0425, E0477.
[INFO] [stdout] 
[INFO] [stdout] For more information about an error, try `rustc --explain E0106`.
[INFO] [stdout] 
[INFO] [stderr] error: could not compile `compiler` due to 5 previous errors
[INFO] [stderr] warning: build failed, waiting for other jobs to finish...
[INFO] [stdout] error[E0477]: the type `Expr<'a>` does not fulfill the required lifetime
[INFO] [stdout]   --> src/types.rs:58:15
[INFO] [stdout]    |
[INFO] [stdout] 58 |     TupleIter(Iter<Expr<'a>>),
[INFO] [stdout]    |               ^^^^^^^^^^^^^^
[INFO] [stdout]    |
[INFO] [stdout]    = note: type must satisfy the static lifetime
[INFO] [stdout] 
[INFO] [stdout] 
[INFO] [stdout] error: aborting due to 4 previous errors
[INFO] [stdout] 
[INFO] [stdout] 
[INFO] [stdout] Some errors have detailed explanations: E0106, E0425, E0477.
[INFO] [stdout] 
[INFO] [stdout] For more information about an error, try `rustc --explain E0106`.
[INFO] [stdout] 
[INFO] [stderr] error: build failed
[INFO] running `Command { std: "docker" "inspect" "0ea00c7d189f79bc3d4e2bf1226b5c0b18f4bd7898fff3a4bd7ea755e9c607ed", kill_on_drop: false }`
[INFO] running `Command { std: "docker" "rm" "-f" "0ea00c7d189f79bc3d4e2bf1226b5c0b18f4bd7898fff3a4bd7ea755e9c607ed", kill_on_drop: false }`
[INFO] [stdout] 0ea00c7d189f79bc3d4e2bf1226b5c0b18f4bd7898fff3a4bd7ea755e9c607ed
