[INFO] cloning repository https://github.com/basheersubei/rust-web-client
[INFO] running `Command { std: "git" "-c" "credential.helper=" "-c" "credential.helper=/workspace/cargo-home/bin/git-credential-null" "clone" "--bare" "https://github.com/basheersubei/rust-web-client" "/workspace/cache/git-repos/https%3A%2F%2Fgithub.com%2Fbasheersubei%2Frust-web-client", kill_on_drop: false }`
[INFO] [stderr] Cloning into bare repository '/workspace/cache/git-repos/https%3A%2F%2Fgithub.com%2Fbasheersubei%2Frust-web-client'...
[INFO] running `Command { std: "git" "rev-parse" "HEAD", kill_on_drop: false }`
[INFO] [stdout] 2094ffbb033354a111518f6f6fa713f00cb7e930
[INFO] checking basheersubei/rust-web-client against beta-2021-10-15 for beta-1.56-3
[INFO] running `Command { std: "git" "clone" "/workspace/cache/git-repos/https%3A%2F%2Fgithub.com%2Fbasheersubei%2Frust-web-client" "/workspace/builds/worker-24/source", kill_on_drop: false }`
[INFO] [stderr] Cloning into '/workspace/builds/worker-24/source'...
[INFO] [stderr] done.
[INFO] validating manifest of git repo https://github.com/basheersubei/rust-web-client on toolchain beta-2021-10-15
[INFO] running `Command { std: "/workspace/cargo-home/bin/cargo" "+beta-2021-10-15" "metadata" "--manifest-path" "Cargo.toml" "--no-deps", kill_on_drop: false }`
[INFO] started tweaking git repo https://github.com/basheersubei/rust-web-client
[INFO] finished tweaking git repo https://github.com/basheersubei/rust-web-client
[INFO] tweaked toml for git repo https://github.com/basheersubei/rust-web-client written to /workspace/builds/worker-24/source/Cargo.toml
[INFO] crate git repo https://github.com/basheersubei/rust-web-client already has a lockfile, it will not be regenerated
[INFO] running `Command { std: "/workspace/cargo-home/bin/cargo" "+beta-2021-10-15" "fetch" "--manifest-path" "Cargo.toml", kill_on_drop: false }`
[INFO] [stderr]     Blocking waiting for file lock on package cache
[INFO] running `Command { std: "docker" "create" "-v" "/var/lib/crater-agent-workspace/builds/worker-24/target:/opt/rustwide/target:rw,Z" "-v" "/var/lib/crater-agent-workspace/builds/worker-24/source:/opt/rustwide/workdir:ro,Z" "-v" "/var/lib/crater-agent-workspace/cargo-home:/opt/rustwide/cargo-home:ro,Z" "-v" "/var/lib/crater-agent-workspace/rustup-home:/opt/rustwide/rustup-home:ro,Z" "-e" "SOURCE_DIR=/opt/rustwide/workdir" "-e" "CARGO_TARGET_DIR=/opt/rustwide/target" "-e" "CARGO_HOME=/opt/rustwide/cargo-home" "-e" "RUSTUP_HOME=/opt/rustwide/rustup-home" "-w" "/opt/rustwide/workdir" "-m" "1610612736" "--user" "0:0" "--network" "none" "ghcr.io/rust-lang/crates-build-env/linux@sha256:a89201d6b5b9fd45c15d5952ece0a0129e7e80cb26ec023fd59cf09bc26f1604" "/opt/rustwide/cargo-home/bin/cargo" "+beta-2021-10-15" "metadata" "--no-deps" "--format-version=1", kill_on_drop: false }`
[INFO] [stdout] 437962b42dd1ec5d56fb3038376007e4d9a441823886127095a6b46be8451386
[INFO] running `Command { std: "docker" "start" "-a" "437962b42dd1ec5d56fb3038376007e4d9a441823886127095a6b46be8451386", kill_on_drop: false }`
[INFO] running `Command { std: "docker" "inspect" "437962b42dd1ec5d56fb3038376007e4d9a441823886127095a6b46be8451386", kill_on_drop: false }`
[INFO] running `Command { std: "docker" "rm" "-f" "437962b42dd1ec5d56fb3038376007e4d9a441823886127095a6b46be8451386", kill_on_drop: false }`
[INFO] [stdout] 437962b42dd1ec5d56fb3038376007e4d9a441823886127095a6b46be8451386
[INFO] running `Command { std: "docker" "create" "-v" "/var/lib/crater-agent-workspace/builds/worker-24/target:/opt/rustwide/target:rw,Z" "-v" "/var/lib/crater-agent-workspace/builds/worker-24/source:/opt/rustwide/workdir:ro,Z" "-v" "/var/lib/crater-agent-workspace/cargo-home:/opt/rustwide/cargo-home:ro,Z" "-v" "/var/lib/crater-agent-workspace/rustup-home:/opt/rustwide/rustup-home:ro,Z" "-e" "SOURCE_DIR=/opt/rustwide/workdir" "-e" "CARGO_TARGET_DIR=/opt/rustwide/target" "-e" "CARGO_INCREMENTAL=0" "-e" "RUST_BACKTRACE=full" "-e" "RUSTFLAGS=--cap-lints=warn" "-e" "CARGO_HOME=/opt/rustwide/cargo-home" "-e" "RUSTUP_HOME=/opt/rustwide/rustup-home" "-w" "/opt/rustwide/workdir" "-m" "1610612736" "--user" "0:0" "--network" "none" "ghcr.io/rust-lang/crates-build-env/linux@sha256:a89201d6b5b9fd45c15d5952ece0a0129e7e80cb26ec023fd59cf09bc26f1604" "/opt/rustwide/cargo-home/bin/cargo" "+beta-2021-10-15" "check" "--frozen" "--all" "--all-targets" "--message-format=json", kill_on_drop: false }`
[INFO] [stdout] 75bc2ad60d1637b615b0ab15d77d5cadc7708eb77a5e475767147bbb3bee9862
[INFO] running `Command { std: "docker" "start" "-a" "75bc2ad60d1637b615b0ab15d77d5cadc7708eb77a5e475767147bbb3bee9862", kill_on_drop: false }`
[INFO] [stderr]     Blocking waiting for file lock on package cache
[INFO] [stderr]     Checking rust_web_client v0.1.0 (/opt/rustwide/workdir)
[INFO] [stdout] error[E0425]: cannot find function `lookup_host` in module `net`
[INFO] [stdout]   --> src/main.rs:54:30
[INFO] [stdout]    |
[INFO] [stdout] 54 |     let mut sock_addr = net::lookup_host(domain_name).expect("Failed to perform dns lookup").nth(0).unwrap();
[INFO] [stdout]    |                              ^^^^^^^^^^^ not found in `net`
[INFO] [stdout] 
[INFO] [stdout] 
[INFO] [stdout] error[E0554]: `#![feature]` may not be used on the beta release channel
[INFO] [stdout]  --> src/main.rs:1:1
[INFO] [stdout]   |
[INFO] [stdout] 1 | #![feature(lookup_host)]
[INFO] [stdout]   | ^^^^^^^^^^^^^^^^^^^^^^^^
[INFO] [stdout] 
[INFO] [stdout] 
[INFO] [stdout] error[E0425]: cannot find function `lookup_host` in module `net`
[INFO] [stdout]   --> src/main.rs:54:30
[INFO] [stdout]    |
[INFO] [stdout] 54 |     let mut sock_addr = net::lookup_host(domain_name).expect("Failed to perform dns lookup").nth(0).unwrap();
[INFO] [stdout]    |                              ^^^^^^^^^^^ not found in `net`
[INFO] [stdout] 
[INFO] [stdout] 
[INFO] [stdout] error[E0554]: `#![feature]` may not be used on the beta release channel
[INFO] [stdout]  --> src/main.rs:1:1
[INFO] [stdout]   |
[INFO] [stdout] 1 | #![feature(lookup_host)]
[INFO] [stdout]   | ^^^^^^^^^^^^^^^^^^^^^^^^
[INFO] [stdout] 
[INFO] [stdout] 
[INFO] [stdout] error: aborting due to 2 previous errors
[INFO] [stdout] 
[INFO] [stdout] 
[INFO] [stdout] Some errors have detailed explanations: E0425, E0554.
[INFO] [stdout] 
[INFO] [stdout] For more information about an error, try `rustc --explain E0425`.
[INFO] [stdout] 
[INFO] [stdout] error: aborting due to 2 previous errors
[INFO] [stdout] 
[INFO] [stdout] 
[INFO] [stderr] error: could not compile `rust_web_client` due to 3 previous errors
[INFO] [stderr] warning: build failed, waiting for other jobs to finish...
[INFO] [stdout] Some errors have detailed explanations: E0425, E0554.
[INFO] [stdout] 
[INFO] [stdout] For more information about an error, try `rustc --explain E0425`.
[INFO] [stdout] 
[INFO] [stderr] error: build failed
[INFO] running `Command { std: "docker" "inspect" "75bc2ad60d1637b615b0ab15d77d5cadc7708eb77a5e475767147bbb3bee9862", kill_on_drop: false }`
[INFO] running `Command { std: "docker" "rm" "-f" "75bc2ad60d1637b615b0ab15d77d5cadc7708eb77a5e475767147bbb3bee9862", kill_on_drop: false }`
[INFO] [stdout] 75bc2ad60d1637b615b0ab15d77d5cadc7708eb77a5e475767147bbb3bee9862
