[INFO] cloning repository https://github.com/barzamin/plotterart
[INFO] running `Command { std: "git" "-c" "credential.helper=" "-c" "credential.helper=/workspace/cargo-home/bin/git-credential-null" "clone" "--bare" "https://github.com/barzamin/plotterart" "/workspace/cache/git-repos/https%3A%2F%2Fgithub.com%2Fbarzamin%2Fplotterart", kill_on_drop: false }`
[INFO] [stderr] Cloning into bare repository '/workspace/cache/git-repos/https%3A%2F%2Fgithub.com%2Fbarzamin%2Fplotterart'...
[INFO] running `Command { std: "git" "rev-parse" "HEAD", kill_on_drop: false }`
[INFO] [stdout] 8e724b329213c216b15679cfe88882ef1df70adb
[INFO] checking barzamin/plotterart against beta-2021-10-15 for beta-1.56-3
[INFO] running `Command { std: "git" "clone" "/workspace/cache/git-repos/https%3A%2F%2Fgithub.com%2Fbarzamin%2Fplotterart" "/workspace/builds/worker-99/source", kill_on_drop: false }`
[INFO] [stderr] Cloning into '/workspace/builds/worker-99/source'...
[INFO] [stderr] done.
[INFO] [stderr] Updating files:  15% (2/13)
Updating files:  23% (3/13)
Updating files:  30% (4/13)
Updating files:  38% (5/13)
Updating files:  46% (6/13)
Updating files:  53% (7/13)
Updating files:  61% (8/13)
Updating files:  69% (9/13)
Updating files:  76% (10/13)
Updating files:  84% (11/13)
Updating files:  92% (12/13)
Updating files: 100% (13/13)
Updating files: 100% (13/13), done.
[INFO] validating manifest of git repo https://github.com/barzamin/plotterart on toolchain beta-2021-10-15
[INFO] running `Command { std: "/workspace/cargo-home/bin/cargo" "+beta-2021-10-15" "metadata" "--manifest-path" "Cargo.toml" "--no-deps", kill_on_drop: false }`
[INFO] started tweaking git repo https://github.com/barzamin/plotterart
[INFO] finished tweaking git repo https://github.com/barzamin/plotterart
[INFO] tweaked toml for git repo https://github.com/barzamin/plotterart written to /workspace/builds/worker-99/source/Cargo.toml
[INFO] crate git repo https://github.com/barzamin/plotterart already has a lockfile, it will not be regenerated
[INFO] running `Command { std: "/workspace/cargo-home/bin/cargo" "+beta-2021-10-15" "fetch" "--manifest-path" "Cargo.toml", kill_on_drop: false }`
[INFO] [stderr]     Blocking waiting for file lock on package cache
[INFO] [stderr]     Blocking waiting for file lock on package cache
[INFO] running `Command { std: "docker" "create" "-v" "/var/lib/crater-agent-workspace/builds/worker-99/target:/opt/rustwide/target:rw,Z" "-v" "/var/lib/crater-agent-workspace/builds/worker-99/source:/opt/rustwide/workdir:ro,Z" "-v" "/var/lib/crater-agent-workspace/cargo-home:/opt/rustwide/cargo-home:ro,Z" "-v" "/var/lib/crater-agent-workspace/rustup-home:/opt/rustwide/rustup-home:ro,Z" "-e" "SOURCE_DIR=/opt/rustwide/workdir" "-e" "CARGO_TARGET_DIR=/opt/rustwide/target" "-e" "CARGO_HOME=/opt/rustwide/cargo-home" "-e" "RUSTUP_HOME=/opt/rustwide/rustup-home" "-w" "/opt/rustwide/workdir" "-m" "1610612736" "--user" "0:0" "--network" "none" "ghcr.io/rust-lang/crates-build-env/linux@sha256:a89201d6b5b9fd45c15d5952ece0a0129e7e80cb26ec023fd59cf09bc26f1604" "/opt/rustwide/cargo-home/bin/cargo" "+beta-2021-10-15" "metadata" "--no-deps" "--format-version=1", kill_on_drop: false }`
[INFO] [stdout] 1a99b4b904f33013ff5dcfa3447ec834f89fa8efa87e4306f26e198ca497ec2c
[INFO] running `Command { std: "docker" "start" "-a" "1a99b4b904f33013ff5dcfa3447ec834f89fa8efa87e4306f26e198ca497ec2c", kill_on_drop: false }`
[INFO] running `Command { std: "docker" "inspect" "1a99b4b904f33013ff5dcfa3447ec834f89fa8efa87e4306f26e198ca497ec2c", kill_on_drop: false }`
[INFO] running `Command { std: "docker" "rm" "-f" "1a99b4b904f33013ff5dcfa3447ec834f89fa8efa87e4306f26e198ca497ec2c", kill_on_drop: false }`
[INFO] [stdout] 1a99b4b904f33013ff5dcfa3447ec834f89fa8efa87e4306f26e198ca497ec2c
[INFO] running `Command { std: "docker" "create" "-v" "/var/lib/crater-agent-workspace/builds/worker-99/target:/opt/rustwide/target:rw,Z" "-v" "/var/lib/crater-agent-workspace/builds/worker-99/source:/opt/rustwide/workdir:ro,Z" "-v" "/var/lib/crater-agent-workspace/cargo-home:/opt/rustwide/cargo-home:ro,Z" "-v" "/var/lib/crater-agent-workspace/rustup-home:/opt/rustwide/rustup-home:ro,Z" "-e" "SOURCE_DIR=/opt/rustwide/workdir" "-e" "CARGO_TARGET_DIR=/opt/rustwide/target" "-e" "CARGO_INCREMENTAL=0" "-e" "RUST_BACKTRACE=full" "-e" "RUSTFLAGS=--cap-lints=warn" "-e" "CARGO_HOME=/opt/rustwide/cargo-home" "-e" "RUSTUP_HOME=/opt/rustwide/rustup-home" "-w" "/opt/rustwide/workdir" "-m" "1610612736" "--user" "0:0" "--network" "none" "ghcr.io/rust-lang/crates-build-env/linux@sha256:a89201d6b5b9fd45c15d5952ece0a0129e7e80cb26ec023fd59cf09bc26f1604" "/opt/rustwide/cargo-home/bin/cargo" "+beta-2021-10-15" "check" "--frozen" "--all" "--all-targets" "--message-format=json", kill_on_drop: false }`
[INFO] [stdout] 03ac60b81b4d482abc218f45d2bd301b8f039f10b48e57c16bb1dec10bf8eaf6
[INFO] running `Command { std: "docker" "start" "-a" "03ac60b81b4d482abc218f45d2bd301b8f039f10b48e57c16bb1dec10bf8eaf6", kill_on_drop: false }`
[INFO] [stderr]     Blocking waiting for file lock on package cache
[INFO] [stderr]    Compiling libc v0.2.65
[INFO] [stderr]    Compiling memchr v2.2.1
[INFO] [stderr]    Compiling proc-macro2 v1.0.8
[INFO] [stderr]    Compiling getrandom v0.1.13
[INFO] [stderr]    Compiling pkg-config v0.3.16
[INFO] [stderr]    Compiling syn v1.0.14
[INFO] [stderr]    Compiling regex-syntax v0.6.12
[INFO] [stderr]    Compiling byteorder v1.3.2
[INFO] [stderr]     Checking ppv-lite86 v0.2.6
[INFO] [stderr]    Compiling ndarray v0.13.0
[INFO] [stderr]     Checking maplit v1.0.2
[INFO] [stderr]     Checking either v1.5.3
[INFO] [stderr]    Compiling once_cell v1.3.1
[INFO] [stderr]     Checking delaunator v0.2.0
[INFO] [stderr]     Checking claxon v0.4.2
[INFO] [stderr]    Compiling num-traits v0.2.10
[INFO] [stderr]    Compiling num-complex v0.2.3
[INFO] [stderr]    Compiling num-integer v0.1.41
[INFO] [stderr]    Compiling thread_local v0.3.6
[INFO] [stderr]    Compiling nix v0.14.1
[INFO] [stderr]     Checking matrixmultiply v0.2.3
[INFO] [stderr]     Checking hpgl v0.1.0 (/opt/rustwide/workdir/lib/hpgl)
[INFO] [stderr]     Checking itertools v0.8.2
[INFO] [stderr]     Checking lsystem v0.1.0 (/opt/rustwide/workdir/lib/lsystem)
[INFO] [stderr]     Checking c2-chacha v0.2.3
[INFO] [stderr]    Compiling libudev-sys v0.1.4
[INFO] [stderr]    Compiling aho-corasick v0.7.6
[INFO] [stderr]     Checking gnuplot v0.0.32
[INFO] [stderr]    Compiling quote v1.0.2
[INFO] [stderr]     Checking rand_core v0.5.1
[INFO] [stderr]     Checking libudev v0.2.0
[INFO] [stderr]     Checking rand_chacha v0.2.1
[INFO] [stderr]     Checking rand v0.7.2
[INFO] [stderr]    Compiling regex v1.3.1
[INFO] [stderr]     Checking serialport v3.3.0
[INFO] [stderr]    Compiling multiversion v0.3.0
[INFO] [stderr]     Checking fourier v0.1.0
[INFO] [stdout] error: unexpected token
[INFO] [stdout]    --> /opt/rustwide/cargo-home/registry/src/github.com-1ecc6299db9ec823/fourier-0.1.0/src/autosort/prime_factor.rs:177:45
[INFO] [stdout]     |
[INFO] [stdout] 177 |                           scratch = $butterfly!($type, scratch, _forward);
[INFO] [stdout]     |                                               ^
[INFO] [stdout] ...
[INFO] [stdout] 245 | / make_radix_fns! {
[INFO] [stdout] 246 | |     [2, radix_2_wide, radix_2_narrow, butterfly2],
[INFO] [stdout] 247 | |     [3, radix_3_wide, radix_3_narrow, butterfly3],
[INFO] [stdout] 248 | |     [4, radix_4_wide, radix_4_narrow, butterfly4],
[INFO] [stdout] 249 | |     [8, radix_8_wide, radix_8_narrow, butterfly8]
[INFO] [stdout] 250 | | }
[INFO] [stdout]     | |_- in this macro invocation
[INFO] [stdout]     |
[INFO] [stdout]     = note: this error originates in the macro `make_radix_fns` (in Nightly builds, run with -Z macro-backtrace for more info)
[INFO] [stdout] 
[INFO] [stdout] 
[INFO] [stdout] error: unexpected token
[INFO] [stdout]    --> /opt/rustwide/cargo-home/registry/src/github.com-1ecc6299db9ec823/fourier-0.1.0/src/autosort/prime_factor.rs:177:45
[INFO] [stdout]     |
[INFO] [stdout] 177 |                           scratch = $butterfly!($type, scratch, _forward);
[INFO] [stdout]     |                                               ^
[INFO] [stdout] ...
[INFO] [stdout] 245 | / make_radix_fns! {
[INFO] [stdout] 246 | |     [2, radix_2_wide, radix_2_narrow, butterfly2],
[INFO] [stdout] 247 | |     [3, radix_3_wide, radix_3_narrow, butterfly3],
[INFO] [stdout] 248 | |     [4, radix_4_wide, radix_4_narrow, butterfly4],
[INFO] [stdout] 249 | |     [8, radix_8_wide, radix_8_narrow, butterfly8]
[INFO] [stdout] 250 | | }
[INFO] [stdout]     | |_- in this macro invocation
[INFO] [stdout]     |
[INFO] [stdout]     = note: this error originates in the macro `make_radix_fns` (in Nightly builds, run with -Z macro-backtrace for more info)
[INFO] [stdout] 
[INFO] [stdout] 
[INFO] [stdout] error: unexpected token
[INFO] [stdout]    --> /opt/rustwide/cargo-home/registry/src/github.com-1ecc6299db9ec823/fourier-0.1.0/src/autosort/prime_factor.rs:177:45
[INFO] [stdout]     |
[INFO] [stdout] 177 |                           scratch = $butterfly!($type, scratch, _forward);
[INFO] [stdout]     |                                               ^
[INFO] [stdout] ...
[INFO] [stdout] 245 | / make_radix_fns! {
[INFO] [stdout] 246 | |     [2, radix_2_wide, radix_2_narrow, butterfly2],
[INFO] [stdout] 247 | |     [3, radix_3_wide, radix_3_narrow, butterfly3],
[INFO] [stdout] 248 | |     [4, radix_4_wide, radix_4_narrow, butterfly4],
[INFO] [stdout] 249 | |     [8, radix_8_wide, radix_8_narrow, butterfly8]
[INFO] [stdout] 250 | | }
[INFO] [stdout]     | |_- in this macro invocation
[INFO] [stdout]     |
[INFO] [stdout]     = note: this error originates in the macro `make_radix_fns` (in Nightly builds, run with -Z macro-backtrace for more info)
[INFO] [stdout] 
[INFO] [stdout] 
[INFO] [stdout] error: unexpected token
[INFO] [stdout]    --> /opt/rustwide/cargo-home/registry/src/github.com-1ecc6299db9ec823/fourier-0.1.0/src/autosort/prime_factor.rs:177:45
[INFO] [stdout]     |
[INFO] [stdout] 177 |                           scratch = $butterfly!($type, scratch, _forward);
[INFO] [stdout]     |                                               ^
[INFO] [stdout] ...
[INFO] [stdout] 245 | / make_radix_fns! {
[INFO] [stdout] 246 | |     [2, radix_2_wide, radix_2_narrow, butterfly2],
[INFO] [stdout] 247 | |     [3, radix_3_wide, radix_3_narrow, butterfly3],
[INFO] [stdout] 248 | |     [4, radix_4_wide, radix_4_narrow, butterfly4],
[INFO] [stdout] 249 | |     [8, radix_8_wide, radix_8_narrow, butterfly8]
[INFO] [stdout] 250 | | }
[INFO] [stdout]     | |_- in this macro invocation
[INFO] [stdout]     |
[INFO] [stdout]     = note: this error originates in the macro `make_radix_fns` (in Nightly builds, run with -Z macro-backtrace for more info)
[INFO] [stdout] 
[INFO] [stdout] 
[INFO] [stdout] error: unexpected token
[INFO] [stdout]    --> /opt/rustwide/cargo-home/registry/src/github.com-1ecc6299db9ec823/fourier-0.1.0/src/autosort/prime_factor.rs:177:45
[INFO] [stdout]     |
[INFO] [stdout] 177 |                           scratch = $butterfly!($type, scratch, _forward);
[INFO] [stdout]     |                                               ^
[INFO] [stdout] ...
[INFO] [stdout] 245 | / make_radix_fns! {
[INFO] [stdout] 246 | |     [2, radix_2_wide, radix_2_narrow, butterfly2],
[INFO] [stdout] 247 | |     [3, radix_3_wide, radix_3_narrow, butterfly3],
[INFO] [stdout] 248 | |     [4, radix_4_wide, radix_4_narrow, butterfly4],
[INFO] [stdout] 249 | |     [8, radix_8_wide, radix_8_narrow, butterfly8]
[INFO] [stdout] 250 | | }
[INFO] [stdout]     | |_- in this macro invocation
[INFO] [stdout]     |
[INFO] [stdout]     = note: this error originates in the macro `make_radix_fns` (in Nightly builds, run with -Z macro-backtrace for more info)
[INFO] [stdout] 
[INFO] [stdout] 
[INFO] [stdout] error: unexpected token
[INFO] [stdout]    --> /opt/rustwide/cargo-home/registry/src/github.com-1ecc6299db9ec823/fourier-0.1.0/src/autosort/prime_factor.rs:177:45
[INFO] [stdout]     |
[INFO] [stdout] 177 |                           scratch = $butterfly!($type, scratch, _forward);
[INFO] [stdout]     |                                               ^
[INFO] [stdout] ...
[INFO] [stdout] 245 | / make_radix_fns! {
[INFO] [stdout] 246 | |     [2, radix_2_wide, radix_2_narrow, butterfly2],
[INFO] [stdout] 247 | |     [3, radix_3_wide, radix_3_narrow, butterfly3],
[INFO] [stdout] 248 | |     [4, radix_4_wide, radix_4_narrow, butterfly4],
[INFO] [stdout] 249 | |     [8, radix_8_wide, radix_8_narrow, butterfly8]
[INFO] [stdout] 250 | | }
[INFO] [stdout]     | |_- in this macro invocation
[INFO] [stdout]     |
[INFO] [stdout]     = note: this error originates in the macro `make_radix_fns` (in Nightly builds, run with -Z macro-backtrace for more info)
[INFO] [stdout] 
[INFO] [stdout] 
[INFO] [stdout] error: unexpected token
[INFO] [stdout]    --> /opt/rustwide/cargo-home/registry/src/github.com-1ecc6299db9ec823/fourier-0.1.0/src/autosort/prime_factor.rs:177:45
[INFO] [stdout]     |
[INFO] [stdout] 177 |                           scratch = $butterfly!($type, scratch, _forward);
[INFO] [stdout]     |                                               ^
[INFO] [stdout] ...
[INFO] [stdout] 245 | / make_radix_fns! {
[INFO] [stdout] 246 | |     [2, radix_2_wide, radix_2_narrow, butterfly2],
[INFO] [stdout] 247 | |     [3, radix_3_wide, radix_3_narrow, butterfly3],
[INFO] [stdout] 248 | |     [4, radix_4_wide, radix_4_narrow, butterfly4],
[INFO] [stdout] 249 | |     [8, radix_8_wide, radix_8_narrow, butterfly8]
[INFO] [stdout] 250 | | }
[INFO] [stdout]     | |_- in this macro invocation
[INFO] [stdout]     |
[INFO] [stdout]     = note: this error originates in the macro `make_radix_fns` (in Nightly builds, run with -Z macro-backtrace for more info)
[INFO] [stdout] 
[INFO] [stdout] 
[INFO] [stdout] error: unexpected token
[INFO] [stdout]    --> /opt/rustwide/cargo-home/registry/src/github.com-1ecc6299db9ec823/fourier-0.1.0/src/autosort/prime_factor.rs:177:45
[INFO] [stdout]     |
[INFO] [stdout] 177 |                           scratch = $butterfly!($type, scratch, _forward);
[INFO] [stdout]     |                                               ^
[INFO] [stdout] ...
[INFO] [stdout] 245 | / make_radix_fns! {
[INFO] [stdout] 246 | |     [2, radix_2_wide, radix_2_narrow, butterfly2],
[INFO] [stdout] 247 | |     [3, radix_3_wide, radix_3_narrow, butterfly3],
[INFO] [stdout] 248 | |     [4, radix_4_wide, radix_4_narrow, butterfly4],
[INFO] [stdout] 249 | |     [8, radix_8_wide, radix_8_narrow, butterfly8]
[INFO] [stdout] 250 | | }
[INFO] [stdout]     | |_- in this macro invocation
[INFO] [stdout]     |
[INFO] [stdout]     = note: this error originates in the macro `make_radix_fns` (in Nightly builds, run with -Z macro-backtrace for more info)
[INFO] [stdout] 
[INFO] [stdout] 
[INFO] [stdout] error: unexpected token
[INFO] [stdout]    --> /opt/rustwide/cargo-home/registry/src/github.com-1ecc6299db9ec823/fourier-0.1.0/src/autosort/prime_factor.rs:177:45
[INFO] [stdout]     |
[INFO] [stdout] 177 |                           scratch = $butterfly!($type, scratch, _forward);
[INFO] [stdout]     |                                               ^
[INFO] [stdout] ...
[INFO] [stdout] 245 | / make_radix_fns! {
[INFO] [stdout] 246 | |     [2, radix_2_wide, radix_2_narrow, butterfly2],
[INFO] [stdout] 247 | |     [3, radix_3_wide, radix_3_narrow, butterfly3],
[INFO] [stdout] 248 | |     [4, radix_4_wide, radix_4_narrow, butterfly4],
[INFO] [stdout] 249 | |     [8, radix_8_wide, radix_8_narrow, butterfly8]
[INFO] [stdout] 250 | | }
[INFO] [stdout]     | |_- in this macro invocation
[INFO] [stdout]     |
[INFO] [stdout]     = note: this error originates in the macro `make_radix_fns` (in Nightly builds, run with -Z macro-backtrace for more info)
[INFO] [stdout] 
[INFO] [stdout] 
[INFO] [stdout] error: unexpected token
[INFO] [stdout]    --> /opt/rustwide/cargo-home/registry/src/github.com-1ecc6299db9ec823/fourier-0.1.0/src/autosort/prime_factor.rs:177:45
[INFO] [stdout]     |
[INFO] [stdout] 177 |                           scratch = $butterfly!($type, scratch, _forward);
[INFO] [stdout]     |                                               ^
[INFO] [stdout] ...
[INFO] [stdout] 245 | / make_radix_fns! {
[INFO] [stdout] 246 | |     [2, radix_2_wide, radix_2_narrow, butterfly2],
[INFO] [stdout] 247 | |     [3, radix_3_wide, radix_3_narrow, butterfly3],
[INFO] [stdout] 248 | |     [4, radix_4_wide, radix_4_narrow, butterfly4],
[INFO] [stdout] 249 | |     [8, radix_8_wide, radix_8_narrow, butterfly8]
[INFO] [stdout] 250 | | }
[INFO] [stdout]     | |_- in this macro invocation
[INFO] [stdout]     |
[INFO] [stdout]     = note: this error originates in the macro `make_radix_fns` (in Nightly builds, run with -Z macro-backtrace for more info)
[INFO] [stdout] 
[INFO] [stdout] 
[INFO] [stdout] error: unexpected token
[INFO] [stdout]    --> /opt/rustwide/cargo-home/registry/src/github.com-1ecc6299db9ec823/fourier-0.1.0/src/autosort/prime_factor.rs:177:45
[INFO] [stdout]     |
[INFO] [stdout] 177 |                           scratch = $butterfly!($type, scratch, _forward);
[INFO] [stdout]     |                                               ^
[INFO] [stdout] ...
[INFO] [stdout] 245 | / make_radix_fns! {
[INFO] [stdout] 246 | |     [2, radix_2_wide, radix_2_narrow, butterfly2],
[INFO] [stdout] 247 | |     [3, radix_3_wide, radix_3_narrow, butterfly3],
[INFO] [stdout] 248 | |     [4, radix_4_wide, radix_4_narrow, butterfly4],
[INFO] [stdout] 249 | |     [8, radix_8_wide, radix_8_narrow, butterfly8]
[INFO] [stdout] 250 | | }
[INFO] [stdout]     | |_- in this macro invocation
[INFO] [stdout]     |
[INFO] [stdout]     = note: this error originates in the macro `make_radix_fns` (in Nightly builds, run with -Z macro-backtrace for more info)
[INFO] [stdout] 
[INFO] [stdout] 
[INFO] [stdout] error: unexpected token
[INFO] [stdout]    --> /opt/rustwide/cargo-home/registry/src/github.com-1ecc6299db9ec823/fourier-0.1.0/src/autosort/prime_factor.rs:177:45
[INFO] [stdout]     |
[INFO] [stdout] 177 |                           scratch = $butterfly!($type, scratch, _forward);
[INFO] [stdout]     |                                               ^
[INFO] [stdout] ...
[INFO] [stdout] 245 | / make_radix_fns! {
[INFO] [stdout] 246 | |     [2, radix_2_wide, radix_2_narrow, butterfly2],
[INFO] [stdout] 247 | |     [3, radix_3_wide, radix_3_narrow, butterfly3],
[INFO] [stdout] 248 | |     [4, radix_4_wide, radix_4_narrow, butterfly4],
[INFO] [stdout] 249 | |     [8, radix_8_wide, radix_8_narrow, butterfly8]
[INFO] [stdout] 250 | | }
[INFO] [stdout]     | |_- in this macro invocation
[INFO] [stdout]     |
[INFO] [stdout]     = note: this error originates in the macro `make_radix_fns` (in Nightly builds, run with -Z macro-backtrace for more info)
[INFO] [stdout] 
[INFO] [stdout] 
[INFO] [stdout] error: unexpected token
[INFO] [stdout]    --> /opt/rustwide/cargo-home/registry/src/github.com-1ecc6299db9ec823/fourier-0.1.0/src/autosort/prime_factor.rs:177:45
[INFO] [stdout]     |
[INFO] [stdout] 177 |                           scratch = $butterfly!($type, scratch, _forward);
[INFO] [stdout]     |                                               ^
[INFO] [stdout] ...
[INFO] [stdout] 245 | / make_radix_fns! {
[INFO] [stdout] 246 | |     [2, radix_2_wide, radix_2_narrow, butterfly2],
[INFO] [stdout] 247 | |     [3, radix_3_wide, radix_3_narrow, butterfly3],
[INFO] [stdout] 248 | |     [4, radix_4_wide, radix_4_narrow, butterfly4],
[INFO] [stdout] 249 | |     [8, radix_8_wide, radix_8_narrow, butterfly8]
[INFO] [stdout] 250 | | }
[INFO] [stdout]     | |_- in this macro invocation
[INFO] [stdout]     |
[INFO] [stdout]     = note: this error originates in the macro `make_radix_fns` (in Nightly builds, run with -Z macro-backtrace for more info)
[INFO] [stdout] 
[INFO] [stdout] 
[INFO] [stdout] error: unexpected token
[INFO] [stdout]    --> /opt/rustwide/cargo-home/registry/src/github.com-1ecc6299db9ec823/fourier-0.1.0/src/autosort/prime_factor.rs:177:45
[INFO] [stdout]     |
[INFO] [stdout] 177 |                           scratch = $butterfly!($type, scratch, _forward);
[INFO] [stdout]     |                                               ^
[INFO] [stdout] ...
[INFO] [stdout] 245 | / make_radix_fns! {
[INFO] [stdout] 246 | |     [2, radix_2_wide, radix_2_narrow, butterfly2],
[INFO] [stdout] 247 | |     [3, radix_3_wide, radix_3_narrow, butterfly3],
[INFO] [stdout] 248 | |     [4, radix_4_wide, radix_4_narrow, butterfly4],
[INFO] [stdout] 249 | |     [8, radix_8_wide, radix_8_narrow, butterfly8]
[INFO] [stdout] 250 | | }
[INFO] [stdout]     | |_- in this macro invocation
[INFO] [stdout]     |
[INFO] [stdout]     = note: this error originates in the macro `make_radix_fns` (in Nightly builds, run with -Z macro-backtrace for more info)
[INFO] [stdout] 
[INFO] [stdout] 
[INFO] [stdout] error: unexpected token
[INFO] [stdout]    --> /opt/rustwide/cargo-home/registry/src/github.com-1ecc6299db9ec823/fourier-0.1.0/src/autosort/prime_factor.rs:177:45
[INFO] [stdout]     |
[INFO] [stdout] 177 |                           scratch = $butterfly!($type, scratch, _forward);
[INFO] [stdout]     |                                               ^
[INFO] [stdout] ...
[INFO] [stdout] 245 | / make_radix_fns! {
[INFO] [stdout] 246 | |     [2, radix_2_wide, radix_2_narrow, butterfly2],
[INFO] [stdout] 247 | |     [3, radix_3_wide, radix_3_narrow, butterfly3],
[INFO] [stdout] 248 | |     [4, radix_4_wide, radix_4_narrow, butterfly4],
[INFO] [stdout] 249 | |     [8, radix_8_wide, radix_8_narrow, butterfly8]
[INFO] [stdout] 250 | | }
[INFO] [stdout]     | |_- in this macro invocation
[INFO] [stdout]     |
[INFO] [stdout]     = note: this error originates in the macro `make_radix_fns` (in Nightly builds, run with -Z macro-backtrace for more info)
[INFO] [stdout] 
[INFO] [stdout] 
[INFO] [stdout] error: unexpected token
[INFO] [stdout]    --> /opt/rustwide/cargo-home/registry/src/github.com-1ecc6299db9ec823/fourier-0.1.0/src/autosort/prime_factor.rs:177:45
[INFO] [stdout]     |
[INFO] [stdout] 177 |                           scratch = $butterfly!($type, scratch, _forward);
[INFO] [stdout]     |                                               ^
[INFO] [stdout] ...
[INFO] [stdout] 245 | / make_radix_fns! {
[INFO] [stdout] 246 | |     [2, radix_2_wide, radix_2_narrow, butterfly2],
[INFO] [stdout] 247 | |     [3, radix_3_wide, radix_3_narrow, butterfly3],
[INFO] [stdout] 248 | |     [4, radix_4_wide, radix_4_narrow, butterfly4],
[INFO] [stdout] 249 | |     [8, radix_8_wide, radix_8_narrow, butterfly8]
[INFO] [stdout] 250 | | }
[INFO] [stdout]     | |_- in this macro invocation
[INFO] [stdout]     |
[INFO] [stdout]     = note: this error originates in the macro `make_radix_fns` (in Nightly builds, run with -Z macro-backtrace for more info)
[INFO] [stdout] 
[INFO] [stdout] 
[INFO] [stdout] error: no rules expected the token `f32`
[INFO] [stdout]    --> /opt/rustwide/cargo-home/registry/src/github.com-1ecc6299db9ec823/fourier-0.1.0/src/autosort/prime_factor.rs:281:34
[INFO] [stdout]     |
[INFO] [stdout] 281 |             crate::avx_vector! { $type };
[INFO] [stdout]     |                                  ^^^^^ no rules expected this token in macro call
[INFO] [stdout] ...
[INFO] [stdout] 363 | make_stage_fns! { f32, apply_stages_f32, radix_f32 }
[INFO] [stdout]     | ---------------------------------------------------- in this macro invocation
[INFO] [stdout]     |
[INFO] [stdout]    ::: /opt/rustwide/cargo-home/registry/src/github.com-1ecc6299db9ec823/fourier-0.1.0/src/vector/avx.rs:5:1
[INFO] [stdout]     |
[INFO] [stdout] 5   | macro_rules! avx_vector {
[INFO] [stdout]     | ----------------------- when calling this macro
[INFO] [stdout]     |
[INFO] [stdout]     = note: this error originates in the macro `make_stage_fns` (in Nightly builds, run with -Z macro-backtrace for more info)
[INFO] [stdout] 
[INFO] [stdout] 
[INFO] [stdout] error: no rules expected the token `f64`
[INFO] [stdout]    --> /opt/rustwide/cargo-home/registry/src/github.com-1ecc6299db9ec823/fourier-0.1.0/src/autosort/prime_factor.rs:281:34
[INFO] [stdout]     |
[INFO] [stdout] 281 |             crate::avx_vector! { $type };
[INFO] [stdout]     |                                  ^^^^^ no rules expected this token in macro call
[INFO] [stdout] ...
[INFO] [stdout] 364 | make_stage_fns! { f64, apply_stages_f64, radix_f64 }
[INFO] [stdout]     | ---------------------------------------------------- in this macro invocation
[INFO] [stdout]     |
[INFO] [stdout]    ::: /opt/rustwide/cargo-home/registry/src/github.com-1ecc6299db9ec823/fourier-0.1.0/src/vector/avx.rs:5:1
[INFO] [stdout]     |
[INFO] [stdout] 5   | macro_rules! avx_vector {
[INFO] [stdout]     | ----------------------- when calling this macro
[INFO] [stdout]     |
[INFO] [stdout]     = note: this error originates in the macro `make_stage_fns` (in Nightly builds, run with -Z macro-backtrace for more info)
[INFO] [stdout] 
[INFO] [stdout] 
[INFO] [stdout] error[E0432]: unresolved import `radix_f32::__multiversion_radix_2_narrow_default`
[INFO] [stdout]    --> /opt/rustwide/cargo-home/registry/src/github.com-1ecc6299db9ec823/fourier-0.1.0/src/autosort/prime_factor.rs:264:29
[INFO] [stdout]     |
[INFO] [stdout] 264 |             use $radix_mod::radix_2_narrow;
[INFO] [stdout]     |                             ^^^^^^^^^^^^^^ no `__multiversion_radix_2_narrow_default` in `autosort::prime_factor::radix_f32`
[INFO] [stdout] ...
[INFO] [stdout] 363 | make_stage_fns! { f32, apply_stages_f32, radix_f32 }
[INFO] [stdout]     | ---------------------------------------------------- in this macro invocation
[INFO] [stdout]     |
[INFO] [stdout]     = note: this error originates in the macro `make_stage_fns` (in Nightly builds, run with -Z macro-backtrace for more info)
[INFO] [stdout] 
[INFO] [stdout] 
[INFO] [stdout] error[E0432]: unresolved import `radix_f32::__multiversion_radix_2_wide_default`
[INFO] [stdout]    --> /opt/rustwide/cargo-home/registry/src/github.com-1ecc6299db9ec823/fourier-0.1.0/src/autosort/prime_factor.rs:266:29
[INFO] [stdout]     |
[INFO] [stdout] 266 |             use $radix_mod::radix_2_wide;
[INFO] [stdout]     |                             ^^^^^^^^^^^^ no `__multiversion_radix_2_wide_default` in `autosort::prime_factor::radix_f32`
[INFO] [stdout] ...
[INFO] [stdout] 363 | make_stage_fns! { f32, apply_stages_f32, radix_f32 }
[INFO] [stdout]     | ---------------------------------------------------- in this macro invocation
[INFO] [stdout]     |
[INFO] [stdout]     = note: this error originates in the macro `make_stage_fns` (in Nightly builds, run with -Z macro-backtrace for more info)
[INFO] [stdout] 
[INFO] [stdout] 
[INFO] [stdout] error[E0432]: unresolved import `radix_f32::__multiversion_radix_3_narrow_default`
[INFO] [stdout]    --> /opt/rustwide/cargo-home/registry/src/github.com-1ecc6299db9ec823/fourier-0.1.0/src/autosort/prime_factor.rs:268:29
[INFO] [stdout]     |
[INFO] [stdout] 268 |             use $radix_mod::radix_3_narrow;
[INFO] [stdout]     |                             ^^^^^^^^^^^^^^ no `__multiversion_radix_3_narrow_default` in `autosort::prime_factor::radix_f32`
[INFO] [stdout] ...
[INFO] [stdout] 363 | make_stage_fns! { f32, apply_stages_f32, radix_f32 }
[INFO] [stdout]     | ---------------------------------------------------- in this macro invocation
[INFO] [stdout]     |
[INFO] [stdout]     = note: this error originates in the macro `make_stage_fns` (in Nightly builds, run with -Z macro-backtrace for more info)
[INFO] [stdout] 
[INFO] [stdout] 
[INFO] [stdout] error[E0432]: unresolved import `radix_f32::__multiversion_radix_3_wide_default`
[INFO] [stdout]    --> /opt/rustwide/cargo-home/registry/src/github.com-1ecc6299db9ec823/fourier-0.1.0/src/autosort/prime_factor.rs:270:29
[INFO] [stdout]     |
[INFO] [stdout] 270 |             use $radix_mod::radix_3_wide;
[INFO] [stdout]     |                             ^^^^^^^^^^^^ no `__multiversion_radix_3_wide_default` in `autosort::prime_factor::radix_f32`
[INFO] [stdout] ...
[INFO] [stdout] 363 | make_stage_fns! { f32, apply_stages_f32, radix_f32 }
[INFO] [stdout]     | ---------------------------------------------------- in this macro invocation
[INFO] [stdout]     |
[INFO] [stdout]     = note: this error originates in the macro `make_stage_fns` (in Nightly builds, run with -Z macro-backtrace for more info)
[INFO] [stdout] 
[INFO] [stdout] 
[INFO] [stdout] error[E0432]: unresolved import `radix_f32::__multiversion_radix_4_narrow_default`
[INFO] [stdout]    --> /opt/rustwide/cargo-home/registry/src/github.com-1ecc6299db9ec823/fourier-0.1.0/src/autosort/prime_factor.rs:272:29
[INFO] [stdout]     |
[INFO] [stdout] 272 |             use $radix_mod::radix_4_narrow;
[INFO] [stdout]     |                             ^^^^^^^^^^^^^^ no `__multiversion_radix_4_narrow_default` in `autosort::prime_factor::radix_f32`
[INFO] [stdout] ...
[INFO] [stdout] 363 | make_stage_fns! { f32, apply_stages_f32, radix_f32 }
[INFO] [stdout]     | ---------------------------------------------------- in this macro invocation
[INFO] [stdout]     |
[INFO] [stdout]     = note: this error originates in the macro `make_stage_fns` (in Nightly builds, run with -Z macro-backtrace for more info)
[INFO] [stdout] 
[INFO] [stdout] 
[INFO] [stdout] error[E0432]: unresolved import `radix_f32::__multiversion_radix_4_wide_default`
[INFO] [stdout]    --> /opt/rustwide/cargo-home/registry/src/github.com-1ecc6299db9ec823/fourier-0.1.0/src/autosort/prime_factor.rs:274:29
[INFO] [stdout]     |
[INFO] [stdout] 274 |             use $radix_mod::radix_4_wide;
[INFO] [stdout]     |                             ^^^^^^^^^^^^ no `__multiversion_radix_4_wide_default` in `autosort::prime_factor::radix_f32`
[INFO] [stdout] ...
[INFO] [stdout] 363 | make_stage_fns! { f32, apply_stages_f32, radix_f32 }
[INFO] [stdout]     | ---------------------------------------------------- in this macro invocation
[INFO] [stdout]     |
[INFO] [stdout]     = note: this error originates in the macro `make_stage_fns` (in Nightly builds, run with -Z macro-backtrace for more info)
[INFO] [stdout] 
[INFO] [stdout] 
[INFO] [stdout] error[E0432]: unresolved import `radix_f32::__multiversion_radix_8_narrow_default`
[INFO] [stdout]    --> /opt/rustwide/cargo-home/registry/src/github.com-1ecc6299db9ec823/fourier-0.1.0/src/autosort/prime_factor.rs:276:29
[INFO] [stdout]     |
[INFO] [stdout] 276 |             use $radix_mod::radix_8_narrow;
[INFO] [stdout]     |                             ^^^^^^^^^^^^^^ no `__multiversion_radix_8_narrow_default` in `autosort::prime_factor::radix_f32`
[INFO] [stdout] ...
[INFO] [stdout] 363 | make_stage_fns! { f32, apply_stages_f32, radix_f32 }
[INFO] [stdout]     | ---------------------------------------------------- in this macro invocation
[INFO] [stdout]     |
[INFO] [stdout]     = note: this error originates in the macro `make_stage_fns` (in Nightly builds, run with -Z macro-backtrace for more info)
[INFO] [stdout] 
[INFO] [stdout] 
[INFO] [stdout] error[E0432]: unresolved import `radix_f32::__multiversion_radix_8_wide_default`
[INFO] [stdout]    --> /opt/rustwide/cargo-home/registry/src/github.com-1ecc6299db9ec823/fourier-0.1.0/src/autosort/prime_factor.rs:278:29
[INFO] [stdout]     |
[INFO] [stdout] 278 |             use $radix_mod::radix_8_wide;
[INFO] [stdout]     |                             ^^^^^^^^^^^^ no `__multiversion_radix_8_wide_default` in `autosort::prime_factor::radix_f32`
[INFO] [stdout] ...
[INFO] [stdout] 363 | make_stage_fns! { f32, apply_stages_f32, radix_f32 }
[INFO] [stdout]     | ---------------------------------------------------- in this macro invocation
[INFO] [stdout]     |
[INFO] [stdout]     = note: this error originates in the macro `make_stage_fns` (in Nightly builds, run with -Z macro-backtrace for more info)
[INFO] [stdout] 
[INFO] [stdout] 
[INFO] [stdout] error[E0432]: unresolved import `radix_f64::__multiversion_radix_2_narrow_default`
[INFO] [stdout]    --> /opt/rustwide/cargo-home/registry/src/github.com-1ecc6299db9ec823/fourier-0.1.0/src/autosort/prime_factor.rs:264:29
[INFO] [stdout]     |
[INFO] [stdout] 264 |             use $radix_mod::radix_2_narrow;
[INFO] [stdout]     |                             ^^^^^^^^^^^^^^ no `__multiversion_radix_2_narrow_default` in `autosort::prime_factor::radix_f64`
[INFO] [stdout] ...
[INFO] [stdout] 364 | make_stage_fns! { f64, apply_stages_f64, radix_f64 }
[INFO] [stdout]     | ---------------------------------------------------- in this macro invocation
[INFO] [stdout]     |
[INFO] [stdout]     = note: this error originates in the macro `make_stage_fns` (in Nightly builds, run with -Z macro-backtrace for more info)
[INFO] [stdout] 
[INFO] [stdout] 
[INFO] [stdout] error[E0432]: unresolved import `radix_f64::__multiversion_radix_2_wide_default`
[INFO] [stdout]    --> /opt/rustwide/cargo-home/registry/src/github.com-1ecc6299db9ec823/fourier-0.1.0/src/autosort/prime_factor.rs:266:29
[INFO] [stdout]     |
[INFO] [stdout] 266 |             use $radix_mod::radix_2_wide;
[INFO] [stdout]     |                             ^^^^^^^^^^^^ no `__multiversion_radix_2_wide_default` in `autosort::prime_factor::radix_f64`
[INFO] [stdout] ...
[INFO] [stdout] 364 | make_stage_fns! { f64, apply_stages_f64, radix_f64 }
[INFO] [stdout]     | ---------------------------------------------------- in this macro invocation
[INFO] [stdout]     |
[INFO] [stdout]     = note: this error originates in the macro `make_stage_fns` (in Nightly builds, run with -Z macro-backtrace for more info)
[INFO] [stdout] 
[INFO] [stdout] 
[INFO] [stdout] error[E0432]: unresolved import `radix_f64::__multiversion_radix_3_narrow_default`
[INFO] [stdout]    --> /opt/rustwide/cargo-home/registry/src/github.com-1ecc6299db9ec823/fourier-0.1.0/src/autosort/prime_factor.rs:268:29
[INFO] [stdout]     |
[INFO] [stdout] 268 |             use $radix_mod::radix_3_narrow;
[INFO] [stdout]     |                             ^^^^^^^^^^^^^^ no `__multiversion_radix_3_narrow_default` in `autosort::prime_factor::radix_f64`
[INFO] [stdout] ...
[INFO] [stdout] 364 | make_stage_fns! { f64, apply_stages_f64, radix_f64 }
[INFO] [stdout]     | ---------------------------------------------------- in this macro invocation
[INFO] [stdout]     |
[INFO] [stdout]     = note: this error originates in the macro `make_stage_fns` (in Nightly builds, run with -Z macro-backtrace for more info)
[INFO] [stdout] 
[INFO] [stdout] 
[INFO] [stdout] error[E0432]: unresolved import `radix_f64::__multiversion_radix_3_wide_default`
[INFO] [stdout]    --> /opt/rustwide/cargo-home/registry/src/github.com-1ecc6299db9ec823/fourier-0.1.0/src/autosort/prime_factor.rs:270:29
[INFO] [stdout]     |
[INFO] [stdout] 270 |             use $radix_mod::radix_3_wide;
[INFO] [stdout]     |                             ^^^^^^^^^^^^ no `__multiversion_radix_3_wide_default` in `autosort::prime_factor::radix_f64`
[INFO] [stdout] ...
[INFO] [stdout] 364 | make_stage_fns! { f64, apply_stages_f64, radix_f64 }
[INFO] [stdout]     | ---------------------------------------------------- in this macro invocation
[INFO] [stdout]     |
[INFO] [stdout]     = note: this error originates in the macro `make_stage_fns` (in Nightly builds, run with -Z macro-backtrace for more info)
[INFO] [stdout] 
[INFO] [stdout] 
[INFO] [stdout] error[E0432]: unresolved import `radix_f64::__multiversion_radix_4_narrow_default`
[INFO] [stdout]    --> /opt/rustwide/cargo-home/registry/src/github.com-1ecc6299db9ec823/fourier-0.1.0/src/autosort/prime_factor.rs:272:29
[INFO] [stdout]     |
[INFO] [stdout] 272 |             use $radix_mod::radix_4_narrow;
[INFO] [stdout]     |                             ^^^^^^^^^^^^^^ no `__multiversion_radix_4_narrow_default` in `autosort::prime_factor::radix_f64`
[INFO] [stdout] ...
[INFO] [stdout] 364 | make_stage_fns! { f64, apply_stages_f64, radix_f64 }
[INFO] [stdout]     | ---------------------------------------------------- in this macro invocation
[INFO] [stdout]     |
[INFO] [stdout]     = note: this error originates in the macro `make_stage_fns` (in Nightly builds, run with -Z macro-backtrace for more info)
[INFO] [stdout] 
[INFO] [stdout] 
[INFO] [stdout] error[E0432]: unresolved import `radix_f64::__multiversion_radix_4_wide_default`
[INFO] [stdout]    --> /opt/rustwide/cargo-home/registry/src/github.com-1ecc6299db9ec823/fourier-0.1.0/src/autosort/prime_factor.rs:274:29
[INFO] [stdout]     |
[INFO] [stdout] 274 |             use $radix_mod::radix_4_wide;
[INFO] [stdout]     |                             ^^^^^^^^^^^^ no `__multiversion_radix_4_wide_default` in `autosort::prime_factor::radix_f64`
[INFO] [stdout] ...
[INFO] [stdout] 364 | make_stage_fns! { f64, apply_stages_f64, radix_f64 }
[INFO] [stdout]     | ---------------------------------------------------- in this macro invocation
[INFO] [stdout]     |
[INFO] [stdout]     = note: this error originates in the macro `make_stage_fns` (in Nightly builds, run with -Z macro-backtrace for more info)
[INFO] [stdout] 
[INFO] [stdout] 
[INFO] [stdout] error[E0432]: unresolved import `radix_f64::__multiversion_radix_8_narrow_default`
[INFO] [stdout]    --> /opt/rustwide/cargo-home/registry/src/github.com-1ecc6299db9ec823/fourier-0.1.0/src/autosort/prime_factor.rs:276:29
[INFO] [stdout]     |
[INFO] [stdout] 276 |             use $radix_mod::radix_8_narrow;
[INFO] [stdout]     |                             ^^^^^^^^^^^^^^ no `__multiversion_radix_8_narrow_default` in `autosort::prime_factor::radix_f64`
[INFO] [stdout] ...
[INFO] [stdout] 364 | make_stage_fns! { f64, apply_stages_f64, radix_f64 }
[INFO] [stdout]     | ---------------------------------------------------- in this macro invocation
[INFO] [stdout]     |
[INFO] [stdout]     = note: this error originates in the macro `make_stage_fns` (in Nightly builds, run with -Z macro-backtrace for more info)
[INFO] [stdout] 
[INFO] [stdout] 
[INFO] [stdout] error[E0432]: unresolved import `radix_f64::__multiversion_radix_8_wide_default`
[INFO] [stdout]    --> /opt/rustwide/cargo-home/registry/src/github.com-1ecc6299db9ec823/fourier-0.1.0/src/autosort/prime_factor.rs:278:29
[INFO] [stdout]     |
[INFO] [stdout] 278 |             use $radix_mod::radix_8_wide;
[INFO] [stdout]     |                             ^^^^^^^^^^^^ no `__multiversion_radix_8_wide_default` in `autosort::prime_factor::radix_f64`
[INFO] [stdout] ...
[INFO] [stdout] 364 | make_stage_fns! { f64, apply_stages_f64, radix_f64 }
[INFO] [stdout]     | ---------------------------------------------------- in this macro invocation
[INFO] [stdout]     |
[INFO] [stdout]     = note: this error originates in the macro `make_stage_fns` (in Nightly builds, run with -Z macro-backtrace for more info)
[INFO] [stdout] 
[INFO] [stdout] 
[INFO] [stdout] error: cannot find macro `width` in this scope
[INFO] [stdout]    --> /opt/rustwide/cargo-home/registry/src/github.com-1ecc6299db9ec823/fourier-0.1.0/src/autosort/prime_factor.rs:302:32
[INFO] [stdout]     |
[INFO] [stdout] 302 |                 while stride < width! {} && iteration < *iterations {
[INFO] [stdout]     |                                ^^^^^
[INFO] [stdout] ...
[INFO] [stdout] 364 | make_stage_fns! { f64, apply_stages_f64, radix_f64 }
[INFO] [stdout]     | ---------------------------------------------------- in this macro invocation
[INFO] [stdout]     |
[INFO] [stdout]     = help: have you added the `#[macro_use]` on the module/import?
[INFO] [stdout]     = note: this error originates in the macro `make_stage_fns` (in Nightly builds, run with -Z macro-backtrace for more info)
[INFO] [stdout] 
[INFO] [stdout] 
[INFO] [stdout] error: cannot find macro `width` in this scope
[INFO] [stdout]    --> /opt/rustwide/cargo-home/registry/src/github.com-1ecc6299db9ec823/fourier-0.1.0/src/autosort/prime_factor.rs:337:57
[INFO] [stdout]     |
[INFO] [stdout] 337 |                     twiddles = &twiddles[size * radix * width!()..];
[INFO] [stdout]     |                                                         ^^^^^
[INFO] [stdout] ...
[INFO] [stdout] 364 | make_stage_fns! { f64, apply_stages_f64, radix_f64 }
[INFO] [stdout]     | ---------------------------------------------------- in this macro invocation
[INFO] [stdout]     |
[INFO] [stdout]     = help: have you added the `#[macro_use]` on the module/import?
[INFO] [stdout]     = note: this error originates in the macro `make_stage_fns` (in Nightly builds, run with -Z macro-backtrace for more info)
[INFO] [stdout] 
[INFO] [stdout] 
[INFO] [stdout] error: cannot find macro `width` in this scope
[INFO] [stdout]    --> /opt/rustwide/cargo-home/registry/src/github.com-1ecc6299db9ec823/fourier-0.1.0/src/autosort/prime_factor.rs:337:57
[INFO] [stdout]     |
[INFO] [stdout] 337 |                     twiddles = &twiddles[size * radix * width!()..];
[INFO] [stdout]     |                                                         ^^^^^
[INFO] [stdout] ...
[INFO] [stdout] 363 | make_stage_fns! { f32, apply_stages_f32, radix_f32 }
[INFO] [stdout]     | ---------------------------------------------------- in this macro invocation
[INFO] [stdout]     |
[INFO] [stdout]     = help: have you added the `#[macro_use]` on the module/import?
[INFO] [stdout]     = note: this error originates in the macro `make_stage_fns` (in Nightly builds, run with -Z macro-backtrace for more info)
[INFO] [stdout] 
[INFO] [stdout] 
[INFO] [stdout] error: cannot find macro `width` in this scope
[INFO] [stdout]    --> /opt/rustwide/cargo-home/registry/src/github.com-1ecc6299db9ec823/fourier-0.1.0/src/autosort/prime_factor.rs:302:32
[INFO] [stdout]     |
[INFO] [stdout] 302 |                 while stride < width! {} && iteration < *iterations {
[INFO] [stdout]     |                                ^^^^^
[INFO] [stdout] ...
[INFO] [stdout] 363 | make_stage_fns! { f32, apply_stages_f32, radix_f32 }
[INFO] [stdout]     | ---------------------------------------------------- in this macro invocation
[INFO] [stdout]     |
[INFO] [stdout]     = help: have you added the `#[macro_use]` on the module/import?
[INFO] [stdout]     = note: this error originates in the macro `make_stage_fns` (in Nightly builds, run with -Z macro-backtrace for more info)
[INFO] [stdout] 
[INFO] [stdout] 
[INFO] [stdout] error: aborting due to 38 previous errors
[INFO] [stdout] 
[INFO] [stdout] 
[INFO] [stdout] For more information about this error, try `rustc --explain E0432`.
[INFO] [stdout] 
[INFO] [stderr] error: could not compile `fourier` due to 39 previous errors
[INFO] running `Command { std: "docker" "inspect" "03ac60b81b4d482abc218f45d2bd301b8f039f10b48e57c16bb1dec10bf8eaf6", kill_on_drop: false }`
[INFO] running `Command { std: "docker" "rm" "-f" "03ac60b81b4d482abc218f45d2bd301b8f039f10b48e57c16bb1dec10bf8eaf6", kill_on_drop: false }`
[INFO] [stdout] 03ac60b81b4d482abc218f45d2bd301b8f039f10b48e57c16bb1dec10bf8eaf6
