[INFO] cloning repository https://github.com/badrobotics/FeRTOS
[INFO] running `Command { std: "git" "-c" "credential.helper=" "-c" "credential.helper=/workspace/cargo-home/bin/git-credential-null" "clone" "--bare" "https://github.com/badrobotics/FeRTOS" "/workspace/cache/git-repos/https%3A%2F%2Fgithub.com%2Fbadrobotics%2FFeRTOS", kill_on_drop: false }`
[INFO] [stderr] Cloning into bare repository '/workspace/cache/git-repos/https%3A%2F%2Fgithub.com%2Fbadrobotics%2FFeRTOS'...
[INFO] running `Command { std: "git" "rev-parse" "HEAD", kill_on_drop: false }`
[INFO] [stdout] c02b11dd45c65a6b77748d578519a8effcd64a04
[INFO] checking badrobotics/FeRTOS against beta-2021-10-15 for beta-1.56-3
[INFO] running `Command { std: "git" "clone" "/workspace/cache/git-repos/https%3A%2F%2Fgithub.com%2Fbadrobotics%2FFeRTOS" "/workspace/builds/worker-41/source", kill_on_drop: false }`
[INFO] [stderr] Cloning into '/workspace/builds/worker-41/source'...
[INFO] [stderr] done.
[INFO] validating manifest of git repo https://github.com/badrobotics/FeRTOS on toolchain beta-2021-10-15
[INFO] running `Command { std: "/workspace/cargo-home/bin/cargo" "+beta-2021-10-15" "metadata" "--manifest-path" "Cargo.toml" "--no-deps", kill_on_drop: false }`
[INFO] removed /workspace/builds/worker-41/source/.cargo/config
[INFO] started tweaking git repo https://github.com/badrobotics/FeRTOS
[INFO] finished tweaking git repo https://github.com/badrobotics/FeRTOS
[INFO] tweaked toml for git repo https://github.com/badrobotics/FeRTOS written to /workspace/builds/worker-41/source/Cargo.toml
[INFO] running `Command { std: "/workspace/cargo-home/bin/cargo" "+beta-2021-10-15" "generate-lockfile" "--manifest-path" "Cargo.toml" "-Zno-index-update", kill_on_drop: false }`
[INFO] [stderr]     Blocking waiting for file lock on package cache
[INFO] running `Command { std: "/workspace/cargo-home/bin/cargo" "+beta-2021-10-15" "fetch" "--manifest-path" "Cargo.toml", kill_on_drop: false }`
[INFO] [stderr]     Blocking waiting for file lock on package cache
[INFO] [stderr]     Blocking waiting for file lock on package cache
[INFO] running `Command { std: "docker" "create" "-v" "/var/lib/crater-agent-workspace/builds/worker-41/target:/opt/rustwide/target:rw,Z" "-v" "/var/lib/crater-agent-workspace/builds/worker-41/source:/opt/rustwide/workdir:ro,Z" "-v" "/var/lib/crater-agent-workspace/cargo-home:/opt/rustwide/cargo-home:ro,Z" "-v" "/var/lib/crater-agent-workspace/rustup-home:/opt/rustwide/rustup-home:ro,Z" "-e" "SOURCE_DIR=/opt/rustwide/workdir" "-e" "CARGO_TARGET_DIR=/opt/rustwide/target" "-e" "CARGO_HOME=/opt/rustwide/cargo-home" "-e" "RUSTUP_HOME=/opt/rustwide/rustup-home" "-w" "/opt/rustwide/workdir" "-m" "1610612736" "--user" "0:0" "--network" "none" "ghcr.io/rust-lang/crates-build-env/linux@sha256:a89201d6b5b9fd45c15d5952ece0a0129e7e80cb26ec023fd59cf09bc26f1604" "/opt/rustwide/cargo-home/bin/cargo" "+beta-2021-10-15" "metadata" "--no-deps" "--format-version=1", kill_on_drop: false }`
[INFO] [stdout] 1c324aee949a1daae0c3b869338a9e462405cc206479962a2c9d5bb52955d913
[INFO] running `Command { std: "docker" "start" "-a" "1c324aee949a1daae0c3b869338a9e462405cc206479962a2c9d5bb52955d913", kill_on_drop: false }`
[INFO] running `Command { std: "docker" "inspect" "1c324aee949a1daae0c3b869338a9e462405cc206479962a2c9d5bb52955d913", kill_on_drop: false }`
[INFO] running `Command { std: "docker" "rm" "-f" "1c324aee949a1daae0c3b869338a9e462405cc206479962a2c9d5bb52955d913", kill_on_drop: false }`
[INFO] [stdout] 1c324aee949a1daae0c3b869338a9e462405cc206479962a2c9d5bb52955d913
[INFO] running `Command { std: "docker" "create" "-v" "/var/lib/crater-agent-workspace/builds/worker-41/target:/opt/rustwide/target:rw,Z" "-v" "/var/lib/crater-agent-workspace/builds/worker-41/source:/opt/rustwide/workdir:ro,Z" "-v" "/var/lib/crater-agent-workspace/cargo-home:/opt/rustwide/cargo-home:ro,Z" "-v" "/var/lib/crater-agent-workspace/rustup-home:/opt/rustwide/rustup-home:ro,Z" "-e" "SOURCE_DIR=/opt/rustwide/workdir" "-e" "CARGO_TARGET_DIR=/opt/rustwide/target" "-e" "CARGO_INCREMENTAL=0" "-e" "RUST_BACKTRACE=full" "-e" "RUSTFLAGS=--cap-lints=warn" "-e" "CARGO_HOME=/opt/rustwide/cargo-home" "-e" "RUSTUP_HOME=/opt/rustwide/rustup-home" "-w" "/opt/rustwide/workdir" "-m" "1610612736" "--user" "0:0" "--network" "none" "ghcr.io/rust-lang/crates-build-env/linux@sha256:a89201d6b5b9fd45c15d5952ece0a0129e7e80cb26ec023fd59cf09bc26f1604" "/opt/rustwide/cargo-home/bin/cargo" "+beta-2021-10-15" "check" "--frozen" "--all" "--all-targets" "--message-format=json", kill_on_drop: false }`
[INFO] [stdout] 6a72f8d6c7f393d13df59b143bcd6b9022a8c83b2192f9d5c01e15c1a48e26f8
[INFO] running `Command { std: "docker" "start" "-a" "6a72f8d6c7f393d13df59b143bcd6b9022a8c83b2192f9d5c01e15c1a48e26f8", kill_on_drop: false }`
[INFO] [stderr]    Compiling cc v1.0.71
[INFO] [stderr]    Compiling memchr v2.4.1
[INFO] [stderr]    Compiling cortex-m v0.7.3
[INFO] [stderr]     Checking vcell v0.1.3
[INFO] [stderr]    Compiling semver v1.0.4
[INFO] [stderr]    Compiling cortex-m v0.6.7
[INFO] [stderr]    Compiling maybe-uninit v2.0.0
[INFO] [stderr]     Checking cty v0.2.2
[INFO] [stderr]    Compiling tm4c129x v0.9.0
[INFO] [stderr]    Compiling qemu_project v0.1.0 (/opt/rustwide/workdir/examples/qemu_project)
[INFO] [stderr]    Compiling tm4c129x-hal v0.9.2
[INFO] [stderr]    Compiling fertos-project v0.1.0 (/opt/rustwide/workdir/examples/fertos_project)
[INFO] [stderr]    Compiling crossbeam-utils v0.7.2
[INFO] [stderr]     Checking lazy_static v1.4.0
[INFO] [stderr]     Checking generic-array v0.12.4
[INFO] [stderr]     Checking generic-array v0.13.3
[INFO] [stderr]     Checking embedded-hal v0.2.6
[INFO] [stderr]     Checking volatile-register v0.2.1
[INFO] [stderr]     Checking as-slice v0.1.5
[INFO] [stderr]     Checking aligned v0.3.5
[INFO] [stderr]    Compiling fe_osi v0.1.1 (/opt/rustwide/workdir/fe_osi)
[INFO] [stderr]    Compiling fe_rtos v0.1.1 (/opt/rustwide/workdir/fe_rtos)
[INFO] [stderr]     Checking cstr_core v0.2.4
[INFO] [stderr]    Compiling rustc_version v0.4.0
[INFO] [stderr]     Checking crossbeam-queue v0.2.3
[INFO] [stdout] error[E0554]: `#![feature]` may not be used on the beta release channel
[INFO] [stdout]  --> fe_osi/src/lib.rs:2:1
[INFO] [stdout]   |
[INFO] [stdout] 2 | #![feature(alloc_error_handler)]
[INFO] [stdout]   | ^^^^^^^^^^^^^^^^^^^^^^^^^^^^^^^^
[INFO] [stdout] 
[INFO] [stdout] 
[INFO] [stdout] error[E0554]: `#![feature]` may not be used on the beta release channel
[INFO] [stdout]  --> fe_osi/src/lib.rs:3:1
[INFO] [stdout]   |
[INFO] [stdout] 3 | #![feature(vec_into_raw_parts)]
[INFO] [stdout]   | ^^^^^^^^^^^^^^^^^^^^^^^^^^^^^^^
[INFO] [stdout] 
[INFO] [stdout] 
[INFO] [stdout] error[E0554]: `#![feature]` may not be used on the beta release channel
[INFO] [stdout]  --> fe_osi/src/lib.rs:2:1
[INFO] [stdout]   |
[INFO] [stdout] 2 | #![feature(alloc_error_handler)]
[INFO] [stdout]   | ^^^^^^^^^^^^^^^^^^^^^^^^^^^^^^^^
[INFO] [stdout] 
[INFO] [stdout] 
[INFO] [stdout] error[E0554]: `#![feature]` may not be used on the beta release channel
[INFO] [stdout]  --> fe_osi/src/lib.rs:3:1
[INFO] [stdout]   |
[INFO] [stdout] 3 | #![feature(vec_into_raw_parts)]
[INFO] [stdout]   | ^^^^^^^^^^^^^^^^^^^^^^^^^^^^^^^
[INFO] [stdout] 
[INFO] [stdout] 
[INFO] [stderr]    Compiling cast v0.2.7
[INFO] [stdout] error[E0152]: found duplicate lang item `oom`
[INFO] [stdout]   --> fe_osi/src/allocator.rs:48:1
[INFO] [stdout]    |
[INFO] [stdout] 48 | fn error_handler(layout: Layout) -> ! {
[INFO] [stdout]    | ^^^^^^^^^^^^^^^^^^^^^^^^^^^^^^^^^^^^^
[INFO] [stdout]    |
[INFO] [stdout]    = note: the lang item is first defined in crate `std` (which `test` depends on)
[INFO] [stdout]    = note: first definition in `std` loaded from /opt/rustwide/rustup-home/toolchains/beta-2021-10-15-x86_64-unknown-linux-gnu/lib/rustlib/x86_64-unknown-linux-gnu/lib/libstd-9a950938f3668a37.rlib
[INFO] [stdout]    = note: second definition in the local crate (`fe_osi`)
[INFO] [stdout] 
[INFO] [stdout] 
[INFO] [stdout] error: aborting due to 2 previous errors
[INFO] [stdout] 
[INFO] [stdout] 
[INFO] [stdout] For more information about this error, try `rustc --explain E0554`.
[INFO] [stdout] 
[INFO] [stderr] error: could not compile `fe_osi` due to 3 previous errors
[INFO] [stderr] warning: build failed, waiting for other jobs to finish...
[INFO] [stdout] error: aborting due to 3 previous errors
[INFO] [stdout] 
[INFO] [stdout] 
[INFO] [stdout] Some errors have detailed explanations: E0152, E0554.
[INFO] [stdout] 
[INFO] [stdout] For more information about an error, try `rustc --explain E0152`.
[INFO] [stdout] 
[INFO] [stderr] error: build failed
[INFO] running `Command { std: "docker" "inspect" "6a72f8d6c7f393d13df59b143bcd6b9022a8c83b2192f9d5c01e15c1a48e26f8", kill_on_drop: false }`
[INFO] running `Command { std: "docker" "rm" "-f" "6a72f8d6c7f393d13df59b143bcd6b9022a8c83b2192f9d5c01e15c1a48e26f8", kill_on_drop: false }`
[INFO] [stdout] 6a72f8d6c7f393d13df59b143bcd6b9022a8c83b2192f9d5c01e15c1a48e26f8
