[INFO] cloning repository https://github.com/b-fuze/keep-screen-on
[INFO] running `Command { std: "git" "-c" "credential.helper=" "-c" "credential.helper=/workspace/cargo-home/bin/git-credential-null" "clone" "--bare" "https://github.com/b-fuze/keep-screen-on" "/workspace/cache/git-repos/https%3A%2F%2Fgithub.com%2Fb-fuze%2Fkeep-screen-on", kill_on_drop: false }`
[INFO] [stderr] Cloning into bare repository '/workspace/cache/git-repos/https%3A%2F%2Fgithub.com%2Fb-fuze%2Fkeep-screen-on'...
[INFO] running `Command { std: "git" "rev-parse" "HEAD", kill_on_drop: false }`
[INFO] [stdout] a6ffba49e530eee9af317013ccff49a6c96f947c
[INFO] checking b-fuze/keep-screen-on against 1.55.0 for beta-1.56-3
[INFO] running `Command { std: "git" "clone" "/workspace/cache/git-repos/https%3A%2F%2Fgithub.com%2Fb-fuze%2Fkeep-screen-on" "/workspace/builds/worker-116/source", kill_on_drop: false }`
[INFO] [stderr] Cloning into '/workspace/builds/worker-116/source'...
[INFO] [stderr] done.
[INFO] validating manifest of git repo https://github.com/b-fuze/keep-screen-on on toolchain 1.55.0
[INFO] running `Command { std: "/workspace/cargo-home/bin/cargo" "+1.55.0" "metadata" "--manifest-path" "Cargo.toml" "--no-deps", kill_on_drop: false }`
[INFO] started tweaking git repo https://github.com/b-fuze/keep-screen-on
[INFO] finished tweaking git repo https://github.com/b-fuze/keep-screen-on
[INFO] tweaked toml for git repo https://github.com/b-fuze/keep-screen-on written to /workspace/builds/worker-116/source/Cargo.toml
[INFO] crate git repo https://github.com/b-fuze/keep-screen-on already has a lockfile, it will not be regenerated
[INFO] running `Command { std: "/workspace/cargo-home/bin/cargo" "+1.55.0" "fetch" "--manifest-path" "Cargo.toml", kill_on_drop: false }`
[INFO] [stderr]     Blocking waiting for file lock on package cache
[INFO] [stderr]     Blocking waiting for file lock on package cache
[INFO] running `Command { std: "docker" "create" "-v" "/var/lib/crater-agent-workspace/builds/worker-116/target:/opt/rustwide/target:rw,Z" "-v" "/var/lib/crater-agent-workspace/builds/worker-116/source:/opt/rustwide/workdir:ro,Z" "-v" "/var/lib/crater-agent-workspace/cargo-home:/opt/rustwide/cargo-home:ro,Z" "-v" "/var/lib/crater-agent-workspace/rustup-home:/opt/rustwide/rustup-home:ro,Z" "-e" "SOURCE_DIR=/opt/rustwide/workdir" "-e" "CARGO_TARGET_DIR=/opt/rustwide/target" "-e" "CARGO_HOME=/opt/rustwide/cargo-home" "-e" "RUSTUP_HOME=/opt/rustwide/rustup-home" "-w" "/opt/rustwide/workdir" "-m" "1610612736" "--user" "0:0" "--network" "none" "ghcr.io/rust-lang/crates-build-env/linux@sha256:a89201d6b5b9fd45c15d5952ece0a0129e7e80cb26ec023fd59cf09bc26f1604" "/opt/rustwide/cargo-home/bin/cargo" "+1.55.0" "metadata" "--no-deps" "--format-version=1", kill_on_drop: false }`
[INFO] [stdout] 2dacd520048ca2059b67f14aac8486afffebafc0f2c58fdc2006a1d9b2e0f0ed
[INFO] running `Command { std: "docker" "start" "-a" "2dacd520048ca2059b67f14aac8486afffebafc0f2c58fdc2006a1d9b2e0f0ed", kill_on_drop: false }`
[INFO] running `Command { std: "docker" "inspect" "2dacd520048ca2059b67f14aac8486afffebafc0f2c58fdc2006a1d9b2e0f0ed", kill_on_drop: false }`
[INFO] running `Command { std: "docker" "rm" "-f" "2dacd520048ca2059b67f14aac8486afffebafc0f2c58fdc2006a1d9b2e0f0ed", kill_on_drop: false }`
[INFO] [stdout] 2dacd520048ca2059b67f14aac8486afffebafc0f2c58fdc2006a1d9b2e0f0ed
[INFO] running `Command { std: "docker" "create" "-v" "/var/lib/crater-agent-workspace/builds/worker-116/target:/opt/rustwide/target:rw,Z" "-v" "/var/lib/crater-agent-workspace/builds/worker-116/source:/opt/rustwide/workdir:ro,Z" "-v" "/var/lib/crater-agent-workspace/cargo-home:/opt/rustwide/cargo-home:ro,Z" "-v" "/var/lib/crater-agent-workspace/rustup-home:/opt/rustwide/rustup-home:ro,Z" "-e" "SOURCE_DIR=/opt/rustwide/workdir" "-e" "CARGO_TARGET_DIR=/opt/rustwide/target" "-e" "CARGO_INCREMENTAL=0" "-e" "RUST_BACKTRACE=full" "-e" "RUSTFLAGS=--cap-lints=warn" "-e" "CARGO_HOME=/opt/rustwide/cargo-home" "-e" "RUSTUP_HOME=/opt/rustwide/rustup-home" "-w" "/opt/rustwide/workdir" "-m" "1610612736" "--user" "0:0" "--network" "none" "ghcr.io/rust-lang/crates-build-env/linux@sha256:a89201d6b5b9fd45c15d5952ece0a0129e7e80cb26ec023fd59cf09bc26f1604" "/opt/rustwide/cargo-home/bin/cargo" "+1.55.0" "check" "--frozen" "--all" "--all-targets" "--message-format=json", kill_on_drop: false }`
[INFO] [stdout] 91246b42c101dd3ba5d7b09e31cec6418d7d1bf8dd3b292fb42de471440ea125
[INFO] running `Command { std: "docker" "start" "-a" "91246b42c101dd3ba5d7b09e31cec6418d7d1bf8dd3b292fb42de471440ea125", kill_on_drop: false }`
[INFO] [stderr]    Compiling winapi v0.3.9
[INFO] [stderr]     Checking change-power-setting-rs v0.1.0 (/opt/rustwide/workdir)
[INFO] [stdout] error[E0433]: failed to resolve: could not find `um` in `winapi`
[INFO] [stdout]  --> src/main.rs:1:13
[INFO] [stdout]   |
[INFO] [stdout] 1 | use winapi::um::powersetting::PowerGetActiveScheme;
[INFO] [stdout]   |             ^^ could not find `um` in `winapi`
[INFO] [stdout] 
[INFO] [stdout] 
[INFO] [stdout] error[E0433]: failed to resolve: could not find `um` in `winapi`
[INFO] [stdout]  --> src/main.rs:2:13
[INFO] [stdout]   |
[INFO] [stdout] 2 | use winapi::um::powersetting::PowerSetActiveScheme;
[INFO] [stdout]   |             ^^ could not find `um` in `winapi`
[INFO] [stdout] 
[INFO] [stdout] 
[INFO] [stdout] error[E0433]: failed to resolve: could not find `um` in `winapi`
[INFO] [stdout]  --> src/main.rs:3:13
[INFO] [stdout]   |
[INFO] [stdout] 3 | use winapi::um::powersetting::PowerWriteACValueIndex;
[INFO] [stdout]   |             ^^ could not find `um` in `winapi`
[INFO] [stdout] 
[INFO] [stdout] 
[INFO] [stdout] error[E0433]: failed to resolve: could not find `um` in `winapi`
[INFO] [stdout]  --> src/main.rs:4:13
[INFO] [stdout]   |
[INFO] [stdout] 4 | use winapi::um::powrprof::GetActivePwrScheme;
[INFO] [stdout]   |             ^^ could not find `um` in `winapi`
[INFO] [stdout] 
[INFO] [stdout] 
[INFO] [stdout] error[E0433]: failed to resolve: could not find `um` in `winapi`
[INFO] [stdout]  --> src/main.rs:5:13
[INFO] [stdout]   |
[INFO] [stdout] 5 | use winapi::um::powrprof::PowerEnumerate;
[INFO] [stdout]   |             ^^ could not find `um` in `winapi`
[INFO] [stdout] 
[INFO] [stdout] 
[INFO] [stdout] error[E0433]: failed to resolve: could not find `um` in `winapi`
[INFO] [stdout]  --> src/main.rs:6:13
[INFO] [stdout]   |
[INFO] [stdout] 6 | use winapi::um::powrprof::PowerReadFriendlyName;
[INFO] [stdout]   |             ^^ could not find `um` in `winapi`
[INFO] [stdout] 
[INFO] [stdout] 
[INFO] [stdout] error[E0433]: failed to resolve: could not find `um` in `winapi`
[INFO] [stdout]  --> src/main.rs:7:13
[INFO] [stdout]   |
[INFO] [stdout] 7 | use winapi::um::powrprof::PowerReadACValueIndex;
[INFO] [stdout]   |             ^^ could not find `um` in `winapi`
[INFO] [stdout] 
[INFO] [stdout] 
[INFO] [stdout] error[E0433]: failed to resolve: could not find `um` in `winapi`
[INFO] [stdout]  --> src/main.rs:8:13
[INFO] [stdout]   |
[INFO] [stdout] 8 | use winapi::um::powrprof::PowerReadSettingAttributes;
[INFO] [stdout]   |             ^^ could not find `um` in `winapi`
[INFO] [stdout] 
[INFO] [stdout] 
[INFO] [stdout] error[E0433]: failed to resolve: could not find `shared` in `winapi`
[INFO] [stdout]  --> src/main.rs:9:13
[INFO] [stdout]   |
[INFO] [stdout] 9 | use winapi::shared::guiddef::GUID;
[INFO] [stdout]   |             ^^^^^^ could not find `shared` in `winapi`
[INFO] [stdout] 
[INFO] [stdout] 
[INFO] [stdout] error[E0433]: failed to resolve: could not find `um` in `winapi`
[INFO] [stdout]   --> src/main.rs:10:13
[INFO] [stdout]    |
[INFO] [stdout] 10 | use winapi::um::winnt::GUID_VIDEO_SUBGROUP;
[INFO] [stdout]    |             ^^ could not find `um` in `winapi`
[INFO] [stdout] 
[INFO] [stdout] 
[INFO] [stdout] error[E0433]: failed to resolve: could not find `um` in `winapi`
[INFO] [stdout]  --> src/main.rs:1:13
[INFO] [stdout]   |
[INFO] [stdout] 1 | use winapi::um::powersetting::PowerGetActiveScheme;
[INFO] [stdout]   |             ^^ could not find `um` in `winapi`
[INFO] [stdout] 
[INFO] [stdout] 
[INFO] [stdout] error[E0433]: failed to resolve: could not find `um` in `winapi`
[INFO] [stdout]  --> src/main.rs:2:13
[INFO] [stdout]   |
[INFO] [stdout] 2 | use winapi::um::powersetting::PowerSetActiveScheme;
[INFO] [stdout]   |             ^^ could not find `um` in `winapi`
[INFO] [stdout] 
[INFO] [stdout] 
[INFO] [stdout] error[E0433]: failed to resolve: could not find `um` in `winapi`
[INFO] [stdout]  --> src/main.rs:3:13
[INFO] [stdout]   |
[INFO] [stdout] 3 | use winapi::um::powersetting::PowerWriteACValueIndex;
[INFO] [stdout]   |             ^^ could not find `um` in `winapi`
[INFO] [stdout] 
[INFO] [stdout] 
[INFO] [stdout] error[E0433]: failed to resolve: could not find `um` in `winapi`
[INFO] [stdout]  --> src/main.rs:4:13
[INFO] [stdout]   |
[INFO] [stdout] 4 | use winapi::um::powrprof::GetActivePwrScheme;
[INFO] [stdout]   |             ^^ could not find `um` in `winapi`
[INFO] [stdout] 
[INFO] [stdout] 
[INFO] [stdout] error[E0433]: failed to resolve: could not find `um` in `winapi`
[INFO] [stdout]  --> src/main.rs:5:13
[INFO] [stdout]   |
[INFO] [stdout] 5 | use winapi::um::powrprof::PowerEnumerate;
[INFO] [stdout]   |             ^^ could not find `um` in `winapi`
[INFO] [stdout] 
[INFO] [stdout] 
[INFO] [stdout] error[E0433]: failed to resolve: could not find `um` in `winapi`
[INFO] [stdout]  --> src/main.rs:6:13
[INFO] [stdout]   |
[INFO] [stdout] 6 | use winapi::um::powrprof::PowerReadFriendlyName;
[INFO] [stdout]   |             ^^ could not find `um` in `winapi`
[INFO] [stdout] 
[INFO] [stdout] 
[INFO] [stdout] error[E0433]: failed to resolve: could not find `um` in `winapi`
[INFO] [stdout]  --> src/main.rs:7:13
[INFO] [stdout]   |
[INFO] [stdout] 7 | use winapi::um::powrprof::PowerReadACValueIndex;
[INFO] [stdout]   |             ^^ could not find `um` in `winapi`
[INFO] [stdout] 
[INFO] [stdout] 
[INFO] [stdout] error[E0433]: failed to resolve: could not find `um` in `winapi`
[INFO] [stdout]  --> src/main.rs:8:13
[INFO] [stdout]   |
[INFO] [stdout] 8 | use winapi::um::powrprof::PowerReadSettingAttributes;
[INFO] [stdout]   |             ^^ could not find `um` in `winapi`
[INFO] [stdout] 
[INFO] [stdout] 
[INFO] [stdout] error[E0433]: failed to resolve: could not find `shared` in `winapi`
[INFO] [stdout]  --> src/main.rs:9:13
[INFO] [stdout]   |
[INFO] [stdout] 9 | use winapi::shared::guiddef::GUID;
[INFO] [stdout]   |             ^^^^^^ could not find `shared` in `winapi`
[INFO] [stdout] 
[INFO] [stdout] 
[INFO] [stdout] error[E0433]: failed to resolve: could not find `um` in `winapi`
[INFO] [stdout]   --> src/main.rs:10:13
[INFO] [stdout]    |
[INFO] [stdout] 10 | use winapi::um::winnt::GUID_VIDEO_SUBGROUP;
[INFO] [stdout]    |             ^^ could not find `um` in `winapi`
[INFO] [stdout] 
[INFO] [stdout] 
[INFO] [stdout] error[E0425]: cannot find function, tuple struct or tuple variant `GetActivePwrScheme` in this scope
[INFO] [stdout]   --> src/main.rs:23:9
[INFO] [stdout]    |
[INFO] [stdout] 23 |         GetActivePwrScheme(&mut ui_id);
[INFO] [stdout]    |         ^^^^^^^^^^^^^^^^^^ not found in this scope
[INFO] [stdout] 
[INFO] [stdout] 
[INFO] [stdout] error[E0412]: cannot find type `GUID` in this scope
[INFO] [stdout]   --> src/main.rs:25:32
[INFO] [stdout]    |
[INFO] [stdout] 25 |         let mut guid_ptr: *mut GUID = std::ptr::null_mut();
[INFO] [stdout]    |                                ^^^^ not found in this scope
[INFO] [stdout] 
[INFO] [stdout] 
[INFO] [stdout] error[E0425]: cannot find function, tuple struct or tuple variant `PowerGetActiveScheme` in this scope
[INFO] [stdout]   --> src/main.rs:26:23
[INFO] [stdout]    |
[INFO] [stdout] 26 |         let success = PowerGetActiveScheme(std::ptr::null_mut(), &mut guid_ptr);
[INFO] [stdout]    |                       ^^^^^^^^^^^^^^^^^^^^ not found in this scope
[INFO] [stdout] 
[INFO] [stdout] 
[INFO] [stdout] error[E0425]: cannot find function, tuple struct or tuple variant `PowerEnumerate` in this scope
[INFO] [stdout]   --> src/main.rs:45:26
[INFO] [stdout]    |
[INFO] [stdout] 45 |             let result = PowerEnumerate(
[INFO] [stdout]    |                          ^^^^^^^^^^^^^^ not found in this scope
[INFO] [stdout] 
[INFO] [stdout] 
[INFO] [stdout] error[E0425]: cannot find value `GUID_VIDEO_SUBGROUP` in this scope
[INFO] [stdout]   --> src/main.rs:48:18
[INFO] [stdout]    |
[INFO] [stdout] 48 |                 &GUID_VIDEO_SUBGROUP,
[INFO] [stdout]    |                  ^^^^^^^^^^^^^^^^^^^ not found in this scope
[INFO] [stdout] 
[INFO] [stdout] 
[INFO] [stdout] error[E0425]: cannot find function, tuple struct or tuple variant `PowerReadFriendlyName` in this scope
[INFO] [stdout]   --> src/main.rs:56:17
[INFO] [stdout]    |
[INFO] [stdout] 56 |                 PowerReadFriendlyName(
[INFO] [stdout]    |                 ^^^^^^^^^^^^^^^^^^^^^ not found in this scope
[INFO] [stdout] 
[INFO] [stdout] 
[INFO] [stdout] error[E0425]: cannot find value `GUID_VIDEO_SUBGROUP` in this scope
[INFO] [stdout]   --> src/main.rs:59:22
[INFO] [stdout]    |
[INFO] [stdout] 59 |                     &GUID_VIDEO_SUBGROUP,
[INFO] [stdout]    |                      ^^^^^^^^^^^^^^^^^^^ not found in this scope
[INFO] [stdout] 
[INFO] [stdout] 
[INFO] [stdout] error[E0412]: cannot find type `GUID` in this scope
[INFO] [stdout]   --> src/main.rs:60:49
[INFO] [stdout]    |
[INFO] [stdout] 60 |                     sett_guid_buf_ptr as *const GUID,
[INFO] [stdout]    |                                                 ^^^^ not found in this scope
[INFO] [stdout] 
[INFO] [stdout] 
[INFO] [stdout] error[E0425]: cannot find function, tuple struct or tuple variant `PowerReadSettingAttributes` in this scope
[INFO] [stdout]   --> src/main.rs:65:28
[INFO] [stdout]    |
[INFO] [stdout] 65 |                 let attr = PowerReadSettingAttributes(
[INFO] [stdout]    |                            ^^^^^^^^^^^^^^^^^^^^^^^^^^ not found in this scope
[INFO] [stdout] 
[INFO] [stdout] 
[INFO] [stdout] error[E0425]: cannot find value `GUID_VIDEO_SUBGROUP` in this scope
[INFO] [stdout]   --> src/main.rs:66:22
[INFO] [stdout]    |
[INFO] [stdout] 66 |                     &GUID_VIDEO_SUBGROUP,
[INFO] [stdout]    |                      ^^^^^^^^^^^^^^^^^^^ not found in this scope
[INFO] [stdout] 
[INFO] [stdout] 
[INFO] [stdout] error[E0412]: cannot find type `GUID` in this scope
[INFO] [stdout]   --> src/main.rs:67:49
[INFO] [stdout]    |
[INFO] [stdout] 67 |                     sett_guid_buf_ptr as *const GUID,
[INFO] [stdout]    |                                                 ^^^^ not found in this scope
[INFO] [stdout] 
[INFO] [stdout] 
[INFO] [stdout] error[E0425]: cannot find function, tuple struct or tuple variant `PowerReadACValueIndex` in this scope
[INFO] [stdout]   --> src/main.rs:71:17
[INFO] [stdout]    |
[INFO] [stdout] 71 |                 PowerReadACValueIndex(
[INFO] [stdout]    |                 ^^^^^^^^^^^^^^^^^^^^^ not found in this scope
[INFO] [stdout] 
[INFO] [stdout] 
[INFO] [stdout] error[E0425]: cannot find value `GUID_VIDEO_SUBGROUP` in this scope
[INFO] [stdout]   --> src/main.rs:74:22
[INFO] [stdout]    |
[INFO] [stdout] 74 |                     &GUID_VIDEO_SUBGROUP,
[INFO] [stdout]    |                      ^^^^^^^^^^^^^^^^^^^ not found in this scope
[INFO] [stdout] 
[INFO] [stdout] 
[INFO] [stdout] error[E0412]: cannot find type `GUID` in this scope
[INFO] [stdout]   --> src/main.rs:75:49
[INFO] [stdout]    |
[INFO] [stdout] 75 |                     sett_guid_buf_ptr as *const GUID,
[INFO] [stdout]    |                                                 ^^^^ not found in this scope
[INFO] [stdout] 
[INFO] [stdout] 
[INFO] [stdout] error[E0425]: cannot find function, tuple struct or tuple variant `PowerWriteACValueIndex` in this scope
[INFO] [stdout]   --> src/main.rs:82:43
[INFO] [stdout]    |
[INFO] [stdout] 82 |                     let setting_success = PowerWriteACValueIndex(
[INFO] [stdout]    |                                           ^^^^^^^^^^^^^^^^^^^^^^ not found in this scope
[INFO] [stdout] 
[INFO] [stdout] 
[INFO] [stdout] error[E0425]: cannot find value `GUID_VIDEO_SUBGROUP` in this scope
[INFO] [stdout]   --> src/main.rs:85:26
[INFO] [stdout]    |
[INFO] [stdout] 85 |                         &GUID_VIDEO_SUBGROUP,
[INFO] [stdout]    |                          ^^^^^^^^^^^^^^^^^^^ not found in this scope
[INFO] [stdout] 
[INFO] [stdout] 
[INFO] [stdout] error[E0412]: cannot find type `GUID` in this scope
[INFO] [stdout]   --> src/main.rs:86:53
[INFO] [stdout]    |
[INFO] [stdout] 86 |                         sett_guid_buf_ptr as *const GUID,
[INFO] [stdout]    |                                                     ^^^^ not found in this scope
[INFO] [stdout] 
[INFO] [stdout] 
[INFO] [stdout] error[E0425]: cannot find function, tuple struct or tuple variant `PowerSetActiveScheme` in this scope
[INFO] [stdout]   --> src/main.rs:90:42
[INFO] [stdout]    |
[INFO] [stdout] 90 |                     let scheme_success = PowerSetActiveScheme(
[INFO] [stdout]    |                                          ^^^^^^^^^^^^^^^^^^^^ not found in this scope
[INFO] [stdout] 
[INFO] [stdout] 
[INFO] [stdout] error[E0425]: cannot find function, tuple struct or tuple variant `GetActivePwrScheme` in this scope
[INFO] [stdout]   --> src/main.rs:23:9
[INFO] [stdout]    |
[INFO] [stdout] 23 |         GetActivePwrScheme(&mut ui_id);
[INFO] [stdout]    |         ^^^^^^^^^^^^^^^^^^ not found in this scope
[INFO] [stdout] 
[INFO] [stdout] 
[INFO] [stdout] error[E0412]: cannot find type `GUID` in this scope
[INFO] [stdout]   --> src/main.rs:25:32
[INFO] [stdout]    |
[INFO] [stdout] 25 |         let mut guid_ptr: *mut GUID = std::ptr::null_mut();
[INFO] [stdout]    |                                ^^^^ not found in this scope
[INFO] [stdout] 
[INFO] [stdout] 
[INFO] [stdout] error[E0425]: cannot find function, tuple struct or tuple variant `PowerGetActiveScheme` in this scope
[INFO] [stdout]   --> src/main.rs:26:23
[INFO] [stdout]    |
[INFO] [stdout] 26 |         let success = PowerGetActiveScheme(std::ptr::null_mut(), &mut guid_ptr);
[INFO] [stdout]    |                       ^^^^^^^^^^^^^^^^^^^^ not found in this scope
[INFO] [stdout] 
[INFO] [stdout] 
[INFO] [stdout] error[E0425]: cannot find function, tuple struct or tuple variant `PowerEnumerate` in this scope
[INFO] [stdout]   --> src/main.rs:45:26
[INFO] [stdout]    |
[INFO] [stdout] 45 |             let result = PowerEnumerate(
[INFO] [stdout]    |                          ^^^^^^^^^^^^^^ not found in this scope
[INFO] [stdout] 
[INFO] [stdout] 
[INFO] [stdout] error[E0425]: cannot find value `GUID_VIDEO_SUBGROUP` in this scope
[INFO] [stdout]   --> src/main.rs:48:18
[INFO] [stdout]    |
[INFO] [stdout] 48 |                 &GUID_VIDEO_SUBGROUP,
[INFO] [stdout]    |                  ^^^^^^^^^^^^^^^^^^^ not found in this scope
[INFO] [stdout] 
[INFO] [stdout] 
[INFO] [stdout] error[E0425]: cannot find function, tuple struct or tuple variant `PowerReadFriendlyName` in this scope
[INFO] [stdout]   --> src/main.rs:56:17
[INFO] [stdout]    |
[INFO] [stdout] 56 |                 PowerReadFriendlyName(
[INFO] [stdout]    |                 ^^^^^^^^^^^^^^^^^^^^^ not found in this scope
[INFO] [stdout] 
[INFO] [stdout] 
[INFO] [stdout] error[E0425]: cannot find value `GUID_VIDEO_SUBGROUP` in this scope
[INFO] [stdout]   --> src/main.rs:59:22
[INFO] [stdout]    |
[INFO] [stdout] 59 |                     &GUID_VIDEO_SUBGROUP,
[INFO] [stdout]    |                      ^^^^^^^^^^^^^^^^^^^ not found in this scope
[INFO] [stdout] 
[INFO] [stdout] 
[INFO] [stdout] error[E0412]: cannot find type `GUID` in this scope
[INFO] [stdout]   --> src/main.rs:60:49
[INFO] [stdout]    |
[INFO] [stdout] 60 |                     sett_guid_buf_ptr as *const GUID,
[INFO] [stdout]    |                                                 ^^^^ not found in this scope
[INFO] [stdout] 
[INFO] [stdout] 
[INFO] [stdout] error[E0425]: cannot find function, tuple struct or tuple variant `PowerReadSettingAttributes` in this scope
[INFO] [stdout]   --> src/main.rs:65:28
[INFO] [stdout]    |
[INFO] [stdout] 65 |                 let attr = PowerReadSettingAttributes(
[INFO] [stdout]    |                            ^^^^^^^^^^^^^^^^^^^^^^^^^^ not found in this scope
[INFO] [stdout] 
[INFO] [stdout] 
[INFO] [stdout] error[E0425]: cannot find value `GUID_VIDEO_SUBGROUP` in this scope
[INFO] [stdout]   --> src/main.rs:66:22
[INFO] [stdout]    |
[INFO] [stdout] 66 |                     &GUID_VIDEO_SUBGROUP,
[INFO] [stdout]    |                      ^^^^^^^^^^^^^^^^^^^ not found in this scope
[INFO] [stdout] 
[INFO] [stdout] 
[INFO] [stdout] error[E0412]: cannot find type `GUID` in this scope
[INFO] [stdout]   --> src/main.rs:67:49
[INFO] [stdout]    |
[INFO] [stdout] 67 |                     sett_guid_buf_ptr as *const GUID,
[INFO] [stdout]    |                                                 ^^^^ not found in this scope
[INFO] [stdout] 
[INFO] [stdout] 
[INFO] [stdout] error[E0425]: cannot find function, tuple struct or tuple variant `PowerReadACValueIndex` in this scope
[INFO] [stdout]   --> src/main.rs:71:17
[INFO] [stdout]    |
[INFO] [stdout] 71 |                 PowerReadACValueIndex(
[INFO] [stdout]    |                 ^^^^^^^^^^^^^^^^^^^^^ not found in this scope
[INFO] [stdout] 
[INFO] [stdout] 
[INFO] [stdout] error[E0425]: cannot find value `GUID_VIDEO_SUBGROUP` in this scope
[INFO] [stdout]   --> src/main.rs:74:22
[INFO] [stdout]    |
[INFO] [stdout] 74 |                     &GUID_VIDEO_SUBGROUP,
[INFO] [stdout]    |                      ^^^^^^^^^^^^^^^^^^^ not found in this scope
[INFO] [stdout] 
[INFO] [stdout] 
[INFO] [stdout] error[E0412]: cannot find type `GUID` in this scope
[INFO] [stdout]   --> src/main.rs:75:49
[INFO] [stdout]    |
[INFO] [stdout] 75 |                     sett_guid_buf_ptr as *const GUID,
[INFO] [stdout]    |                                                 ^^^^ not found in this scope
[INFO] [stdout] 
[INFO] [stdout] 
[INFO] [stdout] error[E0425]: cannot find function, tuple struct or tuple variant `PowerWriteACValueIndex` in this scope
[INFO] [stdout]   --> src/main.rs:82:43
[INFO] [stdout]    |
[INFO] [stdout] 82 |                     let setting_success = PowerWriteACValueIndex(
[INFO] [stdout]    |                                           ^^^^^^^^^^^^^^^^^^^^^^ not found in this scope
[INFO] [stdout] 
[INFO] [stdout] 
[INFO] [stdout] error[E0425]: cannot find value `GUID_VIDEO_SUBGROUP` in this scope
[INFO] [stdout]   --> src/main.rs:85:26
[INFO] [stdout]    |
[INFO] [stdout] 85 |                         &GUID_VIDEO_SUBGROUP,
[INFO] [stdout]    |                          ^^^^^^^^^^^^^^^^^^^ not found in this scope
[INFO] [stdout] 
[INFO] [stdout] 
[INFO] [stdout] error[E0412]: cannot find type `GUID` in this scope
[INFO] [stdout]   --> src/main.rs:86:53
[INFO] [stdout]    |
[INFO] [stdout] 86 |                         sett_guid_buf_ptr as *const GUID,
[INFO] [stdout]    |                                                     ^^^^ not found in this scope
[INFO] [stdout] 
[INFO] [stdout] 
[INFO] [stdout] error[E0425]: cannot find function, tuple struct or tuple variant `PowerSetActiveScheme` in this scope
[INFO] [stdout]   --> src/main.rs:90:42
[INFO] [stdout]    |
[INFO] [stdout] 90 |                     let scheme_success = PowerSetActiveScheme(
[INFO] [stdout]    |                                          ^^^^^^^^^^^^^^^^^^^^ not found in this scope
[INFO] [stdout] 
[INFO] [stdout] 
[INFO] [stdout] error: aborting due to 28 previous errors
[INFO] [stdout] 
[INFO] [stdout] 
[INFO] [stdout] Some errors have detailed explanations: E0412, E0425, E0433.
[INFO] [stdout] 
[INFO] [stdout] For more information about an error, try `rustc --explain E0412`.
[INFO] [stdout] 
[INFO] [stderr] error: could not compile `change-power-setting-rs` due to 29 previous errors
[INFO] [stderr] warning: build failed, waiting for other jobs to finish...
[INFO] [stdout] error: aborting due to 28 previous errors
[INFO] [stdout] 
[INFO] [stdout] 
[INFO] [stdout] Some errors have detailed explanations: E0412, E0425, E0433.
[INFO] [stdout] 
[INFO] [stdout] For more information about an error, try `rustc --explain E0412`.
[INFO] [stdout] 
[INFO] [stderr] error: build failed
[INFO] running `Command { std: "docker" "inspect" "91246b42c101dd3ba5d7b09e31cec6418d7d1bf8dd3b292fb42de471440ea125", kill_on_drop: false }`
[INFO] running `Command { std: "docker" "rm" "-f" "91246b42c101dd3ba5d7b09e31cec6418d7d1bf8dd3b292fb42de471440ea125", kill_on_drop: false }`
[INFO] [stdout] 91246b42c101dd3ba5d7b09e31cec6418d7d1bf8dd3b292fb42de471440ea125
