[INFO] cloning repository https://github.com/azriel91/credent
[INFO] running `Command { std: "git" "-c" "credential.helper=" "-c" "credential.helper=/workspace/cargo-home/bin/git-credential-null" "clone" "--bare" "https://github.com/azriel91/credent" "/workspace/cache/git-repos/https%3A%2F%2Fgithub.com%2Fazriel91%2Fcredent", kill_on_drop: false }`
[INFO] [stderr] Cloning into bare repository '/workspace/cache/git-repos/https%3A%2F%2Fgithub.com%2Fazriel91%2Fcredent'...
[INFO] running `Command { std: "git" "rev-parse" "HEAD", kill_on_drop: false }`
[INFO] [stdout] 23bd19aac7904e90ee569ecb85586c00f4649881
[INFO] checking azriel91/credent against beta-2021-10-15 for beta-1.56-3
[INFO] running `Command { std: "git" "clone" "/workspace/cache/git-repos/https%3A%2F%2Fgithub.com%2Fazriel91%2Fcredent" "/workspace/builds/worker-76/source", kill_on_drop: false }`
[INFO] [stderr] Cloning into '/workspace/builds/worker-76/source'...
[INFO] [stderr] done.
[INFO] validating manifest of git repo https://github.com/azriel91/credent on toolchain beta-2021-10-15
[INFO] running `Command { std: "/workspace/cargo-home/bin/cargo" "+beta-2021-10-15" "metadata" "--manifest-path" "Cargo.toml" "--no-deps", kill_on_drop: false }`
[INFO] started tweaking git repo https://github.com/azriel91/credent
[INFO] removed 0 missing examples
[INFO] finished tweaking git repo https://github.com/azriel91/credent
[INFO] tweaked toml for git repo https://github.com/azriel91/credent written to /workspace/builds/worker-76/source/Cargo.toml
[INFO] running `Command { std: "/workspace/cargo-home/bin/cargo" "+beta-2021-10-15" "generate-lockfile" "--manifest-path" "Cargo.toml" "-Zno-index-update", kill_on_drop: false }`
[INFO] [stderr]     Blocking waiting for file lock on package cache
[INFO] running `Command { std: "/workspace/cargo-home/bin/cargo" "+beta-2021-10-15" "fetch" "--manifest-path" "Cargo.toml", kill_on_drop: false }`
[INFO] [stderr]     Blocking waiting for file lock on package cache
[INFO] [stderr]     Blocking waiting for file lock on package cache
[INFO] [stderr]  Downloading crates ...
[INFO] [stderr]   Downloaded rpassword v5.0.1
[INFO] [stderr]   Downloaded async-process v1.2.0
[INFO] [stderr]   Downloaded smol v1.2.5
[INFO] running `Command { std: "docker" "create" "-v" "/var/lib/crater-agent-workspace/builds/worker-76/target:/opt/rustwide/target:rw,Z" "-v" "/var/lib/crater-agent-workspace/builds/worker-76/source:/opt/rustwide/workdir:ro,Z" "-v" "/var/lib/crater-agent-workspace/cargo-home:/opt/rustwide/cargo-home:ro,Z" "-v" "/var/lib/crater-agent-workspace/rustup-home:/opt/rustwide/rustup-home:ro,Z" "-e" "SOURCE_DIR=/opt/rustwide/workdir" "-e" "CARGO_TARGET_DIR=/opt/rustwide/target" "-e" "CARGO_HOME=/opt/rustwide/cargo-home" "-e" "RUSTUP_HOME=/opt/rustwide/rustup-home" "-w" "/opt/rustwide/workdir" "-m" "1610612736" "--user" "0:0" "--network" "none" "ghcr.io/rust-lang/crates-build-env/linux@sha256:a89201d6b5b9fd45c15d5952ece0a0129e7e80cb26ec023fd59cf09bc26f1604" "/opt/rustwide/cargo-home/bin/cargo" "+beta-2021-10-15" "metadata" "--no-deps" "--format-version=1", kill_on_drop: false }`
[INFO] [stdout] 12e1efac5aaa8da96bb3b0e8364790938f11eb93e1c7d044c5a2777203700906
[INFO] running `Command { std: "docker" "start" "-a" "12e1efac5aaa8da96bb3b0e8364790938f11eb93e1c7d044c5a2777203700906", kill_on_drop: false }`
[INFO] running `Command { std: "docker" "inspect" "12e1efac5aaa8da96bb3b0e8364790938f11eb93e1c7d044c5a2777203700906", kill_on_drop: false }`
[INFO] running `Command { std: "docker" "rm" "-f" "12e1efac5aaa8da96bb3b0e8364790938f11eb93e1c7d044c5a2777203700906", kill_on_drop: false }`
[INFO] [stdout] 12e1efac5aaa8da96bb3b0e8364790938f11eb93e1c7d044c5a2777203700906
[INFO] running `Command { std: "docker" "create" "-v" "/var/lib/crater-agent-workspace/builds/worker-76/target:/opt/rustwide/target:rw,Z" "-v" "/var/lib/crater-agent-workspace/builds/worker-76/source:/opt/rustwide/workdir:ro,Z" "-v" "/var/lib/crater-agent-workspace/cargo-home:/opt/rustwide/cargo-home:ro,Z" "-v" "/var/lib/crater-agent-workspace/rustup-home:/opt/rustwide/rustup-home:ro,Z" "-e" "SOURCE_DIR=/opt/rustwide/workdir" "-e" "CARGO_TARGET_DIR=/opt/rustwide/target" "-e" "CARGO_INCREMENTAL=0" "-e" "RUST_BACKTRACE=full" "-e" "RUSTFLAGS=--cap-lints=warn" "-e" "CARGO_HOME=/opt/rustwide/cargo-home" "-e" "RUSTUP_HOME=/opt/rustwide/rustup-home" "-w" "/opt/rustwide/workdir" "-m" "1610612736" "--user" "0:0" "--network" "none" "ghcr.io/rust-lang/crates-build-env/linux@sha256:a89201d6b5b9fd45c15d5952ece0a0129e7e80cb26ec023fd59cf09bc26f1604" "/opt/rustwide/cargo-home/bin/cargo" "+beta-2021-10-15" "check" "--frozen" "--all" "--all-targets" "--message-format=json", kill_on_drop: false }`
[INFO] [stdout] f5e63d2ccff6f955bea4b662874640e7defd39e2f9930fb80a9153362e9ef883
[INFO] running `Command { std: "docker" "start" "-a" "f5e63d2ccff6f955bea4b662874640e7defd39e2f9930fb80a9153362e9ef883", kill_on_drop: false }`
[INFO] [stderr]    Compiling proc-macro2 v1.0.30
[INFO] [stderr]    Compiling futures-core v0.3.17
[INFO] [stderr]    Compiling syn v1.0.80
[INFO] [stderr]    Compiling serde_derive v1.0.130
[INFO] [stderr]     Checking cache-padded v1.1.1
[INFO] [stderr]    Compiling serde v1.0.130
[INFO] [stderr]     Checking pin-project-lite v0.2.7
[INFO] [stderr]     Checking fastrand v1.5.0
[INFO] [stderr]     Checking futures-io v0.3.17
[INFO] [stderr]     Checking waker-fn v1.1.0
[INFO] [stderr]     Checking parking v2.0.0
[INFO] [stderr]     Checking event-listener v2.5.1
[INFO] [stderr]     Checking once_cell v1.8.0
[INFO] [stderr]     Checking base64 v0.13.0
[INFO] [stderr]     Checking async-task v4.0.3
[INFO] [stderr]     Checking atomic-waker v1.0.0
[INFO] [stderr]     Checking slab v0.4.5
[INFO] [stderr]    Compiling signal-hook v0.3.10
[INFO] [stderr]    Compiling parking_lot_core v0.8.5
[INFO] [stderr]     Checking smallvec v1.7.0
[INFO] [stderr]     Checking credent_cli_model v0.4.1 (/opt/rustwide/workdir/crate/credent_cli_model)
[INFO] [stderr]     Checking bitflags v1.3.2
[INFO] [stderr]     Checking ppv-lite86 v0.2.14
[INFO] [stderr]     Checking remove_dir_all v0.5.3
[INFO] [stderr]     Checking instant v0.1.11
[INFO] [stderr]    Compiling tokio v1.12.0
[INFO] [stderr]     Checking signal-hook-registry v1.4.0
[INFO] [stderr]     Checking socket2 v0.4.2
[INFO] [stderr]     Checking dirs-sys v0.3.6
[INFO] [stderr]     Checking rpassword v5.0.1
[INFO] [stderr]     Checking num_cpus v1.13.0
[INFO] [stderr]     Checking getrandom v0.2.3
[INFO] [stderr]     Checking polling v2.1.0
[INFO] [stderr]     Checking mio v0.7.14
[INFO] [stdout] error: `credent` needs either the "backend-smol" or "backend-tokio" feature to be enabled.
[INFO] [stdout]   --> crate/credent_cli_model/src/error.rs:10:1
[INFO] [stdout]    |
[INFO] [stdout] 10 | / compile_error!(
[INFO] [stdout] 11 | |     r#"`credent` needs either the "backend-smol" or "backend-tokio" feature to be enabled."#
[INFO] [stdout] 12 | | );
[INFO] [stdout]    | |__^
[INFO] [stdout] 
[INFO] [stdout] 
[INFO] [stdout] error[E0412]: cannot find type `IoError` in this scope
[INFO] [stdout]   --> crate/credent_cli_model/src/error.rs:28:16
[INFO] [stdout]    |
[INFO] [stdout] 28 |         error: IoError,
[INFO] [stdout]    |                ^^^^^^^ not found in this scope
[INFO] [stdout] 
[INFO] [stdout] 
[INFO] [stdout] error[E0412]: cannot find type `IoError` in this scope
[INFO] [stdout]   --> crate/credent_cli_model/src/error.rs:31:17
[INFO] [stdout]    |
[INFO] [stdout] 31 |     StdErrFlush(IoError),
[INFO] [stdout]    |                 ^^^^^^^ not found in this scope
[INFO] [stdout] 
[INFO] [stdout] 
[INFO] [stdout] error: `credent` needs either the "backend-smol" or "backend-tokio" feature to be enabled.
[INFO] [stdout]   --> crate/credent_cli_model/src/error.rs:10:1
[INFO] [stdout]    |
[INFO] [stdout] 10 | / compile_error!(
[INFO] [stdout] 11 | |     r#"`credent` needs either the "backend-smol" or "backend-tokio" feature to be enabled."#
[INFO] [stdout] 12 | | );
[INFO] [stdout]    | |__^
[INFO] [stdout] 
[INFO] [stdout] 
[INFO] [stdout] error: aborting due to 3 previous errors
[INFO] [stdout] 
[INFO] [stdout] 
[INFO] [stdout] For more information about this error, try `rustc --explain E0412`.
[INFO] [stdout] 
[INFO] [stderr] error: could not compile `credent_cli_model` due to 4 previous errors
[INFO] [stderr] warning: build failed, waiting for other jobs to finish...
[INFO] [stdout] error[E0412]: cannot find type `IoError` in this scope
[INFO] [stdout]   --> crate/credent_cli_model/src/error.rs:28:16
[INFO] [stdout]    |
[INFO] [stdout] 28 |         error: IoError,
[INFO] [stdout]    |                ^^^^^^^ not found in this scope
[INFO] [stdout] 
[INFO] [stdout] 
[INFO] [stdout] error[E0412]: cannot find type `IoError` in this scope
[INFO] [stdout]   --> crate/credent_cli_model/src/error.rs:31:17
[INFO] [stdout]    |
[INFO] [stdout] 31 |     StdErrFlush(IoError),
[INFO] [stdout]    |                 ^^^^^^^ not found in this scope
[INFO] [stdout] 
[INFO] [stdout] 
[INFO] [stdout] error: aborting due to 3 previous errors
[INFO] [stdout] 
[INFO] [stdout] 
[INFO] [stdout] For more information about this error, try `rustc --explain E0412`.
[INFO] [stdout] 
[INFO] [stderr] error: build failed
[INFO] running `Command { std: "docker" "inspect" "f5e63d2ccff6f955bea4b662874640e7defd39e2f9930fb80a9153362e9ef883", kill_on_drop: false }`
[INFO] running `Command { std: "docker" "rm" "-f" "f5e63d2ccff6f955bea4b662874640e7defd39e2f9930fb80a9153362e9ef883", kill_on_drop: false }`
[INFO] [stdout] f5e63d2ccff6f955bea4b662874640e7defd39e2f9930fb80a9153362e9ef883
