[INFO] cloning repository https://github.com/avstack/gst-meet
[INFO] running `Command { std: "git" "-c" "credential.helper=" "-c" "credential.helper=/workspace/cargo-home/bin/git-credential-null" "clone" "--bare" "https://github.com/avstack/gst-meet" "/workspace/cache/git-repos/https%3A%2F%2Fgithub.com%2Favstack%2Fgst-meet", kill_on_drop: false }`
[INFO] [stderr] Cloning into bare repository '/workspace/cache/git-repos/https%3A%2F%2Fgithub.com%2Favstack%2Fgst-meet'...
[INFO] running `Command { std: "git" "rev-parse" "HEAD", kill_on_drop: false }`
[INFO] [stdout] 0040d2015144469a1a7b7e930ad1f6b3635c1484
[INFO] checking avstack/gst-meet against beta-2021-10-15 for beta-1.56-3
[INFO] running `Command { std: "git" "clone" "/workspace/cache/git-repos/https%3A%2F%2Fgithub.com%2Favstack%2Fgst-meet" "/workspace/builds/worker-9/source", kill_on_drop: false }`
[INFO] [stderr] Cloning into '/workspace/builds/worker-9/source'...
[INFO] [stderr] done.
[INFO] validating manifest of git repo https://github.com/avstack/gst-meet on toolchain beta-2021-10-15
[INFO] running `Command { std: "/workspace/cargo-home/bin/cargo" "+beta-2021-10-15" "metadata" "--manifest-path" "Cargo.toml" "--no-deps", kill_on_drop: false }`
[INFO] started tweaking git repo https://github.com/avstack/gst-meet
[INFO] finished tweaking git repo https://github.com/avstack/gst-meet
[INFO] tweaked toml for git repo https://github.com/avstack/gst-meet written to /workspace/builds/worker-9/source/Cargo.toml
[INFO] crate git repo https://github.com/avstack/gst-meet already has a lockfile, it will not be regenerated
[INFO] running `Command { std: "/workspace/cargo-home/bin/cargo" "+beta-2021-10-15" "fetch" "--manifest-path" "Cargo.toml", kill_on_drop: false }`
[INFO] [stderr]     Blocking waiting for file lock on package cache
[INFO] [stderr]     Blocking waiting for file lock on package cache
[INFO] running `Command { std: "docker" "create" "-v" "/var/lib/crater-agent-workspace/builds/worker-9/target:/opt/rustwide/target:rw,Z" "-v" "/var/lib/crater-agent-workspace/builds/worker-9/source:/opt/rustwide/workdir:ro,Z" "-v" "/var/lib/crater-agent-workspace/cargo-home:/opt/rustwide/cargo-home:ro,Z" "-v" "/var/lib/crater-agent-workspace/rustup-home:/opt/rustwide/rustup-home:ro,Z" "-e" "SOURCE_DIR=/opt/rustwide/workdir" "-e" "CARGO_TARGET_DIR=/opt/rustwide/target" "-e" "CARGO_HOME=/opt/rustwide/cargo-home" "-e" "RUSTUP_HOME=/opt/rustwide/rustup-home" "-w" "/opt/rustwide/workdir" "-m" "1610612736" "--user" "0:0" "--network" "none" "ghcr.io/rust-lang/crates-build-env/linux@sha256:a89201d6b5b9fd45c15d5952ece0a0129e7e80cb26ec023fd59cf09bc26f1604" "/opt/rustwide/cargo-home/bin/cargo" "+beta-2021-10-15" "metadata" "--no-deps" "--format-version=1", kill_on_drop: false }`
[INFO] [stdout] 68730682414a2921b96e3da81401e9aae8b3bd604ce4cf575a2fe5aeb0501282
[INFO] [stderr] WARNING: Your kernel does not support swap limit capabilities or the cgroup is not mounted. Memory limited without swap.
[INFO] running `Command { std: "docker" "start" "-a" "68730682414a2921b96e3da81401e9aae8b3bd604ce4cf575a2fe5aeb0501282", kill_on_drop: false }`
[INFO] running `Command { std: "docker" "inspect" "68730682414a2921b96e3da81401e9aae8b3bd604ce4cf575a2fe5aeb0501282", kill_on_drop: false }`
[INFO] running `Command { std: "docker" "rm" "-f" "68730682414a2921b96e3da81401e9aae8b3bd604ce4cf575a2fe5aeb0501282", kill_on_drop: false }`
[INFO] [stdout] 68730682414a2921b96e3da81401e9aae8b3bd604ce4cf575a2fe5aeb0501282
[INFO] running `Command { std: "docker" "create" "-v" "/var/lib/crater-agent-workspace/builds/worker-9/target:/opt/rustwide/target:rw,Z" "-v" "/var/lib/crater-agent-workspace/builds/worker-9/source:/opt/rustwide/workdir:ro,Z" "-v" "/var/lib/crater-agent-workspace/cargo-home:/opt/rustwide/cargo-home:ro,Z" "-v" "/var/lib/crater-agent-workspace/rustup-home:/opt/rustwide/rustup-home:ro,Z" "-e" "SOURCE_DIR=/opt/rustwide/workdir" "-e" "CARGO_TARGET_DIR=/opt/rustwide/target" "-e" "CARGO_INCREMENTAL=0" "-e" "RUST_BACKTRACE=full" "-e" "RUSTFLAGS=--cap-lints=warn" "-e" "CARGO_HOME=/opt/rustwide/cargo-home" "-e" "RUSTUP_HOME=/opt/rustwide/rustup-home" "-w" "/opt/rustwide/workdir" "-m" "1610612736" "--user" "0:0" "--network" "none" "ghcr.io/rust-lang/crates-build-env/linux@sha256:a89201d6b5b9fd45c15d5952ece0a0129e7e80cb26ec023fd59cf09bc26f1604" "/opt/rustwide/cargo-home/bin/cargo" "+beta-2021-10-15" "check" "--frozen" "--all" "--all-targets" "--message-format=json", kill_on_drop: false }`
[INFO] [stdout] 8159fa26d5c65279c22ea0a8a36d18041441d08a4bc177edc5803dba49c475c8
[INFO] [stderr] WARNING: Your kernel does not support swap limit capabilities or the cgroup is not mounted. Memory limited without swap.
[INFO] running `Command { std: "docker" "start" "-a" "8159fa26d5c65279c22ea0a8a36d18041441d08a4bc177edc5803dba49c475c8", kill_on_drop: false }`
[INFO] [stderr]    Compiling smallvec v1.7.0
[INFO] [stderr]     Checking futures-sink v0.3.17
[INFO] [stderr]    Compiling gio v0.14.8
[INFO] [stderr]     Checking subtle v2.4.1
[INFO] [stderr]    Compiling serde_json v1.0.68
[INFO] [stderr]     Checking muldiv v1.0.0
[INFO] [stderr]     Checking shell-words v1.0.0
[INFO] [stderr]    Compiling futures-util v0.3.17
[INFO] [stderr]    Compiling tokio v1.12.0
[INFO] [stderr]    Compiling num-rational v0.4.0
[INFO] [stderr]    Compiling ring v0.16.20
[INFO] [stderr]     Checking tracing-core v0.1.21
[INFO] [stderr]     Checking input_buffer v0.4.0
[INFO] [stderr]    Compiling anyhow v1.0.44
[INFO] [stderr]     Checking pem v0.8.3
[INFO] [stderr]     Checking getrandom v0.2.3
[INFO] [stderr]     Checking num_cpus v1.13.0
[INFO] [stderr]     Checking signal-hook-registry v1.4.0
[INFO] [stderr]     Checking parking_lot_core v0.8.5
[INFO] [stderr]     Checking mio v0.7.13
[INFO] [stderr]     Checking clap v2.33.3
[INFO] [stderr]     Checking quick-xml v0.20.0
[INFO] [stderr]    Compiling syn v1.0.80
[INFO] [stderr]     Checking futures-channel v0.3.17
[INFO] [stderr]     Checking rand_core v0.6.3
[INFO] [stderr]     Checking uuid v0.8.2
[INFO] [stderr]     Checking nix v0.22.2
[INFO] [stderr]     Checking block-buffer v0.9.0
[INFO] [stderr]     Checking crypto-mac v0.8.0
[INFO] [stderr]     Checking url v2.2.2
[INFO] [stderr]    Compiling cfg-expr v0.8.1
[INFO] [stderr]     Checking chrono v0.4.19
[INFO] [stderr]     Checking parking_lot v0.11.2
[INFO] [stderr]     Checking tracing-log v0.1.2
[INFO] [stderr]     Checking sha-1 v0.9.8
[INFO] [stderr]     Checking sha2 v0.9.8
[INFO] [stderr]     Checking sha3 v0.9.1
[INFO] [stderr]     Checking rand_chacha v0.3.1
[INFO] [stderr]     Checking blake2 v0.9.2
[INFO] [stderr]     Checking minidom-gst-meet v0.13.0
[INFO] [stderr]     Checking rand v0.8.4
[INFO] [stderr]     Checking jid-gst-meet v0.9.3
[INFO] [stderr]     Checking yasna v0.4.0
[INFO] [stderr]     Checking xmpp-parsers-gst-meet v0.18.2 (/opt/rustwide/workdir/xmpp-parsers)
[INFO] [stderr]     Checking tracing-subscriber v0.2.25
[INFO] [stderr]     Checking tempfile v3.2.0
[INFO] [stderr]     Checking webpki v0.21.4
[INFO] [stderr]     Checking sct v0.6.1
[INFO] [stderr]     Checking rcgen v0.8.13
[INFO] [stderr]     Checking futures-executor v0.3.17
[INFO] [stderr]     Checking futures v0.3.17
[INFO] [stdout] error[E0308]: mismatched types
[INFO] [stdout]    --> xmpp-parsers/src/jingle.rs:765:9
[INFO] [stdout]     |
[INFO] [stdout] 765 |         assert_eq!(jingle.contents[0].creator, Creator::Initiator);
[INFO] [stdout]     |         ^^^^^^^^^^^^^^^^^^^^^^^^^^^^^^^^^^^^^^^^^^^^^^^^^^^^^^^^^^^ expected enum `Option`, found enum `jingle::Creator`
[INFO] [stdout]     |
[INFO] [stdout]     = note: expected enum `Option<jingle::Creator>`
[INFO] [stdout]                found enum `jingle::Creator`
[INFO] [stdout]     = note: this error originates in the macro `assert_eq` (in Nightly builds, run with -Z macro-backtrace for more info)
[INFO] [stdout] 
[INFO] [stdout] 
[INFO] [stdout] error[E0308]: mismatched types
[INFO] [stdout]    --> xmpp-parsers/src/jingle.rs:767:9
[INFO] [stdout]     |
[INFO] [stdout] 767 |         assert_eq!(jingle.contents[0].senders, Senders::Both);
[INFO] [stdout]     |         ^^^^^^^^^^^^^^^^^^^^^^^^^^^^^^^^^^^^^^^^^^^^^^^^^^^^^^ expected enum `Option`, found enum `jingle::Senders`
[INFO] [stdout]     |
[INFO] [stdout]     = note: expected enum `Option<jingle::Senders>`
[INFO] [stdout]                found enum `jingle::Senders`
[INFO] [stdout]     = note: this error originates in the macro `assert_eq` (in Nightly builds, run with -Z macro-backtrace for more info)
[INFO] [stdout] 
[INFO] [stdout] 
[INFO] [stdout] error[E0308]: mismatched types
[INFO] [stdout]    --> xmpp-parsers/src/jingle.rs:772:9
[INFO] [stdout]     |
[INFO] [stdout] 772 |         assert_eq!(jingle.contents[0].senders, Senders::Both);
[INFO] [stdout]     |         ^^^^^^^^^^^^^^^^^^^^^^^^^^^^^^^^^^^^^^^^^^^^^^^^^^^^^^ expected enum `Option`, found enum `jingle::Senders`
[INFO] [stdout]     |
[INFO] [stdout]     = note: expected enum `Option<jingle::Senders>`
[INFO] [stdout]                found enum `jingle::Senders`
[INFO] [stdout]     = note: this error originates in the macro `assert_eq` (in Nightly builds, run with -Z macro-backtrace for more info)
[INFO] [stdout] 
[INFO] [stdout] 
[INFO] [stderr]     Checking rustls v0.19.1
[INFO] [stderr]     Checking webpki-roots v0.21.1
[INFO] [stdout] error[E0308]: mismatched types
[INFO] [stdout]    --> xmpp-parsers/src/jingle.rs:892:26
[INFO] [stdout]     |
[INFO] [stdout] 892 |                 creator: Creator::Initiator,
[INFO] [stdout]     |                          ^^^^^^^^^^^^^^^^^^
[INFO] [stdout]     |                          |
[INFO] [stdout]     |                          expected enum `Option`, found enum `jingle::Creator`
[INFO] [stdout]     |                          help: try using a variant of the expected enum: `Some(Creator::Initiator)`
[INFO] [stdout]     |
[INFO] [stdout]     = note: expected enum `Option<jingle::Creator>`
[INFO] [stdout]                found enum `jingle::Creator`
[INFO] [stdout] 
[INFO] [stdout] 
[INFO] [stdout] error[E0599]: no variant or associated item named `default` found for enum `jingle::Senders` in the current scope
[INFO] [stdout]    --> xmpp-parsers/src/jingle.rs:895:35
[INFO] [stdout]     |
[INFO] [stdout] 895 |                 senders: Senders::default(),
[INFO] [stdout]     |                                   ^^^^^^^ variant or associated item not found in `jingle::Senders`
[INFO] [stdout]     |
[INFO] [stdout]    ::: xmpp-parsers/src/util/macros.rs:73:9
[INFO] [stdout]     |
[INFO] [stdout] 73  |         pub enum $elem {
[INFO] [stdout]     |         -------------- variant or associated item `default` not found here
[INFO] [stdout]     |
[INFO] [stdout]     = help: items from traits can only be used if the trait is implemented and in scope
[INFO] [stdout]     = note: the following trait defines an item `default`, perhaps you need to implement it:
[INFO] [stdout]             candidate #1: `std::default::Default`
[INFO] [stdout] 
[INFO] [stdout] 
[INFO] [stdout] error[E0308]: mismatched types
[INFO] [stdout]    --> xmpp-parsers/src/jingle_ice_udp.rs:211:9
[INFO] [stdout]     |
[INFO] [stdout] 211 |         assert_eq!(fingerprint.setup, Setup::Actpass);
[INFO] [stdout]     |         ^^^^^^^^^^^^^^^^^^^^^^^^^^^^^^^^^^^^^^^^^^^^^^ expected enum `Option`, found enum `jingle_dtls_srtp::Setup`
[INFO] [stdout]     |
[INFO] [stdout]     = note: expected enum `Option<jingle_dtls_srtp::Setup>`
[INFO] [stdout]                found enum `jingle_dtls_srtp::Setup`
[INFO] [stdout]     = note: this error originates in the macro `assert_eq` (in Nightly builds, run with -Z macro-backtrace for more info)
[INFO] [stdout] 
[INFO] [stdout] 
[INFO] [stdout] error[E0063]: missing fields `rtcp_mux` and `web_socket` in initializer of `jingle_ice_udp::Transport`
[INFO] [stdout]    --> xmpp-parsers/src/jingle_ice_udp.rs:233:25
[INFO] [stdout]     |
[INFO] [stdout] 233 |         let transport = Transport {
[INFO] [stdout]     |                         ^^^^^^^^^ missing `rtcp_mux` and `web_socket`
[INFO] [stdout] 
[INFO] [stdout] 
[INFO] [stdout] error: aborting due to 7 previous errors
[INFO] [stdout] 
[INFO] [stdout] 
[INFO] [stdout] Some errors have detailed explanations: E0063, E0308, E0599.
[INFO] [stdout] 
[INFO] [stdout] For more information about an error, try `rustc --explain E0063`.
[INFO] [stdout] 
[INFO] [stderr] error: could not compile `xmpp-parsers-gst-meet` due to 8 previous errors
[INFO] [stderr] warning: build failed, waiting for other jobs to finish...
[INFO] [stderr] error: build failed
[INFO] running `Command { std: "docker" "inspect" "8159fa26d5c65279c22ea0a8a36d18041441d08a4bc177edc5803dba49c475c8", kill_on_drop: false }`
[INFO] running `Command { std: "docker" "rm" "-f" "8159fa26d5c65279c22ea0a8a36d18041441d08a4bc177edc5803dba49c475c8", kill_on_drop: false }`
[INFO] [stdout] 8159fa26d5c65279c22ea0a8a36d18041441d08a4bc177edc5803dba49c475c8
