[INFO] cloning repository https://github.com/autocatalytic/witter
[INFO] running `Command { std: "git" "-c" "credential.helper=" "-c" "credential.helper=/workspace/cargo-home/bin/git-credential-null" "clone" "--bare" "https://github.com/autocatalytic/witter" "/workspace/cache/git-repos/https%3A%2F%2Fgithub.com%2Fautocatalytic%2Fwitter", kill_on_drop: false }`
[INFO] [stderr] Cloning into bare repository '/workspace/cache/git-repos/https%3A%2F%2Fgithub.com%2Fautocatalytic%2Fwitter'...
[INFO] running `Command { std: "git" "rev-parse" "HEAD", kill_on_drop: false }`
[INFO] [stdout] bbad02e668e9c33b98d1383c6ac7dceb94a35090
[INFO] checking autocatalytic/witter against beta-2021-10-15 for beta-1.56-3
[INFO] running `Command { std: "git" "clone" "/workspace/cache/git-repos/https%3A%2F%2Fgithub.com%2Fautocatalytic%2Fwitter" "/workspace/builds/worker-14/source", kill_on_drop: false }`
[INFO] [stderr] Cloning into '/workspace/builds/worker-14/source'...
[INFO] [stderr] done.
[INFO] validating manifest of git repo https://github.com/autocatalytic/witter on toolchain beta-2021-10-15
[INFO] running `Command { std: "/workspace/cargo-home/bin/cargo" "+beta-2021-10-15" "metadata" "--manifest-path" "Cargo.toml" "--no-deps", kill_on_drop: false }`
[INFO] started tweaking git repo https://github.com/autocatalytic/witter
[INFO] finished tweaking git repo https://github.com/autocatalytic/witter
[INFO] tweaked toml for git repo https://github.com/autocatalytic/witter written to /workspace/builds/worker-14/source/Cargo.toml
[INFO] crate git repo https://github.com/autocatalytic/witter already has a lockfile, it will not be regenerated
[INFO] running `Command { std: "/workspace/cargo-home/bin/cargo" "+beta-2021-10-15" "fetch" "--manifest-path" "Cargo.toml", kill_on_drop: false }`
[INFO] [stderr]     Updating git repository `https://github.com/seed-rs/seed`
[INFO] [stderr]     Blocking waiting for file lock on package cache
[INFO] running `Command { std: "docker" "create" "-v" "/var/lib/crater-agent-workspace/builds/worker-14/target:/opt/rustwide/target:rw,Z" "-v" "/var/lib/crater-agent-workspace/builds/worker-14/source:/opt/rustwide/workdir:ro,Z" "-v" "/var/lib/crater-agent-workspace/cargo-home:/opt/rustwide/cargo-home:ro,Z" "-v" "/var/lib/crater-agent-workspace/rustup-home:/opt/rustwide/rustup-home:ro,Z" "-e" "SOURCE_DIR=/opt/rustwide/workdir" "-e" "CARGO_TARGET_DIR=/opt/rustwide/target" "-e" "CARGO_HOME=/opt/rustwide/cargo-home" "-e" "RUSTUP_HOME=/opt/rustwide/rustup-home" "-w" "/opt/rustwide/workdir" "-m" "1610612736" "--user" "0:0" "--network" "none" "ghcr.io/rust-lang/crates-build-env/linux@sha256:a89201d6b5b9fd45c15d5952ece0a0129e7e80cb26ec023fd59cf09bc26f1604" "/opt/rustwide/cargo-home/bin/cargo" "+beta-2021-10-15" "metadata" "--no-deps" "--format-version=1", kill_on_drop: false }`
[INFO] [stdout] 26fc011c45dd60d22f50bb50e69facf009c00fe1bc697f8ac46f513ff5a28404
[INFO] [stderr] WARNING: Your kernel does not support swap limit capabilities or the cgroup is not mounted. Memory limited without swap.
[INFO] running `Command { std: "docker" "start" "-a" "26fc011c45dd60d22f50bb50e69facf009c00fe1bc697f8ac46f513ff5a28404", kill_on_drop: false }`
[INFO] running `Command { std: "docker" "inspect" "26fc011c45dd60d22f50bb50e69facf009c00fe1bc697f8ac46f513ff5a28404", kill_on_drop: false }`
[INFO] running `Command { std: "docker" "rm" "-f" "26fc011c45dd60d22f50bb50e69facf009c00fe1bc697f8ac46f513ff5a28404", kill_on_drop: false }`
[INFO] [stdout] 26fc011c45dd60d22f50bb50e69facf009c00fe1bc697f8ac46f513ff5a28404
[INFO] running `Command { std: "docker" "create" "-v" "/var/lib/crater-agent-workspace/builds/worker-14/target:/opt/rustwide/target:rw,Z" "-v" "/var/lib/crater-agent-workspace/builds/worker-14/source:/opt/rustwide/workdir:ro,Z" "-v" "/var/lib/crater-agent-workspace/cargo-home:/opt/rustwide/cargo-home:ro,Z" "-v" "/var/lib/crater-agent-workspace/rustup-home:/opt/rustwide/rustup-home:ro,Z" "-e" "SOURCE_DIR=/opt/rustwide/workdir" "-e" "CARGO_TARGET_DIR=/opt/rustwide/target" "-e" "CARGO_INCREMENTAL=0" "-e" "RUST_BACKTRACE=full" "-e" "RUSTFLAGS=--cap-lints=warn" "-e" "CARGO_HOME=/opt/rustwide/cargo-home" "-e" "RUSTUP_HOME=/opt/rustwide/rustup-home" "-w" "/opt/rustwide/workdir" "-m" "1610612736" "--user" "0:0" "--network" "none" "ghcr.io/rust-lang/crates-build-env/linux@sha256:a89201d6b5b9fd45c15d5952ece0a0129e7e80cb26ec023fd59cf09bc26f1604" "/opt/rustwide/cargo-home/bin/cargo" "+beta-2021-10-15" "check" "--frozen" "--all" "--all-targets" "--message-format=json", kill_on_drop: false }`
[INFO] [stdout] 288e0e0a9be195722f13fef60e042f0f402fc62e95a700f209675bbd9c6247f6
[INFO] [stderr] WARNING: Your kernel does not support swap limit capabilities or the cgroup is not mounted. Memory limited without swap.
[INFO] running `Command { std: "docker" "start" "-a" "288e0e0a9be195722f13fef60e042f0f402fc62e95a700f209675bbd9c6247f6", kill_on_drop: false }`
[INFO] [stderr]     Blocking waiting for file lock on package cache
[INFO] [stderr]     Blocking waiting for file lock on package cache
[INFO] [stderr]    Compiling syn v1.0.38
[INFO] [stderr]    Compiling log v0.4.11
[INFO] [stderr]    Compiling serde v1.0.114
[INFO] [stderr]    Compiling wasm-bindgen-shared v0.2.67
[INFO] [stderr]    Compiling wasm-bindgen v0.2.67
[INFO] [stderr]    Compiling getrandom v0.1.14
[INFO] [stderr]    Compiling futures-core v0.3.5
[INFO] [stderr]     Checking fastrand v1.3.4
[INFO] [stderr]     Checking parking v1.0.6
[INFO] [stderr]     Checking waker-fn v1.0.0
[INFO] [stderr]     Checking event-listener v2.3.3
[INFO] [stderr]     Checking send_wrapper v0.4.0
[INFO] [stderr]     Checking async-task v3.0.0
[INFO] [stderr]    Compiling futures-sink v0.3.5
[INFO] [stderr]    Compiling once_cell v1.4.0
[INFO] [stderr]    Compiling futures-io v0.3.5
[INFO] [stderr]     Checking data-encoding v2.2.1
[INFO] [stderr]    Compiling cache-padded v1.1.1
[INFO] [stderr]    Compiling pin-project-lite v0.1.7
[INFO] [stderr]    Compiling futures v0.1.29
[INFO] [stderr]     Checking infer v0.1.7
[INFO] [stderr]    Compiling gimli v0.22.0
[INFO] [stderr]    Compiling atomic-waker v1.0.0
[INFO] [stderr]    Compiling tinyvec v0.3.3
[INFO] [stderr]    Compiling object v0.20.0
[INFO] [stderr]    Compiling scoped-tls v1.0.0
[INFO] [stderr]    Compiling ppv-lite86 v0.2.8
[INFO] [stderr]    Compiling bindgen v0.48.1
[INFO] [stderr]     Checking arrayvec v0.5.1
[INFO] [stderr]    Compiling pulldown-cmark v0.7.2
[INFO] [stderr]     Checking enclose v1.1.8
[INFO] [stderr]     Checking route-recognizer v0.2.0
[INFO] [stderr]    Compiling standback v0.2.9
[INFO] [stderr]    Compiling time v0.2.16
[INFO] [stderr]    Compiling error-chain v0.12.4
[INFO] [stderr]    Compiling cookie v0.14.2
[INFO] [stderr]    Compiling hashbrown v0.8.2
[INFO] [stderr]    Compiling indexmap v1.5.1
[INFO] [stderr]    Compiling seed v0.7.0 (https://github.com/seed-rs/seed?rev=b25cf59#b25cf599)
[INFO] [stderr]     Checking futures-task v0.3.5
[INFO] [stderr]    Compiling dbg v1.0.4
[INFO] [stderr]    Compiling futures-channel v0.3.5
[INFO] [stderr]    Compiling miniz_oxide v0.4.0
[INFO] [stderr]    Compiling concurrent-queue v1.2.2
[INFO] [stderr]    Compiling libc v0.2.74
[INFO] [stderr]    Compiling unicode-normalization v0.1.13
[INFO] [stderr]    Compiling proc-macro-nested v0.1.6
[INFO] [stderr]     Checking async-channel v1.4.0
[INFO] [stderr]     Checking idna v0.2.0
[INFO] [stderr]    Compiling maybe-uninit v2.0.0
[INFO] [stderr]     Checking socket2 v0.3.12
[INFO] [stderr]     Checking backtrace v0.3.50
[INFO] [stderr]     Checking rand_os v0.1.3
[INFO] [stderr]     Checking futures-lite v0.1.10
[INFO] [stderr]    Compiling crossbeam-utils v0.7.2
[INFO] [stderr]    Compiling num-traits v0.2.12
[INFO] [stderr]    Compiling hashbrown v0.1.8
[INFO] [stderr]     Checking nom v4.2.3
[INFO] [stderr]     Checking futures-cpupool v0.1.8
[INFO] [stderr]    Compiling wasm-bindgen-test-macro v0.3.17
[INFO] [stderr]     Checking kv-log-macro v1.0.7
[INFO] [stderr]     Checking mio v0.6.22
[INFO] [stderr]     Checking rand_core v0.5.1
[INFO] [stderr]     Checking digest v0.8.1
[INFO] [stderr]    Compiling block-buffer v0.7.3
[INFO] [stderr]    Compiling crypto-mac v0.7.0
[INFO] [stderr]     Checking crypto-mac v0.8.0
[INFO] [stderr]     Checking block-cipher v0.7.1
[INFO] [stderr]     Checking universal-hash v0.4.0
[INFO] [stderr]    Compiling jobserver v0.1.21
[INFO] [stderr]    Compiling atty v0.2.14
[INFO] [stderr]    Compiling iovec v0.1.4
[INFO] [stderr]    Compiling net2 v0.2.34
[INFO] [stderr]    Compiling num_cpus v1.13.0
[INFO] [stderr]    Compiling time v0.1.43
[INFO] [stderr]    Compiling rand v0.4.6
[INFO] [stderr]     Checking rand v0.6.5
[INFO] [stderr]    Compiling crossbeam-queue v0.2.3
[INFO] [stderr]     Checking blocking v0.4.7
[INFO] [stderr]     Checking sqlformat v0.1.0
[INFO] [stderr]     Checking env_logger v0.7.1
[INFO] [stderr]    Compiling addr2line v0.13.0
[INFO] [stderr]     Checking sha2 v0.8.2
[INFO] [stderr]     Checking md-5 v0.8.0
[INFO] [stderr]     Checking sha-1 v0.8.2
[INFO] [stderr]     Checking hmac v0.7.1
[INFO] [stderr]     Checking byte-pool v0.2.2
[INFO] [stderr]     Checking hmac v0.8.1
[INFO] [stderr]     Checking rand_chacha v0.2.2
[INFO] [stderr]     Checking rand_pcg v0.2.1
[INFO] [stderr]     Checking polyval v0.4.0
[INFO] [stderr]     Checking aes-soft v0.4.0
[INFO] [stderr]    Compiling clap v2.33.2
[INFO] [stderr]    Compiling env_logger v0.6.2
[INFO] [stderr]    Compiling num-integer v0.1.43
[INFO] [stderr]    Compiling cc v1.0.58
[INFO] [stderr]     Checking mio-uds v0.6.8
[INFO] [stderr]     Checking pretty_env_logger v0.4.0
[INFO] [stderr]    Compiling tempdir v0.3.7
[INFO] [stderr]     Checking hkdf v0.9.0
[INFO] [stderr]     Checking ghash v0.3.0
[INFO] [stderr]     Checking rand v0.7.3
[INFO] [stderr]     Checking aes v0.4.0
[INFO] [stderr]     Checking tokio v0.2.22
[INFO] [stderr]     Checking aes-gcm v0.6.0
[INFO] [stderr]    Compiling openssl-sys v0.9.58
[INFO] [stderr]    Compiling libloading v0.5.2
[INFO] [stderr]    Compiling blake3 v0.3.6
[INFO] [stderr]    Compiling clang-sys v0.26.4
[INFO] [stderr]    Compiling openssl v0.10.30
[INFO] [stderr]    Compiling native-tls v0.2.4
[INFO] [stderr]    Compiling wasm-bindgen-backend v0.2.67
[INFO] [stderr]    Compiling synstructure v0.12.4
[INFO] [stderr]    Compiling proc-macro-error v1.0.4
[INFO] [stderr]    Compiling wasm-bindgen-macro-support v0.2.67
[INFO] [stderr]    Compiling serde_derive v1.0.114
[INFO] [stderr]    Compiling pin-project-internal v0.4.23
[INFO] [stderr]    Compiling futures-macro v0.3.5
[INFO] [stderr]    Compiling async-attributes v1.1.1
[INFO] [stderr]    Compiling time-macros-impl v0.1.1
[INFO] [stderr]    Compiling thiserror-impl v1.0.20
[INFO] [stderr]    Compiling failure_derive v0.1.8
[INFO] [stderr]    Compiling async-stream-impl v0.2.1
[INFO] [stderr]    Compiling async-trait v0.1.36
[INFO] [stderr]    Compiling extend v0.1.2
[INFO] [stderr]    Compiling wasm-bindgen-macro v0.2.67
[INFO] [stderr]    Compiling async-stream v0.2.1
[INFO] [stderr]     Checking time-macros v0.1.0
[INFO] [stderr]    Compiling failure v0.1.8
[INFO] [stderr]    Compiling which v2.0.1
[INFO] [stderr]    Compiling thiserror v1.0.20
[INFO] [stderr]     Checking cookie v0.13.3
[INFO] [stderr]     Checking pin-project v0.4.23
[INFO] [stderr]     Checking futures-util v0.3.5
[INFO] [stderr]    Compiling smol v0.1.18
[INFO] [stderr]    Compiling futures-executor v0.3.5
[INFO] [stderr]     Checking futures v0.3.5
[INFO] [stderr]     Checking serde_json v1.0.57
[INFO] [stderr]     Checking url v2.1.1
[INFO] [stderr]     Checking chrono v0.4.13
[INFO] [stderr]     Checking serde_qs v0.6.1
[INFO] [stderr]     Checking uuid v0.8.1
[INFO] [stderr]     Checking bincode v1.3.1
[INFO] [stderr]     Checking femme v2.1.0
[INFO] [stderr]    Compiling argonautica v0.2.0
[INFO] [stderr]     Checking assert-json-diff v1.1.0
[INFO] [stderr]     Checking serde_urlencoded v0.6.1
[INFO] [stderr]     Checking js-sys v0.3.44
[INFO] [stderr]     Checking console_error_panic_hook v0.1.6
[INFO] [stderr]     Checking web-sys v0.3.44
[INFO] [stderr]     Checking wasm-bindgen-futures v0.4.17
[INFO] [stderr]     Checking wasm-bindgen-test v0.3.17
[INFO] [stderr]     Checking gloo-timers v0.2.1
[INFO] [stderr]     Checking gloo-events v0.1.1
[INFO] [stderr]     Checking gloo-file v0.1.0
[INFO] [stderr]     Checking futures-timer v3.0.2
[INFO] [stderr]     Checking async-std v1.6.2
[INFO] [stderr]     Checking http-types v2.4.0
[INFO] [stderr]     Checking async-native-tls v0.3.3
[INFO] [stderr]     Checking async-session v2.0.1
[INFO] [stderr]     Checking sqlx-core v0.3.5
[INFO] [stderr]     Checking shared v0.1.0 (/opt/rustwide/workdir/shared)
[INFO] [stderr]     Checking async-sse v4.0.0
[INFO] [stderr]     Checking async-h1 v2.1.2
[INFO] [stderr]     Checking frontend v0.1.0 (/opt/rustwide/workdir/frontend)
[INFO] [stdout] error[E0583]: file not found for module `storage`
[INFO] [stdout]   --> frontend/src/lib.rs:10:1
[INFO] [stdout]    |
[INFO] [stdout] 10 | mod storage;
[INFO] [stdout]    | ^^^^^^^^^^^^
[INFO] [stdout]    |
[INFO] [stdout]    = help: to create the module `storage`, create file "frontend/src/storage.rs" or "frontend/src/storage/mod.rs"
[INFO] [stdout] 
[INFO] [stdout] 
[INFO] [stdout] error[E0583]: file not found for module `flash`
[INFO] [stdout]   --> frontend/src/lib.rs:11:1
[INFO] [stdout]    |
[INFO] [stdout] 11 | mod flash;
[INFO] [stdout]    | ^^^^^^^^^^
[INFO] [stdout]    |
[INFO] [stdout]    = help: to create the module `flash`, create file "frontend/src/flash.rs" or "frontend/src/flash/mod.rs"
[INFO] [stdout] 
[INFO] [stdout] 
[INFO] [stdout] error[E0583]: file not found for module `storage`
[INFO] [stdout]   --> frontend/src/lib.rs:10:1
[INFO] [stdout]    |
[INFO] [stdout] 10 | mod storage;
[INFO] [stdout]    | ^^^^^^^^^^^^
[INFO] [stdout]    |
[INFO] [stdout]    = help: to create the module `storage`, create file "frontend/src/storage.rs" or "frontend/src/storage/mod.rs"
[INFO] [stdout] 
[INFO] [stdout] 
[INFO] [stdout] error[E0583]: file not found for module `flash`
[INFO] [stdout]   --> frontend/src/lib.rs:11:1
[INFO] [stdout]    |
[INFO] [stdout] 11 | mod flash;
[INFO] [stdout]    | ^^^^^^^^^^
[INFO] [stdout]    |
[INFO] [stdout]    = help: to create the module `flash`, create file "frontend/src/flash.rs" or "frontend/src/flash/mod.rs"
[INFO] [stdout] 
[INFO] [stdout] 
[INFO] [stdout] error[E0432]: unresolved import `flash::Flash`
[INFO] [stdout]  --> frontend/src/lib.rs:1:5
[INFO] [stdout]   |
[INFO] [stdout] 1 | use flash::Flash;
[INFO] [stdout]   |     ^^^^^^^^^^^^ no `Flash` in `flash`
[INFO] [stdout] 
[INFO] [stdout] 
[INFO] [stdout] error[E0432]: unresolved import `crate::flash::FlashMsg`
[INFO] [stdout]  --> frontend/src/view/mod.rs:1:13
[INFO] [stdout]   |
[INFO] [stdout] 1 | use crate::{flash::FlashMsg, Model, Msg, Page, PageData};
[INFO] [stdout]   |             ^^^^^^^^^^^^^^^ no `FlashMsg` in `flash`
[INFO] [stdout] 
[INFO] [stdout] 
[INFO] [stdout] error[E0425]: cannot find function `set_auth_token` in module `storage`
[INFO] [stdout]   --> frontend/src/lib.rs:32:18
[INFO] [stdout]    |
[INFO] [stdout] 32 |         storage::set_auth_token(token);
[INFO] [stdout]    |                  ^^^^^^^^^^^^^^ not found in `storage`
[INFO] [stdout] 
[INFO] [stdout] 
[INFO] [stdout] error[E0425]: cannot find function `remove_auth_token` in module `storage`
[INFO] [stdout]   --> frontend/src/lib.rs:38:18
[INFO] [stdout]    |
[INFO] [stdout] 38 |         storage::remove_auth_token();
[INFO] [stdout]    |                  ^^^^^^^^^^^^^^^^^ not found in `storage`
[INFO] [stdout] 
[INFO] [stdout] 
[INFO] [stdout] error[E0425]: cannot find function `get_auth_token` in module `storage`
[INFO] [stdout]    --> frontend/src/lib.rs:269:30
[INFO] [stdout]     |
[INFO] [stdout] 269 |         auth_token: storage::get_auth_token(),
[INFO] [stdout]     |                              ^^^^^^^^^^^^^^ not found in `storage`
[INFO] [stdout] 
[INFO] [stdout] 
[INFO] [stdout] warning: unused import: `Model`
[INFO] [stdout]  --> frontend/src/api.rs:1:20
[INFO] [stdout]   |
[INFO] [stdout] 1 | use crate::{Error, Model, Msg};
[INFO] [stdout]   |                    ^^^^^
[INFO] [stdout]   |
[INFO] [stdout]   = note: `#[warn(unused_imports)]` on by default
[INFO] [stdout] 
[INFO] [stdout] 
[INFO] [stdout] warning: unused import: `*`
[INFO] [stdout]  --> frontend/src/api.rs:3:24
[INFO] [stdout]   |
[INFO] [stdout] 3 | use seed::{prelude::*, *};
[INFO] [stdout]   |                        ^
[INFO] [stdout] 
[INFO] [stdout] 
[INFO] [stdout] warning: unused imports: `TokenResponse`, `UserResponse`
[INFO] [stdout]  --> frontend/src/api.rs:5:38
[INFO] [stdout]   |
[INFO] [stdout] 5 | use shared::responses::{ApiResponse, TokenResponse, UserResponse};
[INFO] [stdout]   |                                      ^^^^^^^^^^^^^  ^^^^^^^^^^^^
[INFO] [stdout] 
[INFO] [stdout] 
[INFO] [stdout] error[E0432]: unresolved import `flash::Flash`
[INFO] [stdout]  --> frontend/src/lib.rs:1:5
[INFO] [stdout]   |
[INFO] [stdout] 1 | use flash::Flash;
[INFO] [stdout]   |     ^^^^^^^^^^^^ no `Flash` in `flash`
[INFO] [stdout] 
[INFO] [stdout] 
[INFO] [stdout] error[E0432]: unresolved import `crate::flash::FlashMsg`
[INFO] [stdout]  --> frontend/src/view/mod.rs:1:13
[INFO] [stdout]   |
[INFO] [stdout] 1 | use crate::{flash::FlashMsg, Model, Msg, Page, PageData};
[INFO] [stdout]   |             ^^^^^^^^^^^^^^^ no `FlashMsg` in `flash`
[INFO] [stdout] 
[INFO] [stdout] 
[INFO] [stdout] error: aborting due to 7 previous errors; 3 warnings emitted
[INFO] [stdout] 
[INFO] [stdout] 
[INFO] [stdout] Some errors have detailed explanations: E0425, E0432, E0583.
[INFO] [stdout] 
[INFO] [stdout] For more information about an error, try `rustc --explain E0425`.
[INFO] [stdout] 
[INFO] [stderr] error: could not compile `frontend` due to 8 previous errors; 3 warnings emitted
[INFO] [stderr] warning: build failed, waiting for other jobs to finish...
[INFO] [stdout] error[E0425]: cannot find function `set_auth_token` in module `storage`
[INFO] [stdout]   --> frontend/src/lib.rs:32:18
[INFO] [stdout]    |
[INFO] [stdout] 32 |         storage::set_auth_token(token);
[INFO] [stdout]    |                  ^^^^^^^^^^^^^^ not found in `storage`
[INFO] [stdout] 
[INFO] [stdout] 
[INFO] [stdout] error[E0425]: cannot find function `remove_auth_token` in module `storage`
[INFO] [stdout]   --> frontend/src/lib.rs:38:18
[INFO] [stdout]    |
[INFO] [stdout] 38 |         storage::remove_auth_token();
[INFO] [stdout]    |                  ^^^^^^^^^^^^^^^^^ not found in `storage`
[INFO] [stdout] 
[INFO] [stdout] 
[INFO] [stdout] error[E0425]: cannot find function `get_auth_token` in module `storage`
[INFO] [stdout]    --> frontend/src/lib.rs:269:30
[INFO] [stdout]     |
[INFO] [stdout] 269 |         auth_token: storage::get_auth_token(),
[INFO] [stdout]     |                              ^^^^^^^^^^^^^^ not found in `storage`
[INFO] [stdout] 
[INFO] [stdout] 
[INFO] [stdout] warning: unused import: `Model`
[INFO] [stdout]  --> frontend/src/api.rs:1:20
[INFO] [stdout]   |
[INFO] [stdout] 1 | use crate::{Error, Model, Msg};
[INFO] [stdout]   |                    ^^^^^
[INFO] [stdout]   |
[INFO] [stdout]   = note: `#[warn(unused_imports)]` on by default
[INFO] [stdout] 
[INFO] [stdout] 
[INFO] [stdout] warning: unused import: `*`
[INFO] [stdout]  --> frontend/src/api.rs:3:24
[INFO] [stdout]   |
[INFO] [stdout] 3 | use seed::{prelude::*, *};
[INFO] [stdout]   |                        ^
[INFO] [stdout] 
[INFO] [stdout] 
[INFO] [stdout] warning: unused imports: `TokenResponse`, `UserResponse`
[INFO] [stdout]  --> frontend/src/api.rs:5:38
[INFO] [stdout]   |
[INFO] [stdout] 5 | use shared::responses::{ApiResponse, TokenResponse, UserResponse};
[INFO] [stdout]   |                                      ^^^^^^^^^^^^^  ^^^^^^^^^^^^
[INFO] [stdout] 
[INFO] [stdout] 
[INFO] [stdout] error: aborting due to 7 previous errors; 3 warnings emitted
[INFO] [stdout] 
[INFO] [stdout] 
[INFO] [stdout] Some errors have detailed explanations: E0425, E0432, E0583.
[INFO] [stdout] 
[INFO] [stdout] For more information about an error, try `rustc --explain E0425`.
[INFO] [stdout] 
[INFO] [stderr] error: build failed
[INFO] running `Command { std: "docker" "inspect" "288e0e0a9be195722f13fef60e042f0f402fc62e95a700f209675bbd9c6247f6", kill_on_drop: false }`
[INFO] running `Command { std: "docker" "rm" "-f" "288e0e0a9be195722f13fef60e042f0f402fc62e95a700f209675bbd9c6247f6", kill_on_drop: false }`
[INFO] [stdout] 288e0e0a9be195722f13fef60e042f0f402fc62e95a700f209675bbd9c6247f6
