[INFO] cloning repository https://github.com/audunhalland/gql-sql-test
[INFO] running `Command { std: "git" "-c" "credential.helper=" "-c" "credential.helper=/workspace/cargo-home/bin/git-credential-null" "clone" "--bare" "https://github.com/audunhalland/gql-sql-test" "/workspace/cache/git-repos/https%3A%2F%2Fgithub.com%2Faudunhalland%2Fgql-sql-test", kill_on_drop: false }`
[INFO] [stderr] Cloning into bare repository '/workspace/cache/git-repos/https%3A%2F%2Fgithub.com%2Faudunhalland%2Fgql-sql-test'...
[INFO] running `Command { std: "git" "rev-parse" "HEAD", kill_on_drop: false }`
[INFO] [stdout] 7602fc0e0ce4c8cca4e08fdaa5cb99567626ec8e
[INFO] checking audunhalland/gql-sql-test against beta-2021-10-15 for beta-1.56-3
[INFO] running `Command { std: "git" "clone" "/workspace/cache/git-repos/https%3A%2F%2Fgithub.com%2Faudunhalland%2Fgql-sql-test" "/workspace/builds/worker-14/source", kill_on_drop: false }`
[INFO] [stderr] Cloning into '/workspace/builds/worker-14/source'...
[INFO] [stderr] done.
[INFO] validating manifest of git repo https://github.com/audunhalland/gql-sql-test on toolchain beta-2021-10-15
[INFO] running `Command { std: "/workspace/cargo-home/bin/cargo" "+beta-2021-10-15" "metadata" "--manifest-path" "Cargo.toml" "--no-deps", kill_on_drop: false }`
[INFO] started tweaking git repo https://github.com/audunhalland/gql-sql-test
[INFO] finished tweaking git repo https://github.com/audunhalland/gql-sql-test
[INFO] tweaked toml for git repo https://github.com/audunhalland/gql-sql-test written to /workspace/builds/worker-14/source/Cargo.toml
[INFO] crate git repo https://github.com/audunhalland/gql-sql-test already has a lockfile, it will not be regenerated
[INFO] running `Command { std: "/workspace/cargo-home/bin/cargo" "+beta-2021-10-15" "fetch" "--manifest-path" "Cargo.toml", kill_on_drop: false }`
[INFO] [stderr]     Blocking waiting for file lock on package cache
[INFO] [stderr]  Downloading crates ...
[INFO] [stderr]   Downloaded headers v0.3.4
[INFO] [stderr]   Downloaded tokio-stream v0.1.6
[INFO] [stderr]   Downloaded faux_macros v0.1.2
[INFO] [stderr]   Downloaded multer v1.2.2
[INFO] [stderr]   Downloaded tokio-tungstenite v0.13.0
[INFO] [stderr]   Downloaded tungstenite v0.12.0
[INFO] [stderr]   Downloaded darling_macro v0.12.4
[INFO] [stderr]   Downloaded darling v0.12.4
[INFO] [stderr]   Downloaded build_const v0.2.2
[INFO] [stderr]   Downloaded unicode_categories v0.1.1
[INFO] [stderr]   Downloaded async-graphql-value v2.6.5
[INFO] [stderr]   Downloaded async-graphql-parser v2.8.5
[INFO] [stderr]   Downloaded async-graphql-derive v2.8.5
[INFO] [stderr]   Downloaded darling_core v0.12.4
[INFO] [stderr]   Downloaded faux v0.1.2
[INFO] [stderr]   Downloaded tokio v1.6.0
[INFO] [stderr]   Downloaded ahash v0.7.3
[INFO] [stderr]   Downloaded sqlx-rt v0.5.5
[INFO] [stderr]   Downloaded async-graphql v2.8.5
[INFO] [stderr]   Downloaded async-graphql-warp v2.8.5
[INFO] [stderr]   Downloaded sqlformat v0.1.6
[INFO] [stderr]   Downloaded warp v0.3.1
[INFO] [stderr]   Downloaded hyper v0.14.7
[INFO] [stderr]   Downloaded whoami v1.1.2
[INFO] [stderr]   Downloaded sqlx-core v0.5.5
[INFO] [stderr]   Downloaded sqlx-macros v0.5.5
[INFO] [stderr]   Downloaded sqlx v0.5.5
[INFO] running `Command { std: "docker" "create" "-v" "/var/lib/crater-agent-workspace/builds/worker-14/target:/opt/rustwide/target:rw,Z" "-v" "/var/lib/crater-agent-workspace/builds/worker-14/source:/opt/rustwide/workdir:ro,Z" "-v" "/var/lib/crater-agent-workspace/cargo-home:/opt/rustwide/cargo-home:ro,Z" "-v" "/var/lib/crater-agent-workspace/rustup-home:/opt/rustwide/rustup-home:ro,Z" "-e" "SOURCE_DIR=/opt/rustwide/workdir" "-e" "CARGO_TARGET_DIR=/opt/rustwide/target" "-e" "CARGO_HOME=/opt/rustwide/cargo-home" "-e" "RUSTUP_HOME=/opt/rustwide/rustup-home" "-w" "/opt/rustwide/workdir" "-m" "1610612736" "--user" "0:0" "--network" "none" "ghcr.io/rust-lang/crates-build-env/linux@sha256:a89201d6b5b9fd45c15d5952ece0a0129e7e80cb26ec023fd59cf09bc26f1604" "/opt/rustwide/cargo-home/bin/cargo" "+beta-2021-10-15" "metadata" "--no-deps" "--format-version=1", kill_on_drop: false }`
[INFO] [stdout] 011500db7b0b7788139079b246800a861841b50ad29deae72813f91d58a72f16
[INFO] [stderr] WARNING: Your kernel does not support swap limit capabilities or the cgroup is not mounted. Memory limited without swap.
[INFO] running `Command { std: "docker" "start" "-a" "011500db7b0b7788139079b246800a861841b50ad29deae72813f91d58a72f16", kill_on_drop: false }`
[INFO] running `Command { std: "docker" "inspect" "011500db7b0b7788139079b246800a861841b50ad29deae72813f91d58a72f16", kill_on_drop: false }`
[INFO] running `Command { std: "docker" "rm" "-f" "011500db7b0b7788139079b246800a861841b50ad29deae72813f91d58a72f16", kill_on_drop: false }`
[INFO] [stdout] 011500db7b0b7788139079b246800a861841b50ad29deae72813f91d58a72f16
[INFO] running `Command { std: "docker" "create" "-v" "/var/lib/crater-agent-workspace/builds/worker-14/target:/opt/rustwide/target:rw,Z" "-v" "/var/lib/crater-agent-workspace/builds/worker-14/source:/opt/rustwide/workdir:ro,Z" "-v" "/var/lib/crater-agent-workspace/cargo-home:/opt/rustwide/cargo-home:ro,Z" "-v" "/var/lib/crater-agent-workspace/rustup-home:/opt/rustwide/rustup-home:ro,Z" "-e" "SOURCE_DIR=/opt/rustwide/workdir" "-e" "CARGO_TARGET_DIR=/opt/rustwide/target" "-e" "CARGO_INCREMENTAL=0" "-e" "RUST_BACKTRACE=full" "-e" "RUSTFLAGS=--cap-lints=warn" "-e" "CARGO_HOME=/opt/rustwide/cargo-home" "-e" "RUSTUP_HOME=/opt/rustwide/rustup-home" "-w" "/opt/rustwide/workdir" "-m" "1610612736" "--user" "0:0" "--network" "none" "ghcr.io/rust-lang/crates-build-env/linux@sha256:a89201d6b5b9fd45c15d5952ece0a0129e7e80cb26ec023fd59cf09bc26f1604" "/opt/rustwide/cargo-home/bin/cargo" "+beta-2021-10-15" "check" "--frozen" "--all" "--all-targets" "--message-format=json", kill_on_drop: false }`
[INFO] [stdout] 98d0fa6811e3c28cdb1ed36ba775d1e31486ffe0e2b9925908f2c923d221a33f
[INFO] [stderr] WARNING: Your kernel does not support swap limit capabilities or the cgroup is not mounted. Memory limited without swap.
[INFO] running `Command { std: "docker" "start" "-a" "98d0fa6811e3c28cdb1ed36ba775d1e31486ffe0e2b9925908f2c923d221a33f", kill_on_drop: false }`
[INFO] [stderr]    Compiling syn v1.0.72
[INFO] [stderr]    Compiling pin-project-lite v0.2.6
[INFO] [stderr]    Compiling once_cell v1.7.2
[INFO] [stderr]    Compiling futures-sink v0.3.15
[INFO] [stderr]    Compiling build_const v0.2.2
[INFO] [stderr]    Compiling whoami v1.1.2
[INFO] [stderr]    Compiling slab v0.4.3
[INFO] [stderr]    Compiling futures-io v0.3.15
[INFO] [stderr]    Compiling tokio v1.6.0
[INFO] [stderr]    Compiling crossbeam-utils v0.8.4
[INFO] [stderr]    Compiling ahash v0.7.3
[INFO] [stderr]    Compiling nom v6.1.2
[INFO] [stderr]    Compiling openssl-sys v0.9.63
[INFO] [stderr]    Compiling form_urlencoded v1.0.1
[INFO] [stderr]    Compiling lock_api v0.4.4
[INFO] [stderr]    Compiling libc v0.2.94
[INFO] [stderr]    Compiling futures-core v0.3.15
[INFO] [stderr]    Compiling futures-task v0.3.15
[INFO] [stderr]    Compiling radium v0.5.3
[INFO] [stderr]     Checking http-body v0.4.2
[INFO] [stderr]     Checking headers-core v0.2.0
[INFO] [stderr]    Compiling unicode-normalization v0.1.17
[INFO] [stderr]     Checking getrandom v0.2.3
[INFO] [stderr]     Checking time v0.1.43
[INFO] [stderr]     Checking parking_lot_core v0.8.3
[INFO] [stderr]     Checking buf_redux v0.8.4
[INFO] [stderr]     Checking twoway v0.1.8
[INFO] [stderr]     Checking twoway v0.2.2
[INFO] [stderr]     Checking mio v0.7.11
[INFO] [stderr]     Checking tracing v0.1.26
[INFO] [stderr]    Compiling lexical-core v0.7.6
[INFO] [stderr]    Compiling num-traits v0.2.14
[INFO] [stderr]     Checking indexmap v1.6.2
[INFO] [stderr]    Compiling crc v1.8.1
[INFO] [stderr]    Compiling futures-channel v0.3.15
[INFO] [stderr]     Checking stringprep v0.1.2
[INFO] [stderr]     Checking dirs v3.0.2
[INFO] [stderr]    Compiling block-buffer v0.9.0
[INFO] [stderr]    Compiling crypto-mac v0.10.0
[INFO] [stderr]     Checking atoi v0.4.0
[INFO] [stderr]     Checking rand_core v0.6.2
[INFO] [stderr]    Compiling bitvec v0.19.5
[INFO] [stderr]     Checking url v2.2.2
[INFO] [stderr]     Checking parking_lot v0.11.1
[INFO] [stderr]    Compiling Inflector v0.11.4
[INFO] [stderr]     Checking sha-1 v0.9.6
[INFO] [stderr]     Checking sha2 v0.9.5
[INFO] [stderr]     Checking md-5 v0.9.1
[INFO] [stderr]     Checking hmac v0.10.1
[INFO] [stderr]    Compiling num_cpus v1.13.0
[INFO] [stderr]    Compiling dirs-sys v0.3.6
[INFO] [stderr]     Checking chrono v0.4.19
[INFO] [stderr]     Checking rand_chacha v0.3.0
[INFO] [stderr]     Checking headers v0.3.4
[INFO] [stderr]     Checking hashbrown v0.11.2
[INFO] [stderr]    Compiling idna v0.2.3
[INFO] [stderr]    Compiling openssl v0.10.34
[INFO] [stderr]    Compiling native-tls v0.2.7
[INFO] [stderr]     Checking rand v0.8.3
[INFO] [stderr]    Compiling crossbeam-queue v0.3.1
[INFO] [stderr]    Compiling crossbeam-channel v0.5.1
[INFO] [stderr]     Checking hashlink v0.7.0
[INFO] [stderr]     Checking tempfile v3.2.0
[INFO] [stderr]     Checking tungstenite v0.12.0
[INFO] [stderr]     Checking sqlformat v0.1.6
[INFO] [stderr]     Checking multipart v0.17.1
[INFO] [stderr]    Compiling darling_core v0.12.4
[INFO] [stderr]    Compiling pest_generator v2.1.3
[INFO] [stderr]    Compiling serde_derive v1.0.126
[INFO] [stderr]    Compiling tokio-macros v1.2.0
[INFO] [stderr]    Compiling futures-macro v0.3.15
[INFO] [stderr]    Compiling thiserror-impl v1.0.25
[INFO] [stderr]    Compiling pest_derive v2.1.0
[INFO] [stderr]    Compiling pin-project-internal v1.0.7
[INFO] [stderr]    Compiling async-stream-impl v0.3.2
[INFO] [stderr]    Compiling derive_more v0.99.14
[INFO] [stderr]    Compiling async-trait v0.1.50
[INFO] [stderr]    Compiling darling_macro v0.12.4
[INFO] [stderr]     Checking futures-util v0.3.15
[INFO] [stderr]     Checking async-stream v0.3.2
[INFO] [stderr]    Compiling thiserror v1.0.25
[INFO] [stderr]     Checking pin-project v1.0.7
[INFO] [stderr]    Compiling darling v0.12.4
[INFO] [stderr]    Compiling faux_macros v0.1.2
[INFO] [stderr]    Compiling futures-executor v0.3.15
[INFO] [stderr]    Compiling serde v1.0.126
[INFO] [stderr]     Checking faux v0.1.2
[INFO] [stderr]     Checking futures v0.3.15
[INFO] [stderr]     Checking multer v1.2.2
[INFO] [stderr]    Compiling tokio-native-tls v0.3.0
[INFO] [stderr]    Compiling tokio-util v0.6.7
[INFO] [stderr]     Checking tokio-tungstenite v0.13.0
[INFO] [stderr]    Compiling sqlx-rt v0.5.5
[INFO] [stderr]    Compiling tokio-stream v0.1.6
[INFO] [stderr]     Checking h2 v0.3.3
[INFO] [stderr]     Checking serde_json v1.0.64
[INFO] [stderr]     Checking uuid v0.8.2
[INFO] [stderr]     Checking serde_urlencoded v0.7.0
[INFO] [stderr]    Compiling toml v0.5.8
[INFO] [stderr]     Checking async-graphql-value v2.6.5
[INFO] [stderr]     Checking sqlx-core v0.5.5
[INFO] [stderr]    Compiling proc-macro-crate v1.0.0
[INFO] [stderr]     Checking async-graphql-parser v2.8.5
[INFO] [stderr]     Checking hyper v0.14.7
[INFO] [stderr]    Compiling async-graphql-derive v2.8.5
[INFO] [stderr]     Checking warp v0.3.1
[INFO] [stderr]    Compiling sqlx-macros v0.5.5
[INFO] [stderr]     Checking async-graphql v2.8.5
[INFO] [stderr]     Checking sqlx v0.5.5
[INFO] [stderr]     Checking async-graphql-warp v2.8.5
[INFO] [stderr]     Checking gql-sql-test v0.1.0 (/opt/rustwide/workdir)
[INFO] [stdout] error: error communicating with the server: Cannot assign requested address (os error 99)
[INFO] [stdout]   --> src/repository.rs:31:20
[INFO] [stdout]    |
[INFO] [stdout] 31 |           let rows = sqlx::query_as!(
[INFO] [stdout]    |  ____________________^
[INFO] [stdout] 32 | |             TodoItem,
[INFO] [stdout] 33 | |             "
[INFO] [stdout] 34 | |             SELECT id, description, done
[INFO] [stdout] ...  |
[INFO] [stdout] 43 | |             filter.range.end as u32
[INFO] [stdout] 44 | |         )
[INFO] [stdout]    | |_________^
[INFO] [stdout]    |
[INFO] [stdout]    = note: this error originates in the macro `$crate::sqlx_macros::expand_query` (in Nightly builds, run with -Z macro-backtrace for more info)
[INFO] [stdout] 
[INFO] [stdout] 
[INFO] [stdout] error: error communicating with the server: Cannot assign requested address (os error 99)
[INFO] [stdout]   --> src/repository.rs:53:19
[INFO] [stdout]    |
[INFO] [stdout] 53 |           let row = sqlx::query_as!(
[INFO] [stdout]    |  ___________________^
[INFO] [stdout] 54 | |             TodoItem,
[INFO] [stdout] 55 | |             "
[INFO] [stdout] 56 | |             INSERT INTO todo_item
[INFO] [stdout] ...  |
[INFO] [stdout] 61 | |             description
[INFO] [stdout] 62 | |         )
[INFO] [stdout]    | |_________^
[INFO] [stdout]    |
[INFO] [stdout]    = note: this error originates in the macro `$crate::sqlx_macros::expand_query` (in Nightly builds, run with -Z macro-backtrace for more info)
[INFO] [stdout] 
[INFO] [stdout] 
[INFO] [stdout] error: error communicating with the server: Cannot assign requested address (os error 99)
[INFO] [stdout]   --> src/repository.rs:70:22
[INFO] [stdout]    |
[INFO] [stdout] 70 |           let result = sqlx::query!(
[INFO] [stdout]    |  ______________________^
[INFO] [stdout] 71 | |             "
[INFO] [stdout] 72 | |             UPDATE todo_item
[INFO] [stdout] 73 | |             SET done = true
[INFO] [stdout] ...  |
[INFO] [stdout] 77 | |             id
[INFO] [stdout] 78 | |         )
[INFO] [stdout]    | |_________^
[INFO] [stdout]    |
[INFO] [stdout]    = note: this error originates in the macro `$crate::sqlx_macros::expand_query` (in Nightly builds, run with -Z macro-backtrace for more info)
[INFO] [stdout] 
[INFO] [stdout] 
[INFO] [stdout] error: error communicating with the server: Cannot assign requested address (os error 99)
[INFO] [stdout]   --> src/repository.rs:31:20
[INFO] [stdout]    |
[INFO] [stdout] 31 |           let rows = sqlx::query_as!(
[INFO] [stdout]    |  ____________________^
[INFO] [stdout] 32 | |             TodoItem,
[INFO] [stdout] 33 | |             "
[INFO] [stdout] 34 | |             SELECT id, description, done
[INFO] [stdout] ...  |
[INFO] [stdout] 43 | |             filter.range.end as u32
[INFO] [stdout] 44 | |         )
[INFO] [stdout]    | |_________^
[INFO] [stdout]    |
[INFO] [stdout]    = note: this error originates in the macro `$crate::sqlx_macros::expand_query` (in Nightly builds, run with -Z macro-backtrace for more info)
[INFO] [stdout] 
[INFO] [stdout] 
[INFO] [stdout] error: error communicating with the server: Cannot assign requested address (os error 99)
[INFO] [stdout]   --> src/repository.rs:53:19
[INFO] [stdout]    |
[INFO] [stdout] 53 |           let row = sqlx::query_as!(
[INFO] [stdout]    |  ___________________^
[INFO] [stdout] 54 | |             TodoItem,
[INFO] [stdout] 55 | |             "
[INFO] [stdout] 56 | |             INSERT INTO todo_item
[INFO] [stdout] ...  |
[INFO] [stdout] 61 | |             description
[INFO] [stdout] 62 | |         )
[INFO] [stdout]    | |_________^
[INFO] [stdout]    |
[INFO] [stdout]    = note: this error originates in the macro `$crate::sqlx_macros::expand_query` (in Nightly builds, run with -Z macro-backtrace for more info)
[INFO] [stdout] 
[INFO] [stdout] 
[INFO] [stdout] error: error communicating with the server: Cannot assign requested address (os error 99)
[INFO] [stdout]   --> src/repository.rs:70:22
[INFO] [stdout]    |
[INFO] [stdout] 70 |           let result = sqlx::query!(
[INFO] [stdout]    |  ______________________^
[INFO] [stdout] 71 | |             "
[INFO] [stdout] 72 | |             UPDATE todo_item
[INFO] [stdout] 73 | |             SET done = true
[INFO] [stdout] ...  |
[INFO] [stdout] 77 | |             id
[INFO] [stdout] 78 | |         )
[INFO] [stdout]    | |_________^
[INFO] [stdout]    |
[INFO] [stdout]    = note: this error originates in the macro `$crate::sqlx_macros::expand_query` (in Nightly builds, run with -Z macro-backtrace for more info)
[INFO] [stdout] 
[INFO] [stdout] 
[INFO] [stdout] error: aborting due to 3 previous errors
[INFO] [stdout] 
[INFO] [stdout] 
[INFO] [stderr] error: could not compile `gql-sql-test` due to 4 previous errors
[INFO] [stderr] warning: build failed, waiting for other jobs to finish...
[INFO] [stdout] error: aborting due to 3 previous errors
[INFO] [stdout] 
[INFO] [stdout] 
[INFO] [stderr] error: build failed
[INFO] running `Command { std: "docker" "inspect" "98d0fa6811e3c28cdb1ed36ba775d1e31486ffe0e2b9925908f2c923d221a33f", kill_on_drop: false }`
[INFO] running `Command { std: "docker" "rm" "-f" "98d0fa6811e3c28cdb1ed36ba775d1e31486ffe0e2b9925908f2c923d221a33f", kill_on_drop: false }`
[INFO] [stdout] 98d0fa6811e3c28cdb1ed36ba775d1e31486ffe0e2b9925908f2c923d221a33f
