[INFO] cloning repository https://github.com/aswild/winstart-rs
[INFO] running `Command { std: "git" "-c" "credential.helper=" "-c" "credential.helper=/workspace/cargo-home/bin/git-credential-null" "clone" "--bare" "https://github.com/aswild/winstart-rs" "/workspace/cache/git-repos/https%3A%2F%2Fgithub.com%2Faswild%2Fwinstart-rs", kill_on_drop: false }`
[INFO] [stderr] Cloning into bare repository '/workspace/cache/git-repos/https%3A%2F%2Fgithub.com%2Faswild%2Fwinstart-rs'...
[INFO] running `Command { std: "git" "rev-parse" "HEAD", kill_on_drop: false }`
[INFO] [stdout] bc1a16f8b81a9436ad42ea534f561cb56b9a00cd
[INFO] checking aswild/winstart-rs against 1.55.0 for beta-1.56-3
[INFO] running `Command { std: "git" "clone" "/workspace/cache/git-repos/https%3A%2F%2Fgithub.com%2Faswild%2Fwinstart-rs" "/workspace/builds/worker-0/source", kill_on_drop: false }`
[INFO] [stderr] Cloning into '/workspace/builds/worker-0/source'...
[INFO] [stderr] done.
[INFO] validating manifest of git repo https://github.com/aswild/winstart-rs on toolchain 1.55.0
[INFO] running `Command { std: "/workspace/cargo-home/bin/cargo" "+1.55.0" "metadata" "--manifest-path" "Cargo.toml" "--no-deps", kill_on_drop: false }`
[INFO] started tweaking git repo https://github.com/aswild/winstart-rs
[INFO] finished tweaking git repo https://github.com/aswild/winstart-rs
[INFO] tweaked toml for git repo https://github.com/aswild/winstart-rs written to /workspace/builds/worker-0/source/Cargo.toml
[INFO] crate git repo https://github.com/aswild/winstart-rs already has a lockfile, it will not be regenerated
[INFO] running `Command { std: "/workspace/cargo-home/bin/cargo" "+1.55.0" "fetch" "--manifest-path" "Cargo.toml", kill_on_drop: false }`
[INFO] running `Command { std: "docker" "create" "-v" "/var/lib/crater-agent-workspace/builds/worker-0/target:/opt/rustwide/target:rw,Z" "-v" "/var/lib/crater-agent-workspace/builds/worker-0/source:/opt/rustwide/workdir:ro,Z" "-v" "/var/lib/crater-agent-workspace/cargo-home:/opt/rustwide/cargo-home:ro,Z" "-v" "/var/lib/crater-agent-workspace/rustup-home:/opt/rustwide/rustup-home:ro,Z" "-e" "SOURCE_DIR=/opt/rustwide/workdir" "-e" "CARGO_TARGET_DIR=/opt/rustwide/target" "-e" "CARGO_HOME=/opt/rustwide/cargo-home" "-e" "RUSTUP_HOME=/opt/rustwide/rustup-home" "-w" "/opt/rustwide/workdir" "-m" "1610612736" "--user" "0:0" "--network" "none" "ghcr.io/rust-lang/crates-build-env/linux@sha256:a89201d6b5b9fd45c15d5952ece0a0129e7e80cb26ec023fd59cf09bc26f1604" "/opt/rustwide/cargo-home/bin/cargo" "+1.55.0" "metadata" "--no-deps" "--format-version=1", kill_on_drop: false }`
[INFO] [stderr] WARNING: Your kernel does not support swap limit capabilities or the cgroup is not mounted. Memory limited without swap.
[INFO] [stdout] c45edc0de8f6caf588f3c3bc4002a360a9ae6eb02e324f2da3f100ddf1ca3e18
[INFO] running `Command { std: "docker" "start" "-a" "c45edc0de8f6caf588f3c3bc4002a360a9ae6eb02e324f2da3f100ddf1ca3e18", kill_on_drop: false }`
[INFO] running `Command { std: "docker" "inspect" "c45edc0de8f6caf588f3c3bc4002a360a9ae6eb02e324f2da3f100ddf1ca3e18", kill_on_drop: false }`
[INFO] running `Command { std: "docker" "rm" "-f" "c45edc0de8f6caf588f3c3bc4002a360a9ae6eb02e324f2da3f100ddf1ca3e18", kill_on_drop: false }`
[INFO] [stdout] c45edc0de8f6caf588f3c3bc4002a360a9ae6eb02e324f2da3f100ddf1ca3e18
[INFO] running `Command { std: "docker" "create" "-v" "/var/lib/crater-agent-workspace/builds/worker-0/target:/opt/rustwide/target:rw,Z" "-v" "/var/lib/crater-agent-workspace/builds/worker-0/source:/opt/rustwide/workdir:ro,Z" "-v" "/var/lib/crater-agent-workspace/cargo-home:/opt/rustwide/cargo-home:ro,Z" "-v" "/var/lib/crater-agent-workspace/rustup-home:/opt/rustwide/rustup-home:ro,Z" "-e" "SOURCE_DIR=/opt/rustwide/workdir" "-e" "CARGO_TARGET_DIR=/opt/rustwide/target" "-e" "CARGO_INCREMENTAL=0" "-e" "RUST_BACKTRACE=full" "-e" "RUSTFLAGS=--cap-lints=warn" "-e" "CARGO_HOME=/opt/rustwide/cargo-home" "-e" "RUSTUP_HOME=/opt/rustwide/rustup-home" "-w" "/opt/rustwide/workdir" "-m" "1610612736" "--user" "0:0" "--network" "none" "ghcr.io/rust-lang/crates-build-env/linux@sha256:a89201d6b5b9fd45c15d5952ece0a0129e7e80cb26ec023fd59cf09bc26f1604" "/opt/rustwide/cargo-home/bin/cargo" "+1.55.0" "check" "--frozen" "--all" "--all-targets" "--message-format=json", kill_on_drop: false }`
[INFO] [stdout] 0ce6c952f35439f3b42a1e9701f88cfac8bd21ac4ab9cf33605fd9a7856f4b61
[INFO] [stderr] WARNING: Your kernel does not support swap limit capabilities or the cgroup is not mounted. Memory limited without swap.
[INFO] running `Command { std: "docker" "start" "-a" "0ce6c952f35439f3b42a1e9701f88cfac8bd21ac4ab9cf33605fd9a7856f4b61", kill_on_drop: false }`
[INFO] [stderr]    Compiling winapi v0.3.9
[INFO] [stderr]     Checking winstart v0.1.0 (/opt/rustwide/workdir)
[INFO] [stdout] error[E0432]: unresolved import `winapi::shared`
[INFO] [stdout]  --> src/main.rs:7:13
[INFO] [stdout]   |
[INFO] [stdout] 7 | use winapi::shared::winerror;
[INFO] [stdout]   |             ^^^^^^ could not find `shared` in `winapi`
[INFO] [stdout] 
[INFO] [stdout] 
[INFO] [stdout] error[E0433]: failed to resolve: could not find `um` in `winapi`
[INFO] [stdout]  --> src/main.rs:8:13
[INFO] [stdout]   |
[INFO] [stdout] 8 | use winapi::um::shellapi::{self, ShellExecuteA};
[INFO] [stdout]   |             ^^ could not find `um` in `winapi`
[INFO] [stdout] 
[INFO] [stdout] 
[INFO] [stdout] error[E0433]: failed to resolve: could not find `um` in `winapi`
[INFO] [stdout]  --> src/main.rs:9:13
[INFO] [stdout]   |
[INFO] [stdout] 9 | use winapi::um::winuser::SW_SHOWNORMAL;
[INFO] [stdout]   |             ^^ could not find `um` in `winapi`
[INFO] [stdout] 
[INFO] [stdout] 
[INFO] [stdout] error[E0432]: unresolved import `winapi::um`
[INFO] [stdout]  --> src/main.rs:8:13
[INFO] [stdout]   |
[INFO] [stdout] 8 | use winapi::um::shellapi::{self, ShellExecuteA};
[INFO] [stdout]   |             ^^ could not find `um` in `winapi`
[INFO] [stdout] 
[INFO] [stdout] 
[INFO] [stdout] error[E0432]: unresolved import `winapi::shared`
[INFO] [stdout]  --> src/main.rs:7:13
[INFO] [stdout]   |
[INFO] [stdout] 7 | use winapi::shared::winerror;
[INFO] [stdout]   |             ^^^^^^ could not find `shared` in `winapi`
[INFO] [stdout] 
[INFO] [stdout] 
[INFO] [stdout] error[E0433]: failed to resolve: could not find `um` in `winapi`
[INFO] [stdout]  --> src/main.rs:8:13
[INFO] [stdout]   |
[INFO] [stdout] 8 | use winapi::um::shellapi::{self, ShellExecuteA};
[INFO] [stdout]   |             ^^ could not find `um` in `winapi`
[INFO] [stdout] 
[INFO] [stdout] 
[INFO] [stdout] error[E0433]: failed to resolve: could not find `um` in `winapi`
[INFO] [stdout]  --> src/main.rs:9:13
[INFO] [stdout]   |
[INFO] [stdout] 9 | use winapi::um::winuser::SW_SHOWNORMAL;
[INFO] [stdout]   |             ^^ could not find `um` in `winapi`
[INFO] [stdout] 
[INFO] [stdout] 
[INFO] [stdout] error[E0432]: unresolved import `winapi::um`
[INFO] [stdout]  --> src/main.rs:8:13
[INFO] [stdout]   |
[INFO] [stdout] 8 | use winapi::um::shellapi::{self, ShellExecuteA};
[INFO] [stdout]   |             ^^ could not find `um` in `winapi`
[INFO] [stdout] 
[INFO] [stdout] 
[INFO] [stdout] error[E0425]: cannot find function, tuple struct or tuple variant `ShellExecuteA` in this scope
[INFO] [stdout]    --> src/main.rs:102:19
[INFO] [stdout]     |
[INFO] [stdout] 102 |         let ret = ShellExecuteA(
[INFO] [stdout]     |                   ^^^^^^^^^^^^^ not found in this scope
[INFO] [stdout] 
[INFO] [stdout] 
[INFO] [stdout] error[E0425]: cannot find value `SW_SHOWNORMAL` in this scope
[INFO] [stdout]    --> src/main.rs:108:13
[INFO] [stdout]     |
[INFO] [stdout] 108 |             SW_SHOWNORMAL,   // nShowCmd
[INFO] [stdout]     |             ^^^^^^^^^^^^^ not found in this scope
[INFO] [stdout] 
[INFO] [stdout] 
[INFO] [stdout] error[E0425]: cannot find function, tuple struct or tuple variant `ShellExecuteA` in this scope
[INFO] [stdout]    --> src/main.rs:102:19
[INFO] [stdout]     |
[INFO] [stdout] 102 |         let ret = ShellExecuteA(
[INFO] [stdout]     |                   ^^^^^^^^^^^^^ not found in this scope
[INFO] [stdout] 
[INFO] [stdout] 
[INFO] [stdout] error[E0425]: cannot find value `SW_SHOWNORMAL` in this scope
[INFO] [stdout]    --> src/main.rs:108:13
[INFO] [stdout]     |
[INFO] [stdout] 108 |             SW_SHOWNORMAL,   // nShowCmd
[INFO] [stdout]     |             ^^^^^^^^^^^^^ not found in this scope
[INFO] [stdout] 
[INFO] [stdout] 
[INFO] [stdout] error: aborting due to 6 previous errors
[INFO] [stdout] 
[INFO] [stdout] 
[INFO] [stdout] Some errors have detailed explanations: E0425, E0432, E0433.
[INFO] [stdout] 
[INFO] [stdout] For more information about an error, try `rustc --explain E0425`.
[INFO] [stdout] 
[INFO] [stderr] error: could not compile `winstart` due to 7 previous errors
[INFO] [stderr] warning: build failed, waiting for other jobs to finish...
[INFO] [stdout] error: aborting due to 6 previous errors
[INFO] [stdout] 
[INFO] [stdout] 
[INFO] [stdout] Some errors have detailed explanations: E0425, E0432, E0433.
[INFO] [stdout] 
[INFO] [stdout] For more information about an error, try `rustc --explain E0425`.
[INFO] [stdout] 
[INFO] [stderr] error: build failed
[INFO] running `Command { std: "docker" "inspect" "0ce6c952f35439f3b42a1e9701f88cfac8bd21ac4ab9cf33605fd9a7856f4b61", kill_on_drop: false }`
[INFO] running `Command { std: "docker" "rm" "-f" "0ce6c952f35439f3b42a1e9701f88cfac8bd21ac4ab9cf33605fd9a7856f4b61", kill_on_drop: false }`
[INFO] [stdout] 0ce6c952f35439f3b42a1e9701f88cfac8bd21ac4ab9cf33605fd9a7856f4b61
