[INFO] cloning repository https://github.com/asquared31415/CelesteAutosplitterLinux
[INFO] running `Command { std: "git" "-c" "credential.helper=" "-c" "credential.helper=/workspace/cargo-home/bin/git-credential-null" "clone" "--bare" "https://github.com/asquared31415/CelesteAutosplitterLinux" "/workspace/cache/git-repos/https%3A%2F%2Fgithub.com%2Fasquared31415%2FCelesteAutosplitterLinux", kill_on_drop: false }`
[INFO] [stderr] Cloning into bare repository '/workspace/cache/git-repos/https%3A%2F%2Fgithub.com%2Fasquared31415%2FCelesteAutosplitterLinux'...
[INFO] running `Command { std: "git" "rev-parse" "HEAD", kill_on_drop: false }`
[INFO] [stdout] cd43f533f0da0d73a4368f5224dd4c04fee3a973
[INFO] checking asquared31415/CelesteAutosplitterLinux against beta-2021-10-15 for beta-1.56-3
[INFO] running `Command { std: "git" "clone" "/workspace/cache/git-repos/https%3A%2F%2Fgithub.com%2Fasquared31415%2FCelesteAutosplitterLinux" "/workspace/builds/worker-13/source", kill_on_drop: false }`
[INFO] [stderr] Cloning into '/workspace/builds/worker-13/source'...
[INFO] [stderr] done.
[INFO] validating manifest of git repo https://github.com/asquared31415/CelesteAutosplitterLinux on toolchain beta-2021-10-15
[INFO] running `Command { std: "/workspace/cargo-home/bin/cargo" "+beta-2021-10-15" "metadata" "--manifest-path" "Cargo.toml" "--no-deps", kill_on_drop: false }`
[INFO] started tweaking git repo https://github.com/asquared31415/CelesteAutosplitterLinux
[INFO] finished tweaking git repo https://github.com/asquared31415/CelesteAutosplitterLinux
[INFO] tweaked toml for git repo https://github.com/asquared31415/CelesteAutosplitterLinux written to /workspace/builds/worker-13/source/Cargo.toml
[INFO] crate git repo https://github.com/asquared31415/CelesteAutosplitterLinux already has a lockfile, it will not be regenerated
[INFO] running `Command { std: "/workspace/cargo-home/bin/cargo" "+beta-2021-10-15" "fetch" "--manifest-path" "Cargo.toml", kill_on_drop: false }`
[INFO] [stderr]     Blocking waiting for file lock on package cache
[INFO] running `Command { std: "docker" "create" "-v" "/var/lib/crater-agent-workspace/builds/worker-13/target:/opt/rustwide/target:rw,Z" "-v" "/var/lib/crater-agent-workspace/builds/worker-13/source:/opt/rustwide/workdir:ro,Z" "-v" "/var/lib/crater-agent-workspace/cargo-home:/opt/rustwide/cargo-home:ro,Z" "-v" "/var/lib/crater-agent-workspace/rustup-home:/opt/rustwide/rustup-home:ro,Z" "-e" "SOURCE_DIR=/opt/rustwide/workdir" "-e" "CARGO_TARGET_DIR=/opt/rustwide/target" "-e" "CARGO_HOME=/opt/rustwide/cargo-home" "-e" "RUSTUP_HOME=/opt/rustwide/rustup-home" "-w" "/opt/rustwide/workdir" "-m" "1610612736" "--user" "0:0" "--network" "none" "ghcr.io/rust-lang/crates-build-env/linux@sha256:a89201d6b5b9fd45c15d5952ece0a0129e7e80cb26ec023fd59cf09bc26f1604" "/opt/rustwide/cargo-home/bin/cargo" "+beta-2021-10-15" "metadata" "--no-deps" "--format-version=1", kill_on_drop: false }`
[INFO] [stdout] 9ed33509538c060100b69a2504257c852bc107e072692835adeabfe324b7e35b
[INFO] [stderr] WARNING: Your kernel does not support swap limit capabilities or the cgroup is not mounted. Memory limited without swap.
[INFO] running `Command { std: "docker" "start" "-a" "9ed33509538c060100b69a2504257c852bc107e072692835adeabfe324b7e35b", kill_on_drop: false }`
[INFO] running `Command { std: "docker" "inspect" "9ed33509538c060100b69a2504257c852bc107e072692835adeabfe324b7e35b", kill_on_drop: false }`
[INFO] running `Command { std: "docker" "rm" "-f" "9ed33509538c060100b69a2504257c852bc107e072692835adeabfe324b7e35b", kill_on_drop: false }`
[INFO] [stdout] 9ed33509538c060100b69a2504257c852bc107e072692835adeabfe324b7e35b
[INFO] running `Command { std: "docker" "create" "-v" "/var/lib/crater-agent-workspace/builds/worker-13/target:/opt/rustwide/target:rw,Z" "-v" "/var/lib/crater-agent-workspace/builds/worker-13/source:/opt/rustwide/workdir:ro,Z" "-v" "/var/lib/crater-agent-workspace/cargo-home:/opt/rustwide/cargo-home:ro,Z" "-v" "/var/lib/crater-agent-workspace/rustup-home:/opt/rustwide/rustup-home:ro,Z" "-e" "SOURCE_DIR=/opt/rustwide/workdir" "-e" "CARGO_TARGET_DIR=/opt/rustwide/target" "-e" "CARGO_INCREMENTAL=0" "-e" "RUST_BACKTRACE=full" "-e" "RUSTFLAGS=--cap-lints=warn" "-e" "CARGO_HOME=/opt/rustwide/cargo-home" "-e" "RUSTUP_HOME=/opt/rustwide/rustup-home" "-w" "/opt/rustwide/workdir" "-m" "1610612736" "--user" "0:0" "--network" "none" "ghcr.io/rust-lang/crates-build-env/linux@sha256:a89201d6b5b9fd45c15d5952ece0a0129e7e80cb26ec023fd59cf09bc26f1604" "/opt/rustwide/cargo-home/bin/cargo" "+beta-2021-10-15" "check" "--frozen" "--all" "--all-targets" "--message-format=json", kill_on_drop: false }`
[INFO] [stdout] d06b187aa680b8ff8480eb3b609315e2d06a6a1819c46f39c880d6cfd40905e6
[INFO] [stderr] WARNING: Your kernel does not support swap limit capabilities or the cgroup is not mounted. Memory limited without swap.
[INFO] running `Command { std: "docker" "start" "-a" "d06b187aa680b8ff8480eb3b609315e2d06a6a1819c46f39c880d6cfd40905e6", kill_on_drop: false }`
[INFO] [stderr]     Checking zeroize v1.3.0
[INFO] [stderr]     Checking celeste_autosplit_tracer v0.1.1 (/opt/rustwide/workdir/tracer)
[INFO] [stderr]     Checking terminal_size v0.1.17
[INFO] [stderr]     Checking atty v0.2.14
[INFO] [stderr]     Checking serde v1.0.126
[INFO] [stderr]     Checking tempfile v3.2.0
[INFO] [stdout] error[E0557]: feature has been removed
[INFO] [stdout]  --> tracer/src/lib.rs:1:12
[INFO] [stdout]   |
[INFO] [stdout] 1 | #![feature(const_evaluatable_checked, const_generics)]
[INFO] [stdout]   |            ^^^^^^^^^^^^^^^^^^^^^^^^^ feature has been removed
[INFO] [stdout]   |
[INFO] [stdout]   = note: renamed to `generic_const_exprs`
[INFO] [stdout] 
[INFO] [stdout] 
[INFO] [stdout] error[E0557]: feature has been removed
[INFO] [stdout]  --> tracer/src/lib.rs:1:39
[INFO] [stdout]   |
[INFO] [stdout] 1 | #![feature(const_evaluatable_checked, const_generics)]
[INFO] [stdout]   |                                       ^^^^^^^^^^^^^^ feature has been removed
[INFO] [stdout]   |
[INFO] [stdout]   = note: removed in favor of `#![feature(adt_const_params]` and `#![feature(generic_const_exprs)]`
[INFO] [stdout] 
[INFO] [stdout] 
[INFO] [stdout] error[E0557]: feature has been removed
[INFO] [stdout]  --> tracer/src/lib.rs:1:12
[INFO] [stdout]   |
[INFO] [stdout] 1 | #![feature(const_evaluatable_checked, const_generics)]
[INFO] [stdout]   |            ^^^^^^^^^^^^^^^^^^^^^^^^^ feature has been removed
[INFO] [stdout]   |
[INFO] [stdout]   = note: renamed to `generic_const_exprs`
[INFO] [stdout] 
[INFO] [stdout] 
[INFO] [stdout] error[E0557]: feature has been removed
[INFO] [stdout]  --> tracer/src/lib.rs:1:39
[INFO] [stdout]   |
[INFO] [stdout] 1 | #![feature(const_evaluatable_checked, const_generics)]
[INFO] [stdout]   |                                       ^^^^^^^^^^^^^^ feature has been removed
[INFO] [stdout]   |
[INFO] [stdout]   = note: removed in favor of `#![feature(adt_const_params]` and `#![feature(generic_const_exprs)]`
[INFO] [stdout] 
[INFO] [stdout] 
[INFO] [stderr]     Checking clap v2.33.3
[INFO] [stdout] error: generic parameters may not be used in const operations
[INFO] [stdout]   --> tracer/src/tracer.rs:37:29
[INFO] [stdout]    |
[INFO] [stdout] 37 |         [(); mem::size_of::<T>()]: ,
[INFO] [stdout]    |                             ^ cannot perform const operation using `T`
[INFO] [stdout]    |
[INFO] [stdout]    = note: type parameters may not be used in const expressions
[INFO] [stdout] 
[INFO] [stdout] 
[INFO] [stdout] error[E0554]: `#![feature]` may not be used on the beta release channel
[INFO] [stdout]  --> tracer/src/lib.rs:1:1
[INFO] [stdout]   |
[INFO] [stdout] 1 | #![feature(const_evaluatable_checked, const_generics)]
[INFO] [stdout]   | ^^^^^^^^^^^^^^^^^^^^^^^^^^^^^^^^^^^^^^^^^^^^^^^^^^^^^^
[INFO] [stdout] 
[INFO] [stdout] 
[INFO] [stdout] error: generic parameters may not be used in const operations
[INFO] [stdout]   --> tracer/src/tracer.rs:37:29
[INFO] [stdout]    |
[INFO] [stdout] 37 |         [(); mem::size_of::<T>()]: ,
[INFO] [stdout]    |                             ^ cannot perform const operation using `T`
[INFO] [stdout]    |
[INFO] [stdout]    = note: type parameters may not be used in const expressions
[INFO] [stdout] 
[INFO] [stdout] 
[INFO] [stdout] error[E0554]: `#![feature]` may not be used on the beta release channel
[INFO] [stdout]  --> tracer/src/lib.rs:1:1
[INFO] [stdout]   |
[INFO] [stdout] 1 | #![feature(const_evaluatable_checked, const_generics)]
[INFO] [stdout]   | ^^^^^^^^^^^^^^^^^^^^^^^^^^^^^^^^^^^^^^^^^^^^^^^^^^^^^^
[INFO] [stdout] 
[INFO] [stdout] 
[INFO] [stderr]     Checking console v0.14.1
[INFO] [stdout] error: constant expression depends on a generic parameter
[INFO] [stdout]   --> tracer/src/tracer.rs:48:30
[INFO] [stdout]    |
[INFO] [stdout] 48 |         let mut buf = [0_u8; mem::size_of::<T>()];
[INFO] [stdout]    |                              ^^^^^^^^^^^^^^^^^^^
[INFO] [stdout]    |
[INFO] [stdout]    = note: this may fail depending on what value the parameter takes
[INFO] [stdout] 
[INFO] [stdout] 
[INFO] [stdout] error: aborting due to 5 previous errors
[INFO] [stdout] 
[INFO] [stdout] 
[INFO] [stdout] Some errors have detailed explanations: E0554, E0557.
[INFO] [stdout] 
[INFO] [stdout] For more information about an error, try `rustc --explain E0554`.
[INFO] [stdout] 
[INFO] [stderr] error: could not compile `celeste_autosplit_tracer` due to 6 previous errors
[INFO] [stderr] warning: build failed, waiting for other jobs to finish...
[INFO] [stdout] error: constant expression depends on a generic parameter
[INFO] [stdout]   --> tracer/src/tracer.rs:48:30
[INFO] [stdout]    |
[INFO] [stdout] 48 |         let mut buf = [0_u8; mem::size_of::<T>()];
[INFO] [stdout]    |                              ^^^^^^^^^^^^^^^^^^^
[INFO] [stdout]    |
[INFO] [stdout]    = note: this may fail depending on what value the parameter takes
[INFO] [stdout] 
[INFO] [stdout] 
[INFO] [stdout] error: aborting due to 5 previous errors
[INFO] [stdout] 
[INFO] [stdout] 
[INFO] [stdout] Some errors have detailed explanations: E0554, E0557.
[INFO] [stdout] 
[INFO] [stdout] For more information about an error, try `rustc --explain E0554`.
[INFO] [stdout] 
[INFO] [stderr] error: build failed
[INFO] running `Command { std: "docker" "inspect" "d06b187aa680b8ff8480eb3b609315e2d06a6a1819c46f39c880d6cfd40905e6", kill_on_drop: false }`
[INFO] running `Command { std: "docker" "rm" "-f" "d06b187aa680b8ff8480eb3b609315e2d06a6a1819c46f39c880d6cfd40905e6", kill_on_drop: false }`
[INFO] [stdout] d06b187aa680b8ff8480eb3b609315e2d06a6a1819c46f39c880d6cfd40905e6
