[INFO] cloning repository https://github.com/arzg/rtiow
[INFO] running `Command { std: "git" "-c" "credential.helper=" "-c" "credential.helper=/workspace/cargo-home/bin/git-credential-null" "clone" "--bare" "https://github.com/arzg/rtiow" "/workspace/cache/git-repos/https%3A%2F%2Fgithub.com%2Farzg%2Frtiow", kill_on_drop: false }`
[INFO] [stderr] Cloning into bare repository '/workspace/cache/git-repos/https%3A%2F%2Fgithub.com%2Farzg%2Frtiow'...
[INFO] running `Command { std: "git" "rev-parse" "HEAD", kill_on_drop: false }`
[INFO] [stdout] 939f65dc14bece9391b6d549ccc2f5a04f8b59b6
[INFO] checking arzg/rtiow against beta-2021-10-15 for beta-1.56-3
[INFO] running `Command { std: "git" "clone" "/workspace/cache/git-repos/https%3A%2F%2Fgithub.com%2Farzg%2Frtiow" "/workspace/builds/worker-2/source", kill_on_drop: false }`
[INFO] [stderr] Cloning into '/workspace/builds/worker-2/source'...
[INFO] [stderr] done.
[INFO] validating manifest of git repo https://github.com/arzg/rtiow on toolchain beta-2021-10-15
[INFO] running `Command { std: "/workspace/cargo-home/bin/cargo" "+beta-2021-10-15" "metadata" "--manifest-path" "Cargo.toml" "--no-deps", kill_on_drop: false }`
[INFO] started tweaking git repo https://github.com/arzg/rtiow
[INFO] finished tweaking git repo https://github.com/arzg/rtiow
[INFO] tweaked toml for git repo https://github.com/arzg/rtiow written to /workspace/builds/worker-2/source/Cargo.toml
[INFO] crate git repo https://github.com/arzg/rtiow already has a lockfile, it will not be regenerated
[INFO] running `Command { std: "/workspace/cargo-home/bin/cargo" "+beta-2021-10-15" "fetch" "--manifest-path" "Cargo.toml", kill_on_drop: false }`
[INFO] [stderr]     Blocking waiting for file lock on package cache
[INFO] [stderr]     Blocking waiting for file lock on package cache
[INFO] running `Command { std: "docker" "create" "-v" "/var/lib/crater-agent-workspace/builds/worker-2/target:/opt/rustwide/target:rw,Z" "-v" "/var/lib/crater-agent-workspace/builds/worker-2/source:/opt/rustwide/workdir:ro,Z" "-v" "/var/lib/crater-agent-workspace/cargo-home:/opt/rustwide/cargo-home:ro,Z" "-v" "/var/lib/crater-agent-workspace/rustup-home:/opt/rustwide/rustup-home:ro,Z" "-e" "SOURCE_DIR=/opt/rustwide/workdir" "-e" "CARGO_TARGET_DIR=/opt/rustwide/target" "-e" "CARGO_HOME=/opt/rustwide/cargo-home" "-e" "RUSTUP_HOME=/opt/rustwide/rustup-home" "-w" "/opt/rustwide/workdir" "-m" "1610612736" "--user" "0:0" "--network" "none" "ghcr.io/rust-lang/crates-build-env/linux@sha256:a89201d6b5b9fd45c15d5952ece0a0129e7e80cb26ec023fd59cf09bc26f1604" "/opt/rustwide/cargo-home/bin/cargo" "+beta-2021-10-15" "metadata" "--no-deps" "--format-version=1", kill_on_drop: false }`
[INFO] [stdout] eccf4ca9ad6d422588fda0f1c1f24a9fe4990baad6d5f96905c7f893c1f5bc9d
[INFO] running `Command { std: "docker" "start" "-a" "eccf4ca9ad6d422588fda0f1c1f24a9fe4990baad6d5f96905c7f893c1f5bc9d", kill_on_drop: false }`
[INFO] running `Command { std: "docker" "inspect" "eccf4ca9ad6d422588fda0f1c1f24a9fe4990baad6d5f96905c7f893c1f5bc9d", kill_on_drop: false }`
[INFO] running `Command { std: "docker" "rm" "-f" "eccf4ca9ad6d422588fda0f1c1f24a9fe4990baad6d5f96905c7f893c1f5bc9d", kill_on_drop: false }`
[INFO] [stdout] eccf4ca9ad6d422588fda0f1c1f24a9fe4990baad6d5f96905c7f893c1f5bc9d
[INFO] running `Command { std: "docker" "create" "-v" "/var/lib/crater-agent-workspace/builds/worker-2/target:/opt/rustwide/target:rw,Z" "-v" "/var/lib/crater-agent-workspace/builds/worker-2/source:/opt/rustwide/workdir:ro,Z" "-v" "/var/lib/crater-agent-workspace/cargo-home:/opt/rustwide/cargo-home:ro,Z" "-v" "/var/lib/crater-agent-workspace/rustup-home:/opt/rustwide/rustup-home:ro,Z" "-e" "SOURCE_DIR=/opt/rustwide/workdir" "-e" "CARGO_TARGET_DIR=/opt/rustwide/target" "-e" "CARGO_INCREMENTAL=0" "-e" "RUST_BACKTRACE=full" "-e" "RUSTFLAGS=--cap-lints=warn" "-e" "CARGO_HOME=/opt/rustwide/cargo-home" "-e" "RUSTUP_HOME=/opt/rustwide/rustup-home" "-w" "/opt/rustwide/workdir" "-m" "1610612736" "--user" "0:0" "--network" "none" "ghcr.io/rust-lang/crates-build-env/linux@sha256:a89201d6b5b9fd45c15d5952ece0a0129e7e80cb26ec023fd59cf09bc26f1604" "/opt/rustwide/cargo-home/bin/cargo" "+beta-2021-10-15" "check" "--frozen" "--all" "--all-targets" "--message-format=json", kill_on_drop: false }`
[INFO] [stdout] 9296c7fa16f1a0a74ad9906614c348031b459b7b18081901ffc96c8a7c1283bc
[INFO] running `Command { std: "docker" "start" "-a" "9296c7fa16f1a0a74ad9906614c348031b459b7b18081901ffc96c8a7c1283bc", kill_on_drop: false }`
[INFO] [stderr]     Blocking waiting for file lock on package cache
[INFO] [stderr]    Compiling libc v0.2.68
[INFO] [stderr]     Checking lazy_static v1.4.0
[INFO] [stderr]    Compiling maybe-uninit v2.0.0
[INFO] [stderr]    Compiling byteorder v1.3.4
[INFO] [stderr]     Checking scopeguard v1.1.0
[INFO] [stderr]    Compiling proc-macro2 v1.0.10
[INFO] [stderr]    Compiling rayon-core v1.7.0
[INFO] [stderr]     Checking regex-syntax v0.6.17
[INFO] [stderr]    Compiling syn v1.0.17
[INFO] [stderr]     Checking rawpointer v0.2.1
[INFO] [stderr]    Compiling anyhow v1.0.28
[INFO] [stderr]     Checking unicode-width v0.1.7
[INFO] [stderr]     Checking number_prefix v0.3.0
[INFO] [stderr]     Checking bytemuck v1.2.0
[INFO] [stderr]     Checking scoped_threadpool v0.1.9
[INFO] [stderr]    Compiling num-traits v0.2.11
[INFO] [stderr]    Compiling crossbeam-utils v0.7.2
[INFO] [stderr]    Compiling memoffset v0.5.4
[INFO] [stderr]    Compiling num-integer v0.1.42
[INFO] [stderr]    Compiling crossbeam-epoch v0.8.2
[INFO] [stderr]    Compiling num-bigint v0.2.6
[INFO] [stderr]    Compiling num-complex v0.2.4
[INFO] [stderr]    Compiling num-rational v0.2.4
[INFO] [stderr]    Compiling num-iter v0.1.40
[INFO] [stderr]    Compiling libm v0.2.1
[INFO] [stderr]    Compiling getrandom v0.1.14
[INFO] [stderr]    Compiling bitflags v1.2.1
[INFO] [stderr]    Compiling typenum v1.11.2
[INFO] [stderr]    Compiling crc32fast v1.2.0
[INFO] [stderr]     Checking miniz_oxide v0.3.6
[INFO] [stderr]     Checking inflate v0.4.5
[INFO] [stderr]     Checking gif v0.10.3
[INFO] [stderr]     Checking matrixmultiply v0.2.3
[INFO] [stderr]     Checking generic-array v0.13.2
[INFO] [stderr]     Checking deflate v0.8.4
[INFO] [stderr]     Checking tiff v0.4.0
[INFO] [stderr]     Checking regex v1.3.6
[INFO] [stderr]    Compiling quote v1.0.3
[INFO] [stderr]     Checking num_cpus v1.12.0
[INFO] [stderr]     Checking termios v0.3.1
[INFO] [stderr]     Checking clicolors-control v1.0.1
[INFO] [stderr]     Checking png v0.16.2
[INFO] [stderr]     Checking approx v0.3.2
[INFO] [stderr]     Checking rand_core v0.5.1
[INFO] [stderr]     Checking console v0.10.0
[INFO] [stderr]     Checking crossbeam-queue v0.2.1
[INFO] [stderr]     Checking rand_chacha v0.2.2
[INFO] [stderr]     Checking crossbeam-deque v0.7.3
[INFO] [stderr]     Checking indicatif v0.14.0
[INFO] [stderr]     Checking rand v0.7.3
[INFO] [stderr]     Checking alga v0.9.3
[INFO] [stderr]     Checking rayon v1.3.0
[INFO] [stderr]     Checking rand_distr v0.2.2
[INFO] [stderr]     Checking num v0.2.1
[INFO] [stderr]     Checking nalgebra v0.20.0
[INFO] [stderr]     Checking jpeg-decoder v0.1.18
[INFO] [stderr]    Compiling derive_more v0.99.5
[INFO] [stderr]     Checking image v0.23.2
[INFO] [stderr]     Checking rtiow v0.1.0 (/opt/rustwide/workdir)
[INFO] [stdout] error[E0061]: this function takes 9 arguments but 7 arguments were supplied
[INFO] [stdout]   --> src/bin/weekend.rs:22:18
[INFO] [stdout]    |
[INFO] [stdout] 22 |     let camera = rtiow::Camera::new(
[INFO] [stdout]    |                  ^^^^^^^^^^^^^^^^^^ expected 9 arguments
[INFO] [stdout] 23 |         look_from,
[INFO] [stdout]    |         ---------
[INFO] [stdout] 24 |         look_at,
[INFO] [stdout]    |         -------
[INFO] [stdout] 25 |         vup,
[INFO] [stdout]    |         ---
[INFO] [stdout] 26 |         VERTICAL_FOV,
[INFO] [stdout]    |         ------------
[INFO] [stdout] 27 |         ASPECT,
[INFO] [stdout]    |         ------
[INFO] [stdout] 28 |         APERTURE,
[INFO] [stdout]    |         --------
[INFO] [stdout] 29 |         dist_to_focus,
[INFO] [stdout]    |         ------------- supplied 7 arguments
[INFO] [stdout]    |
[INFO] [stdout] note: associated function defined here
[INFO] [stdout]   --> /opt/rustwide/workdir/src/camera.rs:14:12
[INFO] [stdout]    |
[INFO] [stdout] 14 |     pub fn new(
[INFO] [stdout]    |            ^^^
[INFO] [stdout] 
[INFO] [stdout] 
[INFO] [stdout] error[E0061]: this function takes 9 arguments but 7 arguments were supplied
[INFO] [stdout]   --> src/bin/weekend.rs:22:18
[INFO] [stdout]    |
[INFO] [stdout] 22 |     let camera = rtiow::Camera::new(
[INFO] [stdout]    |                  ^^^^^^^^^^^^^^^^^^ expected 9 arguments
[INFO] [stdout] 23 |         look_from,
[INFO] [stdout]    |         ---------
[INFO] [stdout] 24 |         look_at,
[INFO] [stdout]    |         -------
[INFO] [stdout] 25 |         vup,
[INFO] [stdout]    |         ---
[INFO] [stdout] 26 |         VERTICAL_FOV,
[INFO] [stdout]    |         ------------
[INFO] [stdout] 27 |         ASPECT,
[INFO] [stdout]    |         ------
[INFO] [stdout] 28 |         APERTURE,
[INFO] [stdout]    |         --------
[INFO] [stdout] 29 |         dist_to_focus,
[INFO] [stdout]    |         ------------- supplied 7 arguments
[INFO] [stdout]    |
[INFO] [stdout] note: associated function defined here
[INFO] [stdout]   --> /opt/rustwide/workdir/src/camera.rs:14:12
[INFO] [stdout]    |
[INFO] [stdout] 14 |     pub fn new(
[INFO] [stdout]    |            ^^^
[INFO] [stdout] 
[INFO] [stdout] 
[INFO] [stdout] error[E0061]: this function takes 3 arguments but 2 arguments were supplied
[INFO] [stdout]   --> src/bin/weekend.rs:43:32
[INFO] [stdout]    |
[INFO] [stdout] 43 |                 let r = camera.ray(u, v);
[INFO] [stdout]    |                                ^^^ -  - supplied 2 arguments
[INFO] [stdout]    |                                |
[INFO] [stdout]    |                                expected 3 arguments
[INFO] [stdout]    |
[INFO] [stdout] note: associated function defined here
[INFO] [stdout]   --> /opt/rustwide/workdir/src/camera.rs:49:12
[INFO] [stdout]    |
[INFO] [stdout] 49 |     pub fn ray(&self, s: crate::Float, t: crate::Float, rng: &mut impl rand::Rng) -> crate::Ray {
[INFO] [stdout]    |            ^^^
[INFO] [stdout] 
[INFO] [stdout] 
[INFO] [stdout] error[E0061]: this function takes 3 arguments but 2 arguments were supplied
[INFO] [stdout]   --> src/bin/weekend.rs:43:32
[INFO] [stdout]    |
[INFO] [stdout] 43 |                 let r = camera.ray(u, v);
[INFO] [stdout]    |                                ^^^ -  - supplied 2 arguments
[INFO] [stdout]    |                                |
[INFO] [stdout]    |                                expected 3 arguments
[INFO] [stdout]    |
[INFO] [stdout] note: associated function defined here
[INFO] [stdout]   --> /opt/rustwide/workdir/src/camera.rs:49:12
[INFO] [stdout]    |
[INFO] [stdout] 49 |     pub fn ray(&self, s: crate::Float, t: crate::Float, rng: &mut impl rand::Rng) -> crate::Ray {
[INFO] [stdout]    |            ^^^
[INFO] [stdout] 
[INFO] [stdout] 
[INFO] [stdout] error: aborting due to 2 previous errors
[INFO] [stdout] 
[INFO] [stdout] 
[INFO] [stdout] For more information about this error, try `rustc --explain E0061`.
[INFO] [stdout] 
[INFO] [stdout] error: aborting due to 2 previous errors
[INFO] [stdout] 
[INFO] [stdout] 
[INFO] [stdout] For more information about this error, try `rustc --explain E0061`.
[INFO] [stdout] 
[INFO] [stderr] error: could not compile `rtiow` due to 3 previous errors
[INFO] [stderr] warning: build failed, waiting for other jobs to finish...
[INFO] [stderr] error: build failed
[INFO] running `Command { std: "docker" "inspect" "9296c7fa16f1a0a74ad9906614c348031b459b7b18081901ffc96c8a7c1283bc", kill_on_drop: false }`
[INFO] running `Command { std: "docker" "rm" "-f" "9296c7fa16f1a0a74ad9906614c348031b459b7b18081901ffc96c8a7c1283bc", kill_on_drop: false }`
[INFO] [stdout] 9296c7fa16f1a0a74ad9906614c348031b459b7b18081901ffc96c8a7c1283bc
