[INFO] cloning repository https://github.com/arzg/attoutils
[INFO] running `Command { std: "git" "-c" "credential.helper=" "-c" "credential.helper=/workspace/cargo-home/bin/git-credential-null" "clone" "--bare" "https://github.com/arzg/attoutils" "/workspace/cache/git-repos/https%3A%2F%2Fgithub.com%2Farzg%2Fattoutils", kill_on_drop: false }`
[INFO] [stderr] Cloning into bare repository '/workspace/cache/git-repos/https%3A%2F%2Fgithub.com%2Farzg%2Fattoutils'...
[INFO] running `Command { std: "git" "rev-parse" "HEAD", kill_on_drop: false }`
[INFO] [stdout] 3893f57e05c05ba047b7f7d4353220ef411c43b0
[INFO] checking arzg/attoutils against 1.55.0 for beta-1.56-3
[INFO] running `Command { std: "git" "clone" "/workspace/cache/git-repos/https%3A%2F%2Fgithub.com%2Farzg%2Fattoutils" "/workspace/builds/worker-54/source", kill_on_drop: false }`
[INFO] [stderr] Cloning into '/workspace/builds/worker-54/source'...
[INFO] [stderr] done.
[INFO] validating manifest of git repo https://github.com/arzg/attoutils on toolchain 1.55.0
[INFO] running `Command { std: "/workspace/cargo-home/bin/cargo" "+1.55.0" "metadata" "--manifest-path" "Cargo.toml" "--no-deps", kill_on_drop: false }`
[INFO] started tweaking git repo https://github.com/arzg/attoutils
[INFO] finished tweaking git repo https://github.com/arzg/attoutils
[INFO] tweaked toml for git repo https://github.com/arzg/attoutils written to /workspace/builds/worker-54/source/Cargo.toml
[INFO] crate git repo https://github.com/arzg/attoutils already has a lockfile, it will not be regenerated
[INFO] running `Command { std: "/workspace/cargo-home/bin/cargo" "+1.55.0" "fetch" "--manifest-path" "Cargo.toml", kill_on_drop: false }`
[INFO] [stderr]     Blocking waiting for file lock on package cache
[INFO] [stderr]     Updating crates.io index
[INFO] [stderr]     Blocking waiting for file lock on package cache
[INFO] [stderr]  Downloading crates ...
[INFO] [stderr]   Downloaded crossbeam v0.7.2
[INFO] [stderr]   Downloaded path-clean v0.1.0
[INFO] [stderr]   Downloaded term_size v0.1.1
[INFO] [stderr]   Downloaded jwalk v0.4.0
[INFO] [stderr]   Downloaded smallvec v0.6.12
[INFO] running `Command { std: "docker" "create" "-v" "/var/lib/crater-agent-workspace/builds/worker-54/target:/opt/rustwide/target:rw,Z" "-v" "/var/lib/crater-agent-workspace/builds/worker-54/source:/opt/rustwide/workdir:ro,Z" "-v" "/var/lib/crater-agent-workspace/cargo-home:/opt/rustwide/cargo-home:ro,Z" "-v" "/var/lib/crater-agent-workspace/rustup-home:/opt/rustwide/rustup-home:ro,Z" "-e" "SOURCE_DIR=/opt/rustwide/workdir" "-e" "CARGO_TARGET_DIR=/opt/rustwide/target" "-e" "CARGO_HOME=/opt/rustwide/cargo-home" "-e" "RUSTUP_HOME=/opt/rustwide/rustup-home" "-w" "/opt/rustwide/workdir" "-m" "1610612736" "--user" "0:0" "--network" "none" "ghcr.io/rust-lang/crates-build-env/linux@sha256:a89201d6b5b9fd45c15d5952ece0a0129e7e80cb26ec023fd59cf09bc26f1604" "/opt/rustwide/cargo-home/bin/cargo" "+1.55.0" "metadata" "--no-deps" "--format-version=1", kill_on_drop: false }`
[INFO] [stdout] 1c16bb02b87e04630885d5fd5c2b2f8217bdd13929ce70c69c0f72392c444299
[INFO] running `Command { std: "docker" "start" "-a" "1c16bb02b87e04630885d5fd5c2b2f8217bdd13929ce70c69c0f72392c444299", kill_on_drop: false }`
[INFO] running `Command { std: "docker" "inspect" "1c16bb02b87e04630885d5fd5c2b2f8217bdd13929ce70c69c0f72392c444299", kill_on_drop: false }`
[INFO] running `Command { std: "docker" "rm" "-f" "1c16bb02b87e04630885d5fd5c2b2f8217bdd13929ce70c69c0f72392c444299", kill_on_drop: false }`
[INFO] [stdout] 1c16bb02b87e04630885d5fd5c2b2f8217bdd13929ce70c69c0f72392c444299
[INFO] running `Command { std: "docker" "create" "-v" "/var/lib/crater-agent-workspace/builds/worker-54/target:/opt/rustwide/target:rw,Z" "-v" "/var/lib/crater-agent-workspace/builds/worker-54/source:/opt/rustwide/workdir:ro,Z" "-v" "/var/lib/crater-agent-workspace/cargo-home:/opt/rustwide/cargo-home:ro,Z" "-v" "/var/lib/crater-agent-workspace/rustup-home:/opt/rustwide/rustup-home:ro,Z" "-e" "SOURCE_DIR=/opt/rustwide/workdir" "-e" "CARGO_TARGET_DIR=/opt/rustwide/target" "-e" "CARGO_INCREMENTAL=0" "-e" "RUST_BACKTRACE=full" "-e" "RUSTFLAGS=--cap-lints=warn" "-e" "CARGO_HOME=/opt/rustwide/cargo-home" "-e" "RUSTUP_HOME=/opt/rustwide/rustup-home" "-w" "/opt/rustwide/workdir" "-m" "1610612736" "--user" "0:0" "--network" "none" "ghcr.io/rust-lang/crates-build-env/linux@sha256:a89201d6b5b9fd45c15d5952ece0a0129e7e80cb26ec023fd59cf09bc26f1604" "/opt/rustwide/cargo-home/bin/cargo" "+1.55.0" "check" "--frozen" "--all" "--all-targets" "--message-format=json", kill_on_drop: false }`
[INFO] [stdout] 84b2bc941951441ce0ee8c3f46815a5fd0d959fd8da43f78566423d727feb70a
[INFO] running `Command { std: "docker" "start" "-a" "84b2bc941951441ce0ee8c3f46815a5fd0d959fd8da43f78566423d727feb70a", kill_on_drop: false }`
[INFO] [stderr]     Blocking waiting for file lock on package cache
[INFO] [stderr]    Compiling libc v0.2.65
[INFO] [stderr]    Compiling semver-parser v0.7.0
[INFO] [stderr]     Checking scopeguard v1.0.0
[INFO] [stderr]    Compiling arrayvec v0.4.12
[INFO] [stderr]     Checking nodrop v0.1.14
[INFO] [stderr]    Compiling anyhow v1.0.19
[INFO] [stderr]    Compiling rayon-core v1.6.0
[INFO] [stderr]     Checking either v1.5.3
[INFO] [stderr]    Compiling bitflags v1.2.1
[INFO] [stderr]     Checking unicode-width v0.1.6
[INFO] [stderr]     Checking vec_map v0.8.1
[INFO] [stderr]     Checking strsim v0.8.0
[INFO] [stderr]     Checking ansi_term v0.11.0
[INFO] [stderr]     Checking smallvec v0.6.12
[INFO] [stderr]     Checking path-clean v0.1.0
[INFO] [stderr]     Checking crossbeam-utils v0.6.6
[INFO] [stderr]     Checking lock_api v0.3.1
[INFO] [stderr]    Compiling semver v0.9.0
[INFO] [stderr]     Checking crossbeam-queue v0.1.2
[INFO] [stderr]     Checking crossbeam-channel v0.3.9
[INFO] [stderr]    Compiling rustc_version v0.2.3
[INFO] [stderr]    Compiling memoffset v0.5.2
[INFO] [stderr]    Compiling parking_lot_core v0.6.2
[INFO] [stderr]    Compiling parking_lot v0.9.0
[INFO] [stderr]     Checking num_cpus v1.11.0
[INFO] [stderr]     Checking term_size v0.1.1
[INFO] [stderr]     Checking dirs-sys v0.3.4
[INFO] [stderr]     Checking term_size v0.3.1
[INFO] [stderr]     Checking atty v0.2.13
[INFO] [stderr]     Checking libatto v0.1.0 (/opt/rustwide/workdir/libatto)
[INFO] [stderr]     Checking textwrap v0.11.0
[INFO] [stderr]     Checking directories v2.0.2
[INFO] [stderr]     Checking dirs v2.0.2
[INFO] [stderr]     Checking column v0.1.0 (/opt/rustwide/workdir/column)
[INFO] [stdout] error[E0599]: no method named `unwrap` found for struct `String` in the current scope
[INFO] [stdout]   --> libatto/src/columnate.rs:96:57
[INFO] [stdout]    |
[INFO] [stdout] 96 |         assert_eq!(String::new(), columnate(&[], 80, 8).unwrap());
[INFO] [stdout]    |                                                         ^^^^^^ method not found in `String`
[INFO] [stdout] 
[INFO] [stdout] 
[INFO] [stdout] error[E0599]: no method named `unwrap` found for struct `String` in the current scope
[INFO] [stdout]    --> libatto/src/columnate.rs:101:66
[INFO] [stdout]     |
[INFO] [stdout] 101 |         assert_eq!("foo".to_string(), columnate(&["foo"], 80, 8).unwrap());
[INFO] [stdout]     |                                                                  ^^^^^^ method not found in `String`
[INFO] [stdout] 
[INFO] [stdout] 
[INFO] [stdout] error[E0599]: no method named `unwrap` found for struct `String` in the current scope
[INFO] [stdout]    --> libatto/src/columnate.rs:110:37
[INFO] [stdout]     |
[INFO] [stdout] 110 |             columnate(&data, 80, 1).unwrap()
[INFO] [stdout]     |                                     ^^^^^^ method not found in `String`
[INFO] [stdout] 
[INFO] [stdout] 
[INFO] [stdout] error[E0599]: no method named `unwrap` found for struct `String` in the current scope
[INFO] [stdout]    --> libatto/src/columnate.rs:115:37
[INFO] [stdout]     |
[INFO] [stdout] 115 |             columnate(&data, 80, 0).unwrap()
[INFO] [stdout]     |                                     ^^^^^^ method not found in `String`
[INFO] [stdout] 
[INFO] [stdout] 
[INFO] [stdout] error[E0599]: no method named `unwrap` found for struct `String` in the current scope
[INFO] [stdout]    --> libatto/src/columnate.rs:123:64
[INFO] [stdout]     |
[INFO] [stdout] 123 |             columnate(&["word", "exquisite", "medium"], 80, 8).unwrap()
[INFO] [stdout]     |                                                                ^^^^^^ method not found in `String`
[INFO] [stdout] 
[INFO] [stdout] 
[INFO] [stdout] error[E0599]: no method named `unwrap` found for struct `String` in the current scope
[INFO] [stdout]    --> libatto/src/columnate.rs:138:14
[INFO] [stdout]     |
[INFO] [stdout] 138 |             .unwrap()
[INFO] [stdout]     |              ^^^^^^ method not found in `String`
[INFO] [stdout] 
[INFO] [stdout] 
[INFO] [stdout] error: aborting due to 6 previous errors
[INFO] [stdout] 
[INFO] [stdout] 
[INFO] [stdout] For more information about this error, try `rustc --explain E0599`.
[INFO] [stdout] 
[INFO] [stderr] error: could not compile `libatto` due to 7 previous errors
[INFO] [stderr] warning: build failed, waiting for other jobs to finish...
[INFO] [stderr] error: build failed
[INFO] running `Command { std: "docker" "inspect" "84b2bc941951441ce0ee8c3f46815a5fd0d959fd8da43f78566423d727feb70a", kill_on_drop: false }`
[INFO] running `Command { std: "docker" "rm" "-f" "84b2bc941951441ce0ee8c3f46815a5fd0d959fd8da43f78566423d727feb70a", kill_on_drop: false }`
[INFO] [stdout] 84b2bc941951441ce0ee8c3f46815a5fd0d959fd8da43f78566423d727feb70a
