[INFO] cloning repository https://github.com/arrrrrrr/RustyCsvViewer
[INFO] running `Command { std: "git" "-c" "credential.helper=" "-c" "credential.helper=/workspace/cargo-home/bin/git-credential-null" "clone" "--bare" "https://github.com/arrrrrrr/RustyCsvViewer" "/workspace/cache/git-repos/https%3A%2F%2Fgithub.com%2Farrrrrrr%2FRustyCsvViewer", kill_on_drop: false }`
[INFO] [stderr] Cloning into bare repository '/workspace/cache/git-repos/https%3A%2F%2Fgithub.com%2Farrrrrrr%2FRustyCsvViewer'...
[INFO] running `Command { std: "git" "rev-parse" "HEAD", kill_on_drop: false }`
[INFO] [stdout] 7472021979d14670379e9f7299df73bd78acbdd5
[INFO] checking arrrrrrr/RustyCsvViewer against beta-2021-10-15 for beta-1.56-3
[INFO] running `Command { std: "git" "clone" "/workspace/cache/git-repos/https%3A%2F%2Fgithub.com%2Farrrrrrr%2FRustyCsvViewer" "/workspace/builds/worker-81/source", kill_on_drop: false }`
[INFO] [stderr] Cloning into '/workspace/builds/worker-81/source'...
[INFO] [stderr] done.
[INFO] validating manifest of git repo https://github.com/arrrrrrr/RustyCsvViewer on toolchain beta-2021-10-15
[INFO] running `Command { std: "/workspace/cargo-home/bin/cargo" "+beta-2021-10-15" "metadata" "--manifest-path" "Cargo.toml" "--no-deps", kill_on_drop: false }`
[INFO] started tweaking git repo https://github.com/arrrrrrr/RustyCsvViewer
[INFO] finished tweaking git repo https://github.com/arrrrrrr/RustyCsvViewer
[INFO] tweaked toml for git repo https://github.com/arrrrrrr/RustyCsvViewer written to /workspace/builds/worker-81/source/Cargo.toml
[INFO] crate git repo https://github.com/arrrrrrr/RustyCsvViewer already has a lockfile, it will not be regenerated
[INFO] running `Command { std: "/workspace/cargo-home/bin/cargo" "+beta-2021-10-15" "fetch" "--manifest-path" "Cargo.toml", kill_on_drop: false }`
[INFO] [stderr]     Blocking waiting for file lock on package cache
[INFO] [stderr]     Blocking waiting for file lock on package cache
[INFO] [stderr]  Downloading crates ...
[INFO] [stderr]   Downloaded native-windows-gui v1.0.8
[INFO] running `Command { std: "docker" "create" "-v" "/var/lib/crater-agent-workspace/builds/worker-81/target:/opt/rustwide/target:rw,Z" "-v" "/var/lib/crater-agent-workspace/builds/worker-81/source:/opt/rustwide/workdir:ro,Z" "-v" "/var/lib/crater-agent-workspace/cargo-home:/opt/rustwide/cargo-home:ro,Z" "-v" "/var/lib/crater-agent-workspace/rustup-home:/opt/rustwide/rustup-home:ro,Z" "-e" "SOURCE_DIR=/opt/rustwide/workdir" "-e" "CARGO_TARGET_DIR=/opt/rustwide/target" "-e" "CARGO_HOME=/opt/rustwide/cargo-home" "-e" "RUSTUP_HOME=/opt/rustwide/rustup-home" "-w" "/opt/rustwide/workdir" "-m" "1610612736" "--user" "0:0" "--network" "none" "ghcr.io/rust-lang/crates-build-env/linux@sha256:a89201d6b5b9fd45c15d5952ece0a0129e7e80cb26ec023fd59cf09bc26f1604" "/opt/rustwide/cargo-home/bin/cargo" "+beta-2021-10-15" "metadata" "--no-deps" "--format-version=1", kill_on_drop: false }`
[INFO] [stdout] 9b34b46bba59bc01f792aeb77d46c1bd0f9f5221f734ca2b9a0014f6c8c84ec8
[INFO] running `Command { std: "docker" "start" "-a" "9b34b46bba59bc01f792aeb77d46c1bd0f9f5221f734ca2b9a0014f6c8c84ec8", kill_on_drop: false }`
[INFO] running `Command { std: "docker" "inspect" "9b34b46bba59bc01f792aeb77d46c1bd0f9f5221f734ca2b9a0014f6c8c84ec8", kill_on_drop: false }`
[INFO] running `Command { std: "docker" "rm" "-f" "9b34b46bba59bc01f792aeb77d46c1bd0f9f5221f734ca2b9a0014f6c8c84ec8", kill_on_drop: false }`
[INFO] [stdout] 9b34b46bba59bc01f792aeb77d46c1bd0f9f5221f734ca2b9a0014f6c8c84ec8
[INFO] running `Command { std: "docker" "create" "-v" "/var/lib/crater-agent-workspace/builds/worker-81/target:/opt/rustwide/target:rw,Z" "-v" "/var/lib/crater-agent-workspace/builds/worker-81/source:/opt/rustwide/workdir:ro,Z" "-v" "/var/lib/crater-agent-workspace/cargo-home:/opt/rustwide/cargo-home:ro,Z" "-v" "/var/lib/crater-agent-workspace/rustup-home:/opt/rustwide/rustup-home:ro,Z" "-e" "SOURCE_DIR=/opt/rustwide/workdir" "-e" "CARGO_TARGET_DIR=/opt/rustwide/target" "-e" "CARGO_INCREMENTAL=0" "-e" "RUST_BACKTRACE=full" "-e" "RUSTFLAGS=--cap-lints=warn" "-e" "CARGO_HOME=/opt/rustwide/cargo-home" "-e" "RUSTUP_HOME=/opt/rustwide/rustup-home" "-w" "/opt/rustwide/workdir" "-m" "1610612736" "--user" "0:0" "--network" "none" "ghcr.io/rust-lang/crates-build-env/linux@sha256:a89201d6b5b9fd45c15d5952ece0a0129e7e80cb26ec023fd59cf09bc26f1604" "/opt/rustwide/cargo-home/bin/cargo" "+beta-2021-10-15" "check" "--frozen" "--all" "--all-targets" "--message-format=json", kill_on_drop: false }`
[INFO] [stdout] fe0f3257b37c9888e23845550bb3d3c1bd8cb2588a02f8b00a6f955fe808c8b9
[INFO] running `Command { std: "docker" "start" "-a" "fe0f3257b37c9888e23845550bb3d3c1bd8cb2588a02f8b00a6f955fe808c8b9", kill_on_drop: false }`
[INFO] [stderr]     Blocking waiting for file lock on package cache
[INFO] [stderr]    Compiling winapi v0.3.9
[INFO] [stderr]    Compiling syn v1.0.59
[INFO] [stderr]    Compiling serde_derive v1.0.121
[INFO] [stderr]    Compiling libm v0.1.4
[INFO] [stderr]    Compiling ryu v1.0.5
[INFO] [stderr]    Compiling serde v1.0.121
[INFO] [stderr]    Compiling serde_json v1.0.61
[INFO] [stderr]     Checking itoa v0.4.7
[INFO] [stderr]    Compiling native-windows-gui v1.0.8
[INFO] [stderr]     Checking winui-lib v0.0.1 (/opt/rustwide/workdir/winui-lib)
[INFO] [stdout] error[E0433]: failed to resolve: could not find `um` in `winapi`
[INFO] [stdout]  --> winui-lib/src/utils/d2d.rs:3:19
[INFO] [stdout]   |
[INFO] [stdout] 3 |     use ::winapi::um::d2d1::D2D1_COLOR_F;
[INFO] [stdout]   |                   ^^ could not find `um` in `winapi`
[INFO] [stdout] 
[INFO] [stdout] 
[INFO] [stdout] error[E0433]: failed to resolve: could not find `um` in `winapi`
[INFO] [stdout]  --> winui-lib/src/utils/d2d.rs:3:19
[INFO] [stdout]   |
[INFO] [stdout] 3 |     use ::winapi::um::d2d1::D2D1_COLOR_F;
[INFO] [stdout]   |                   ^^ could not find `um` in `winapi`
[INFO] [stdout] 
[INFO] [stdout] 
[INFO] [stdout] error[E0412]: cannot find type `D2D1_COLOR_F` in this scope
[INFO] [stdout]    --> winui-lib/src/utils/d2d.rs:151:27
[INFO] [stdout]     |
[INFO] [stdout] 151 |     impl From<ColorF> for D2D1_COLOR_F {
[INFO] [stdout]     |                           ^^^^^^^^^^^^ not found in this scope
[INFO] [stdout] 
[INFO] [stdout] 
[INFO] [stdout] error[E0412]: cannot find type `D2D1_COLOR_F` in this scope
[INFO] [stdout]    --> winui-lib/src/utils/d2d.rs:157:32
[INFO] [stdout]     |
[INFO] [stdout] 157 |     fn from_rgb(value: u32) -> D2D1_COLOR_F {
[INFO] [stdout]     |                                ^^^^^^^^^^^^ not found in this scope
[INFO] [stdout] 
[INFO] [stdout] 
[INFO] [stdout] error[E0422]: cannot find struct, variant or union type `D2D1_COLOR_F` in this scope
[INFO] [stdout]    --> winui-lib/src/utils/d2d.rs:172:9
[INFO] [stdout]     |
[INFO] [stdout] 172 |         D2D1_COLOR_F { r, g, b, a }
[INFO] [stdout]     |         ^^^^^^^^^^^^ not found in this scope
[INFO] [stdout] 
[INFO] [stdout] 
[INFO] [stdout] error: aborting due to 4 previous errors
[INFO] [stdout] 
[INFO] [stdout] 
[INFO] [stdout] Some errors have detailed explanations: E0412, E0422, E0433.
[INFO] [stdout] 
[INFO] [stdout] For more information about an error, try `rustc --explain E0412`.
[INFO] [stdout] 
[INFO] [stderr] error: could not compile `winui-lib` due to 5 previous errors
[INFO] [stderr] warning: build failed, waiting for other jobs to finish...
[INFO] [stdout] error[E0433]: failed to resolve: use of undeclared type `D2D1_COLOR_F`
[INFO] [stdout]    --> winui-lib/src/utils/d2d.rs:182:26
[INFO] [stdout]     |
[INFO] [stdout] 182 |             let actual = D2D1_COLOR_F::from(ColorF(ColorF::BLACK));
[INFO] [stdout]     |                          ^^^^^^^^^^^^ use of undeclared type `D2D1_COLOR_F`
[INFO] [stdout] 
[INFO] [stdout] 
[INFO] [stdout] error[E0433]: failed to resolve: use of undeclared type `D2D1_COLOR_F`
[INFO] [stdout]    --> winui-lib/src/utils/d2d.rs:189:26
[INFO] [stdout]     |
[INFO] [stdout] 189 |             let actual = D2D1_COLOR_F::from(ColorF(ColorF::WHITE));
[INFO] [stdout]     |                          ^^^^^^^^^^^^ use of undeclared type `D2D1_COLOR_F`
[INFO] [stdout] 
[INFO] [stdout] 
[INFO] [stdout] error[E0433]: failed to resolve: use of undeclared type `D2D1_COLOR_F`
[INFO] [stdout]    --> winui-lib/src/utils/d2d.rs:200:26
[INFO] [stdout]     |
[INFO] [stdout] 200 |             let actual = D2D1_COLOR_F::from(ColorF(0x808080));
[INFO] [stdout]     |                          ^^^^^^^^^^^^ use of undeclared type `D2D1_COLOR_F`
[INFO] [stdout] 
[INFO] [stdout] 
[INFO] [stdout] error[E0412]: cannot find type `D2D1_COLOR_F` in this scope
[INFO] [stdout]    --> winui-lib/src/utils/d2d.rs:151:27
[INFO] [stdout]     |
[INFO] [stdout] 151 |     impl From<ColorF> for D2D1_COLOR_F {
[INFO] [stdout]     |                           ^^^^^^^^^^^^ not found in this scope
[INFO] [stdout] 
[INFO] [stdout] 
[INFO] [stdout] error[E0412]: cannot find type `D2D1_COLOR_F` in this scope
[INFO] [stdout]    --> winui-lib/src/utils/d2d.rs:157:32
[INFO] [stdout]     |
[INFO] [stdout] 157 |     fn from_rgb(value: u32) -> D2D1_COLOR_F {
[INFO] [stdout]     |                                ^^^^^^^^^^^^ not found in this scope
[INFO] [stdout] 
[INFO] [stdout] 
[INFO] [stdout] error[E0422]: cannot find struct, variant or union type `D2D1_COLOR_F` in this scope
[INFO] [stdout]    --> winui-lib/src/utils/d2d.rs:172:9
[INFO] [stdout]     |
[INFO] [stdout] 172 |         D2D1_COLOR_F { r, g, b, a }
[INFO] [stdout]     |         ^^^^^^^^^^^^ not found in this scope
[INFO] [stdout] 
[INFO] [stdout] 
[INFO] [stdout] error[E0422]: cannot find struct, variant or union type `D2D1_COLOR_F` in this scope
[INFO] [stdout]    --> winui-lib/src/utils/d2d.rs:181:28
[INFO] [stdout]     |
[INFO] [stdout] 181 |             let expected = D2D1_COLOR_F { r: 0., g: 0., b: 0., a: 1. };
[INFO] [stdout]     |                            ^^^^^^^^^^^^ not found in this scope
[INFO] [stdout] 
[INFO] [stdout] 
[INFO] [stdout] error[E0422]: cannot find struct, variant or union type `D2D1_COLOR_F` in this scope
[INFO] [stdout]    --> winui-lib/src/utils/d2d.rs:188:28
[INFO] [stdout]     |
[INFO] [stdout] 188 |             let expected = D2D1_COLOR_F { r: 1., g: 1., b: 1., a: 1. };
[INFO] [stdout]     |                            ^^^^^^^^^^^^ not found in this scope
[INFO] [stdout] 
[INFO] [stdout] 
[INFO] [stdout] error[E0422]: cannot find struct, variant or union type `D2D1_COLOR_F` in this scope
[INFO] [stdout]    --> winui-lib/src/utils/d2d.rs:199:28
[INFO] [stdout]     |
[INFO] [stdout] 199 |             let expected = D2D1_COLOR_F { r: 0.502, g: 0.502, b: 0.502, a: 1.0 };
[INFO] [stdout]     |                            ^^^^^^^^^^^^ not found in this scope
[INFO] [stdout] 
[INFO] [stdout] 
[INFO] [stdout] error: aborting due to 10 previous errors
[INFO] [stdout] 
[INFO] [stdout] 
[INFO] [stdout] Some errors have detailed explanations: E0412, E0422, E0433.
[INFO] [stdout] 
[INFO] [stdout] For more information about an error, try `rustc --explain E0412`.
[INFO] [stdout] 
[INFO] [stderr] error: build failed
[INFO] running `Command { std: "docker" "inspect" "fe0f3257b37c9888e23845550bb3d3c1bd8cb2588a02f8b00a6f955fe808c8b9", kill_on_drop: false }`
[INFO] running `Command { std: "docker" "rm" "-f" "fe0f3257b37c9888e23845550bb3d3c1bd8cb2588a02f8b00a6f955fe808c8b9", kill_on_drop: false }`
[INFO] [stdout] fe0f3257b37c9888e23845550bb3d3c1bd8cb2588a02f8b00a6f955fe808c8b9
