[INFO] cloning repository https://github.com/aprimadi/todo-hero-backend
[INFO] running `Command { std: "git" "-c" "credential.helper=" "-c" "credential.helper=/workspace/cargo-home/bin/git-credential-null" "clone" "--bare" "https://github.com/aprimadi/todo-hero-backend" "/workspace/cache/git-repos/https%3A%2F%2Fgithub.com%2Faprimadi%2Ftodo-hero-backend", kill_on_drop: false }`
[INFO] [stderr] Cloning into bare repository '/workspace/cache/git-repos/https%3A%2F%2Fgithub.com%2Faprimadi%2Ftodo-hero-backend'...
[INFO] running `Command { std: "git" "rev-parse" "HEAD", kill_on_drop: false }`
[INFO] [stdout] d29e19ed739229b19ba93dbb9070dc0e889f9de8
[INFO] checking aprimadi/todo-hero-backend against 1.55.0 for beta-1.56-3
[INFO] running `Command { std: "git" "clone" "/workspace/cache/git-repos/https%3A%2F%2Fgithub.com%2Faprimadi%2Ftodo-hero-backend" "/workspace/builds/worker-53/source", kill_on_drop: false }`
[INFO] [stderr] Cloning into '/workspace/builds/worker-53/source'...
[INFO] [stderr] done.
[INFO] validating manifest of git repo https://github.com/aprimadi/todo-hero-backend on toolchain 1.55.0
[INFO] running `Command { std: "/workspace/cargo-home/bin/cargo" "+1.55.0" "metadata" "--manifest-path" "Cargo.toml" "--no-deps", kill_on_drop: false }`
[INFO] started tweaking git repo https://github.com/aprimadi/todo-hero-backend
[INFO] finished tweaking git repo https://github.com/aprimadi/todo-hero-backend
[INFO] tweaked toml for git repo https://github.com/aprimadi/todo-hero-backend written to /workspace/builds/worker-53/source/Cargo.toml
[INFO] crate git repo https://github.com/aprimadi/todo-hero-backend already has a lockfile, it will not be regenerated
[INFO] running `Command { std: "/workspace/cargo-home/bin/cargo" "+1.55.0" "fetch" "--manifest-path" "Cargo.toml", kill_on_drop: false }`
[INFO] [stderr]     Blocking waiting for file lock on package cache
[INFO] [stderr]     Blocking waiting for file lock on package cache
[INFO] running `Command { std: "docker" "create" "-v" "/var/lib/crater-agent-workspace/builds/worker-53/target:/opt/rustwide/target:rw,Z" "-v" "/var/lib/crater-agent-workspace/builds/worker-53/source:/opt/rustwide/workdir:ro,Z" "-v" "/var/lib/crater-agent-workspace/cargo-home:/opt/rustwide/cargo-home:ro,Z" "-v" "/var/lib/crater-agent-workspace/rustup-home:/opt/rustwide/rustup-home:ro,Z" "-e" "SOURCE_DIR=/opt/rustwide/workdir" "-e" "CARGO_TARGET_DIR=/opt/rustwide/target" "-e" "CARGO_HOME=/opt/rustwide/cargo-home" "-e" "RUSTUP_HOME=/opt/rustwide/rustup-home" "-w" "/opt/rustwide/workdir" "-m" "1610612736" "--user" "0:0" "--network" "none" "ghcr.io/rust-lang/crates-build-env/linux@sha256:a89201d6b5b9fd45c15d5952ece0a0129e7e80cb26ec023fd59cf09bc26f1604" "/opt/rustwide/cargo-home/bin/cargo" "+1.55.0" "metadata" "--no-deps" "--format-version=1", kill_on_drop: false }`
[INFO] [stdout] 3194d3a5fab97d7a1a008b2c1514283e11fa94395d460c8496aad2bd1b891ae3
[INFO] running `Command { std: "docker" "start" "-a" "3194d3a5fab97d7a1a008b2c1514283e11fa94395d460c8496aad2bd1b891ae3", kill_on_drop: false }`
[INFO] running `Command { std: "docker" "inspect" "3194d3a5fab97d7a1a008b2c1514283e11fa94395d460c8496aad2bd1b891ae3", kill_on_drop: false }`
[INFO] running `Command { std: "docker" "rm" "-f" "3194d3a5fab97d7a1a008b2c1514283e11fa94395d460c8496aad2bd1b891ae3", kill_on_drop: false }`
[INFO] [stdout] 3194d3a5fab97d7a1a008b2c1514283e11fa94395d460c8496aad2bd1b891ae3
[INFO] running `Command { std: "docker" "create" "-v" "/var/lib/crater-agent-workspace/builds/worker-53/target:/opt/rustwide/target:rw,Z" "-v" "/var/lib/crater-agent-workspace/builds/worker-53/source:/opt/rustwide/workdir:ro,Z" "-v" "/var/lib/crater-agent-workspace/cargo-home:/opt/rustwide/cargo-home:ro,Z" "-v" "/var/lib/crater-agent-workspace/rustup-home:/opt/rustwide/rustup-home:ro,Z" "-e" "SOURCE_DIR=/opt/rustwide/workdir" "-e" "CARGO_TARGET_DIR=/opt/rustwide/target" "-e" "CARGO_INCREMENTAL=0" "-e" "RUST_BACKTRACE=full" "-e" "RUSTFLAGS=--cap-lints=warn" "-e" "CARGO_HOME=/opt/rustwide/cargo-home" "-e" "RUSTUP_HOME=/opt/rustwide/rustup-home" "-w" "/opt/rustwide/workdir" "-m" "1610612736" "--user" "0:0" "--network" "none" "ghcr.io/rust-lang/crates-build-env/linux@sha256:a89201d6b5b9fd45c15d5952ece0a0129e7e80cb26ec023fd59cf09bc26f1604" "/opt/rustwide/cargo-home/bin/cargo" "+1.55.0" "check" "--frozen" "--all" "--all-targets" "--message-format=json", kill_on_drop: false }`
[INFO] [stdout] fcef63522bd253ffe41d97742d8b3b3e86648a2928624031f2a8ea72b7d5beaf
[INFO] running `Command { std: "docker" "start" "-a" "fcef63522bd253ffe41d97742d8b3b3e86648a2928624031f2a8ea72b7d5beaf", kill_on_drop: false }`
[INFO] [stderr]    Compiling libc v0.2.101
[INFO] [stderr]    Compiling version_check v0.9.3
[INFO] [stderr]    Compiling proc-macro2 v1.0.28
[INFO] [stderr]    Compiling unicode-xid v0.2.2
[INFO] [stderr]    Compiling log v0.4.14
[INFO] [stderr]     Checking bytes v1.1.0
[INFO] [stderr]    Compiling syn v1.0.75
[INFO] [stderr]    Compiling futures-core v0.3.16
[INFO] [stderr]     Checking itoa v0.4.8
[INFO] [stderr]     Checking pin-project-lite v0.2.7
[INFO] [stderr]    Compiling typenum v1.13.0
[INFO] [stderr]    Compiling radium v0.5.3
[INFO] [stderr]    Compiling glob v0.3.0
[INFO] [stderr]    Compiling wyz v0.2.0
[INFO] [stderr]    Compiling funty v1.1.0
[INFO] [stderr]    Compiling futures-task v0.3.16
[INFO] [stderr]    Compiling tap v1.0.1
[INFO] [stderr]     Checking futures-sink v0.3.16
[INFO] [stderr]    Compiling httparse v1.5.1
[INFO] [stderr]    Compiling cfg-if v1.0.0
[INFO] [stderr]     Checking matches v0.1.9
[INFO] [stderr]     Checking once_cell v1.8.0
[INFO] [stderr]    Compiling regex-syntax v0.6.25
[INFO] [stderr]     Checking slab v0.4.4
[INFO] [stderr]    Compiling bindgen v0.59.1
[INFO] [stderr]    Compiling bitflags v1.3.2
[INFO] [stderr]    Compiling shlex v1.0.0
[INFO] [stderr]     Checking cpufeatures v0.1.5
[INFO] [stderr]    Compiling rustc-hash v1.1.0
[INFO] [stderr]    Compiling lazycell v1.3.0
[INFO] [stderr]    Compiling serde v1.0.129
[INFO] [stderr]    Compiling peeking_take_while v0.1.2
[INFO] [stderr]    Compiling lazy_static v1.4.0
[INFO] [stderr]     Checking unicode-bidi v0.3.6
[INFO] [stderr]    Compiling futures-channel v0.3.16
[INFO] [stderr]     Checking hashbrown v0.11.2
[INFO] [stderr]    Compiling serde_json v1.0.66
[INFO] [stderr]     Checking byteorder v1.4.3
[INFO] [stderr]     Checking utf-8 v0.7.6
[INFO] [stderr]     Checking futures-io v0.3.16
[INFO] [stderr]     Checking httpdate v1.0.1
[INFO] [stderr]     Checking instant v0.1.10
[INFO] [stderr]    Compiling tokio v1.10.1
[INFO] [stderr]     Checking lock_api v0.4.4
[INFO] [stderr]    Compiling futures-util v0.3.16
[INFO] [stderr]     Checking tinyvec v1.3.1
[INFO] [stderr]    Compiling indexmap v1.7.0
[INFO] [stderr]     Checking tracing-core v0.1.19
[INFO] [stderr]    Compiling memchr v2.3.4
[INFO] [stderr]    Compiling generic-array v0.14.4
[INFO] [stderr]    Compiling unicase v2.6.0
[INFO] [stderr]    Compiling nom v6.2.1
[INFO] [stderr]    Compiling libloading v0.7.0
[INFO] [stderr]     Checking http v0.2.4
[INFO] [stderr]     Checking input_buffer v0.4.0
[INFO] [stderr]     Checking form_urlencoded v1.0.1
[INFO] [stderr]    Compiling clang-sys v1.2.1
[INFO] [stderr]     Checking unicode-normalization v0.1.19
[INFO] [stderr]    Compiling quote v1.0.9
[INFO] [stderr]    Compiling jobserver v0.1.24
[INFO] [stderr]     Checking tracing v0.1.26
[INFO] [stderr]     Checking want v0.3.0
[INFO] [stderr]    Compiling bitvec v0.19.5
[INFO] [stderr]     Checking parking_lot_core v0.8.3
[INFO] [stderr]     Checking getrandom v0.2.3
[INFO] [stderr]     Checking mio v0.7.13
[INFO] [stderr]     Checking signal-hook-registry v1.4.0
[INFO] [stderr]     Checking num_cpus v1.13.0
[INFO] [stderr]     Checking getrandom v0.1.16
[INFO] [stderr]     Checking socket2 v0.4.1
[INFO] [stderr]     Checking time v0.1.43
[INFO] [stderr]    Compiling regex v1.5.4
[INFO] [stderr]     Checking http-body v0.4.3
[INFO] [stderr]     Checking headers-core v0.2.0
[INFO] [stderr]     Checking parking_lot v0.11.1
[INFO] [stderr]     Checking idna v0.2.3
[INFO] [stderr]    Compiling cc v1.0.69
[INFO] [stderr]     Checking rand_core v0.6.3
[INFO] [stderr]    Compiling mime_guess v2.0.3
[INFO] [stderr]     Checking block-buffer v0.9.0
[INFO] [stderr]     Checking digest v0.9.0
[INFO] [stderr]     Checking rand_core v0.5.1
[INFO] [stderr]     Checking url v2.2.2
[INFO] [stderr]     Checking futures v0.3.16
[INFO] [stderr]     Checking sha-1 v0.9.7
[INFO] [stderr]     Checking rand_chacha v0.2.2
[INFO] [stderr]     Checking rand_chacha v0.3.1
[INFO] [stderr]     Checking headers v0.3.4
[INFO] [stderr]     Checking rand v0.7.3
[INFO] [stderr]     Checking rand v0.8.4
[INFO] [stderr]     Checking serde_urlencoded v0.7.0
[INFO] [stderr]     Checking tungstenite v0.12.0
[INFO] [stderr]     Checking tempfile v3.2.0
[INFO] [stderr]     Checking multipart v0.17.1
[INFO] [stderr]    Compiling cexpr v0.5.0
[INFO] [stderr]    Compiling tokio-macros v1.3.0
[INFO] [stderr]    Compiling pin-project-internal v1.0.8
[INFO] [stderr]     Checking pin-project v1.0.8
[INFO] [stderr]    Compiling librocksdb-sys v6.20.3
[INFO] [stderr]     Checking tokio-util v0.6.7
[INFO] [stderr]     Checking tokio-tungstenite v0.13.0
[INFO] [stderr]     Checking tokio-stream v0.1.7
[INFO] [stderr]     Checking h2 v0.3.4
[INFO] [stderr] error: could not compile `h2`
[INFO] [stderr] 
[INFO] [stderr] Caused by:
[INFO] [stderr]   process didn't exit successfully: `rustc --crate-name h2 --edition=2018 /opt/rustwide/cargo-home/registry/src/github.com-1ecc6299db9ec823/h2-0.3.4/src/lib.rs --error-format=json --json=diagnostic-rendered-ansi --crate-type lib --emit=dep-info,metadata -C embed-bitcode=no -C debuginfo=2 -C metadata=583523fe1a943255 -C extra-filename=-583523fe1a943255 --out-dir /opt/rustwide/target/debug/deps -L dependency=/opt/rustwide/target/debug/deps --extern bytes=/opt/rustwide/target/debug/deps/libbytes-b2938827ee914b28.rmeta --extern fnv=/opt/rustwide/target/debug/deps/libfnv-8119fe42070d7285.rmeta --extern futures_core=/opt/rustwide/target/debug/deps/libfutures_core-3709fa440e9b1314.rmeta --extern futures_sink=/opt/rustwide/target/debug/deps/libfutures_sink-c9fd96465b64a8ae.rmeta --extern futures_util=/opt/rustwide/target/debug/deps/libfutures_util-af86f0845105d2c7.rmeta --extern http=/opt/rustwide/target/debug/deps/libhttp-d630ef8af790096a.rmeta --extern indexmap=/opt/rustwide/target/debug/deps/libindexmap-8210616dff7b23c5.rmeta --extern slab=/opt/rustwide/target/debug/deps/libslab-834bb11fbb33b5f9.rmeta --extern tokio=/opt/rustwide/target/debug/deps/libtokio-009c959c89649371.rmeta --extern tokio_util=/opt/rustwide/target/debug/deps/libtokio_util-4499e79949017fbb.rmeta --extern tracing=/opt/rustwide/target/debug/deps/libtracing-8584288523be71a1.rmeta --cap-lints allow --cap-lints=warn` (signal: 9, SIGKILL: kill)
[INFO] [stderr] warning: build failed, waiting for other jobs to finish...
[INFO] [stderr] The following warnings were emitted during compilation:
[INFO] [stderr] 
[INFO] [stderr] warning: c++: fatal error: Killed signal terminated program cc1plus
[INFO] [stderr] warning: compilation terminated.
[INFO] [stderr] warning: cargo:warning=c++: fatal error: Killed signal terminated program cc1plusc++: fatal error: Killed signal terminated program cc1plus
[INFO] [stderr] warning: compilation terminated.
[INFO] [stderr] warning: compilation terminated.
[INFO] [stderr] warning: c++: fatal error: Killed signal terminated program cc1plus
[INFO] [stderr] warning: compilation terminated.
[INFO] [stderr] warning: c++: fatal error: Killed signal terminated program cc1plus
[INFO] [stderr] warning: compilation terminated.
[INFO] [stderr] 
[INFO] [stderr] error: build failed
[INFO] running `Command { std: "docker" "inspect" "fcef63522bd253ffe41d97742d8b3b3e86648a2928624031f2a8ea72b7d5beaf", kill_on_drop: false }`
[INFO] running `Command { std: "docker" "rm" "-f" "fcef63522bd253ffe41d97742d8b3b3e86648a2928624031f2a8ea72b7d5beaf", kill_on_drop: false }`
[INFO] [stdout] fcef63522bd253ffe41d97742d8b3b3e86648a2928624031f2a8ea72b7d5beaf
