[INFO] cloning repository https://github.com/apage43/midipad
[INFO] running `Command { std: "git" "-c" "credential.helper=" "-c" "credential.helper=/workspace/cargo-home/bin/git-credential-null" "clone" "--bare" "https://github.com/apage43/midipad" "/workspace/cache/git-repos/https%3A%2F%2Fgithub.com%2Fapage43%2Fmidipad", kill_on_drop: false }`
[INFO] [stderr] Cloning into bare repository '/workspace/cache/git-repos/https%3A%2F%2Fgithub.com%2Fapage43%2Fmidipad'...
[INFO] running `Command { std: "git" "rev-parse" "HEAD", kill_on_drop: false }`
[INFO] [stdout] ce59df3ac2abecc9b980c8246c7cc422a4ceddc5
[INFO] checking apage43/midipad against beta-2021-10-15 for beta-1.56-3
[INFO] running `Command { std: "git" "clone" "/workspace/cache/git-repos/https%3A%2F%2Fgithub.com%2Fapage43%2Fmidipad" "/workspace/builds/worker-35/source", kill_on_drop: false }`
[INFO] [stderr] Cloning into '/workspace/builds/worker-35/source'...
[INFO] [stderr] done.
[INFO] validating manifest of git repo https://github.com/apage43/midipad on toolchain beta-2021-10-15
[INFO] running `Command { std: "/workspace/cargo-home/bin/cargo" "+beta-2021-10-15" "metadata" "--manifest-path" "Cargo.toml" "--no-deps", kill_on_drop: false }`
[INFO] started tweaking git repo https://github.com/apage43/midipad
[INFO] finished tweaking git repo https://github.com/apage43/midipad
[INFO] tweaked toml for git repo https://github.com/apage43/midipad written to /workspace/builds/worker-35/source/Cargo.toml
[INFO] crate git repo https://github.com/apage43/midipad already has a lockfile, it will not be regenerated
[INFO] running `Command { std: "/workspace/cargo-home/bin/cargo" "+beta-2021-10-15" "fetch" "--manifest-path" "Cargo.toml", kill_on_drop: false }`
[INFO] [stderr]     Blocking waiting for file lock on package cache
[INFO] [stderr]     Blocking waiting for file lock on package cache
[INFO] [stderr]  Downloading crates ...
[INFO] [stderr]   Downloaded memalloc v0.1.0
[INFO] [stderr]   Downloaded alsa v0.2.2
[INFO] [stderr]   Downloaded coremidi v0.4.0
[INFO] [stderr]   Downloaded coremidi-sys v2.0.2
[INFO] [stderr]   Downloaded midir v0.6.2
[INFO] [stderr]   Downloaded wmidi v3.1.0
[INFO] running `Command { std: "docker" "create" "-v" "/var/lib/crater-agent-workspace/builds/worker-35/target:/opt/rustwide/target:rw,Z" "-v" "/var/lib/crater-agent-workspace/builds/worker-35/source:/opt/rustwide/workdir:ro,Z" "-v" "/var/lib/crater-agent-workspace/cargo-home:/opt/rustwide/cargo-home:ro,Z" "-v" "/var/lib/crater-agent-workspace/rustup-home:/opt/rustwide/rustup-home:ro,Z" "-e" "SOURCE_DIR=/opt/rustwide/workdir" "-e" "CARGO_TARGET_DIR=/opt/rustwide/target" "-e" "CARGO_HOME=/opt/rustwide/cargo-home" "-e" "RUSTUP_HOME=/opt/rustwide/rustup-home" "-w" "/opt/rustwide/workdir" "-m" "1610612736" "--user" "0:0" "--network" "none" "ghcr.io/rust-lang/crates-build-env/linux@sha256:a89201d6b5b9fd45c15d5952ece0a0129e7e80cb26ec023fd59cf09bc26f1604" "/opt/rustwide/cargo-home/bin/cargo" "+beta-2021-10-15" "metadata" "--no-deps" "--format-version=1", kill_on_drop: false }`
[INFO] [stdout] 8e1f2a807f49b06997eb9100702d1073eb6e63c3b9420112a8b7ed0b17f5482d
[INFO] running `Command { std: "docker" "start" "-a" "8e1f2a807f49b06997eb9100702d1073eb6e63c3b9420112a8b7ed0b17f5482d", kill_on_drop: false }`
[INFO] running `Command { std: "docker" "inspect" "8e1f2a807f49b06997eb9100702d1073eb6e63c3b9420112a8b7ed0b17f5482d", kill_on_drop: false }`
[INFO] running `Command { std: "docker" "rm" "-f" "8e1f2a807f49b06997eb9100702d1073eb6e63c3b9420112a8b7ed0b17f5482d", kill_on_drop: false }`
[INFO] [stdout] 8e1f2a807f49b06997eb9100702d1073eb6e63c3b9420112a8b7ed0b17f5482d
[INFO] running `Command { std: "docker" "create" "-v" "/var/lib/crater-agent-workspace/builds/worker-35/target:/opt/rustwide/target:rw,Z" "-v" "/var/lib/crater-agent-workspace/builds/worker-35/source:/opt/rustwide/workdir:ro,Z" "-v" "/var/lib/crater-agent-workspace/cargo-home:/opt/rustwide/cargo-home:ro,Z" "-v" "/var/lib/crater-agent-workspace/rustup-home:/opt/rustwide/rustup-home:ro,Z" "-e" "SOURCE_DIR=/opt/rustwide/workdir" "-e" "CARGO_TARGET_DIR=/opt/rustwide/target" "-e" "CARGO_INCREMENTAL=0" "-e" "RUST_BACKTRACE=full" "-e" "RUSTFLAGS=--cap-lints=warn" "-e" "CARGO_HOME=/opt/rustwide/cargo-home" "-e" "RUSTUP_HOME=/opt/rustwide/rustup-home" "-w" "/opt/rustwide/workdir" "-m" "1610612736" "--user" "0:0" "--network" "none" "ghcr.io/rust-lang/crates-build-env/linux@sha256:a89201d6b5b9fd45c15d5952ece0a0129e7e80cb26ec023fd59cf09bc26f1604" "/opt/rustwide/cargo-home/bin/cargo" "+beta-2021-10-15" "check" "--frozen" "--all" "--all-targets" "--message-format=json", kill_on_drop: false }`
[INFO] [stdout] 84db2bb80056c721ff4c4a6a68a5a29cc22842731a3b293ec4beb21c5d549ee0
[INFO] running `Command { std: "docker" "start" "-a" "84db2bb80056c721ff4c4a6a68a5a29cc22842731a3b293ec4beb21c5d549ee0", kill_on_drop: false }`
[INFO] [stderr]    Compiling libc v0.2.74
[INFO] [stderr]    Compiling pkg-config v0.3.18
[INFO] [stderr]    Compiling log v0.4.11
[INFO] [stderr]    Compiling nix v0.15.0
[INFO] [stderr]     Checking regex-syntax v0.6.18
[INFO] [stderr]    Compiling serde v1.0.114
[INFO] [stderr]     Checking bitflags v0.9.1
[INFO] [stderr]     Checking uuid v0.8.1
[INFO] [stderr]     Checking termcolor v1.1.0
[INFO] [stderr]    Compiling eyre v0.6.0
[INFO] [stderr]     Checking once_cell v1.4.0
[INFO] [stderr]     Checking memalloc v0.1.0
[INFO] [stderr]     Checking indenter v0.3.0
[INFO] [stderr]     Checking wmidi v3.1.0
[INFO] [stderr]     Checking humantime v1.3.0
[INFO] [stderr]     Checking aho-corasick v0.7.13
[INFO] [stderr]    Compiling alsa-sys v0.1.2
[INFO] [stderr]    Compiling libudev-sys v0.1.4
[INFO] [stderr]     Checking nix v0.9.0
[INFO] [stderr]     Checking atty v0.2.14
[INFO] [stderr]     Checking regex v1.3.9
[INFO] [stderr]     Checking env_logger v0.7.1
[INFO] [stderr]     Checking toml v0.5.6
[INFO] [stderr]     Checking alsa v0.2.2
[INFO] [stderr]     Checking pretty_env_logger v0.4.0
[INFO] [stderr]     Checking gilrs-core v0.2.6
[INFO] [stderr]     Checking gilrs v0.7.4
[INFO] [stderr]     Checking midir v0.6.2
[INFO] [stderr]     Checking gamepad2midi v0.1.0 (/opt/rustwide/workdir)
[INFO] [stdout] error[E0277]: `*mut alsa_sys::snd_seq_t` cannot be shared between threads safely
[INFO] [stdout]    --> src/main.rs:67:68
[INFO] [stdout]     |
[INFO] [stdout] 67  |             connection = Some(midi_out.connect(mop, "gamepad2midi")?);
[INFO] [stdout]     |                                                                    ^ `*mut alsa_sys::snd_seq_t` cannot be shared between threads safely
[INFO] [stdout]     |
[INFO] [stdout]     = help: within `ConnectError<MidiOutput>`, the trait `Sync` is not implemented for `*mut alsa_sys::snd_seq_t`
[INFO] [stdout]     = note: required because it appears within the type `alsa::seq::Seq`
[INFO] [stdout]     = note: required because it appears within the type `Option<alsa::seq::Seq>`
[INFO] [stdout]     = note: required because it appears within the type `midir::backend::alsa::MidiOutput`
[INFO] [stdout]     = note: required because it appears within the type `MidiOutput`
[INFO] [stdout]     = note: required because it appears within the type `ConnectError<MidiOutput>`
[INFO] [stdout]     = note: required because of the requirements on the impl of `From<ConnectError<MidiOutput>>` for `Report`
[INFO] [stdout]     = note: required because of the requirements on the impl of `FromResidual<Result<Infallible, ConnectError<MidiOutput>>>` for `Result<(), Report>`
[INFO] [stdout] note: required by `from_residual`
[INFO] [stdout] 
[INFO] [stdout] 
[INFO] [stdout] error[E0277]: `Cell<bool>` cannot be shared between threads safely
[INFO] [stdout]    --> src/main.rs:67:68
[INFO] [stdout]     |
[INFO] [stdout] 67  |             connection = Some(midi_out.connect(mop, "gamepad2midi")?);
[INFO] [stdout]     |                                                                    ^ `Cell<bool>` cannot be shared between threads safely
[INFO] [stdout]     |
[INFO] [stdout]     = help: within `ConnectError<MidiOutput>`, the trait `Sync` is not implemented for `Cell<bool>`
[INFO] [stdout]     = note: required because it appears within the type `alsa::seq::Seq`
[INFO] [stdout]     = note: required because it appears within the type `Option<alsa::seq::Seq>`
[INFO] [stdout]     = note: required because it appears within the type `midir::backend::alsa::MidiOutput`
[INFO] [stdout]     = note: required because it appears within the type `MidiOutput`
[INFO] [stdout]     = note: required because it appears within the type `ConnectError<MidiOutput>`
[INFO] [stdout]     = note: required because of the requirements on the impl of `From<ConnectError<MidiOutput>>` for `Report`
[INFO] [stdout]     = note: required because of the requirements on the impl of `FromResidual<Result<Infallible, ConnectError<MidiOutput>>>` for `Result<(), Report>`
[INFO] [stdout] note: required by `from_residual`
[INFO] [stdout] 
[INFO] [stdout] 
[INFO] [stdout] error[E0277]: `*mut alsa_sys::snd_seq_t` cannot be shared between threads safely
[INFO] [stdout]    --> src/main.rs:67:68
[INFO] [stdout]     |
[INFO] [stdout] 67  |             connection = Some(midi_out.connect(mop, "gamepad2midi")?);
[INFO] [stdout]     |                                                                    ^ `*mut alsa_sys::snd_seq_t` cannot be shared between threads safely
[INFO] [stdout]     |
[INFO] [stdout]     = help: within `ConnectError<MidiOutput>`, the trait `Sync` is not implemented for `*mut alsa_sys::snd_seq_t`
[INFO] [stdout]     = note: required because it appears within the type `alsa::seq::Seq`
[INFO] [stdout]     = note: required because it appears within the type `Option<alsa::seq::Seq>`
[INFO] [stdout]     = note: required because it appears within the type `midir::backend::alsa::MidiOutput`
[INFO] [stdout]     = note: required because it appears within the type `MidiOutput`
[INFO] [stdout]     = note: required because it appears within the type `ConnectError<MidiOutput>`
[INFO] [stdout]     = note: required because of the requirements on the impl of `From<ConnectError<MidiOutput>>` for `Report`
[INFO] [stdout]     = note: required because of the requirements on the impl of `FromResidual<Result<Infallible, ConnectError<MidiOutput>>>` for `Result<(), Report>`
[INFO] [stdout] note: required by `from_residual`
[INFO] [stdout] 
[INFO] [stdout] 
[INFO] [stdout] error[E0277]: `Cell<bool>` cannot be shared between threads safely
[INFO] [stdout]    --> src/main.rs:67:68
[INFO] [stdout]     |
[INFO] [stdout] 67  |             connection = Some(midi_out.connect(mop, "gamepad2midi")?);
[INFO] [stdout]     |                                                                    ^ `Cell<bool>` cannot be shared between threads safely
[INFO] [stdout]     |
[INFO] [stdout]     = help: within `ConnectError<MidiOutput>`, the trait `Sync` is not implemented for `Cell<bool>`
[INFO] [stdout]     = note: required because it appears within the type `alsa::seq::Seq`
[INFO] [stdout]     = note: required because it appears within the type `Option<alsa::seq::Seq>`
[INFO] [stdout]     = note: required because it appears within the type `midir::backend::alsa::MidiOutput`
[INFO] [stdout]     = note: required because it appears within the type `MidiOutput`
[INFO] [stdout]     = note: required because it appears within the type `ConnectError<MidiOutput>`
[INFO] [stdout]     = note: required because of the requirements on the impl of `From<ConnectError<MidiOutput>>` for `Report`
[INFO] [stdout]     = note: required because of the requirements on the impl of `FromResidual<Result<Infallible, ConnectError<MidiOutput>>>` for `Result<(), Report>`
[INFO] [stdout] note: required by `from_residual`
[INFO] [stdout] 
[INFO] [stdout] 
[INFO] [stdout] error: aborting due to 2 previous errors
[INFO] [stdout] 
[INFO] [stdout] 
[INFO] [stdout] For more information about this error, try `rustc --explain E0277`.
[INFO] [stdout] 
[INFO] [stderr] error: could not compile `gamepad2midi` due to 3 previous errors
[INFO] [stderr] warning: build failed, waiting for other jobs to finish...
[INFO] [stdout] error: aborting due to 2 previous errors
[INFO] [stdout] 
[INFO] [stdout] 
[INFO] [stdout] For more information about this error, try `rustc --explain E0277`.
[INFO] [stdout] 
[INFO] [stderr] error: build failed
[INFO] running `Command { std: "docker" "inspect" "84db2bb80056c721ff4c4a6a68a5a29cc22842731a3b293ec4beb21c5d549ee0", kill_on_drop: false }`
[INFO] running `Command { std: "docker" "rm" "-f" "84db2bb80056c721ff4c4a6a68a5a29cc22842731a3b293ec4beb21c5d549ee0", kill_on_drop: false }`
[INFO] [stdout] 84db2bb80056c721ff4c4a6a68a5a29cc22842731a3b293ec4beb21c5d549ee0
