[INFO] cloning repository https://github.com/anziem/rust_web_scraper
[INFO] running `Command { std: "git" "-c" "credential.helper=" "-c" "credential.helper=/workspace/cargo-home/bin/git-credential-null" "clone" "--bare" "https://github.com/anziem/rust_web_scraper" "/workspace/cache/git-repos/https%3A%2F%2Fgithub.com%2Fanziem%2Frust_web_scraper", kill_on_drop: false }`
[INFO] [stderr] Cloning into bare repository '/workspace/cache/git-repos/https%3A%2F%2Fgithub.com%2Fanziem%2Frust_web_scraper'...
[INFO] running `Command { std: "git" "rev-parse" "HEAD", kill_on_drop: false }`
[INFO] [stdout] 4f4f5f1b240c7a18bd40ddf9ec0ae55741396c8b
[INFO] checking anziem/rust_web_scraper against 1.55.0 for beta-1.56-3
[INFO] running `Command { std: "git" "clone" "/workspace/cache/git-repos/https%3A%2F%2Fgithub.com%2Fanziem%2Frust_web_scraper" "/workspace/builds/worker-17/source", kill_on_drop: false }`
[INFO] [stderr] Cloning into '/workspace/builds/worker-17/source'...
[INFO] [stderr] done.
[INFO] validating manifest of git repo https://github.com/anziem/rust_web_scraper on toolchain 1.55.0
[INFO] running `Command { std: "/workspace/cargo-home/bin/cargo" "+1.55.0" "metadata" "--manifest-path" "Cargo.toml" "--no-deps", kill_on_drop: false }`
[INFO] started tweaking git repo https://github.com/anziem/rust_web_scraper
[INFO] finished tweaking git repo https://github.com/anziem/rust_web_scraper
[INFO] tweaked toml for git repo https://github.com/anziem/rust_web_scraper written to /workspace/builds/worker-17/source/Cargo.toml
[INFO] crate git repo https://github.com/anziem/rust_web_scraper already has a lockfile, it will not be regenerated
[INFO] running `Command { std: "/workspace/cargo-home/bin/cargo" "+1.55.0" "fetch" "--manifest-path" "Cargo.toml", kill_on_drop: false }`
[INFO] [stderr]     Blocking waiting for file lock on package cache
[INFO] [stderr]     Blocking waiting for file lock on package cache
[INFO] [stderr]  Downloading crates ...
[INFO] [stderr]   Downloaded hyper v0.9.10
[INFO] [stderr]   Downloaded httparse v1.1.2
[INFO] [stderr]   Downloaded gcc v0.3.37
[INFO] [stderr]   Downloaded string_cache v0.2.29
[INFO] [stderr]   Downloaded tendril v0.2.3
[INFO] [stderr]   Downloaded select v0.3.0
[INFO] [stderr]   Downloaded futf v0.1.2
[INFO] [stderr]   Downloaded openssl-verify v0.1.0
[INFO] [stderr]   Downloaded html5ever v0.5.4
[INFO] [stderr]   Downloaded url v1.2.2
[INFO] running `Command { std: "docker" "create" "-v" "/var/lib/crater-agent-workspace/builds/worker-17/target:/opt/rustwide/target:rw,Z" "-v" "/var/lib/crater-agent-workspace/builds/worker-17/source:/opt/rustwide/workdir:ro,Z" "-v" "/var/lib/crater-agent-workspace/cargo-home:/opt/rustwide/cargo-home:ro,Z" "-v" "/var/lib/crater-agent-workspace/rustup-home:/opt/rustwide/rustup-home:ro,Z" "-e" "SOURCE_DIR=/opt/rustwide/workdir" "-e" "CARGO_TARGET_DIR=/opt/rustwide/target" "-e" "CARGO_HOME=/opt/rustwide/cargo-home" "-e" "RUSTUP_HOME=/opt/rustwide/rustup-home" "-w" "/opt/rustwide/workdir" "-m" "1610612736" "--user" "0:0" "--network" "none" "ghcr.io/rust-lang/crates-build-env/linux@sha256:a89201d6b5b9fd45c15d5952ece0a0129e7e80cb26ec023fd59cf09bc26f1604" "/opt/rustwide/cargo-home/bin/cargo" "+1.55.0" "metadata" "--no-deps" "--format-version=1", kill_on_drop: false }`
[INFO] [stdout] bc1c9a4466453f0e0f913a5e7b1e70f6b1965200486b7bcbc8ced7fa6fc45b79
[INFO] running `Command { std: "docker" "start" "-a" "bc1c9a4466453f0e0f913a5e7b1e70f6b1965200486b7bcbc8ced7fa6fc45b79", kill_on_drop: false }`
[INFO] running `Command { std: "docker" "inspect" "bc1c9a4466453f0e0f913a5e7b1e70f6b1965200486b7bcbc8ced7fa6fc45b79", kill_on_drop: false }`
[INFO] running `Command { std: "docker" "rm" "-f" "bc1c9a4466453f0e0f913a5e7b1e70f6b1965200486b7bcbc8ced7fa6fc45b79", kill_on_drop: false }`
[INFO] [stdout] bc1c9a4466453f0e0f913a5e7b1e70f6b1965200486b7bcbc8ced7fa6fc45b79
[INFO] running `Command { std: "docker" "create" "-v" "/var/lib/crater-agent-workspace/builds/worker-17/target:/opt/rustwide/target:rw,Z" "-v" "/var/lib/crater-agent-workspace/builds/worker-17/source:/opt/rustwide/workdir:ro,Z" "-v" "/var/lib/crater-agent-workspace/cargo-home:/opt/rustwide/cargo-home:ro,Z" "-v" "/var/lib/crater-agent-workspace/rustup-home:/opt/rustwide/rustup-home:ro,Z" "-e" "SOURCE_DIR=/opt/rustwide/workdir" "-e" "CARGO_TARGET_DIR=/opt/rustwide/target" "-e" "CARGO_INCREMENTAL=0" "-e" "RUST_BACKTRACE=full" "-e" "RUSTFLAGS=--cap-lints=warn" "-e" "CARGO_HOME=/opt/rustwide/cargo-home" "-e" "RUSTUP_HOME=/opt/rustwide/rustup-home" "-w" "/opt/rustwide/workdir" "-m" "1610612736" "--user" "0:0" "--network" "none" "ghcr.io/rust-lang/crates-build-env/linux@sha256:a89201d6b5b9fd45c15d5952ece0a0129e7e80cb26ec023fd59cf09bc26f1604" "/opt/rustwide/cargo-home/bin/cargo" "+1.55.0" "check" "--frozen" "--all" "--all-targets" "--message-format=json", kill_on_drop: false }`
[INFO] [stdout] 60bba79b87818aeb44bd2f56d534e54a7168ee95236b29c2353b57194df173bd
[INFO] running `Command { std: "docker" "start" "-a" "60bba79b87818aeb44bd2f56d534e54a7168ee95236b29c2353b57194df173bd", kill_on_drop: false }`
[INFO] [stderr]     Blocking waiting for file lock on package cache
[INFO] [stderr]    Compiling libc v0.2.17
[INFO] [stderr]    Compiling pkg-config v0.3.8
[INFO] [stderr]    Compiling gcc v0.3.37
[INFO] [stderr]     Checking encoding_index_tests v0.1.4
[INFO] [stderr]    Compiling phf_shared v0.7.17
[INFO] [stderr]     Checking matches v0.1.3
[INFO] [stderr]    Compiling winapi-build v0.1.1
[INFO] [stderr]     Checking void v1.0.2
[INFO] [stderr]     Checking lazy_static v0.2.1
[INFO] [stderr]     Checking winapi v0.2.8
[INFO] [stderr]     Checking log v0.3.6
[INFO] [stderr]    Compiling semver v0.1.20
[INFO] [stderr]     Checking bitflags v0.7.0
[INFO] [stderr]     Checking unicode-normalization v0.1.2
[INFO] [stderr]     Checking mac v0.0.2
[INFO] [stderr]    Compiling rustc-serialize v0.3.19
[INFO] [stderr]     Checking serde v0.8.16
[INFO] [stderr]     Checking bit-vec v0.4.3
[INFO] [stderr]     Checking traitobject v0.0.1
[INFO] [stderr]     Checking httparse v1.1.2
[INFO] [stderr]     Checking typeable v0.1.2
[INFO] [stderr]     Checking language-tags v0.2.2
[INFO] [stderr]     Checking encoding-index-singlebyte v1.20141219.5
[INFO] [stderr]     Checking encoding-index-simpchinese v1.20141219.5
[INFO] [stderr]     Checking encoding-index-japanese v1.20141219.5
[INFO] [stderr]     Checking unicode-bidi v0.2.3
[INFO] [stderr]     Checking encoding-index-tradchinese v1.20141219.5
[INFO] [stderr]     Checking encoding-index-korean v1.20141219.5
[INFO] [stderr]     Checking utf-8 v0.6.0
[INFO] [stdout] error[E0642]: patterns aren't allowed in functions without bodies
[INFO] [stdout]    --> /opt/rustwide/cargo-home/registry/src/github.com-1ecc6299db9ec823/rustc-serialize-0.3.19/src/serialize.rs:147:45
[INFO] [stdout]     |
[INFO] [stdout] 147 | ...                   &f_name: &str,
[INFO] [stdout]     |                       ^^^^^^^ pattern not allowed in function without body
[INFO] [stdout] 
[INFO] [stdout] 
[INFO] [stderr]     Checking unreachable v0.1.1
[INFO] [stdout] error[E0642]: patterns aren't allowed in functions without bodies
[INFO] [stdout]    --> /opt/rustwide/cargo-home/registry/src/github.com-1ecc6299db9ec823/rustc-serialize-0.3.19/src/serialize.rs:147:45
[INFO] [stdout]     |
[INFO] [stdout] 147 | ...                   &f_name: &str,
[INFO] [stdout]     |                       ^^^^^^^ pattern not allowed in function without body
[INFO] [stdout] 
[INFO] [stdout] 
[INFO] [stderr]    Compiling kernel32-sys v0.2.2
[INFO] [stderr]     Checking phf v0.7.17
[INFO] [stderr]     Checking hpack v0.2.0
[INFO] [stderr]     Checking mime v0.2.2
[INFO] [stderr]    Compiling rand v0.3.14
[INFO] [stderr]     Checking bit-set v0.4.0
[INFO] [stderr]    Compiling rustc_version v0.1.7
[INFO] [stderr]     Checking debug_unreachable v0.1.1
[INFO] [stderr]     Checking num_cpus v0.2.13
[INFO] [stderr]     Checking encoding v0.2.33
[INFO] [stderr]     Checking futf v0.1.2
[INFO] [stderr]    Compiling openssl-sys v0.7.17
[INFO] [stderr]     Checking idna v0.1.0
[INFO] [stderr]     Checking solicit v0.4.4
[INFO] [stderr]    Compiling unicase v1.4.0
[INFO] [stderr]     Checking time v0.1.35
[INFO] [stderr]    Compiling openssl-sys-extras v0.7.14
[INFO] [stderr]    Compiling openssl v0.7.14
[INFO] [stderr]     Checking tendril v0.2.3
[INFO] [stderr]    Compiling phf_generator v0.7.17
[INFO] [stdout] error: aborting due to previous error
[INFO] [stdout] 
[INFO] [stdout] 
[INFO] [stdout] For more information about this error, try `rustc --explain E0642`.
[INFO] [stdout] 
[INFO] [stderr] error: could not compile `rustc-serialize` due to 2 previous errors
[INFO] [stderr] warning: build failed, waiting for other jobs to finish...
[INFO] [stdout] error: aborting due to previous error
[INFO] [stdout] 
[INFO] [stdout] 
[INFO] [stdout] For more information about this error, try `rustc --explain E0642`.
[INFO] [stdout] 
[INFO] [stderr] The following warnings were emitted during compilation:
[INFO] [stderr] 
[INFO] [stderr] warning: src/c_helpers.c: In function 'rust_SSL_clone':
[INFO] [stderr] warning: src/c_helpers.c:4:5: warning: implicit declaration of function 'CRYPTO_add' [-Wimplicit-function-declaration]
[INFO] [stderr] warning:     4 |     CRYPTO_add(&ssl->references, 1, CRYPTO_LOCK_SSL);
[INFO] [stderr] warning:       |     ^~~~~~~~~~
[INFO] [stderr] warning: src/c_helpers.c:4:20: error: dereferencing pointer to incomplete type 'SSL' {aka 'struct ssl_st'}
[INFO] [stderr] warning:     4 |     CRYPTO_add(&ssl->references, 1, CRYPTO_LOCK_SSL);
[INFO] [stderr] warning:       |                    ^~
[INFO] [stderr] warning: src/c_helpers.c:4:37: error: 'CRYPTO_LOCK_SSL' undeclared (first use in this function); did you mean 'CRYPTO_LOCK'?
[INFO] [stderr] warning:     4 |     CRYPTO_add(&ssl->references, 1, CRYPTO_LOCK_SSL);
[INFO] [stderr] warning:       |                                     ^~~~~~~~~~~~~~~
[INFO] [stderr] warning:       |                                     CRYPTO_LOCK
[INFO] [stderr] warning: src/c_helpers.c:4:37: note: each undeclared identifier is reported only once for each function it appears in
[INFO] [stderr] warning: src/c_helpers.c: In function 'rust_SSL_CTX_clone':
[INFO] [stderr] warning: src/c_helpers.c:8:20: error: dereferencing pointer to incomplete type 'SSL_CTX' {aka 'struct ssl_ctx_st'}
[INFO] [stderr] warning:     8 |     CRYPTO_add(&ctx->references,1,CRYPTO_LOCK_SSL_CTX);
[INFO] [stderr] warning:       |                    ^~
[INFO] [stderr] warning: src/c_helpers.c:8:35: error: 'CRYPTO_LOCK_SSL_CTX' undeclared (first use in this function); did you mean 'CRYPTO_EX_INDEX_SSL_CTX'?
[INFO] [stderr] warning:     8 |     CRYPTO_add(&ctx->references,1,CRYPTO_LOCK_SSL_CTX);
[INFO] [stderr] warning:       |                                   ^~~~~~~~~~~~~~~~~~~
[INFO] [stderr] warning:       |                                   CRYPTO_EX_INDEX_SSL_CTX
[INFO] [stderr] warning: src/c_helpers.c: In function 'rust_X509_clone':
[INFO] [stderr] warning: src/c_helpers.c:12:21: error: dereferencing pointer to incomplete type 'X509' {aka 'struct x509_st'}
[INFO] [stderr] warning:    12 |     CRYPTO_add(&x509->references,1,CRYPTO_LOCK_X509);
[INFO] [stderr] warning:       |                     ^~
[INFO] [stderr] warning: src/c_helpers.c:12:36: error: 'CRYPTO_LOCK_X509' undeclared (first use in this function); did you mean 'CRYPTO_LOCK'?
[INFO] [stderr] warning:    12 |     CRYPTO_add(&x509->references,1,CRYPTO_LOCK_X509);
[INFO] [stderr] warning:       |                                    ^~~~~~~~~~~~~~~~
[INFO] [stderr] warning:       |                                    CRYPTO_LOCK
[INFO] [stderr] 
[INFO] [stderr] error: build failed
[INFO] running `Command { std: "docker" "inspect" "60bba79b87818aeb44bd2f56d534e54a7168ee95236b29c2353b57194df173bd", kill_on_drop: false }`
[INFO] running `Command { std: "docker" "rm" "-f" "60bba79b87818aeb44bd2f56d534e54a7168ee95236b29c2353b57194df173bd", kill_on_drop: false }`
[INFO] [stdout] 60bba79b87818aeb44bd2f56d534e54a7168ee95236b29c2353b57194df173bd
