[INFO] cloning repository https://github.com/ankita1909/rust_with_qemu
[INFO] running `Command { std: "git" "-c" "credential.helper=" "-c" "credential.helper=/workspace/cargo-home/bin/git-credential-null" "clone" "--bare" "https://github.com/ankita1909/rust_with_qemu" "/workspace/cache/git-repos/https%3A%2F%2Fgithub.com%2Fankita1909%2Frust_with_qemu", kill_on_drop: false }`
[INFO] [stderr] Cloning into bare repository '/workspace/cache/git-repos/https%3A%2F%2Fgithub.com%2Fankita1909%2Frust_with_qemu'...
[INFO] running `Command { std: "git" "rev-parse" "HEAD", kill_on_drop: false }`
[INFO] [stdout] b39a0e3f211aff06aa2f5fbd08e85ac71fcab326
[INFO] checking ankita1909/rust_with_qemu against 1.55.0 for beta-1.56-3
[INFO] running `Command { std: "git" "clone" "/workspace/cache/git-repos/https%3A%2F%2Fgithub.com%2Fankita1909%2Frust_with_qemu" "/workspace/builds/worker-28/source", kill_on_drop: false }`
[INFO] [stderr] Cloning into '/workspace/builds/worker-28/source'...
[INFO] [stderr] done.
[INFO] [stderr] Updating files:  28% (397/1394)
Updating files:  29% (405/1394)
Updating files:  30% (419/1394)
Updating files:  31% (433/1394)
Updating files:  32% (447/1394)
Updating files:  33% (461/1394)
Updating files:  34% (474/1394)
Updating files:  35% (488/1394)
Updating files:  36% (502/1394)
Updating files:  37% (516/1394)
Updating files:  38% (530/1394)
Updating files:  39% (544/1394)
Updating files:  40% (558/1394)
Updating files:  41% (572/1394)
Updating files:  42% (586/1394)
Updating files:  43% (600/1394)
Updating files:  44% (614/1394)
Updating files:  45% (628/1394)
Updating files:  46% (642/1394)
Updating files:  47% (656/1394)
Updating files:  48% (670/1394)
Updating files:  49% (684/1394)
Updating files:  50% (697/1394)
Updating files:  51% (711/1394)
Updating files:  52% (725/1394)
Updating files:  53% (739/1394)
Updating files:  54% (753/1394)
Updating files:  55% (767/1394)
Updating files:  56% (781/1394)
Updating files:  57% (795/1394)
Updating files:  58% (809/1394)
Updating files:  59% (823/1394)
Updating files:  60% (837/1394)
Updating files:  61% (851/1394)
Updating files:  62% (865/1394)
Updating files:  63% (879/1394)
Updating files:  64% (893/1394)
Updating files:  65% (907/1394)
Updating files:  66% (921/1394)
Updating files:  67% (934/1394)
Updating files:  68% (948/1394)
Updating files:  69% (962/1394)
Updating files:  70% (976/1394)
Updating files:  71% (990/1394)
Updating files:  72% (1004/1394)
Updating files:  73% (1018/1394)
Updating files:  73% (1024/1394)
Updating files:  74% (1032/1394)
Updating files:  75% (1046/1394)
Updating files:  76% (1060/1394)
Updating files:  77% (1074/1394)
Updating files:  78% (1088/1394)
Updating files:  79% (1102/1394)
Updating files:  80% (1116/1394)
Updating files:  81% (1130/1394)
Updating files:  82% (1144/1394)
Updating files:  83% (1158/1394)
Updating files:  84% (1171/1394)
Updating files:  85% (1185/1394)
Updating files:  86% (1199/1394)
Updating files:  87% (1213/1394)
Updating files:  88% (1227/1394)
Updating files:  89% (1241/1394)
Updating files:  90% (1255/1394)
Updating files:  91% (1269/1394)
Updating files:  92% (1283/1394)
Updating files:  93% (1297/1394)
Updating files:  94% (1311/1394)
Updating files:  95% (1325/1394)
Updating files:  96% (1339/1394)
Updating files:  97% (1353/1394)
Updating files:  98% (1367/1394)
Updating files:  99% (1381/1394)
Updating files: 100% (1394/1394)
Updating files: 100% (1394/1394), done.
[INFO] validating manifest of git repo https://github.com/ankita1909/rust_with_qemu on toolchain 1.55.0
[INFO] running `Command { std: "/workspace/cargo-home/bin/cargo" "+1.55.0" "metadata" "--manifest-path" "Cargo.toml" "--no-deps", kill_on_drop: false }`
[INFO] started tweaking git repo https://github.com/ankita1909/rust_with_qemu
[INFO] finished tweaking git repo https://github.com/ankita1909/rust_with_qemu
[INFO] tweaked toml for git repo https://github.com/ankita1909/rust_with_qemu written to /workspace/builds/worker-28/source/Cargo.toml
[INFO] crate git repo https://github.com/ankita1909/rust_with_qemu already has a lockfile, it will not be regenerated
[INFO] running `Command { std: "/workspace/cargo-home/bin/cargo" "+1.55.0" "fetch" "--manifest-path" "Cargo.toml", kill_on_drop: false }`
[INFO] [stderr]     Blocking waiting for file lock on package cache
[INFO] [stderr]     Blocking waiting for file lock on package cache
[INFO] [stderr]  Downloading crates ...
[INFO] [stderr]   Downloaded cortex-m v0.6.3
[INFO] running `Command { std: "docker" "create" "-v" "/var/lib/crater-agent-workspace/builds/worker-28/target:/opt/rustwide/target:rw,Z" "-v" "/var/lib/crater-agent-workspace/builds/worker-28/source:/opt/rustwide/workdir:ro,Z" "-v" "/var/lib/crater-agent-workspace/cargo-home:/opt/rustwide/cargo-home:ro,Z" "-v" "/var/lib/crater-agent-workspace/rustup-home:/opt/rustwide/rustup-home:ro,Z" "-e" "SOURCE_DIR=/opt/rustwide/workdir" "-e" "CARGO_TARGET_DIR=/opt/rustwide/target" "-e" "CARGO_HOME=/opt/rustwide/cargo-home" "-e" "RUSTUP_HOME=/opt/rustwide/rustup-home" "-w" "/opt/rustwide/workdir" "-m" "1610612736" "--user" "0:0" "--network" "none" "ghcr.io/rust-lang/crates-build-env/linux@sha256:a89201d6b5b9fd45c15d5952ece0a0129e7e80cb26ec023fd59cf09bc26f1604" "/opt/rustwide/cargo-home/bin/cargo" "+1.55.0" "metadata" "--no-deps" "--format-version=1", kill_on_drop: false }`
[INFO] [stdout] 02c540548d41b47164e04c4eb16d3baca4d6e66fed154e6951c2d6c6d68d4c4a
[INFO] running `Command { std: "docker" "start" "-a" "02c540548d41b47164e04c4eb16d3baca4d6e66fed154e6951c2d6c6d68d4c4a", kill_on_drop: false }`
[INFO] running `Command { std: "docker" "inspect" "02c540548d41b47164e04c4eb16d3baca4d6e66fed154e6951c2d6c6d68d4c4a", kill_on_drop: false }`
[INFO] running `Command { std: "docker" "rm" "-f" "02c540548d41b47164e04c4eb16d3baca4d6e66fed154e6951c2d6c6d68d4c4a", kill_on_drop: false }`
[INFO] [stdout] 02c540548d41b47164e04c4eb16d3baca4d6e66fed154e6951c2d6c6d68d4c4a
[INFO] running `Command { std: "docker" "create" "-v" "/var/lib/crater-agent-workspace/builds/worker-28/target:/opt/rustwide/target:rw,Z" "-v" "/var/lib/crater-agent-workspace/builds/worker-28/source:/opt/rustwide/workdir:ro,Z" "-v" "/var/lib/crater-agent-workspace/cargo-home:/opt/rustwide/cargo-home:ro,Z" "-v" "/var/lib/crater-agent-workspace/rustup-home:/opt/rustwide/rustup-home:ro,Z" "-e" "SOURCE_DIR=/opt/rustwide/workdir" "-e" "CARGO_TARGET_DIR=/opt/rustwide/target" "-e" "CARGO_INCREMENTAL=0" "-e" "RUST_BACKTRACE=full" "-e" "RUSTFLAGS=--cap-lints=warn" "-e" "CARGO_HOME=/opt/rustwide/cargo-home" "-e" "RUSTUP_HOME=/opt/rustwide/rustup-home" "-w" "/opt/rustwide/workdir" "-m" "1610612736" "--user" "0:0" "--network" "none" "ghcr.io/rust-lang/crates-build-env/linux@sha256:a89201d6b5b9fd45c15d5952ece0a0129e7e80cb26ec023fd59cf09bc26f1604" "/opt/rustwide/cargo-home/bin/cargo" "+1.55.0" "check" "--frozen" "--all" "--all-targets" "--message-format=json", kill_on_drop: false }`
[INFO] [stdout] a7843bc9cf3d0d76f9d39041ad4927aa6d80e2ee30b9aeea9eef752cb9e2ed2f
[INFO] running `Command { std: "docker" "start" "-a" "a7843bc9cf3d0d76f9d39041ad4927aa6d80e2ee30b9aeea9eef752cb9e2ed2f", kill_on_drop: false }`
[INFO] [stderr]     Blocking waiting for file lock on package cache
[INFO] [stderr]    Compiling typenum v1.12.0
[INFO] [stderr]    Compiling semver-parser v0.7.0
[INFO] [stderr]    Compiling proc-macro2 v1.0.20
[INFO] [stderr]    Compiling cortex-m v0.6.3
[INFO] [stderr]     Checking stable_deref_trait v1.2.0
[INFO] [stderr]    Compiling syn v1.0.40
[INFO] [stderr]     Checking vcell v0.1.2
[INFO] [stderr]     Checking bitfield v0.13.2
[INFO] [stderr]    Compiling cortex-m-semihosting v0.3.5
[INFO] [stderr]    Compiling cortex-m-rt v0.6.12
[INFO] [stderr]     Checking r0 v0.2.2
[INFO] [stderr]    Compiling app_m33 v0.1.0 (/opt/rustwide/workdir)
[INFO] [stderr]     Checking panic-halt v0.2.0
[INFO] [stderr]     Checking volatile-register v0.2.0
[INFO] [stderr]    Compiling semver v0.9.0
[INFO] [stderr]    Compiling rustc_version v0.2.3
[INFO] [stderr]    Compiling quote v1.0.7
[INFO] [stderr]    Compiling bare-metal v0.2.5
[INFO] [stderr]     Checking generic-array v0.12.3
[INFO] [stderr]     Checking generic-array v0.13.2
[INFO] [stderr]     Checking as-slice v0.1.3
[INFO] [stderr]     Checking aligned v0.3.4
[INFO] [stderr]    Compiling cortex-m-rt-macros v0.1.8
[INFO] [stdout] error[E0433]: failed to resolve: use of undeclared crate or module `stm32f3`
[INFO] [stdout]   --> examples/device.rs:34:5
[INFO] [stdout]    |
[INFO] [stdout] 34 | use stm32f3::stm32f303::{interrupt, Interrupt, NVIC};
[INFO] [stdout]    |     ^^^^^^^ use of undeclared crate or module `stm32f3`
[INFO] [stdout] 
[INFO] [stdout] 
[INFO] [stdout] error: cannot find attribute `interrupt` in this scope
[INFO] [stdout]   --> examples/device.rs:59:3
[INFO] [stdout]    |
[INFO] [stdout] 59 | #[interrupt]
[INFO] [stdout]    |   ^^^^^^^^^
[INFO] [stdout] 
[INFO] [stdout] 
[INFO] [stdout] error[E0433]: failed to resolve: use of undeclared type `Interrupt`
[INFO] [stdout]   --> examples/device.rs:43:17
[INFO] [stdout]    |
[INFO] [stdout] 43 |     nvic.enable(Interrupt::EXTI0);
[INFO] [stdout]    |                 ^^^^^^^^^ use of undeclared type `Interrupt`
[INFO] [stdout] 
[INFO] [stdout] 
[INFO] [stdout] error[E0433]: failed to resolve: use of undeclared type `Interrupt`
[INFO] [stdout]   --> examples/device.rs:55:20
[INFO] [stdout]    |
[INFO] [stdout] 55 |         NVIC::pend(Interrupt::EXTI0);
[INFO] [stdout]    |                    ^^^^^^^^^ use of undeclared type `Interrupt`
[INFO] [stdout] 
[INFO] [stdout] 
[INFO] [stdout] error[E0433]: failed to resolve: use of undeclared type `NVIC`
[INFO] [stdout]   --> examples/device.rs:55:9
[INFO] [stdout]    |
[INFO] [stdout] 55 |         NVIC::pend(Interrupt::EXTI0);
[INFO] [stdout]    |         ^^^^ not found in this scope
[INFO] [stdout]    |
[INFO] [stdout] help: consider importing this struct
[INFO] [stdout]    |
[INFO] [stdout] 29 | use cortex_m::peripheral::NVIC;
[INFO] [stdout]    |
[INFO] [stdout] 
[INFO] [stdout] 
[INFO] [stdout] error: language item required, but not found: `eh_personality`
[INFO] [stdout] 
[INFO] [stdout] 
[INFO] [stdout] warning: use of deprecated associated function `cortex_m::peripheral::nvic::<impl cortex_m::peripheral::NVIC>::enable`: Use `NVIC::unmask`
[INFO] [stdout]   --> examples/device.rs:43:10
[INFO] [stdout]    |
[INFO] [stdout] 43 |     nvic.enable(Interrupt::EXTI0);
[INFO] [stdout]    |          ^^^^^^
[INFO] [stdout]    |
[INFO] [stdout]    = note: `#[warn(deprecated)]` on by default
[INFO] [stdout] 
[INFO] [stdout] 
[INFO] [stdout] error: aborting due to 6 previous errors; 1 warning emitted
[INFO] [stdout] 
[INFO] [stdout] 
[INFO] [stdout] For more information about this error, try `rustc --explain E0433`.
[INFO] [stdout] 
[INFO] [stderr] error: could not compile `app_m33` due to 7 previous errors; 1 warning emitted
[INFO] [stderr] warning: build failed, waiting for other jobs to finish...
[INFO] [stdout] error: language item required, but not found: `eh_personality`
[INFO] [stdout] 
[INFO] [stdout] 
[INFO] [stdout] error: language item required, but not found: `eh_personality`
[INFO] [stdout] 
[INFO] [stdout] 
[INFO] [stdout] error: aborting due to previous error
[INFO] [stdout] 
[INFO] [stdout] 
[INFO] [stdout] error: language item required, but not found: `eh_personality`
[INFO] [stdout] 
[INFO] [stdout] 
[INFO] [stdout] error: aborting due to previous error
[INFO] [stdout] 
[INFO] [stdout] 
[INFO] [stdout] error: language item required, but not found: `eh_personality`
[INFO] [stdout] 
[INFO] [stdout] 
[INFO] [stdout] error: language item required, but not found: `eh_personality`
[INFO] [stdout] 
[INFO] [stdout] 
[INFO] [stdout] error: aborting due to previous error
[INFO] [stdout] 
[INFO] [stdout] 
[INFO] [stdout] error: aborting due to previous error
[INFO] [stdout] 
[INFO] [stdout] 
[INFO] [stdout] error: aborting due to previous error
[INFO] [stdout] 
[INFO] [stdout] 
[INFO] [stdout] error: language item required, but not found: `eh_personality`
[INFO] [stdout] 
[INFO] [stdout] 
[INFO] [stdout] error: aborting due to previous error
[INFO] [stdout] 
[INFO] [stdout] 
[INFO] [stdout] error[E0432]: unresolved import `alloc_cortex_m`
[INFO] [stdout]   --> examples/allocator.rs:23:5
[INFO] [stdout]    |
[INFO] [stdout] 23 | use alloc_cortex_m::CortexMHeap;
[INFO] [stdout]    |     ^^^^^^^^^^^^^^ use of undeclared crate or module `alloc_cortex_m`
[INFO] [stdout] 
[INFO] [stdout] 
[INFO] [stdout] error[E0433]: failed to resolve: use of undeclared crate or module `debug`
[INFO] [stdout]   --> examples/allocator.rs:46:5
[INFO] [stdout]    |
[INFO] [stdout] 46 |     debug::exit(debug::EXIT_SUCCESS);
[INFO] [stdout]    |     ^^^^^ use of undeclared crate or module `debug`
[INFO] [stdout] 
[INFO] [stdout] 
[INFO] [stdout] error[E0433]: failed to resolve: use of undeclared crate or module `debug`
[INFO] [stdout]   --> examples/allocator.rs:46:17
[INFO] [stdout]    |
[INFO] [stdout] 46 |     debug::exit(debug::EXIT_SUCCESS);
[INFO] [stdout]    |                 ^^^^^ use of undeclared crate or module `debug`
[INFO] [stdout] 
[INFO] [stdout] 
[INFO] [stdout] error[E0554]: `#![feature]` may not be used on the stable release channel
[INFO] [stdout]   --> examples/allocator.rs:12:1
[INFO] [stdout]    |
[INFO] [stdout] 12 | #![feature(alloc)]
[INFO] [stdout]    | ^^^^^^^^^^^^^^^^^^
[INFO] [stdout] 
[INFO] [stdout] 
[INFO] [stdout] error[E0554]: `#![feature]` may not be used on the stable release channel
[INFO] [stdout]   --> examples/allocator.rs:13:1
[INFO] [stdout]    |
[INFO] [stdout] 13 | #![feature(alloc_error_handler)]
[INFO] [stdout]    | ^^^^^^^^^^^^^^^^^^^^^^^^^^^^^^^^
[INFO] [stdout] 
[INFO] [stdout] 
[INFO] [stdout] error: language item required, but not found: `eh_personality`
[INFO] [stdout] 
[INFO] [stdout] 
[INFO] [stdout] error: aborting due to 6 previous errors
[INFO] [stdout] 
[INFO] [stdout] 
[INFO] [stdout] error: language item required, but not found: `eh_personality`
[INFO] [stdout] 
[INFO] [stdout] 
[INFO] [stdout] Some errors have detailed explanations: E0432, E0433, E0554.
[INFO] [stdout] 
[INFO] [stdout] For more information about an error, try `rustc --explain E0432`.
[INFO] [stdout] 
[INFO] [stdout] error: aborting due to previous error
[INFO] [stdout] 
[INFO] [stdout] 
[INFO] [stderr] error: build failed
[INFO] running `Command { std: "docker" "inspect" "a7843bc9cf3d0d76f9d39041ad4927aa6d80e2ee30b9aeea9eef752cb9e2ed2f", kill_on_drop: false }`
[INFO] running `Command { std: "docker" "rm" "-f" "a7843bc9cf3d0d76f9d39041ad4927aa6d80e2ee30b9aeea9eef752cb9e2ed2f", kill_on_drop: false }`
[INFO] [stdout] a7843bc9cf3d0d76f9d39041ad4927aa6d80e2ee30b9aeea9eef752cb9e2ed2f
