[INFO] cloning repository https://github.com/angelo-fuchs/deltachat-rpg-bot
[INFO] running `Command { std: "git" "-c" "credential.helper=" "-c" "credential.helper=/workspace/cargo-home/bin/git-credential-null" "clone" "--bare" "https://github.com/angelo-fuchs/deltachat-rpg-bot" "/workspace/cache/git-repos/https%3A%2F%2Fgithub.com%2Fangelo-fuchs%2Fdeltachat-rpg-bot", kill_on_drop: false }`
[INFO] [stderr] Cloning into bare repository '/workspace/cache/git-repos/https%3A%2F%2Fgithub.com%2Fangelo-fuchs%2Fdeltachat-rpg-bot'...
[INFO] running `Command { std: "git" "rev-parse" "HEAD", kill_on_drop: false }`
[INFO] [stdout] 0e088c0bc4542659d215d8a4302add3d3326b111
[INFO] checking angelo-fuchs/deltachat-rpg-bot against beta-2021-10-15 for beta-1.56-3
[INFO] running `Command { std: "git" "clone" "/workspace/cache/git-repos/https%3A%2F%2Fgithub.com%2Fangelo-fuchs%2Fdeltachat-rpg-bot" "/workspace/builds/worker-2/source", kill_on_drop: false }`
[INFO] [stderr] Cloning into '/workspace/builds/worker-2/source'...
[INFO] [stderr] done.
[INFO] validating manifest of git repo https://github.com/angelo-fuchs/deltachat-rpg-bot on toolchain beta-2021-10-15
[INFO] running `Command { std: "/workspace/cargo-home/bin/cargo" "+beta-2021-10-15" "metadata" "--manifest-path" "Cargo.toml" "--no-deps", kill_on_drop: false }`
[INFO] started tweaking git repo https://github.com/angelo-fuchs/deltachat-rpg-bot
[INFO] finished tweaking git repo https://github.com/angelo-fuchs/deltachat-rpg-bot
[INFO] tweaked toml for git repo https://github.com/angelo-fuchs/deltachat-rpg-bot written to /workspace/builds/worker-2/source/Cargo.toml
[INFO] crate git repo https://github.com/angelo-fuchs/deltachat-rpg-bot already has a lockfile, it will not be regenerated
[INFO] running `Command { std: "/workspace/cargo-home/bin/cargo" "+beta-2021-10-15" "fetch" "--manifest-path" "Cargo.toml", kill_on_drop: false }`
[INFO] [stderr]     Blocking waiting for file lock on package cache
[INFO] [stderr]     Updating git repository `https://github.com/deltachat/deltachat-core-rust`
[INFO] [stderr]     Updating git repository `https://github.com/deltachat/rust-email`
[INFO] [stderr]     Updating git repository `https://github.com/async-email/encoded-words`
[INFO] [stderr]     Updating git repository `https://github.com/deltachat/lettre`
[INFO] [stderr]     Blocking waiting for file lock on package cache
[INFO] running `Command { std: "docker" "create" "-v" "/var/lib/crater-agent-workspace/builds/worker-2/target:/opt/rustwide/target:rw,Z" "-v" "/var/lib/crater-agent-workspace/builds/worker-2/source:/opt/rustwide/workdir:ro,Z" "-v" "/var/lib/crater-agent-workspace/cargo-home:/opt/rustwide/cargo-home:ro,Z" "-v" "/var/lib/crater-agent-workspace/rustup-home:/opt/rustwide/rustup-home:ro,Z" "-e" "SOURCE_DIR=/opt/rustwide/workdir" "-e" "CARGO_TARGET_DIR=/opt/rustwide/target" "-e" "CARGO_HOME=/opt/rustwide/cargo-home" "-e" "RUSTUP_HOME=/opt/rustwide/rustup-home" "-w" "/opt/rustwide/workdir" "-m" "1610612736" "--user" "0:0" "--network" "none" "ghcr.io/rust-lang/crates-build-env/linux@sha256:a89201d6b5b9fd45c15d5952ece0a0129e7e80cb26ec023fd59cf09bc26f1604" "/opt/rustwide/cargo-home/bin/cargo" "+beta-2021-10-15" "metadata" "--no-deps" "--format-version=1", kill_on_drop: false }`
[INFO] [stdout] f252f6f5400657174b56a09077a7fd8895ef6b83f6499746c2721144c8fefccd
[INFO] running `Command { std: "docker" "start" "-a" "f252f6f5400657174b56a09077a7fd8895ef6b83f6499746c2721144c8fefccd", kill_on_drop: false }`
[INFO] running `Command { std: "docker" "inspect" "f252f6f5400657174b56a09077a7fd8895ef6b83f6499746c2721144c8fefccd", kill_on_drop: false }`
[INFO] running `Command { std: "docker" "rm" "-f" "f252f6f5400657174b56a09077a7fd8895ef6b83f6499746c2721144c8fefccd", kill_on_drop: false }`
[INFO] [stdout] f252f6f5400657174b56a09077a7fd8895ef6b83f6499746c2721144c8fefccd
[INFO] running `Command { std: "docker" "create" "-v" "/var/lib/crater-agent-workspace/builds/worker-2/target:/opt/rustwide/target:rw,Z" "-v" "/var/lib/crater-agent-workspace/builds/worker-2/source:/opt/rustwide/workdir:ro,Z" "-v" "/var/lib/crater-agent-workspace/cargo-home:/opt/rustwide/cargo-home:ro,Z" "-v" "/var/lib/crater-agent-workspace/rustup-home:/opt/rustwide/rustup-home:ro,Z" "-e" "SOURCE_DIR=/opt/rustwide/workdir" "-e" "CARGO_TARGET_DIR=/opt/rustwide/target" "-e" "CARGO_INCREMENTAL=0" "-e" "RUST_BACKTRACE=full" "-e" "RUSTFLAGS=--cap-lints=warn" "-e" "CARGO_HOME=/opt/rustwide/cargo-home" "-e" "RUSTUP_HOME=/opt/rustwide/rustup-home" "-w" "/opt/rustwide/workdir" "-m" "1610612736" "--user" "0:0" "--network" "none" "ghcr.io/rust-lang/crates-build-env/linux@sha256:a89201d6b5b9fd45c15d5952ece0a0129e7e80cb26ec023fd59cf09bc26f1604" "/opt/rustwide/cargo-home/bin/cargo" "+beta-2021-10-15" "check" "--frozen" "--all" "--all-targets" "--message-format=json", kill_on_drop: false }`
[INFO] [stdout] 5b428812173b5d38995239ad5b659a73f27b041adaf91a47f05846f7ec9a9b6c
[INFO] running `Command { std: "docker" "start" "-a" "5b428812173b5d38995239ad5b659a73f27b041adaf91a47f05846f7ec9a9b6c", kill_on_drop: false }`
[INFO] [stderr]     Blocking waiting for file lock on package cache
[INFO] [stderr]     Blocking waiting for file lock on package cache
[INFO] [stderr]    Compiling proc-macro2 v1.0.8
[INFO] [stderr]    Compiling unicode-xid v0.2.0
[INFO] [stderr]    Compiling syn v1.0.14
[INFO] [stderr]    Compiling libc v0.2.66
[INFO] [stderr]     Checking cfg-if v0.1.10
[INFO] [stderr]    Compiling autocfg v1.0.0
[INFO] [stderr]    Compiling cc v1.0.50
[INFO] [stderr]    Compiling memchr v2.3.2
[INFO] [stderr]    Compiling serde v1.0.104
[INFO] [stderr]     Checking spin v0.5.2
[INFO] [stderr]    Compiling byteorder v1.3.4
[INFO] [stderr]    Compiling log v0.4.8
[INFO] [stderr]    Compiling typenum v1.11.2
[INFO] [stderr]    Compiling bitflags v1.2.1
[INFO] [stderr]    Compiling autocfg v0.1.7
[INFO] [stderr]     Checking smallvec v1.2.0
[INFO] [stderr]    Compiling pkg-config v0.3.17
[INFO] [stderr]    Compiling version_check v0.1.5
[INFO] [stderr]    Compiling ryu v1.0.2
[INFO] [stderr]     Checking futures-core v0.3.4
[INFO] [stderr]    Compiling proc-macro-nested v0.1.3
[INFO] [stderr]     Checking futures-sink v0.3.4
[INFO] [stderr]    Compiling getrandom v0.1.14
[INFO] [stderr]     Checking futures-task v0.3.4
[INFO] [stderr]     Checking opaque-debug v0.2.3
[INFO] [stderr]     Checking futures-io v0.3.4
[INFO] [stderr]     Checking pin-utils v0.1.0-alpha.4
[INFO] [stderr]    Compiling version_check v0.9.1
[INFO] [stderr]     Checking pin-project-lite v0.1.4
[INFO] [stderr]     Checking ppv-lite86 v0.2.6
[INFO] [stderr]    Compiling packed_simd v0.3.3
[INFO] [stderr]     Checking byte-tools v0.3.1
[INFO] [stderr]     Checking bytes v0.5.4
[INFO] [stderr]     Checking fnv v1.0.6
[INFO] [stderr]    Compiling openssl v0.10.28
[INFO] [stderr]     Checking itoa v0.4.5
[INFO] [stderr]     Checking foreign-types-shared v0.1.1
[INFO] [stderr]    Compiling encoding_rs v0.8.22
[INFO] [stderr]    Compiling native-tls v0.2.3
[INFO] [stderr]     Checking encoding_index_tests v0.1.4
[INFO] [stderr]    Compiling arrayvec v0.4.12
[INFO] [stderr]     Checking regex-syntax v0.6.14
[INFO] [stderr]     Checking openssl-probe v0.1.2
[INFO] [stderr]     Checking base64 v0.11.0
[INFO] [stderr]    Compiling rustc-demangle v0.1.16
[INFO] [stderr]     Checking adler32 v1.0.4
[INFO] [stderr]    Compiling failure_derive v0.1.6
[INFO] [stderr]     Checking nodrop v0.1.14
[INFO] [stderr]    Compiling crc32fast v1.2.0
[INFO] [stderr]    Compiling ident_case v1.0.1
[INFO] [stderr]    Compiling strsim v0.9.3
[INFO] [stderr]    Compiling pulldown-cmark v0.2.0
[INFO] [stderr]     Checking matches v0.1.8
[INFO] [stderr]    Compiling httparse v1.3.4
[INFO] [stderr]     Checking static_assertions v0.3.4
[INFO] [stderr]     Checking subtle v2.2.2
[INFO] [stderr]     Checking futures-timer v2.0.2
[INFO] [stderr]     Checking once_cell v1.3.1
[INFO] [stderr]    Compiling libm v0.2.1
[INFO] [stderr]    Compiling same-file v1.0.6
[INFO] [stderr]    Compiling remove_dir_all v0.5.2
[INFO] [stderr]     Checking try-lock v0.2.2
[INFO] [stderr]     Checking fake-simd v0.1.2
[INFO] [stderr]    Compiling glob v0.2.11
[INFO] [stderr]    Compiling bytecount v0.4.0
[INFO] [stderr]     Checking ascii_utils v0.9.3
[INFO] [stderr]    Compiling doc-comment v0.3.1
[INFO] [stderr]     Checking hex v0.4.1
[INFO] [stderr]     Checking stable_deref_trait v1.1.1
[INFO] [stderr]    Compiling unicode-xid v0.0.4
[INFO] [stderr]     Checking linked-hash-map v0.5.2
[INFO] [stderr]     Checking quick-error v1.2.3
[INFO] [stderr]     Checking percent-encoding v2.1.0
[INFO] [stderr]    Compiling crc24 v0.1.6
[INFO] [stderr]    Compiling derive_builder v0.9.0
[INFO] [stderr]     Checking tower-service v0.3.0
[INFO] [stderr]     Checking mime v0.3.16
[INFO] [stderr]     Checking dtoa v0.4.5
[INFO] [stderr]     Checking termcolor v1.1.0
[INFO] [stderr]     Checking color_quant v1.0.1
[INFO] [stderr]     Checking safemem v0.3.3
[INFO] [stderr]     Checking traitobject v0.1.0
[INFO] [stderr]    Compiling quote v0.3.15
[INFO] [stderr]     Checking fallible-streaming-iterator v0.1.9
[INFO] [stderr]    Compiling unicode-segmentation v1.6.0
[INFO] [stderr]     Checking lzw v0.10.0
[INFO] [stderr]     Checking fallible-iterator v0.2.0
[INFO] [stderr]     Checking keccak v0.1.0
[INFO] [stderr]     Checking bitfield v0.13.2
[INFO] [stderr]     Checking bufstream v0.1.4
[INFO] [stderr]     Checking circular v0.3.0
[INFO] [stderr]     Checking entities v1.0.1
[INFO] [stderr]     Checking either v1.5.3
[INFO] [stderr]     Checking quoted_printable v0.4.2
[INFO] [stderr]     Checking strum v0.16.0
[INFO] [stderr]     Checking lock_api v0.3.3
[INFO] [stderr]     Checking try_from v0.3.2
[INFO] [stderr]    Compiling walkdir v2.3.1
[INFO] [stderr]     Checking lru-cache v0.1.2
[INFO] [stderr]     Checking futures-channel v0.3.4
[INFO] [stdout] error[E0557]: feature has been removed
[INFO] [stdout]   --> /opt/rustwide/cargo-home/registry/src/github.com-1ecc6299db9ec823/subtle-2.2.2/src/lib.rs:13:42
[INFO] [stdout]    |
[INFO] [stdout] 13 | #![cfg_attr(feature = "nightly", feature(external_doc))]
[INFO] [stdout]    |                                          ^^^^^^^^^^^^ feature has been removed
[INFO] [stdout]    |
[INFO] [stdout]    = note: use #[doc = include_str!("filename")] instead, which handles macro invocations
[INFO] [stdout] 
[INFO] [stdout] 
[INFO] [stdout] error: the legacy LLVM-style asm! syntax is no longer supported
[INFO] [stdout]    --> /opt/rustwide/cargo-home/registry/src/github.com-1ecc6299db9ec823/subtle-2.2.2/src/lib.rs:150:14
[INFO] [stdout]     |
[INFO] [stdout] 150 |     unsafe { asm!("" : "=r"(input) : "0"(input) ) }
[INFO] [stdout]     |              ----^^^^^^^^^^^^^^^^^^^^^^^^^^^^^^^^
[INFO] [stdout]     |              |
[INFO] [stdout]     |              help: replace with: `llvm_asm!`
[INFO] [stdout]     |
[INFO] [stdout]     = note: consider migrating to the new asm! syntax specified in RFC 2873
[INFO] [stdout]     = note: alternatively, switch to llvm_asm! to keep your code working as it is
[INFO] [stdout] 
[INFO] [stdout] 
[INFO] [stdout] error[E0554]: `#![feature]` may not be used on the beta release channel
[INFO] [stdout]   --> /opt/rustwide/cargo-home/registry/src/github.com-1ecc6299db9ec823/subtle-2.2.2/src/lib.rs:12:34
[INFO] [stdout]    |
[INFO] [stdout] 12 | #![cfg_attr(feature = "nightly", feature(asm))]
[INFO] [stdout]    |                                  ^^^^^^^^^^^^
[INFO] [stdout] 
[INFO] [stdout] 
[INFO] [stdout] error[E0554]: `#![feature]` may not be used on the beta release channel
[INFO] [stdout]   --> /opt/rustwide/cargo-home/registry/src/github.com-1ecc6299db9ec823/subtle-2.2.2/src/lib.rs:13:34
[INFO] [stdout]    |
[INFO] [stdout] 13 | #![cfg_attr(feature = "nightly", feature(external_doc))]
[INFO] [stdout]    |                                  ^^^^^^^^^^^^^^^^^^^^^
[INFO] [stdout] 
[INFO] [stdout] 
[INFO] [stderr]     Checking lazy_static v1.4.0
[INFO] [stderr]     Checking unicode-bidi v0.3.4
[INFO] [stderr]    Compiling synom v0.11.3
[INFO] [stderr]     Checking block-padding v0.1.5
[INFO] [stderr]     Checking foreign-types v0.3.2
[INFO] [stdout] error: aborting due to 4 previous errors
[INFO] [stdout] 
[INFO] [stdout] 
[INFO] [stderr]    Compiling error-chain v0.12.1
[INFO] [stderr]    Compiling nom v5.1.0
[INFO] [stdout] Some errors have detailed explanations: E0554, E0557.
[INFO] [stdout] 
[INFO] [stderr] error: could not compile `subtle` due to 5 previous errors
[INFO] [stdout] For more information about an error, try `rustc --explain E0554`.
[INFO] [stdout] 
[INFO] [stderr] warning: build failed, waiting for other jobs to finish...
[INFO] [stderr] error: build failed
[INFO] running `Command { std: "docker" "inspect" "5b428812173b5d38995239ad5b659a73f27b041adaf91a47f05846f7ec9a9b6c", kill_on_drop: false }`
[INFO] running `Command { std: "docker" "rm" "-f" "5b428812173b5d38995239ad5b659a73f27b041adaf91a47f05846f7ec9a9b6c", kill_on_drop: false }`
[INFO] [stdout] 5b428812173b5d38995239ad5b659a73f27b041adaf91a47f05846f7ec9a9b6c
