[INFO] cloning repository https://github.com/anekos/devilnput
[INFO] running `Command { std: "git" "-c" "credential.helper=" "-c" "credential.helper=/workspace/cargo-home/bin/git-credential-null" "clone" "--bare" "https://github.com/anekos/devilnput" "/workspace/cache/git-repos/https%3A%2F%2Fgithub.com%2Fanekos%2Fdevilnput", kill_on_drop: false }`
[INFO] [stderr] Cloning into bare repository '/workspace/cache/git-repos/https%3A%2F%2Fgithub.com%2Fanekos%2Fdevilnput'...
[INFO] running `Command { std: "git" "rev-parse" "HEAD", kill_on_drop: false }`
[INFO] [stdout] 6de60b883e8621ad110ad0f09e98b55918d76f15
[INFO] checking anekos/devilnput against beta-2021-10-15 for beta-1.56-3
[INFO] running `Command { std: "git" "clone" "/workspace/cache/git-repos/https%3A%2F%2Fgithub.com%2Fanekos%2Fdevilnput" "/workspace/builds/worker-85/source", kill_on_drop: false }`
[INFO] [stderr] Cloning into '/workspace/builds/worker-85/source'...
[INFO] [stderr] done.
[INFO] validating manifest of git repo https://github.com/anekos/devilnput on toolchain beta-2021-10-15
[INFO] running `Command { std: "/workspace/cargo-home/bin/cargo" "+beta-2021-10-15" "metadata" "--manifest-path" "Cargo.toml" "--no-deps", kill_on_drop: false }`
[INFO] started tweaking git repo https://github.com/anekos/devilnput
[INFO] finished tweaking git repo https://github.com/anekos/devilnput
[INFO] tweaked toml for git repo https://github.com/anekos/devilnput written to /workspace/builds/worker-85/source/Cargo.toml
[INFO] crate git repo https://github.com/anekos/devilnput already has a lockfile, it will not be regenerated
[INFO] running `Command { std: "/workspace/cargo-home/bin/cargo" "+beta-2021-10-15" "fetch" "--manifest-path" "Cargo.toml", kill_on_drop: false }`
[INFO] [stderr]     Blocking waiting for file lock on package cache
[INFO] [stderr]     Blocking waiting for file lock on package cache
[INFO] running `Command { std: "docker" "create" "-v" "/var/lib/crater-agent-workspace/builds/worker-85/target:/opt/rustwide/target:rw,Z" "-v" "/var/lib/crater-agent-workspace/builds/worker-85/source:/opt/rustwide/workdir:ro,Z" "-v" "/var/lib/crater-agent-workspace/cargo-home:/opt/rustwide/cargo-home:ro,Z" "-v" "/var/lib/crater-agent-workspace/rustup-home:/opt/rustwide/rustup-home:ro,Z" "-e" "SOURCE_DIR=/opt/rustwide/workdir" "-e" "CARGO_TARGET_DIR=/opt/rustwide/target" "-e" "CARGO_HOME=/opt/rustwide/cargo-home" "-e" "RUSTUP_HOME=/opt/rustwide/rustup-home" "-w" "/opt/rustwide/workdir" "-m" "1610612736" "--user" "0:0" "--network" "none" "ghcr.io/rust-lang/crates-build-env/linux@sha256:a89201d6b5b9fd45c15d5952ece0a0129e7e80cb26ec023fd59cf09bc26f1604" "/opt/rustwide/cargo-home/bin/cargo" "+beta-2021-10-15" "metadata" "--no-deps" "--format-version=1", kill_on_drop: false }`
[INFO] [stdout] 22be0eec2045ea6fe2d54c370942c168070bca0e45d9606beea44d3346061f66
[INFO] running `Command { std: "docker" "start" "-a" "22be0eec2045ea6fe2d54c370942c168070bca0e45d9606beea44d3346061f66", kill_on_drop: false }`
[INFO] running `Command { std: "docker" "inspect" "22be0eec2045ea6fe2d54c370942c168070bca0e45d9606beea44d3346061f66", kill_on_drop: false }`
[INFO] running `Command { std: "docker" "rm" "-f" "22be0eec2045ea6fe2d54c370942c168070bca0e45d9606beea44d3346061f66", kill_on_drop: false }`
[INFO] [stdout] 22be0eec2045ea6fe2d54c370942c168070bca0e45d9606beea44d3346061f66
[INFO] running `Command { std: "docker" "create" "-v" "/var/lib/crater-agent-workspace/builds/worker-85/target:/opt/rustwide/target:rw,Z" "-v" "/var/lib/crater-agent-workspace/builds/worker-85/source:/opt/rustwide/workdir:ro,Z" "-v" "/var/lib/crater-agent-workspace/cargo-home:/opt/rustwide/cargo-home:ro,Z" "-v" "/var/lib/crater-agent-workspace/rustup-home:/opt/rustwide/rustup-home:ro,Z" "-e" "SOURCE_DIR=/opt/rustwide/workdir" "-e" "CARGO_TARGET_DIR=/opt/rustwide/target" "-e" "CARGO_INCREMENTAL=0" "-e" "RUST_BACKTRACE=full" "-e" "RUSTFLAGS=--cap-lints=warn" "-e" "CARGO_HOME=/opt/rustwide/cargo-home" "-e" "RUSTUP_HOME=/opt/rustwide/rustup-home" "-w" "/opt/rustwide/workdir" "-m" "1610612736" "--user" "0:0" "--network" "none" "ghcr.io/rust-lang/crates-build-env/linux@sha256:a89201d6b5b9fd45c15d5952ece0a0129e7e80cb26ec023fd59cf09bc26f1604" "/opt/rustwide/cargo-home/bin/cargo" "+beta-2021-10-15" "check" "--frozen" "--all" "--all-targets" "--message-format=json", kill_on_drop: false }`
[INFO] [stdout] f672f9e2212e87ab7b1a9d4b5f38c1b893ddf84c74b93b2ab8a87ff6cab4a504
[INFO] running `Command { std: "docker" "start" "-a" "f672f9e2212e87ab7b1a9d4b5f38c1b893ddf84c74b93b2ab8a87ff6cab4a504", kill_on_drop: false }`
[INFO] [stderr]     Blocking waiting for file lock on package cache
[INFO] [stderr]    Compiling semver v0.1.20
[INFO] [stderr]    Compiling gcc v0.3.54
[INFO] [stderr]     Checking cfg-if v0.1.5
[INFO] [stderr]     Checking bitflags v0.4.0
[INFO] [stderr]     Checking void v1.0.2
[INFO] [stderr]     Checking bitflags v0.7.0
[INFO] [stderr]     Checking ioctl-sys v0.5.2
[INFO] [stderr]     Checking argparse v0.2.1
[INFO] [stderr]     Checking wraited-struct v0.2.0
[INFO] [stderr]     Checking log v0.4.5
[INFO] [stderr]     Checking uinput-sys v0.1.7
[INFO] [stderr]    Compiling rustc_version v0.1.7
[INFO] [stderr]     Checking log v0.3.9
[INFO] [stderr]    Compiling nix v0.7.0
[INFO] [stderr]    Compiling evdev-sys v0.1.0
[INFO] [stderr]     Checking evdev-rs v0.1.0
[INFO] [stderr]     Checking devilnput v0.2.0 (/opt/rustwide/workdir)
[INFO] [stdout] error[E0583]: file not found for module `name_table`
[INFO] [stdout]   --> src/main.rs:14:1
[INFO] [stdout]    |
[INFO] [stdout] 14 | mod name_table;
[INFO] [stdout]    | ^^^^^^^^^^^^^^^
[INFO] [stdout]    |
[INFO] [stdout]    = help: to create the module `name_table`, create file "src/name_table.rs" or "src/name_table/mod.rs"
[INFO] [stdout] 
[INFO] [stdout] 
[INFO] [stdout] error[E0583]: file not found for module `name_table`
[INFO] [stdout]   --> src/main.rs:14:1
[INFO] [stdout]    |
[INFO] [stdout] 14 | mod name_table;
[INFO] [stdout]    | ^^^^^^^^^^^^^^^
[INFO] [stdout]    |
[INFO] [stdout]    = help: to create the module `name_table`, create file "src/name_table.rs" or "src/name_table/mod.rs"
[INFO] [stdout] 
[INFO] [stdout] 
[INFO] [stdout] error[E0425]: cannot find function `generate_code_name_table` in this scope
[INFO] [stdout]    --> src/main.rs:107:20
[INFO] [stdout]     |
[INFO] [stdout] 107 |     let num2code = generate_code_name_table();
[INFO] [stdout]     |                    ^^^^^^^^^^^^^^^^^^^^^^^^ not found in this scope
[INFO] [stdout] 
[INFO] [stdout] 
[INFO] [stdout] error[E0425]: cannot find function `generate_code_name_table` in this scope
[INFO] [stdout]    --> src/main.rs:107:20
[INFO] [stdout]     |
[INFO] [stdout] 107 |     let num2code = generate_code_name_table();
[INFO] [stdout]     |                    ^^^^^^^^^^^^^^^^^^^^^^^^ not found in this scope
[INFO] [stdout] 
[INFO] [stdout] 
[INFO] [stdout] error[E0425]: cannot find function `generate_ev_name_table` in this scope
[INFO] [stdout]    --> src/main.rs:108:18
[INFO] [stdout]     |
[INFO] [stdout] 108 |     let num2ev = generate_ev_name_table();
[INFO] [stdout]     |                  ^^^^^^^^^^^^^^^^^^^^^^ not found in this scope
[INFO] [stdout] 
[INFO] [stdout] 
[INFO] [stdout] error[E0425]: cannot find function `generate_rel_name_table` in this scope
[INFO] [stdout]    --> src/main.rs:109:19
[INFO] [stdout]     |
[INFO] [stdout] 109 |     let num2rel = generate_rel_name_table();
[INFO] [stdout]     |                   ^^^^^^^^^^^^^^^^^^^^^^^ not found in this scope
[INFO] [stdout] 
[INFO] [stdout] 
[INFO] [stdout] error[E0425]: cannot find function `generate_abs_name_table` in this scope
[INFO] [stdout]    --> src/main.rs:110:19
[INFO] [stdout]     |
[INFO] [stdout] 110 |     let num2abs = generate_abs_name_table();
[INFO] [stdout]     |                   ^^^^^^^^^^^^^^^^^^^^^^^ not found in this scope
[INFO] [stdout] 
[INFO] [stdout] 
[INFO] [stdout] error[E0425]: cannot find function `generate_ev_name_table` in this scope
[INFO] [stdout]    --> src/main.rs:108:18
[INFO] [stdout]     |
[INFO] [stdout] 108 |     let num2ev = generate_ev_name_table();
[INFO] [stdout]     |                  ^^^^^^^^^^^^^^^^^^^^^^ not found in this scope
[INFO] [stdout] 
[INFO] [stdout] 
[INFO] [stdout] error[E0425]: cannot find value `MAX_NAME_SIZE` in this scope
[INFO] [stdout]    --> src/main.rs:213:37
[INFO] [stdout]     |
[INFO] [stdout] 213 |     format!("{:width$}", s, width = MAX_NAME_SIZE)
[INFO] [stdout]     |                                     ^^^^^^^^^^^^^ not found in this scope
[INFO] [stdout] 
[INFO] [stdout] 
[INFO] [stdout] error[E0425]: cannot find function `generate_rel_name_table` in this scope
[INFO] [stdout]    --> src/main.rs:109:19
[INFO] [stdout]     |
[INFO] [stdout] 109 |     let num2rel = generate_rel_name_table();
[INFO] [stdout]     |                   ^^^^^^^^^^^^^^^^^^^^^^^ not found in this scope
[INFO] [stdout] 
[INFO] [stdout] 
[INFO] [stdout] error[E0425]: cannot find function `generate_abs_name_table` in this scope
[INFO] [stdout]    --> src/main.rs:110:19
[INFO] [stdout]     |
[INFO] [stdout] 110 |     let num2abs = generate_abs_name_table();
[INFO] [stdout]     |                   ^^^^^^^^^^^^^^^^^^^^^^^ not found in this scope
[INFO] [stdout] 
[INFO] [stdout] 
[INFO] [stdout] error[E0425]: cannot find value `MAX_NAME_SIZE` in this scope
[INFO] [stdout]    --> src/main.rs:213:37
[INFO] [stdout]     |
[INFO] [stdout] 213 |     format!("{:width$}", s, width = MAX_NAME_SIZE)
[INFO] [stdout]     |                                     ^^^^^^^^^^^^^ not found in this scope
[INFO] [stdout] 
[INFO] [stdout] 
[INFO] [stdout] warning: unused import: `name_table::*`
[INFO] [stdout]   --> src/main.rs:16:5
[INFO] [stdout]    |
[INFO] [stdout] 16 | use name_table::*;
[INFO] [stdout]    |     ^^^^^^^^^^^^^
[INFO] [stdout]    |
[INFO] [stdout]    = note: `#[warn(unused_imports)]` on by default
[INFO] [stdout] 
[INFO] [stdout] 
[INFO] [stdout] warning: unused import: `name_table::*`
[INFO] [stdout]   --> src/main.rs:16:5
[INFO] [stdout]    |
[INFO] [stdout] 16 | use name_table::*;
[INFO] [stdout]    |     ^^^^^^^^^^^^^
[INFO] [stdout]    |
[INFO] [stdout]    = note: `#[warn(unused_imports)]` on by default
[INFO] [stdout] 
[INFO] [stdout] 
[INFO] [stdout] error: aborting due to 6 previous errors; 1 warning emitted
[INFO] [stdout] 
[INFO] [stdout] 
[INFO] [stdout] Some errors have detailed explanations: E0425, E0583.
[INFO] [stdout] 
[INFO] [stdout] For more information about an error, try `rustc --explain E0425`.
[INFO] [stdout] 
[INFO] [stdout] error: aborting due to 6 previous errors; 1 warning emitted
[INFO] [stdout] 
[INFO] [stdout] 
[INFO] [stdout] Some errors have detailed explanations: E0425, E0583.
[INFO] [stdout] 
[INFO] [stdout] For more information about an error, try `rustc --explain E0425`.
[INFO] [stdout] 
[INFO] [stderr] error: could not compile `devilnput` due to 7 previous errors; 1 warning emitted
[INFO] [stderr] warning: build failed, waiting for other jobs to finish...
[INFO] [stderr] error: build failed
[INFO] running `Command { std: "docker" "inspect" "f672f9e2212e87ab7b1a9d4b5f38c1b893ddf84c74b93b2ab8a87ff6cab4a504", kill_on_drop: false }`
[INFO] running `Command { std: "docker" "rm" "-f" "f672f9e2212e87ab7b1a9d4b5f38c1b893ddf84c74b93b2ab8a87ff6cab4a504", kill_on_drop: false }`
[INFO] [stdout] f672f9e2212e87ab7b1a9d4b5f38c1b893ddf84c74b93b2ab8a87ff6cab4a504
