[INFO] cloning repository https://github.com/andrewzah/rust-reddit-watcher-telegram-notifier
[INFO] running `Command { std: "git" "-c" "credential.helper=" "-c" "credential.helper=/workspace/cargo-home/bin/git-credential-null" "clone" "--bare" "https://github.com/andrewzah/rust-reddit-watcher-telegram-notifier" "/workspace/cache/git-repos/https%3A%2F%2Fgithub.com%2Fandrewzah%2Frust-reddit-watcher-telegram-notifier", kill_on_drop: false }`
[INFO] [stderr] Cloning into bare repository '/workspace/cache/git-repos/https%3A%2F%2Fgithub.com%2Fandrewzah%2Frust-reddit-watcher-telegram-notifier'...
[INFO] running `Command { std: "git" "rev-parse" "HEAD", kill_on_drop: false }`
[INFO] [stdout] 077e29eca3e226d7f0675ea00c930b154c6c89f8
[INFO] checking andrewzah/rust-reddit-watcher-telegram-notifier against 1.55.0 for beta-1.56-3
[INFO] running `Command { std: "git" "clone" "/workspace/cache/git-repos/https%3A%2F%2Fgithub.com%2Fandrewzah%2Frust-reddit-watcher-telegram-notifier" "/workspace/builds/worker-23/source", kill_on_drop: false }`
[INFO] [stderr] Cloning into '/workspace/builds/worker-23/source'...
[INFO] [stderr] done.
[INFO] validating manifest of git repo https://github.com/andrewzah/rust-reddit-watcher-telegram-notifier on toolchain 1.55.0
[INFO] running `Command { std: "/workspace/cargo-home/bin/cargo" "+1.55.0" "metadata" "--manifest-path" "Cargo.toml" "--no-deps", kill_on_drop: false }`
[INFO] started tweaking git repo https://github.com/andrewzah/rust-reddit-watcher-telegram-notifier
[INFO] finished tweaking git repo https://github.com/andrewzah/rust-reddit-watcher-telegram-notifier
[INFO] tweaked toml for git repo https://github.com/andrewzah/rust-reddit-watcher-telegram-notifier written to /workspace/builds/worker-23/source/Cargo.toml
[INFO] crate git repo https://github.com/andrewzah/rust-reddit-watcher-telegram-notifier already has a lockfile, it will not be regenerated
[INFO] running `Command { std: "/workspace/cargo-home/bin/cargo" "+1.55.0" "fetch" "--manifest-path" "Cargo.toml", kill_on_drop: false }`
[INFO] [stderr]     Blocking waiting for file lock on package cache
[INFO] [stderr]     Blocking waiting for file lock on package cache
[INFO] [stderr]  Downloading crates ...
[INFO] [stderr]   Downloaded serde_with_macros v1.2.2
[INFO] [stderr]   Downloaded futures-macro v0.3.7
[INFO] [stderr]   Downloaded tokio-macros v0.3.1
[INFO] [stderr]   Downloaded serde_path_to_error v0.1.3
[INFO] [stderr]   Downloaded teloxide-macros v0.3.2
[INFO] [stderr]   Downloaded futures-executor v0.3.7
[INFO] [stderr]   Downloaded mio v0.7.5
[INFO] [stderr]   Downloaded owned-alloc v0.2.0
[INFO] [stderr]   Downloaded native-tls v0.2.5
[INFO] [stderr]   Downloaded lockfree v0.5.1
[INFO] [stderr]   Downloaded teloxide v0.3.3
[INFO] [stderr]   Downloaded futures v0.3.7
[INFO] [stderr]   Downloaded tokio v0.3.3
[INFO] [stderr]   Downloaded mr_splashy_pants v0.1.32
[INFO] running `Command { std: "docker" "create" "-v" "/var/lib/crater-agent-workspace/builds/worker-23/target:/opt/rustwide/target:rw,Z" "-v" "/var/lib/crater-agent-workspace/builds/worker-23/source:/opt/rustwide/workdir:ro,Z" "-v" "/var/lib/crater-agent-workspace/cargo-home:/opt/rustwide/cargo-home:ro,Z" "-v" "/var/lib/crater-agent-workspace/rustup-home:/opt/rustwide/rustup-home:ro,Z" "-e" "SOURCE_DIR=/opt/rustwide/workdir" "-e" "CARGO_TARGET_DIR=/opt/rustwide/target" "-e" "CARGO_HOME=/opt/rustwide/cargo-home" "-e" "RUSTUP_HOME=/opt/rustwide/rustup-home" "-w" "/opt/rustwide/workdir" "-m" "1610612736" "--user" "0:0" "--network" "none" "ghcr.io/rust-lang/crates-build-env/linux@sha256:a89201d6b5b9fd45c15d5952ece0a0129e7e80cb26ec023fd59cf09bc26f1604" "/opt/rustwide/cargo-home/bin/cargo" "+1.55.0" "metadata" "--no-deps" "--format-version=1", kill_on_drop: false }`
[INFO] [stdout] 24c30982c77df07710ac983455463680a364554de8032032da2b4b5cad076ff9
[INFO] running `Command { std: "docker" "start" "-a" "24c30982c77df07710ac983455463680a364554de8032032da2b4b5cad076ff9", kill_on_drop: false }`
[INFO] running `Command { std: "docker" "inspect" "24c30982c77df07710ac983455463680a364554de8032032da2b4b5cad076ff9", kill_on_drop: false }`
[INFO] running `Command { std: "docker" "rm" "-f" "24c30982c77df07710ac983455463680a364554de8032032da2b4b5cad076ff9", kill_on_drop: false }`
[INFO] [stdout] 24c30982c77df07710ac983455463680a364554de8032032da2b4b5cad076ff9
[INFO] running `Command { std: "docker" "create" "-v" "/var/lib/crater-agent-workspace/builds/worker-23/target:/opt/rustwide/target:rw,Z" "-v" "/var/lib/crater-agent-workspace/builds/worker-23/source:/opt/rustwide/workdir:ro,Z" "-v" "/var/lib/crater-agent-workspace/cargo-home:/opt/rustwide/cargo-home:ro,Z" "-v" "/var/lib/crater-agent-workspace/rustup-home:/opt/rustwide/rustup-home:ro,Z" "-e" "SOURCE_DIR=/opt/rustwide/workdir" "-e" "CARGO_TARGET_DIR=/opt/rustwide/target" "-e" "CARGO_INCREMENTAL=0" "-e" "RUST_BACKTRACE=full" "-e" "RUSTFLAGS=--cap-lints=warn" "-e" "CARGO_HOME=/opt/rustwide/cargo-home" "-e" "RUSTUP_HOME=/opt/rustwide/rustup-home" "-w" "/opt/rustwide/workdir" "-m" "1610612736" "--user" "0:0" "--network" "none" "ghcr.io/rust-lang/crates-build-env/linux@sha256:a89201d6b5b9fd45c15d5952ece0a0129e7e80cb26ec023fd59cf09bc26f1604" "/opt/rustwide/cargo-home/bin/cargo" "+1.55.0" "check" "--frozen" "--all" "--all-targets" "--message-format=json", kill_on_drop: false }`
[INFO] [stdout] 2e6cd1882b40262abce0b554667098d4527311b9cb4c559f39b1fd9cadff06f3
[INFO] running `Command { std: "docker" "start" "-a" "2e6cd1882b40262abce0b554667098d4527311b9cb4c559f39b1fd9cadff06f3", kill_on_drop: false }`
[INFO] [stderr]     Blocking waiting for file lock on package cache
[INFO] [stderr]    Compiling proc-macro2 v1.0.24
[INFO] [stderr]    Compiling syn v1.0.48
[INFO] [stderr]    Compiling libc v0.2.80
[INFO] [stderr]    Compiling log v0.4.11
[INFO] [stderr]    Compiling memchr v2.3.4
[INFO] [stderr]    Compiling pkg-config v0.3.19
[INFO] [stderr]     Checking futures-core v0.3.7
[INFO] [stderr]     Checking pin-project-lite v0.1.11
[INFO] [stderr]    Compiling cc v1.0.62
[INFO] [stderr]     Checking futures-sink v0.3.7
[INFO] [stderr]     Checking once_cell v1.4.1
[INFO] [stderr]    Compiling serde_derive v1.0.117
[INFO] [stderr]     Checking ahash v0.4.6
[INFO] [stderr]    Compiling pin-project-internal v0.4.27
[INFO] [stderr]    Compiling serde v1.0.117
[INFO] [stderr]     Checking futures-io v0.3.7
[INFO] [stderr]    Compiling openssl v0.10.30
[INFO] [stderr]     Checking foreign-types-shared v0.1.1
[INFO] [stderr]     Checking tinyvec v0.3.4
[INFO] [stderr]    Compiling native-tls v0.2.5
[INFO] [stderr]    Compiling serde_json v1.0.59
[INFO] [stderr]     Checking openssl-probe v0.1.2
[INFO] [stderr]    Compiling ucd-trie v0.1.3
[INFO] [stderr]    Compiling encoding_rs v0.8.26
[INFO] [stderr]    Compiling maplit v1.0.2
[INFO] [stderr]    Compiling strsim v0.9.3
[INFO] [stderr]     Checking httpdate v0.3.2
[INFO] [stderr]     Checking smallvec v1.4.2
[INFO] [stderr]     Checking ipnet v2.3.0
[INFO] [stderr]     Checking quick-error v2.0.0
[INFO] [stderr]     Checking owned-alloc v0.2.0
[INFO] [stderr]     Checking fallible-streaming-iterator v0.1.9
[INFO] [stderr]     Checking regex-syntax v0.6.21
[INFO] [stderr]     Checking fallible-iterator v0.2.0
[INFO] [stderr]     Checking bytes v0.6.0
[INFO] [stderr]    Compiling proc-macro-hack v0.5.19
[INFO] [stderr]     Checking tracing-core v0.1.17
[INFO] [stderr]    Compiling indexmap v1.6.0
[INFO] [stderr]     Checking form_urlencoded v1.0.0
[INFO] [stderr]     Checking instant v0.1.8
[INFO] [stderr]    Compiling tokio v0.3.3
[INFO] [stderr]     Checking lock_api v0.4.1
[INFO] [stderr]     Checking thread_local v1.0.1
[INFO] [stderr]     Checking foreign-types v0.3.2
[INFO] [stderr]     Checking pest v2.1.3
[INFO] [stderr]     Checking lockfree v0.5.1
[INFO] [stderr]     Checking futures-channel v0.3.7
[INFO] [stderr]     Checking unicode-normalization v0.1.13
[INFO] [stderr]     Checking hashbrown v0.9.1
[INFO] [stderr]    Compiling libsqlite3-sys v0.20.1
[INFO] [stderr]     Checking futures-task v0.3.7
[INFO] [stderr]    Compiling quote v1.0.7
[INFO] [stderr]     Checking tracing v0.1.21
[INFO] [stderr]     Checking want v0.3.0
[INFO] [stderr]     Checking idna v0.2.0
[INFO] [stderr]     Checking aho-corasick v0.7.15
[INFO] [stderr]     Checking hashlink v0.6.0
[INFO] [stderr]    Compiling pest_meta v2.1.3
[INFO] [stderr]    Compiling openssl-sys v0.9.58
[INFO] [stderr]     Checking net2 v0.2.35
[INFO] [stderr]     Checking iovec v0.1.4
[INFO] [stderr]     Checking socket2 v0.3.15
[INFO] [stderr]     Checking parking_lot_core v0.8.0
[INFO] [stderr]     Checking signal-hook-registry v1.2.2
[INFO] [stderr]     Checking mio v0.7.5
[INFO] [stderr]     Checking num_cpus v1.13.0
[INFO] [stderr]     Checking url v2.2.0
[INFO] [stderr]     Checking rusqlite v0.24.1
[INFO] [stderr]     Checking regex v1.4.2
[INFO] [stderr]     Checking signal-hook v0.1.16
[INFO] [stderr]     Checking mio v0.6.22
[INFO] [stderr]     Checking parking_lot v0.11.0
[INFO] [stderr]     Checking tokio v0.2.22
[INFO] [stderr]    Compiling darling_core v0.10.2
[INFO] [stderr]    Compiling pest_generator v2.1.3
[INFO] [stderr]     Checking tokio-util v0.3.1
[INFO] [stderr]     Checking tokio-tls v0.3.1
[INFO] [stderr]    Compiling pin-project-internal v1.0.1
[INFO] [stderr]    Compiling futures-macro v0.3.7
[INFO] [stderr]    Compiling async-stream-impl v0.3.0
[INFO] [stderr]    Compiling thiserror-impl v1.0.22
[INFO] [stderr]    Compiling pest_derive v2.1.0
[INFO] [stderr]    Compiling teloxide-macros v0.3.2
[INFO] [stderr]    Compiling async-trait v0.1.41
[INFO] [stderr]    Compiling tokio-macros v0.3.1
[INFO] [stderr]    Compiling derive_more v0.99.11
[INFO] [stderr]    Compiling darling_macro v0.10.2
[INFO] [stderr]     Checking async-stream v0.3.0
[INFO] [stderr]    Compiling darling v0.10.2
[INFO] [stderr]    Compiling serde_with_macros v1.2.2
[INFO] [stderr]     Checking thiserror v1.0.22
[INFO] [stderr]     Checking pin-project v1.0.1
[INFO] [stderr]     Checking pin-project v0.4.27
[INFO] [stderr]     Checking futures-util v0.3.7
[INFO] [stderr]     Checking tracing-futures v0.2.4
[INFO] [stderr]     Checking h2 v0.2.7
[INFO] [stderr]     Checking futures-executor v0.3.7
[INFO] [stderr]     Checking futures v0.3.7
[INFO] [stderr]     Checking serde_urlencoded v0.6.1
[INFO] [stderr]     Checking serde_path_to_error v0.1.3
[INFO] [stderr]     Checking hyper v0.13.9
[INFO] [stderr]     Checking handlebars v3.5.1
[INFO] [stderr]     Checking hyper-tls v0.4.3
[INFO] [stderr]     Checking reqwest v0.10.8
[INFO] [stderr]     Checking teloxide v0.3.3
[INFO] [stderr]     Checking mr_splashy_pants v0.1.32
[INFO] [stderr]     Checking sub_watcher v1.0.0 (/opt/rustwide/workdir)
[INFO] [stdout] error[E0308]: mismatched types
[INFO] [stdout]   --> src/main.rs:71:13
[INFO] [stdout]    |
[INFO] [stdout] 70 |         let value = match value {
[INFO] [stdout]    |                           ----- this expression has type `mr_splashy_pants::api::generated::response::listing::subreddit_new::Data`
[INFO] [stdout] 71 |             Ok(v) => v,
[INFO] [stdout]    |             ^^^^^ expected struct `mr_splashy_pants::api::generated::response::listing::subreddit_new::Data`, found enum `Result`
[INFO] [stdout]    |
[INFO] [stdout]    = note: expected struct `mr_splashy_pants::api::generated::response::listing::subreddit_new::Data`
[INFO] [stdout]                 found enum `Result<_, _>`
[INFO] [stdout] 
[INFO] [stdout] 
[INFO] [stdout] error[E0308]: mismatched types
[INFO] [stdout]   --> src/main.rs:72:13
[INFO] [stdout]    |
[INFO] [stdout] 70 |         let value = match value {
[INFO] [stdout]    |                           ----- this expression has type `mr_splashy_pants::api::generated::response::listing::subreddit_new::Data`
[INFO] [stdout] 71 |             Ok(v) => v,
[INFO] [stdout] 72 |             Err(e) => {
[INFO] [stdout]    |             ^^^^^^ expected struct `mr_splashy_pants::api::generated::response::listing::subreddit_new::Data`, found enum `Result`
[INFO] [stdout]    |
[INFO] [stdout]    = note: expected struct `mr_splashy_pants::api::generated::response::listing::subreddit_new::Data`
[INFO] [stdout]                 found enum `Result<_, _>`
[INFO] [stdout] 
[INFO] [stdout] 
[INFO] [stdout] error[E0308]: mismatched types
[INFO] [stdout]   --> src/main.rs:71:13
[INFO] [stdout]    |
[INFO] [stdout] 70 |         let value = match value {
[INFO] [stdout]    |                           ----- this expression has type `mr_splashy_pants::api::generated::response::listing::subreddit_new::Data`
[INFO] [stdout] 71 |             Ok(v) => v,
[INFO] [stdout]    |             ^^^^^ expected struct `mr_splashy_pants::api::generated::response::listing::subreddit_new::Data`, found enum `Result`
[INFO] [stdout]    |
[INFO] [stdout]    = note: expected struct `mr_splashy_pants::api::generated::response::listing::subreddit_new::Data`
[INFO] [stdout]                 found enum `Result<_, _>`
[INFO] [stdout] 
[INFO] [stdout] 
[INFO] [stdout] error[E0308]: mismatched types
[INFO] [stdout]   --> src/main.rs:72:13
[INFO] [stdout]    |
[INFO] [stdout] 70 |         let value = match value {
[INFO] [stdout]    |                           ----- this expression has type `mr_splashy_pants::api::generated::response::listing::subreddit_new::Data`
[INFO] [stdout] 71 |             Ok(v) => v,
[INFO] [stdout] 72 |             Err(e) => {
[INFO] [stdout]    |             ^^^^^^ expected struct `mr_splashy_pants::api::generated::response::listing::subreddit_new::Data`, found enum `Result`
[INFO] [stdout]    |
[INFO] [stdout]    = note: expected struct `mr_splashy_pants::api::generated::response::listing::subreddit_new::Data`
[INFO] [stdout]                 found enum `Result<_, _>`
[INFO] [stdout] 
[INFO] [stdout] 
[INFO] [stdout] error[E0277]: the size for values of type `str` cannot be known at compilation time
[INFO] [stdout]   --> src/main.rs:78:13
[INFO] [stdout]    |
[INFO] [stdout] 78 |         let permalink = match &value.permalink {
[INFO] [stdout]    |             ^^^^^^^^^ doesn't have a size known at compile-time
[INFO] [stdout]    |
[INFO] [stdout]    = help: the trait `Sized` is not implemented for `str`
[INFO] [stdout]    = note: all local variables must have a statically known size
[INFO] [stdout]    = help: unsized locals are gated as an unstable feature
[INFO] [stdout] 
[INFO] [stdout] 
[INFO] [stdout] error[E0277]: the size for values of type `str` cannot be known at compilation time
[INFO] [stdout]   --> src/main.rs:78:13
[INFO] [stdout]    |
[INFO] [stdout] 78 |         let permalink = match &value.permalink {
[INFO] [stdout]    |             ^^^^^^^^^ doesn't have a size known at compile-time
[INFO] [stdout]    |
[INFO] [stdout]    = help: the trait `Sized` is not implemented for `str`
[INFO] [stdout]    = note: all local variables must have a statically known size
[INFO] [stdout]    = help: unsized locals are gated as an unstable feature
[INFO] [stdout] 
[INFO] [stdout] 
[INFO] [stdout] error[E0277]: the size for values of type `str` cannot be known at compilation time
[INFO] [stdout]   --> src/main.rs:79:18
[INFO] [stdout]    |
[INFO] [stdout] 79 |             Some(v) => v,
[INFO] [stdout]    |                  ^ doesn't have a size known at compile-time
[INFO] [stdout]    |
[INFO] [stdout]    = help: the trait `Sized` is not implemented for `str`
[INFO] [stdout]    = note: all local variables must have a statically known size
[INFO] [stdout]    = help: unsized locals are gated as an unstable feature
[INFO] [stdout] 
[INFO] [stdout] 
[INFO] [stdout] error[E0277]: the size for values of type `str` cannot be known at compilation time
[INFO] [stdout]   --> src/main.rs:79:18
[INFO] [stdout]    |
[INFO] [stdout] 79 |             Some(v) => v,
[INFO] [stdout]    |                  ^ doesn't have a size known at compile-time
[INFO] [stdout]    |
[INFO] [stdout]    = help: the trait `Sized` is not implemented for `str`
[INFO] [stdout]    = note: all local variables must have a statically known size
[INFO] [stdout]    = help: unsized locals are gated as an unstable feature
[INFO] [stdout] 
[INFO] [stdout] 
[INFO] [stdout] error[E0277]: the size for values of type `str` cannot be known at compilation time
[INFO] [stdout]    --> src/main.rs:79:13
[INFO] [stdout]     |
[INFO] [stdout] 79  |             Some(v) => v,
[INFO] [stdout]     |             ^^^^^^^ doesn't have a size known at compile-time
[INFO] [stdout]     |
[INFO] [stdout]     = help: the trait `Sized` is not implemented for `str`
[INFO] [stdout] note: required by `Some`
[INFO] [stdout] 
[INFO] [stdout] 
[INFO] [stdout] error[E0277]: the size for values of type `str` cannot be known at compilation time
[INFO] [stdout]    --> src/main.rs:79:13
[INFO] [stdout]     |
[INFO] [stdout] 79  |             Some(v) => v,
[INFO] [stdout]     |             ^^^^^^^ doesn't have a size known at compile-time
[INFO] [stdout]     |
[INFO] [stdout]     = help: the trait `Sized` is not implemented for `str`
[INFO] [stdout] note: required by `Some`
[INFO] [stdout] 
[INFO] [stdout] 
[INFO] [stdout] error: aborting due to 5 previous errors
[INFO] [stdout] 
[INFO] [stdout] 
[INFO] [stdout] Some errors have detailed explanations: E0277, E0308.
[INFO] [stdout] 
[INFO] [stdout] For more information about an error, try `rustc --explain E0277`.
[INFO] [stdout] 
[INFO] [stdout] error: aborting due to 5 previous errors
[INFO] [stdout] 
[INFO] [stdout] 
[INFO] [stdout] Some errors have detailed explanations: E0277, E0308.
[INFO] [stdout] 
[INFO] [stderr] error: could not compile `sub_watcher` due to 6 previous errors
[INFO] [stdout] For more information about an error, try `rustc --explain E0277`.
[INFO] [stdout] 
[INFO] [stderr] warning: build failed, waiting for other jobs to finish...
[INFO] [stderr] error: build failed
[INFO] running `Command { std: "docker" "inspect" "2e6cd1882b40262abce0b554667098d4527311b9cb4c559f39b1fd9cadff06f3", kill_on_drop: false }`
[INFO] running `Command { std: "docker" "rm" "-f" "2e6cd1882b40262abce0b554667098d4527311b9cb4c559f39b1fd9cadff06f3", kill_on_drop: false }`
[INFO] [stdout] 2e6cd1882b40262abce0b554667098d4527311b9cb4c559f39b1fd9cadff06f3
