[INFO] cloning repository https://github.com/anden3/gameboy-emulator
[INFO] running `Command { std: "git" "-c" "credential.helper=" "-c" "credential.helper=/workspace/cargo-home/bin/git-credential-null" "clone" "--bare" "https://github.com/anden3/gameboy-emulator" "/workspace/cache/git-repos/https%3A%2F%2Fgithub.com%2Fanden3%2Fgameboy-emulator", kill_on_drop: false }`
[INFO] [stderr] Cloning into bare repository '/workspace/cache/git-repos/https%3A%2F%2Fgithub.com%2Fanden3%2Fgameboy-emulator'...
[INFO] running `Command { std: "git" "rev-parse" "HEAD", kill_on_drop: false }`
[INFO] [stdout] bdb48685a90944fa013a4cf10892d0ea91380df4
[INFO] checking anden3/gameboy-emulator against beta-2021-10-15 for beta-1.56-3
[INFO] running `Command { std: "git" "clone" "/workspace/cache/git-repos/https%3A%2F%2Fgithub.com%2Fanden3%2Fgameboy-emulator" "/workspace/builds/worker-4/source", kill_on_drop: false }`
[INFO] [stderr] Cloning into '/workspace/builds/worker-4/source'...
[INFO] [stderr] done.
[INFO] validating manifest of git repo https://github.com/anden3/gameboy-emulator on toolchain beta-2021-10-15
[INFO] running `Command { std: "/workspace/cargo-home/bin/cargo" "+beta-2021-10-15" "metadata" "--manifest-path" "Cargo.toml" "--no-deps", kill_on_drop: false }`
[INFO] started tweaking git repo https://github.com/anden3/gameboy-emulator
[INFO] finished tweaking git repo https://github.com/anden3/gameboy-emulator
[INFO] tweaked toml for git repo https://github.com/anden3/gameboy-emulator written to /workspace/builds/worker-4/source/Cargo.toml
[INFO] crate git repo https://github.com/anden3/gameboy-emulator already has a lockfile, it will not be regenerated
[INFO] running `Command { std: "/workspace/cargo-home/bin/cargo" "+beta-2021-10-15" "fetch" "--manifest-path" "Cargo.toml", kill_on_drop: false }`
[INFO] running `Command { std: "docker" "create" "-v" "/var/lib/crater-agent-workspace/builds/worker-4/target:/opt/rustwide/target:rw,Z" "-v" "/var/lib/crater-agent-workspace/builds/worker-4/source:/opt/rustwide/workdir:ro,Z" "-v" "/var/lib/crater-agent-workspace/cargo-home:/opt/rustwide/cargo-home:ro,Z" "-v" "/var/lib/crater-agent-workspace/rustup-home:/opt/rustwide/rustup-home:ro,Z" "-e" "SOURCE_DIR=/opt/rustwide/workdir" "-e" "CARGO_TARGET_DIR=/opt/rustwide/target" "-e" "CARGO_HOME=/opt/rustwide/cargo-home" "-e" "RUSTUP_HOME=/opt/rustwide/rustup-home" "-w" "/opt/rustwide/workdir" "-m" "1610612736" "--user" "0:0" "--network" "none" "ghcr.io/rust-lang/crates-build-env/linux@sha256:a89201d6b5b9fd45c15d5952ece0a0129e7e80cb26ec023fd59cf09bc26f1604" "/opt/rustwide/cargo-home/bin/cargo" "+beta-2021-10-15" "metadata" "--no-deps" "--format-version=1", kill_on_drop: false }`
[INFO] [stderr] WARNING: Your kernel does not support swap limit capabilities or the cgroup is not mounted. Memory limited without swap.
[INFO] [stdout] b6c52c97356ff268de04fedfcdc55fd641d0fb103f8754b8c9518a50dc92b16d
[INFO] running `Command { std: "docker" "start" "-a" "b6c52c97356ff268de04fedfcdc55fd641d0fb103f8754b8c9518a50dc92b16d", kill_on_drop: false }`
[INFO] running `Command { std: "docker" "inspect" "b6c52c97356ff268de04fedfcdc55fd641d0fb103f8754b8c9518a50dc92b16d", kill_on_drop: false }`
[INFO] running `Command { std: "docker" "rm" "-f" "b6c52c97356ff268de04fedfcdc55fd641d0fb103f8754b8c9518a50dc92b16d", kill_on_drop: false }`
[INFO] [stdout] b6c52c97356ff268de04fedfcdc55fd641d0fb103f8754b8c9518a50dc92b16d
[INFO] running `Command { std: "docker" "create" "-v" "/var/lib/crater-agent-workspace/builds/worker-4/target:/opt/rustwide/target:rw,Z" "-v" "/var/lib/crater-agent-workspace/builds/worker-4/source:/opt/rustwide/workdir:ro,Z" "-v" "/var/lib/crater-agent-workspace/cargo-home:/opt/rustwide/cargo-home:ro,Z" "-v" "/var/lib/crater-agent-workspace/rustup-home:/opt/rustwide/rustup-home:ro,Z" "-e" "SOURCE_DIR=/opt/rustwide/workdir" "-e" "CARGO_TARGET_DIR=/opt/rustwide/target" "-e" "CARGO_INCREMENTAL=0" "-e" "RUST_BACKTRACE=full" "-e" "RUSTFLAGS=--cap-lints=warn" "-e" "CARGO_HOME=/opt/rustwide/cargo-home" "-e" "RUSTUP_HOME=/opt/rustwide/rustup-home" "-w" "/opt/rustwide/workdir" "-m" "1610612736" "--user" "0:0" "--network" "none" "ghcr.io/rust-lang/crates-build-env/linux@sha256:a89201d6b5b9fd45c15d5952ece0a0129e7e80cb26ec023fd59cf09bc26f1604" "/opt/rustwide/cargo-home/bin/cargo" "+beta-2021-10-15" "check" "--frozen" "--all" "--all-targets" "--message-format=json", kill_on_drop: false }`
[INFO] [stdout] d681c8b6c09c74ac08b11a670dadba1995e5d2f74cb9ff14547fb25c678a908e
[INFO] [stderr] WARNING: Your kernel does not support swap limit capabilities or the cgroup is not mounted. Memory limited without swap.
[INFO] running `Command { std: "docker" "start" "-a" "d681c8b6c09c74ac08b11a670dadba1995e5d2f74cb9ff14547fb25c678a908e", kill_on_drop: false }`
[INFO] [stderr]     Checking gameboy-emulator v0.1.0 (/opt/rustwide/workdir)
[INFO] [stdout] error[E0425]: cannot find function `step` in module `cpu`
[INFO] [stdout]  --> src/main.rs:4:10
[INFO] [stdout]   |
[INFO] [stdout] 4 |     cpu::step();
[INFO] [stdout]   |          ^^^^ not found in `cpu`
[INFO] [stdout] 
[INFO] [stdout] 
[INFO] [stdout] error[E0308]: mismatched types
[INFO] [stdout]    --> src/cpu.rs:166:26
[INFO] [stdout]     |
[INFO] [stdout] 166 |     fn pop(&mut self) -> u16 {}
[INFO] [stdout]     |        ---               ^^^ expected `u16`, found `()`
[INFO] [stdout]     |        |
[INFO] [stdout]     |        implicitly returns `()` as its body has no tail or `return` expression
[INFO] [stdout] 
[INFO] [stdout] 
[INFO] [stdout] error: aborting due to 2 previous errors
[INFO] [stdout] 
[INFO] [stdout] 
[INFO] [stdout] Some errors have detailed explanations: E0308, E0425.
[INFO] [stdout] 
[INFO] [stdout] For more information about an error, try `rustc --explain E0308`.
[INFO] [stdout] 
[INFO] [stderr] error: could not compile `gameboy-emulator` due to 3 previous errors
[INFO] [stderr] warning: build failed, waiting for other jobs to finish...
[INFO] [stdout] error[E0425]: cannot find function `step` in module `cpu`
[INFO] [stdout]  --> src/main.rs:4:10
[INFO] [stdout]   |
[INFO] [stdout] 4 |     cpu::step();
[INFO] [stdout]   |          ^^^^ not found in `cpu`
[INFO] [stdout] 
[INFO] [stdout] 
[INFO] [stdout] error[E0308]: mismatched types
[INFO] [stdout]    --> src/cpu.rs:166:26
[INFO] [stdout]     |
[INFO] [stdout] 166 |     fn pop(&mut self) -> u16 {}
[INFO] [stdout]     |        ---               ^^^ expected `u16`, found `()`
[INFO] [stdout]     |        |
[INFO] [stdout]     |        implicitly returns `()` as its body has no tail or `return` expression
[INFO] [stdout] 
[INFO] [stdout] 
[INFO] [stdout] error: aborting due to 2 previous errors
[INFO] [stdout] 
[INFO] [stdout] 
[INFO] [stdout] Some errors have detailed explanations: E0308, E0425.
[INFO] [stdout] 
[INFO] [stdout] For more information about an error, try `rustc --explain E0308`.
[INFO] [stdout] 
[INFO] [stderr] error: build failed
[INFO] running `Command { std: "docker" "inspect" "d681c8b6c09c74ac08b11a670dadba1995e5d2f74cb9ff14547fb25c678a908e", kill_on_drop: false }`
[INFO] running `Command { std: "docker" "rm" "-f" "d681c8b6c09c74ac08b11a670dadba1995e5d2f74cb9ff14547fb25c678a908e", kill_on_drop: false }`
[INFO] [stdout] d681c8b6c09c74ac08b11a670dadba1995e5d2f74cb9ff14547fb25c678a908e
