[INFO] cloning repository https://github.com/anarioch/rustyrays
[INFO] running `Command { std: "git" "-c" "credential.helper=" "-c" "credential.helper=/workspace/cargo-home/bin/git-credential-null" "clone" "--bare" "https://github.com/anarioch/rustyrays" "/workspace/cache/git-repos/https%3A%2F%2Fgithub.com%2Fanarioch%2Frustyrays", kill_on_drop: false }`
[INFO] [stderr] Cloning into bare repository '/workspace/cache/git-repos/https%3A%2F%2Fgithub.com%2Fanarioch%2Frustyrays'...
[INFO] running `Command { std: "git" "rev-parse" "HEAD", kill_on_drop: false }`
[INFO] [stdout] 588c50623138f307ae58eba5e18246a165e9ab03
[INFO] checking anarioch/rustyrays against beta-2021-10-15 for beta-1.56-3
[INFO] running `Command { std: "git" "clone" "/workspace/cache/git-repos/https%3A%2F%2Fgithub.com%2Fanarioch%2Frustyrays" "/workspace/builds/worker-7/source", kill_on_drop: false }`
[INFO] [stderr] Cloning into '/workspace/builds/worker-7/source'...
[INFO] [stderr] done.
[INFO] validating manifest of git repo https://github.com/anarioch/rustyrays on toolchain beta-2021-10-15
[INFO] running `Command { std: "/workspace/cargo-home/bin/cargo" "+beta-2021-10-15" "metadata" "--manifest-path" "Cargo.toml" "--no-deps", kill_on_drop: false }`
[INFO] removed /workspace/builds/worker-7/source/.cargo/config
[INFO] started tweaking git repo https://github.com/anarioch/rustyrays
[INFO] finished tweaking git repo https://github.com/anarioch/rustyrays
[INFO] tweaked toml for git repo https://github.com/anarioch/rustyrays written to /workspace/builds/worker-7/source/Cargo.toml
[INFO] crate git repo https://github.com/anarioch/rustyrays already has a lockfile, it will not be regenerated
[INFO] running `Command { std: "/workspace/cargo-home/bin/cargo" "+beta-2021-10-15" "fetch" "--manifest-path" "Cargo.toml", kill_on_drop: false }`
[INFO] [stderr]  Downloading crates ...
[INFO] [stderr]   Downloaded float-cmp v0.8.0
[INFO] [stderr]   Downloaded rayon-core v1.4.0
[INFO] [stderr]   Downloaded bytemuck v1.4.1
[INFO] [stderr]   Downloaded weezl v0.1.3
[INFO] [stderr]   Downloaded gif v0.11.1
[INFO] [stderr]   Downloaded rayon v1.0.1
[INFO] [stderr]   Downloaded jpeg-decoder v0.1.20
[INFO] [stderr]   Downloaded image v0.23.12
[INFO] [stderr]   Downloaded syn v1.0.55
[INFO] [stderr]   Downloaded either v1.5.0
[INFO] running `Command { std: "docker" "create" "-v" "/var/lib/crater-agent-workspace/builds/worker-7/target:/opt/rustwide/target:rw,Z" "-v" "/var/lib/crater-agent-workspace/builds/worker-7/source:/opt/rustwide/workdir:ro,Z" "-v" "/var/lib/crater-agent-workspace/cargo-home:/opt/rustwide/cargo-home:ro,Z" "-v" "/var/lib/crater-agent-workspace/rustup-home:/opt/rustwide/rustup-home:ro,Z" "-e" "SOURCE_DIR=/opt/rustwide/workdir" "-e" "CARGO_TARGET_DIR=/opt/rustwide/target" "-e" "CARGO_HOME=/opt/rustwide/cargo-home" "-e" "RUSTUP_HOME=/opt/rustwide/rustup-home" "-w" "/opt/rustwide/workdir" "-m" "1610612736" "--user" "0:0" "--network" "none" "ghcr.io/rust-lang/crates-build-env/linux@sha256:a89201d6b5b9fd45c15d5952ece0a0129e7e80cb26ec023fd59cf09bc26f1604" "/opt/rustwide/cargo-home/bin/cargo" "+beta-2021-10-15" "metadata" "--no-deps" "--format-version=1", kill_on_drop: false }`
[INFO] [stdout] b1c4da64255ac618a7ec46ef6ae9916dc91b2150ad7c805b436c563829fd220c
[INFO] [stderr] WARNING: Your kernel does not support swap limit capabilities or the cgroup is not mounted. Memory limited without swap.
[INFO] running `Command { std: "docker" "start" "-a" "b1c4da64255ac618a7ec46ef6ae9916dc91b2150ad7c805b436c563829fd220c", kill_on_drop: false }`
[INFO] running `Command { std: "docker" "inspect" "b1c4da64255ac618a7ec46ef6ae9916dc91b2150ad7c805b436c563829fd220c", kill_on_drop: false }`
[INFO] running `Command { std: "docker" "rm" "-f" "b1c4da64255ac618a7ec46ef6ae9916dc91b2150ad7c805b436c563829fd220c", kill_on_drop: false }`
[INFO] [stdout] b1c4da64255ac618a7ec46ef6ae9916dc91b2150ad7c805b436c563829fd220c
[INFO] running `Command { std: "docker" "create" "-v" "/var/lib/crater-agent-workspace/builds/worker-7/target:/opt/rustwide/target:rw,Z" "-v" "/var/lib/crater-agent-workspace/builds/worker-7/source:/opt/rustwide/workdir:ro,Z" "-v" "/var/lib/crater-agent-workspace/cargo-home:/opt/rustwide/cargo-home:ro,Z" "-v" "/var/lib/crater-agent-workspace/rustup-home:/opt/rustwide/rustup-home:ro,Z" "-e" "SOURCE_DIR=/opt/rustwide/workdir" "-e" "CARGO_TARGET_DIR=/opt/rustwide/target" "-e" "CARGO_INCREMENTAL=0" "-e" "RUST_BACKTRACE=full" "-e" "RUSTFLAGS=--cap-lints=warn" "-e" "CARGO_HOME=/opt/rustwide/cargo-home" "-e" "RUSTUP_HOME=/opt/rustwide/rustup-home" "-w" "/opt/rustwide/workdir" "-m" "1610612736" "--user" "0:0" "--network" "none" "ghcr.io/rust-lang/crates-build-env/linux@sha256:a89201d6b5b9fd45c15d5952ece0a0129e7e80cb26ec023fd59cf09bc26f1604" "/opt/rustwide/cargo-home/bin/cargo" "+beta-2021-10-15" "check" "--frozen" "--all" "--all-targets" "--message-format=json", kill_on_drop: false }`
[INFO] [stdout] aa3f07d309102402c323ced7c083eca0178deedf37cfbdbfc602ed920853f1f4
[INFO] [stderr] WARNING: Your kernel does not support swap limit capabilities or the cgroup is not mounted. Memory limited without swap.
[INFO] running `Command { std: "docker" "start" "-a" "aa3f07d309102402c323ced7c083eca0178deedf37cfbdbfc602ed920853f1f4", kill_on_drop: false }`
[INFO] [stderr]    Compiling syn v1.0.55
[INFO] [stderr]    Compiling getrandom v0.2.0
[INFO] [stderr]     Checking bytemuck v1.4.1
[INFO] [stderr]    Compiling serde_json v1.0.60
[INFO] [stderr]     Checking rand v0.4.2
[INFO] [stderr]     Checking num_cpus v1.8.0
[INFO] [stderr]     Checking getrandom v0.1.15
[INFO] [stderr]     Checking png v0.16.8
[INFO] [stderr]     Checking float-cmp v0.8.0
[INFO] [stderr]     Checking num-iter v0.1.37
[INFO] [stderr]     Checking rand_core v0.5.1
[INFO] [stderr]     Checking rand_chacha v0.2.2
[INFO] [stderr]     Checking rand_xorshift v0.2.0
[INFO] [stderr]     Checking rayon-core v1.4.0
[INFO] [stderr]     Checking rand_core v0.6.0
[INFO] [stderr]     Checking rand v0.7.3
[INFO] [stderr]     Checking rand_chacha v0.3.0
[INFO] [stderr]     Checking rayon v1.0.1
[INFO] [stderr]     Checking rand v0.8.0
[INFO] [stderr]     Checking jpeg-decoder v0.1.20
[INFO] [stderr]     Checking tiff v0.6.1
[INFO] [stderr]    Compiling serde_derive v1.0.118
[INFO] [stderr]     Checking image v0.23.12
[INFO] [stderr]     Checking noise v0.7.0
[INFO] [stderr]     Checking serde v1.0.118
[INFO] [stderr]     Checking raytrace v0.1.0 (/opt/rustwide/workdir)
[INFO] [stdout] error[E0432]: unresolved import `super::super::materials::Invisible`
[INFO] [stdout]    --> src/geometry.rs:560:9
[INFO] [stdout]     |
[INFO] [stdout] 560 |     use super::super::materials::Invisible;
[INFO] [stdout]     |         ^^^^^^^^^^^^^^^^^^^^^^^^^^^^^^^^^^ no `Invisible` in `materials`
[INFO] [stdout] 
[INFO] [stdout] 
[INFO] [stdout] error[E0554]: `#![feature]` may not be used on the beta release channel
[INFO] [stdout]  --> src/lib.rs:2:1
[INFO] [stdout]   |
[INFO] [stdout] 2 | #![feature(stdsimd)]
[INFO] [stdout]   | ^^^^^^^^^^^^^^^^^^^^
[INFO] [stdout] 
[INFO] [stdout] 
[INFO] [stdout] error[E0554]: `#![feature]` may not be used on the beta release channel
[INFO] [stdout]  --> src/lib.rs:2:1
[INFO] [stdout]   |
[INFO] [stdout] 2 | #![feature(stdsimd)]
[INFO] [stdout]   | ^^^^^^^^^^^^^^^^^^^^
[INFO] [stdout] 
[INFO] [stdout] 
[INFO] [stdout] error: aborting due to previous error
[INFO] [stdout] 
[INFO] [stdout] 
[INFO] [stdout] For more information about this error, try `rustc --explain E0554`.
[INFO] [stdout] 
[INFO] [stderr] error: could not compile `raytrace` due to 2 previous errors
[INFO] [stderr] warning: build failed, waiting for other jobs to finish...
[INFO] [stdout] error[E0308]: mismatched types
[INFO] [stdout]    --> src/geometry.rs:584:87
[INFO] [stdout]     |
[INFO] [stdout] 584 |         let sphere = Sphere { centre: new_pos(0.0, -2.0, 0.0), radius: 1.0, material: Box::new(Invisible {}) };
[INFO] [stdout]     |                                                                                       ^^^^^^^^^^^^^^^^^^^^^^ expected enum `materials::Material`, found struct `Box`
[INFO] [stdout]     |
[INFO] [stdout]     = note: expected enum `materials::Material`
[INFO] [stdout]              found struct `Box<_>`
[INFO] [stdout] help: try using a variant of the expected enum
[INFO] [stdout]     |
[INFO] [stdout] 584 |         let sphere = Sphere { centre: new_pos(0.0, -2.0, 0.0), radius: 1.0, material: materials::Material::TexturedLambertian(Box::new(Invisible {})) };
[INFO] [stdout]     |                                                                                       ~~~~~~~~~~~~~~~~~~~~~~~~~~~~~~~~~~~~~~~~~~~~~~~~~~~~~~~~~~~~~~~
[INFO] [stdout] 584 |         let sphere = Sphere { centre: new_pos(0.0, -2.0, 0.0), radius: 1.0, material: materials::Material::PolishedStone(Box::new(Invisible {})) };
[INFO] [stdout]     |                                                                                       ~~~~~~~~~~~~~~~~~~~~~~~~~~~~~~~~~~~~~~~~~~~~~~~~~~~~~~~~~~
[INFO] [stdout] 
[INFO] [stdout] 
[INFO] [stdout] error[E0609]: no field `albedo` on type `materials::Material`
[INFO] [stdout]    --> src/materials.rs:245:46
[INFO] [stdout]     |
[INFO] [stdout] 245 |         assert_eq!(res.attenuation, material.albedo);
[INFO] [stdout]     |                                              ^^^^^^
[INFO] [stdout] 
[INFO] [stdout] 
[INFO] [stdout] error: aborting due to 4 previous errors
[INFO] [stdout] 
[INFO] [stdout] 
[INFO] [stdout] Some errors have detailed explanations: E0308, E0432, E0554, E0609.
[INFO] [stdout] 
[INFO] [stdout] For more information about an error, try `rustc --explain E0308`.
[INFO] [stdout] 
[INFO] [stderr] error: build failed
[INFO] running `Command { std: "docker" "inspect" "aa3f07d309102402c323ced7c083eca0178deedf37cfbdbfc602ed920853f1f4", kill_on_drop: false }`
[INFO] running `Command { std: "docker" "rm" "-f" "aa3f07d309102402c323ced7c083eca0178deedf37cfbdbfc602ed920853f1f4", kill_on_drop: false }`
[INFO] [stdout] aa3f07d309102402c323ced7c083eca0178deedf37cfbdbfc602ed920853f1f4
