[INFO] cloning repository https://github.com/amk91/auto_updater
[INFO] running `Command { std: "git" "-c" "credential.helper=" "-c" "credential.helper=/workspace/cargo-home/bin/git-credential-null" "clone" "--bare" "https://github.com/amk91/auto_updater" "/workspace/cache/git-repos/https%3A%2F%2Fgithub.com%2Famk91%2Fauto_updater", kill_on_drop: false }`
[INFO] [stderr] Cloning into bare repository '/workspace/cache/git-repos/https%3A%2F%2Fgithub.com%2Famk91%2Fauto_updater'...
[INFO] running `Command { std: "git" "rev-parse" "HEAD", kill_on_drop: false }`
[INFO] [stdout] d6a0e0412efa99ebc6a784f36f7d99e766451651
[INFO] checking amk91/auto_updater against beta-2021-10-15 for beta-1.56-3
[INFO] running `Command { std: "git" "clone" "/workspace/cache/git-repos/https%3A%2F%2Fgithub.com%2Famk91%2Fauto_updater" "/workspace/builds/worker-6/source", kill_on_drop: false }`
[INFO] [stderr] Cloning into '/workspace/builds/worker-6/source'...
[INFO] [stderr] done.
[INFO] validating manifest of git repo https://github.com/amk91/auto_updater on toolchain beta-2021-10-15
[INFO] running `Command { std: "/workspace/cargo-home/bin/cargo" "+beta-2021-10-15" "metadata" "--manifest-path" "Cargo.toml" "--no-deps", kill_on_drop: false }`
[INFO] started tweaking git repo https://github.com/amk91/auto_updater
[INFO] finished tweaking git repo https://github.com/amk91/auto_updater
[INFO] tweaked toml for git repo https://github.com/amk91/auto_updater written to /workspace/builds/worker-6/source/Cargo.toml
[INFO] crate git repo https://github.com/amk91/auto_updater already has a lockfile, it will not be regenerated
[INFO] running `Command { std: "/workspace/cargo-home/bin/cargo" "+beta-2021-10-15" "fetch" "--manifest-path" "Cargo.toml", kill_on_drop: false }`
[INFO] [stderr]  Downloading crates ...
[INFO] [stderr]   Downloaded miniz_oxide v0.2.0
[INFO] [stderr]   Downloaded podio v0.1.6
[INFO] [stderr]   Downloaded bzip2 v0.3.3
[INFO] [stderr]   Downloaded flate2 v1.0.4
[INFO] [stderr]   Downloaded msdos_time v0.1.6
[INFO] [stderr]   Downloaded miniz_oxide_c_api v0.2.0
[INFO] [stderr]   Downloaded bzip2-sys v0.1.6
[INFO] [stderr]   Downloaded zip v0.4.2
[INFO] running `Command { std: "docker" "create" "-v" "/var/lib/crater-agent-workspace/builds/worker-6/target:/opt/rustwide/target:rw,Z" "-v" "/var/lib/crater-agent-workspace/builds/worker-6/source:/opt/rustwide/workdir:ro,Z" "-v" "/var/lib/crater-agent-workspace/cargo-home:/opt/rustwide/cargo-home:ro,Z" "-v" "/var/lib/crater-agent-workspace/rustup-home:/opt/rustwide/rustup-home:ro,Z" "-e" "SOURCE_DIR=/opt/rustwide/workdir" "-e" "CARGO_TARGET_DIR=/opt/rustwide/target" "-e" "CARGO_HOME=/opt/rustwide/cargo-home" "-e" "RUSTUP_HOME=/opt/rustwide/rustup-home" "-w" "/opt/rustwide/workdir" "-m" "1610612736" "--user" "0:0" "--network" "none" "ghcr.io/rust-lang/crates-build-env/linux@sha256:a89201d6b5b9fd45c15d5952ece0a0129e7e80cb26ec023fd59cf09bc26f1604" "/opt/rustwide/cargo-home/bin/cargo" "+beta-2021-10-15" "metadata" "--no-deps" "--format-version=1", kill_on_drop: false }`
[INFO] [stderr] WARNING: Your kernel does not support swap limit capabilities or the cgroup is not mounted. Memory limited without swap.
[INFO] [stdout] 87736bebdd93a7cbf54161d5f700aca65a345af5e6ca88fe98ab95a023d2a98f
[INFO] running `Command { std: "docker" "start" "-a" "87736bebdd93a7cbf54161d5f700aca65a345af5e6ca88fe98ab95a023d2a98f", kill_on_drop: false }`
[INFO] running `Command { std: "docker" "inspect" "87736bebdd93a7cbf54161d5f700aca65a345af5e6ca88fe98ab95a023d2a98f", kill_on_drop: false }`
[INFO] running `Command { std: "docker" "rm" "-f" "87736bebdd93a7cbf54161d5f700aca65a345af5e6ca88fe98ab95a023d2a98f", kill_on_drop: false }`
[INFO] [stdout] 87736bebdd93a7cbf54161d5f700aca65a345af5e6ca88fe98ab95a023d2a98f
[INFO] running `Command { std: "docker" "create" "-v" "/var/lib/crater-agent-workspace/builds/worker-6/target:/opt/rustwide/target:rw,Z" "-v" "/var/lib/crater-agent-workspace/builds/worker-6/source:/opt/rustwide/workdir:ro,Z" "-v" "/var/lib/crater-agent-workspace/cargo-home:/opt/rustwide/cargo-home:ro,Z" "-v" "/var/lib/crater-agent-workspace/rustup-home:/opt/rustwide/rustup-home:ro,Z" "-e" "SOURCE_DIR=/opt/rustwide/workdir" "-e" "CARGO_TARGET_DIR=/opt/rustwide/target" "-e" "CARGO_INCREMENTAL=0" "-e" "RUST_BACKTRACE=full" "-e" "RUSTFLAGS=--cap-lints=warn" "-e" "CARGO_HOME=/opt/rustwide/cargo-home" "-e" "RUSTUP_HOME=/opt/rustwide/rustup-home" "-w" "/opt/rustwide/workdir" "-m" "1610612736" "--user" "0:0" "--network" "none" "ghcr.io/rust-lang/crates-build-env/linux@sha256:a89201d6b5b9fd45c15d5952ece0a0129e7e80cb26ec023fd59cf09bc26f1604" "/opt/rustwide/cargo-home/bin/cargo" "+beta-2021-10-15" "check" "--frozen" "--all" "--all-targets" "--message-format=json", kill_on_drop: false }`
[INFO] [stdout] c563f1a0ff03ab60a579c0a631beb0e0af1b812a9b439d08347670712972b247
[INFO] [stderr] WARNING: Your kernel does not support swap limit capabilities or the cgroup is not mounted. Memory limited without swap.
[INFO] running `Command { std: "docker" "start" "-a" "c563f1a0ff03ab60a579c0a631beb0e0af1b812a9b439d08347670712972b247", kill_on_drop: false }`
[INFO] [stderr]    Compiling miniz_oxide_c_api v0.2.0
[INFO] [stderr]    Compiling bzip2-sys v0.1.6
[INFO] [stderr]     Checking miniz_oxide v0.2.0
[INFO] [stderr]     Checking flate2 v1.0.4
[INFO] [stderr]     Checking bzip2 v0.3.3
[INFO] [stderr]     Checking zip v0.4.2
[INFO] [stderr]     Checking new_auto_updater v0.1.0 (/opt/rustwide/workdir)
[INFO] [stdout] error[E0433]: failed to resolve: could not find `windows` in `os`
[INFO] [stdout]   --> src/main.rs:26:18
[INFO] [stdout]    |
[INFO] [stdout] 26 |     use std::os::windows::ffi::OsStrExt;
[INFO] [stdout]    |                  ^^^^^^^ could not find `windows` in `os`
[INFO] [stdout] 
[INFO] [stdout] 
[INFO] [stdout] error[E0433]: failed to resolve: could not find `windows` in `os`
[INFO] [stdout]   --> src/main.rs:26:18
[INFO] [stdout]    |
[INFO] [stdout] 26 |     use std::os::windows::ffi::OsStrExt;
[INFO] [stdout]    |                  ^^^^^^^ could not find `windows` in `os`
[INFO] [stdout] 
[INFO] [stdout] 
[INFO] [stdout] error[E0433]: failed to resolve: maybe a missing crate `winapi`?
[INFO] [stdout]   --> src/main.rs:28:9
[INFO] [stdout]    |
[INFO] [stdout] 28 |     use winapi::um::winuser::{MB_OK, MB_SYSTEMMODAL, MB_ICONWARNING, MessageBoxW};
[INFO] [stdout]    |         ^^^^^^ maybe a missing crate `winapi`?
[INFO] [stdout] 
[INFO] [stdout] 
[INFO] [stdout] error[E0433]: failed to resolve: maybe a missing crate `winapi`?
[INFO] [stdout]   --> src/main.rs:28:9
[INFO] [stdout]    |
[INFO] [stdout] 28 |     use winapi::um::winuser::{MB_OK, MB_SYSTEMMODAL, MB_ICONWARNING, MessageBoxW};
[INFO] [stdout]    |         ^^^^^^ maybe a missing crate `winapi`?
[INFO] [stdout] 
[INFO] [stdout] 
[INFO] [stdout] error[E0425]: cannot find function, tuple struct or tuple variant `MessageBoxW` in this scope
[INFO] [stdout]   --> src/main.rs:39:9
[INFO] [stdout]    |
[INFO] [stdout] 39 |         MessageBoxW(
[INFO] [stdout]    |         ^^^^^^^^^^^ not found in this scope
[INFO] [stdout] 
[INFO] [stdout] 
[INFO] [stdout] error[E0425]: cannot find value `MB_OK` in this scope
[INFO] [stdout]   --> src/main.rs:43:10
[INFO] [stdout]    |
[INFO] [stdout] 43 |             MB_OK | MB_SYSTEMMODAL | MB_ICONWARNING
[INFO] [stdout]    |             ^^^^^ not found in this scope
[INFO] [stdout] 
[INFO] [stdout] 
[INFO] [stdout] error[E0425]: cannot find value `MB_SYSTEMMODAL` in this scope
[INFO] [stdout]   --> src/main.rs:43:18
[INFO] [stdout]    |
[INFO] [stdout] 43 |             MB_OK | MB_SYSTEMMODAL | MB_ICONWARNING
[INFO] [stdout]    |                     ^^^^^^^^^^^^^^ not found in this scope
[INFO] [stdout] 
[INFO] [stdout] 
[INFO] [stdout] error[E0425]: cannot find value `MB_ICONWARNING` in this scope
[INFO] [stdout]   --> src/main.rs:43:35
[INFO] [stdout]    |
[INFO] [stdout] 43 |             MB_OK | MB_SYSTEMMODAL | MB_ICONWARNING
[INFO] [stdout]    |                                      ^^^^^^^^^^^^^^ not found in this scope
[INFO] [stdout] 
[INFO] [stdout] 
[INFO] [stdout] warning: unused label
[INFO] [stdout]    --> src/main.rs:304:2
[INFO] [stdout]     |
[INFO] [stdout] 304 |     'main: loop {
[INFO] [stdout]     |     ^^^^^
[INFO] [stdout]     |
[INFO] [stdout]     = note: `#[warn(unused_labels)]` on by default
[INFO] [stdout] 
[INFO] [stdout] 
[INFO] [stdout] error[E0425]: cannot find function, tuple struct or tuple variant `MessageBoxW` in this scope
[INFO] [stdout]   --> src/main.rs:39:9
[INFO] [stdout]    |
[INFO] [stdout] 39 |         MessageBoxW(
[INFO] [stdout]    |         ^^^^^^^^^^^ not found in this scope
[INFO] [stdout] 
[INFO] [stdout] 
[INFO] [stdout] error[E0425]: cannot find value `MB_OK` in this scope
[INFO] [stdout]   --> src/main.rs:43:10
[INFO] [stdout]    |
[INFO] [stdout] 43 |             MB_OK | MB_SYSTEMMODAL | MB_ICONWARNING
[INFO] [stdout]    |             ^^^^^ not found in this scope
[INFO] [stdout] 
[INFO] [stdout] 
[INFO] [stdout] error[E0425]: cannot find value `MB_SYSTEMMODAL` in this scope
[INFO] [stdout]   --> src/main.rs:43:18
[INFO] [stdout]    |
[INFO] [stdout] 43 |             MB_OK | MB_SYSTEMMODAL | MB_ICONWARNING
[INFO] [stdout]    |                     ^^^^^^^^^^^^^^ not found in this scope
[INFO] [stdout] 
[INFO] [stdout] 
[INFO] [stdout] error[E0425]: cannot find value `MB_ICONWARNING` in this scope
[INFO] [stdout]   --> src/main.rs:43:35
[INFO] [stdout]    |
[INFO] [stdout] 43 |             MB_OK | MB_SYSTEMMODAL | MB_ICONWARNING
[INFO] [stdout]    |                                      ^^^^^^^^^^^^^^ not found in this scope
[INFO] [stdout] 
[INFO] [stdout] 
[INFO] [stdout] warning: unused label
[INFO] [stdout]    --> src/main.rs:304:2
[INFO] [stdout]     |
[INFO] [stdout] 304 |     'main: loop {
[INFO] [stdout]     |     ^^^^^
[INFO] [stdout]     |
[INFO] [stdout]     = note: `#[warn(unused_labels)]` on by default
[INFO] [stdout] 
[INFO] [stdout] 
[INFO] [stdout] error[E0599]: no method named `encode_wide` found for reference `&OsStr` in the current scope
[INFO] [stdout]   --> src/main.rs:31:7
[INFO] [stdout]    |
[INFO] [stdout] 31 |         .encode_wide()
[INFO] [stdout]    |          ^^^^^^^^^^^ method not found in `&OsStr`
[INFO] [stdout] 
[INFO] [stdout] 
[INFO] [stdout] error[E0599]: no method named `encode_wide` found for reference `&OsStr` in the current scope
[INFO] [stdout]   --> src/main.rs:31:7
[INFO] [stdout]    |
[INFO] [stdout] 31 |         .encode_wide()
[INFO] [stdout]    |          ^^^^^^^^^^^ method not found in `&OsStr`
[INFO] [stdout] 
[INFO] [stdout] 
[INFO] [stdout] error[E0599]: no method named `encode_wide` found for reference `&OsStr` in the current scope
[INFO] [stdout]   --> src/main.rs:35:7
[INFO] [stdout]    |
[INFO] [stdout] 35 |         .encode_wide()
[INFO] [stdout]    |          ^^^^^^^^^^^ method not found in `&OsStr`
[INFO] [stdout] 
[INFO] [stdout] 
[INFO] [stdout] error[E0599]: no method named `encode_wide` found for reference `&OsStr` in the current scope
[INFO] [stdout]   --> src/main.rs:35:7
[INFO] [stdout]    |
[INFO] [stdout] 35 |         .encode_wide()
[INFO] [stdout]    |          ^^^^^^^^^^^ method not found in `&OsStr`
[INFO] [stdout] 
[INFO] [stdout] 
[INFO] [stdout] error: aborting due to 8 previous errors; 1 warning emitted
[INFO] [stdout] 
[INFO] [stdout] 
[INFO] [stdout] Some errors have detailed explanations: E0425, E0433, E0599.
[INFO] [stdout] 
[INFO] [stdout] For more information about an error, try `rustc --explain E0425`.
[INFO] [stdout] 
[INFO] [stderr] error: could not compile `new_auto_updater` due to 9 previous errors; 1 warning emitted
[INFO] [stderr] warning: build failed, waiting for other jobs to finish...
[INFO] [stdout] error: aborting due to 8 previous errors; 1 warning emitted
[INFO] [stdout] 
[INFO] [stdout] 
[INFO] [stdout] Some errors have detailed explanations: E0425, E0433, E0599.
[INFO] [stdout] 
[INFO] [stdout] For more information about an error, try `rustc --explain E0425`.
[INFO] [stdout] 
[INFO] [stderr] error: build failed
[INFO] running `Command { std: "docker" "inspect" "c563f1a0ff03ab60a579c0a631beb0e0af1b812a9b439d08347670712972b247", kill_on_drop: false }`
[INFO] running `Command { std: "docker" "rm" "-f" "c563f1a0ff03ab60a579c0a631beb0e0af1b812a9b439d08347670712972b247", kill_on_drop: false }`
[INFO] [stdout] c563f1a0ff03ab60a579c0a631beb0e0af1b812a9b439d08347670712972b247
