[INFO] cloning repository https://github.com/amerelo/Gomoku
[INFO] running `Command { std: "git" "-c" "credential.helper=" "-c" "credential.helper=/workspace/cargo-home/bin/git-credential-null" "clone" "--bare" "https://github.com/amerelo/Gomoku" "/workspace/cache/git-repos/https%3A%2F%2Fgithub.com%2Famerelo%2FGomoku", kill_on_drop: false }`
[INFO] [stderr] Cloning into bare repository '/workspace/cache/git-repos/https%3A%2F%2Fgithub.com%2Famerelo%2FGomoku'...
[INFO] running `Command { std: "git" "rev-parse" "HEAD", kill_on_drop: false }`
[INFO] [stdout] 22d956d66556a0a29004ea2a262c7a17b9a55d05
[INFO] checking amerelo/Gomoku against beta-2021-10-15 for beta-1.56-3
[INFO] running `Command { std: "git" "clone" "/workspace/cache/git-repos/https%3A%2F%2Fgithub.com%2Famerelo%2FGomoku" "/workspace/builds/worker-9/source", kill_on_drop: false }`
[INFO] [stderr] Cloning into '/workspace/builds/worker-9/source'...
[INFO] [stderr] done.
[INFO] validating manifest of git repo https://github.com/amerelo/Gomoku on toolchain beta-2021-10-15
[INFO] running `Command { std: "/workspace/cargo-home/bin/cargo" "+beta-2021-10-15" "metadata" "--manifest-path" "Cargo.toml" "--no-deps", kill_on_drop: false }`
[INFO] started tweaking git repo https://github.com/amerelo/Gomoku
[INFO] finished tweaking git repo https://github.com/amerelo/Gomoku
[INFO] tweaked toml for git repo https://github.com/amerelo/Gomoku written to /workspace/builds/worker-9/source/Cargo.toml
[INFO] crate git repo https://github.com/amerelo/Gomoku already has a lockfile, it will not be regenerated
[INFO] running `Command { std: "/workspace/cargo-home/bin/cargo" "+beta-2021-10-15" "fetch" "--manifest-path" "Cargo.toml", kill_on_drop: false }`
[INFO] [stderr]     Blocking waiting for file lock on package cache
[INFO] [stderr]     Blocking waiting for file lock on package cache
[INFO] [stderr]  Downloading crates ...
[INFO] [stderr]   Downloaded inflate v0.3.4
[INFO] [stderr]   Downloaded image v0.18.0
[INFO] [stderr]   Downloaded shared_library v0.1.8
[INFO] [stderr]   Downloaded gif v0.9.2
[INFO] [stderr]   Downloaded cgl v0.2.2
[INFO] [stderr]   Downloaded ordered-float v0.5.0
[INFO] [stderr]   Downloaded stb_truetype v0.2.2
[INFO] [stderr]   Downloaded proc-macro2 v0.2.3
[INFO] [stderr]   Downloaded image v0.19.0
[INFO] [stderr]   Downloaded gfx_core v0.8.2
[INFO] [stderr]   Downloaded gif v0.10.0
[INFO] [stderr]   Downloaded jpeg-decoder v0.1.14
[INFO] [stderr]   Downloaded fps_counter v1.0.0
[INFO] [stderr]   Downloaded gfx_device_gl v0.15.2
[INFO] [stderr]   Downloaded derivative v1.0.0
[INFO] [stderr]   Downloaded pistoncore-event_loop v0.36.0
[INFO] [stderr]   Downloaded color_quant v1.0.0
[INFO] [stderr]   Downloaded inflate v0.4.2
[INFO] [stderr]   Downloaded quote v0.4.2
[INFO] [stderr]   Downloaded piston-float v0.3.0
[INFO] [stderr]   Downloaded pistoncore-window v0.31.0
[INFO] [stderr]   Downloaded interpolation v0.1.0
[INFO] [stderr]   Downloaded syn v0.12.15
[INFO] [stderr]   Downloaded piston v0.36.0
[INFO] [stderr]   Downloaded png v0.11.0
[INFO] [stderr]   Downloaded num-derive v0.2.0
[INFO] [stderr]   Downloaded winit v0.12.0
[INFO] [stderr]   Downloaded piston2d-opengl_graphics v0.52.1
[INFO] [stderr]   Downloaded piston_window v0.79.0
[INFO] [stderr]   Downloaded piston2d-gfx_graphics v0.51.0
[INFO] [stderr]   Downloaded vecmath v0.3.1
[INFO] [stderr]   Downloaded serde_derive v1.0.45
[INFO] [stderr]   Downloaded png v0.12.0
[INFO] [stderr]   Downloaded piston2d-graphics v0.26.0
[INFO] [stderr]   Downloaded x11-dl v2.17.5
[INFO] [stderr]   Downloaded tempfile v3.0.1
[INFO] [stderr]   Downloaded serde v1.0.45
[INFO] [stderr]   Downloaded piston-viewport v0.3.0
[INFO] [stderr]   Downloaded glutin v0.14.0
[INFO] [stderr]   Downloaded pistoncore-input v0.20.0
[INFO] [stderr]   Downloaded objc v0.2.2
[INFO] [stderr]   Downloaded pistoncore-glutin_window v0.46.0
[INFO] [stderr]   Downloaded syn v0.13.5
[INFO] [stderr]   Downloaded rusttype v0.4.3
[INFO] [stderr]   Downloaded piston-gfx_texture v0.32.0
[INFO] [stderr]   Downloaded gleam v0.5.0
[INFO] running `Command { std: "docker" "create" "-v" "/var/lib/crater-agent-workspace/builds/worker-9/target:/opt/rustwide/target:rw,Z" "-v" "/var/lib/crater-agent-workspace/builds/worker-9/source:/opt/rustwide/workdir:ro,Z" "-v" "/var/lib/crater-agent-workspace/cargo-home:/opt/rustwide/cargo-home:ro,Z" "-v" "/var/lib/crater-agent-workspace/rustup-home:/opt/rustwide/rustup-home:ro,Z" "-e" "SOURCE_DIR=/opt/rustwide/workdir" "-e" "CARGO_TARGET_DIR=/opt/rustwide/target" "-e" "CARGO_HOME=/opt/rustwide/cargo-home" "-e" "RUSTUP_HOME=/opt/rustwide/rustup-home" "-w" "/opt/rustwide/workdir" "-m" "1610612736" "--user" "0:0" "--network" "none" "ghcr.io/rust-lang/crates-build-env/linux@sha256:a89201d6b5b9fd45c15d5952ece0a0129e7e80cb26ec023fd59cf09bc26f1604" "/opt/rustwide/cargo-home/bin/cargo" "+beta-2021-10-15" "metadata" "--no-deps" "--format-version=1", kill_on_drop: false }`
[INFO] [stderr] WARNING: Your kernel does not support swap limit capabilities or the cgroup is not mounted. Memory limited without swap.
[INFO] [stdout] 4b1926ffcb1450203b9693c3ffe3bb67e527b56e671c3ccb0990782acf7cfbb3
[INFO] running `Command { std: "docker" "start" "-a" "4b1926ffcb1450203b9693c3ffe3bb67e527b56e671c3ccb0990782acf7cfbb3", kill_on_drop: false }`
[INFO] running `Command { std: "docker" "inspect" "4b1926ffcb1450203b9693c3ffe3bb67e527b56e671c3ccb0990782acf7cfbb3", kill_on_drop: false }`
[INFO] running `Command { std: "docker" "rm" "-f" "4b1926ffcb1450203b9693c3ffe3bb67e527b56e671c3ccb0990782acf7cfbb3", kill_on_drop: false }`
[INFO] [stdout] 4b1926ffcb1450203b9693c3ffe3bb67e527b56e671c3ccb0990782acf7cfbb3
[INFO] running `Command { std: "docker" "create" "-v" "/var/lib/crater-agent-workspace/builds/worker-9/target:/opt/rustwide/target:rw,Z" "-v" "/var/lib/crater-agent-workspace/builds/worker-9/source:/opt/rustwide/workdir:ro,Z" "-v" "/var/lib/crater-agent-workspace/cargo-home:/opt/rustwide/cargo-home:ro,Z" "-v" "/var/lib/crater-agent-workspace/rustup-home:/opt/rustwide/rustup-home:ro,Z" "-e" "SOURCE_DIR=/opt/rustwide/workdir" "-e" "CARGO_TARGET_DIR=/opt/rustwide/target" "-e" "CARGO_INCREMENTAL=0" "-e" "RUST_BACKTRACE=full" "-e" "RUSTFLAGS=--cap-lints=warn" "-e" "CARGO_HOME=/opt/rustwide/cargo-home" "-e" "RUSTUP_HOME=/opt/rustwide/rustup-home" "-w" "/opt/rustwide/workdir" "-m" "1610612736" "--user" "0:0" "--network" "none" "ghcr.io/rust-lang/crates-build-env/linux@sha256:a89201d6b5b9fd45c15d5952ece0a0129e7e80cb26ec023fd59cf09bc26f1604" "/opt/rustwide/cargo-home/bin/cargo" "+beta-2021-10-15" "check" "--frozen" "--all" "--all-targets" "--message-format=json", kill_on_drop: false }`
[INFO] [stdout] 1c2e7b4a416caf3c2bf12e37e8aa75d412e037af5acbef43a35b3e7834db180e
[INFO] [stderr] WARNING: Your kernel does not support swap limit capabilities or the cgroup is not mounted. Memory limited without swap.
[INFO] running `Command { std: "docker" "start" "-a" "1c2e7b4a416caf3c2bf12e37e8aa75d412e037af5acbef43a35b3e7834db180e", kill_on_drop: false }`
[INFO] [stderr]     Checking num-traits v0.2.2
[INFO] [stderr]     Checking byteorder v1.2.2
[INFO] [stderr]     Checking serde v1.0.45
[INFO] [stderr]     Checking fps_counter v1.0.0
[INFO] [stderr]    Compiling log v0.4.1
[INFO] [stderr]    Compiling libloading v0.5.0
[INFO] [stderr]     Checking crossbeam-utils v0.2.2
[INFO] [stderr]    Compiling proc-macro2 v0.2.3
[INFO] [stderr]     Checking memmap v0.6.2
[INFO] [stderr]     Checking inflate v0.4.2
[INFO] [stderr]     Checking shared_library v0.1.8
[INFO] [stderr]    Compiling x11-dl v2.17.5
[INFO] [stderr]     Checking gif v0.10.0
[INFO] [stderr]     Checking itertools v0.5.10
[INFO] [stderr]     Checking tempfile v3.0.1
[INFO] [stderr]     Checking crossbeam-epoch v0.3.1
[INFO] [stderr]    Compiling syn v0.13.5
[INFO] [stderr]    Compiling gl_generator v0.9.0
[INFO] [stderr]     Checking osmesa-sys v0.1.2
[INFO] [stderr]     Checking gfx_core v0.8.2
[INFO] [stderr]     Checking deflate v0.7.18
[INFO] [stderr]     Checking stb_truetype v0.2.2
[INFO] [stderr]    Compiling quote v0.4.2
[INFO] [stderr]     Checking crossbeam-deque v0.2.0
[INFO] [stderr]     Checking num-integer v0.1.36
[INFO] [stderr]     Checking num-traits v0.1.43
[INFO] [stderr]     Checking ordered-float v0.5.0
[INFO] [stderr]     Checking enum_primitive v0.1.1
[INFO] [stderr]    Compiling syn v0.12.15
[INFO] [stderr]     Checking rayon-core v1.4.0
[INFO] [stderr]     Checking num-iter v0.1.35
[INFO] [stderr]     Checking num-rational v0.1.42
[INFO] [stderr]     Checking dlib v0.4.1
[INFO] [stderr]     Checking png v0.12.0
[INFO] [stderr]     Checking png v0.11.0
[INFO] [stderr]     Checking rusttype v0.4.3
[INFO] [stderr]     Checking wayland-sys v0.12.5
[INFO] [stderr]     Checking wayland-client v0.12.5
[INFO] [stderr]     Checking rayon v1.0.1
[INFO] [stderr]    Compiling gl v0.10.0
[INFO] [stderr]    Compiling gfx_gl v0.5.0
[INFO] [stderr]    Compiling glutin v0.14.0
[INFO] [stderr]     Checking piston2d-graphics v0.26.0
[INFO] [stderr]     Checking gfx v0.17.1
[INFO] [stderr]     Checking wayland-protocols v0.12.5
[INFO] [stderr]     Checking wayland-kbd v0.13.1
[INFO] [stderr]    Compiling serde_derive_internals v0.23.1
[INFO] [stderr]     Checking jpeg-decoder v0.1.14
[INFO] [stderr]    Compiling num-derive v0.2.0
[INFO] [stderr]    Compiling serde_derive v1.0.45
[INFO] [stderr]     Checking image v0.18.0
[INFO] [stderr]     Checking image v0.19.0
[INFO] [stderr]     Checking wayland-window v0.13.3
[INFO] [stderr]     Checking winit v0.12.0
[INFO] [stderr]     Checking gfx_device_gl v0.15.2
[INFO] [stderr]     Checking piston-gfx_texture v0.32.0
[INFO] [stderr]     Checking piston2d-gfx_graphics v0.51.0
[INFO] [stderr]     Checking piston2d-opengl_graphics v0.52.1
[INFO] [stderr]     Checking pistoncore-input v0.20.0
[INFO] [stderr]     Checking pistoncore-window v0.31.0
[INFO] [stderr]     Checking pistoncore-event_loop v0.36.0
[INFO] [stderr]     Checking pistoncore-glutin_window v0.46.0
[INFO] [stderr]     Checking piston v0.36.0
[INFO] [stderr]     Checking piston_window v0.79.0
[INFO] [stderr]     Checking gomoku v0.1.0 (/opt/rustwide/workdir)
[INFO] [stdout] warning: trailing semicolon in macro used in expression position
[INFO] [stdout]    --> src/goban/macros.rs:92:10
[INFO] [stdout]     |
[INFO] [stdout] 92  |         };
[INFO] [stdout]     |          ^
[INFO] [stdout]     |
[INFO] [stdout]    ::: src/goban/map/mod.rs:139:49
[INFO] [stdout]     |
[INFO] [stdout] 139 |         if self.number_captured_preview((x, y), find_slot_player![player]) > 0
[INFO] [stdout]     |                                                 ------------------------- in this macro invocation
[INFO] [stdout]     |
[INFO] [stdout]     = note: `#[warn(semicolon_in_expressions_from_macros)]` on by default
[INFO] [stdout]     = warning: this was previously accepted by the compiler but is being phased out; it will become a hard error in a future release!
[INFO] [stdout]     = note: for more information, see issue #79813 <https://github.com/rust-lang/rust/issues/79813>
[INFO] [stdout]     = note: this warning originates in the macro `find_slot_player` (in Nightly builds, run with -Z macro-backtrace for more info)
[INFO] [stdout] 
[INFO] [stdout] 
[INFO] [stdout] warning: trailing semicolon in macro used in expression position
[INFO] [stdout]    --> src/goban/macros.rs:229:10
[INFO] [stdout]     |
[INFO] [stdout] 229 |         };
[INFO] [stdout]     |          ^
[INFO] [stdout]     |
[INFO] [stdout]    ::: src/goban/map/mod.rs:143:46
[INFO] [stdout]     |
[INFO] [stdout] 143 |         match self.three_move_number((x, y), find_tm_player![player, (THREE_MOVE_P1, DTHREE_MOVE_P1), (THREE_MOVE_P2, DTHREE_MOVE_P2)])
[INFO] [stdout]     |                                              ----------------------------------------------------------------------------------------- in this macro invocation
[INFO] [stdout]     |
[INFO] [stdout]     = warning: this was previously accepted by the compiler but is being phased out; it will become a hard error in a future release!
[INFO] [stdout]     = note: for more information, see issue #79813 <https://github.com/rust-lang/rust/issues/79813>
[INFO] [stdout]     = note: this warning originates in the macro `find_tm_player` (in Nightly builds, run with -Z macro-backtrace for more info)
[INFO] [stdout] 
[INFO] [stdout] 
[INFO] [stdout] warning: trailing semicolon in macro used in expression position
[INFO] [stdout]    --> src/goban/macros.rs:242:10
[INFO] [stdout]     |
[INFO] [stdout] 242 |         };
[INFO] [stdout]     |          ^
[INFO] [stdout]     |
[INFO] [stdout]    ::: src/goban/map/mod.rs:174:20
[INFO] [stdout]     |
[INFO] [stdout] 174 |        let masks = find_tm_player_preview![slot_player, CAPTURE_P1, CAPTURE_P2];
[INFO] [stdout]     |                    ------------------------------------------------------------ in this macro invocation
[INFO] [stdout]     |
[INFO] [stdout]     = warning: this was previously accepted by the compiler but is being phased out; it will become a hard error in a future release!
[INFO] [stdout]     = note: for more information, see issue #79813 <https://github.com/rust-lang/rust/issues/79813>
[INFO] [stdout]     = note: this warning originates in the macro `find_tm_player_preview` (in Nightly builds, run with -Z macro-backtrace for more info)
[INFO] [stdout] 
[INFO] [stdout] 
[INFO] [stdout] warning: trailing semicolon in macro used in expression position
[INFO] [stdout]    --> src/goban/macros.rs:229:10
[INFO] [stdout]     |
[INFO] [stdout] 229 |         };
[INFO] [stdout]     |          ^
[INFO] [stdout]     |
[INFO] [stdout]    ::: src/goban/map/mod.rs:234:20
[INFO] [stdout]     |
[INFO] [stdout] 234 |        let masks = find_tm_player![self.current_player, CAPTURE_P1, CAPTURE_P2];
[INFO] [stdout]     |                    ------------------------------------------------------------ in this macro invocation
[INFO] [stdout]     |
[INFO] [stdout]     = warning: this was previously accepted by the compiler but is being phased out; it will become a hard error in a future release!
[INFO] [stdout]     = note: for more information, see issue #79813 <https://github.com/rust-lang/rust/issues/79813>
[INFO] [stdout]     = note: this warning originates in the macro `find_tm_player` (in Nightly builds, run with -Z macro-backtrace for more info)
[INFO] [stdout] 
[INFO] [stdout] 
[INFO] [stdout] warning: trailing semicolon in macro used in expression position
[INFO] [stdout]    --> src/goban/macros.rs:121:10
[INFO] [stdout]     |
[INFO] [stdout] 121 |         };
[INFO] [stdout]     |          ^
[INFO] [stdout]     |
[INFO] [stdout]    ::: src/goban/map/mod.rs:311:26
[INFO] [stdout]     |
[INFO] [stdout] 311 |         let slot_enemy = find_slot_enemy![self.current_player];
[INFO] [stdout]     |                          ------------------------------------- in this macro invocation
[INFO] [stdout]     |
[INFO] [stdout]     = warning: this was previously accepted by the compiler but is being phased out; it will become a hard error in a future release!
[INFO] [stdout]     = note: for more information, see issue #79813 <https://github.com/rust-lang/rust/issues/79813>
[INFO] [stdout]     = note: this warning originates in the macro `find_slot_enemy` (in Nightly builds, run with -Z macro-backtrace for more info)
[INFO] [stdout] 
[INFO] [stdout] 
[INFO] [stdout] warning: trailing semicolon in macro used in expression position
[INFO] [stdout]    --> src/goban/macros.rs:229:10
[INFO] [stdout]     |
[INFO] [stdout] 229 |         };
[INFO] [stdout]     |          ^
[INFO] [stdout]     |
[INFO] [stdout]    ::: src/goban/map/mod.rs:470:20
[INFO] [stdout]     |
[INFO] [stdout] 470 |        let masks = find_tm_player![slot_player, IS_CAPTURABLE_P1, IS_CAPTURABLE_P2];
[INFO] [stdout]     |                    ---------------------------------------------------------------- in this macro invocation
[INFO] [stdout]     |
[INFO] [stdout]     = warning: this was previously accepted by the compiler but is being phased out; it will become a hard error in a future release!
[INFO] [stdout]     = note: for more information, see issue #79813 <https://github.com/rust-lang/rust/issues/79813>
[INFO] [stdout]     = note: this warning originates in the macro `find_tm_player` (in Nightly builds, run with -Z macro-backtrace for more info)
[INFO] [stdout] 
[INFO] [stdout] 
[INFO] [stdout] warning: `...` range patterns are deprecated
[INFO] [stdout]    --> src/goban/map/mod.rs:545:15
[INFO] [stdout]     |
[INFO] [stdout] 545 |             3 ... 5 => slot_cmp![self.value_diagonale[conv.1 as usize], conv.0 * 3 ; slot_d; [0, 3, 6]] as usize,
[INFO] [stdout]     |               ^^^ help: use `..=` for an inclusive range
[INFO] [stdout]     |
[INFO] [stdout]     = note: `#[warn(ellipsis_inclusive_range_patterns)]` on by default
[INFO] [stdout]     = warning: this is accepted in the current edition (Rust 2015) but is a hard error in Rust 2021!
[INFO] [stdout]     = note: for more information, see <https://doc.rust-lang.org/nightly/edition-guide/rust-2021/warnings-promoted-to-error.html>
[INFO] [stdout] 
[INFO] [stdout] 
[INFO] [stdout] warning: `...` range patterns are deprecated
[INFO] [stdout]    --> src/goban/map/mod.rs:552:15
[INFO] [stdout]     |
[INFO] [stdout] 552 | ...   3 ... 5 => slot_cmp![self.value_diagonale_rotate[conv.0 as usize], ((RSIZEMAP as i128) * 2 - conv.1) * 3 ; slot_d; [0, 3, 6]] as us...
[INFO] [stdout]     |         ^^^ help: use `..=` for an inclusive range
[INFO] [stdout]     |
[INFO] [stdout]     = warning: this is accepted in the current edition (Rust 2015) but is a hard error in Rust 2021!
[INFO] [stdout]     = note: for more information, see <https://doc.rust-lang.org/nightly/edition-guide/rust-2021/warnings-promoted-to-error.html>
[INFO] [stdout] 
[INFO] [stdout] 
[INFO] [stdout] warning: unused import: `heuristic`
[INFO] [stdout]   --> src/goban/mod.rs:12:9
[INFO] [stdout]    |
[INFO] [stdout] 12 |     use heuristic;
[INFO] [stdout]    |         ^^^^^^^^^
[INFO] [stdout]    |
[INFO] [stdout]    = note: `#[warn(unused_imports)]` on by default
[INFO] [stdout] 
[INFO] [stdout] 
[INFO] [stdout] warning: trailing semicolon in macro used in expression position
[INFO] [stdout]   --> src/goban/macros.rs:92:10
[INFO] [stdout]    |
[INFO] [stdout] 92 |         };
[INFO] [stdout]    |          ^
[INFO] [stdout]    |
[INFO] [stdout]   ::: src/minmax/recursive.rs:30:23
[INFO] [stdout]    |
[INFO] [stdout] 30 |     let slot_player = find_slot_player![action.map.current_player];
[INFO] [stdout]    |                       -------------------------------------------- in this macro invocation
[INFO] [stdout]    |
[INFO] [stdout]    = warning: this was previously accepted by the compiler but is being phased out; it will become a hard error in a future release!
[INFO] [stdout]    = note: for more information, see issue #79813 <https://github.com/rust-lang/rust/issues/79813>
[INFO] [stdout]    = note: this warning originates in the macro `find_slot_player` (in Nightly builds, run with -Z macro-backtrace for more info)
[INFO] [stdout] 
[INFO] [stdout] 
[INFO] [stdout] warning: unused label
[INFO] [stdout]    --> src/minmax/recursive.rs:134:4
[INFO] [stdout]     |
[INFO] [stdout] 134 |             'root: for y_x in area.iter()
[INFO] [stdout]     |             ^^^^^
[INFO] [stdout]     |
[INFO] [stdout]     = note: `#[warn(unused_labels)]` on by default
[INFO] [stdout] 
[INFO] [stdout] 
[INFO] [stdout] warning: trailing semicolon in macro used in expression position
[INFO] [stdout]    --> src/goban/macros.rs:92:10
[INFO] [stdout]     |
[INFO] [stdout] 92  |         };
[INFO] [stdout]     |          ^
[INFO] [stdout]     |
[INFO] [stdout]    ::: src/minmax/recursive.rs:226:23
[INFO] [stdout]     |
[INFO] [stdout] 226 |     let slot_player = find_slot_player![action.map.current_player];
[INFO] [stdout]     |                       -------------------------------------------- in this macro invocation
[INFO] [stdout]     |
[INFO] [stdout]     = warning: this was previously accepted by the compiler but is being phased out; it will become a hard error in a future release!
[INFO] [stdout]     = note: for more information, see issue #79813 <https://github.com/rust-lang/rust/issues/79813>
[INFO] [stdout]     = note: this warning originates in the macro `find_slot_player` (in Nightly builds, run with -Z macro-backtrace for more info)
[INFO] [stdout] 
[INFO] [stdout] 
[INFO] [stdout] warning: trailing semicolon in macro used in expression position
[INFO] [stdout]    --> src/goban/macros.rs:147:10
[INFO] [stdout]     |
[INFO] [stdout] 147 |         };
[INFO] [stdout]     |          ^
[INFO] [stdout]     |
[INFO] [stdout]    ::: src/minmax/recursive.rs:280:120
[INFO] [stdout]     |
[INFO] [stdout] 280 |         last_action.value =    heuristic::value_map(&last_action.map, player) - heuristic::value_map(&last_action.map, find_kind_enem...
[INFO] [stdout]     |                                                                                                                        ------------------------ in this macro invocation
[INFO] [stdout]     |
[INFO] [stdout]     = warning: this was previously accepted by the compiler but is being phased out; it will become a hard error in a future release!
[INFO] [stdout]     = note: for more information, see issue #79813 <https://github.com/rust-lang/rust/issues/79813>
[INFO] [stdout]     = note: this warning originates in the macro `find_kind_enemy` (in Nightly builds, run with -Z macro-backtrace for more info)
[INFO] [stdout] 
[INFO] [stdout] 
[INFO] [stdout] warning: trailing semicolon in macro used in expression position
[INFO] [stdout]    --> src/goban/macros.rs:134:10
[INFO] [stdout]     |
[INFO] [stdout] 134 |         };
[INFO] [stdout]     |          ^
[INFO] [stdout]     |
[INFO] [stdout]    ::: src/minmax/recursive.rs:322:23
[INFO] [stdout]     |
[INFO] [stdout] 322 |     let depth: i128 = find_kind_player![map.current_player, map.players_kind].depth();
[INFO] [stdout]     |                       ------------------------------------------------------- in this macro invocation
[INFO] [stdout]     |
[INFO] [stdout]     = warning: this was previously accepted by the compiler but is being phased out; it will become a hard error in a future release!
[INFO] [stdout]     = note: for more information, see issue #79813 <https://github.com/rust-lang/rust/issues/79813>
[INFO] [stdout]     = note: this warning originates in the macro `find_kind_player` (in Nightly builds, run with -Z macro-backtrace for more info)
[INFO] [stdout] 
[INFO] [stdout] 
[INFO] [stdout] warning: `...` range patterns are deprecated
[INFO] [stdout]    --> src/minmax/recursive.rs:325:8
[INFO] [stdout]     |
[INFO] [stdout] 325 |                     1 ... 6 => solver(depth, &mut map.clone(), Turn::MAX, (MIN, MAX), &map.current_player, MAX_VEC_AREA - depth as usize),
[INFO] [stdout]     |                       ^^^ help: use `..=` for an inclusive range
[INFO] [stdout]     |
[INFO] [stdout]     = warning: this is accepted in the current edition (Rust 2015) but is a hard error in Rust 2021!
[INFO] [stdout]     = note: for more information, see <https://doc.rust-lang.org/nightly/edition-guide/rust-2021/warnings-promoted-to-error.html>
[INFO] [stdout] 
[INFO] [stdout] 
[INFO] [stdout] warning: trailing semicolon in macro used in expression position
[INFO] [stdout]    --> src/goban/macros.rs:92:10
[INFO] [stdout]     |
[INFO] [stdout] 92  |         };
[INFO] [stdout]     |          ^
[INFO] [stdout]     |
[INFO] [stdout]    ::: src/graphic/game.rs:165:79
[INFO] [stdout]     |
[INFO] [stdout] 165 |             map.number_captured((action.x_y.0 as i128, action.x_y.1 as i128), find_slot_player![map.current_player], true);
[INFO] [stdout]     |                                                                               ------------------------------------- in this macro invocation
[INFO] [stdout]     |
[INFO] [stdout]     = warning: this was previously accepted by the compiler but is being phased out; it will become a hard error in a future release!
[INFO] [stdout]     = note: for more information, see issue #79813 <https://github.com/rust-lang/rust/issues/79813>
[INFO] [stdout]     = note: this warning originates in the macro `find_slot_player` (in Nightly builds, run with -Z macro-backtrace for more info)
[INFO] [stdout] 
[INFO] [stdout] 
[INFO] [stdout] warning: trailing semicolon in macro used in expression position
[INFO] [stdout]    --> src/goban/macros.rs:92:10
[INFO] [stdout]     |
[INFO] [stdout] 92  |         };
[INFO] [stdout]     |          ^
[INFO] [stdout]     |
[INFO] [stdout]    ::: src/graphic/game.rs:166:73
[INFO] [stdout]     |
[INFO] [stdout] 166 |             map.set_value((action.x_y.0 as i128, action.x_y.1 as i128), find_slot_player!(map.current_player));
[INFO] [stdout]     |                                                                         ------------------------------------- in this macro invocation
[INFO] [stdout]     |
[INFO] [stdout]     = warning: this was previously accepted by the compiler but is being phased out; it will become a hard error in a future release!
[INFO] [stdout]     = note: for more information, see issue #79813 <https://github.com/rust-lang/rust/issues/79813>
[INFO] [stdout]     = note: this warning originates in the macro `find_slot_player` (in Nightly builds, run with -Z macro-backtrace for more info)
[INFO] [stdout] 
[INFO] [stdout] 
[INFO] [stdout] warning: trailing semicolon in macro used in expression position
[INFO] [stdout]    --> src/goban/macros.rs:92:10
[INFO] [stdout]     |
[INFO] [stdout] 92  |         };
[INFO] [stdout]     |          ^
[INFO] [stdout]     |
[INFO] [stdout]    ::: src/graphic/game.rs:178:97
[INFO] [stdout]     |
[INFO] [stdout] 178 |     map.number_captured((cursor.cursor_in_board[0] as i128, cursor.cursor_in_board[1] as i128), find_slot_player![map.current_player], ...
[INFO] [stdout]     |                                                                                                 ------------------------------------- in this macro invocation
[INFO] [stdout]     |
[INFO] [stdout]     = warning: this was previously accepted by the compiler but is being phased out; it will become a hard error in a future release!
[INFO] [stdout]     = note: for more information, see issue #79813 <https://github.com/rust-lang/rust/issues/79813>
[INFO] [stdout]     = note: this warning originates in the macro `find_slot_player` (in Nightly builds, run with -Z macro-backtrace for more info)
[INFO] [stdout] 
[INFO] [stdout] 
[INFO] [stdout] warning: trailing semicolon in macro used in expression position
[INFO] [stdout]    --> src/goban/macros.rs:92:10
[INFO] [stdout]     |
[INFO] [stdout] 92  |         };
[INFO] [stdout]     |          ^
[INFO] [stdout]     |
[INFO] [stdout]    ::: src/graphic/game.rs:179:91
[INFO] [stdout]     |
[INFO] [stdout] 179 |     map.set_value((cursor.cursor_in_board[0] as i128, cursor.cursor_in_board[1] as i128), find_slot_player!(map.current_player));
[INFO] [stdout]     |                                                                                           ------------------------------------- in this macro invocation
[INFO] [stdout]     |
[INFO] [stdout]     = warning: this was previously accepted by the compiler but is being phased out; it will become a hard error in a future release!
[INFO] [stdout]     = note: for more information, see issue #79813 <https://github.com/rust-lang/rust/issues/79813>
[INFO] [stdout]     = note: this warning originates in the macro `find_slot_player` (in Nightly builds, run with -Z macro-backtrace for more info)
[INFO] [stdout] 
[INFO] [stdout] 
[INFO] [stdout] warning: trailing semicolon in macro used in expression position
[INFO] [stdout]    --> src/goban/macros.rs:134:10
[INFO] [stdout]     |
[INFO] [stdout] 134 |         };
[INFO] [stdout]     |          ^
[INFO] [stdout]     |
[INFO] [stdout]    ::: src/graphic/game.rs:193:12
[INFO] [stdout]     |
[INFO] [stdout] 193 |         if find_kind_player![map.current_player, map.players_kind] != &PlayerKind::Human
[INFO] [stdout]     |            ------------------------------------------------------- in this macro invocation
[INFO] [stdout]     |
[INFO] [stdout]     = warning: this was previously accepted by the compiler but is being phased out; it will become a hard error in a future release!
[INFO] [stdout]     = note: for more information, see issue #79813 <https://github.com/rust-lang/rust/issues/79813>
[INFO] [stdout]     = note: this warning originates in the macro `find_kind_player` (in Nightly builds, run with -Z macro-backtrace for more info)
[INFO] [stdout] 
[INFO] [stdout] 
[INFO] [stdout] warning: trailing semicolon in macro used in expression position
[INFO] [stdout]    --> src/goban/macros.rs:134:10
[INFO] [stdout]     |
[INFO] [stdout] 134 |         };
[INFO] [stdout]     |          ^
[INFO] [stdout]     |
[INFO] [stdout]    ::: src/graphic/game.rs:197:12
[INFO] [stdout]     |
[INFO] [stdout] 197 |         if find_kind_player![find_kind_enemy!(map.current_player) , map.players_kind] != &PlayerKind::Human
[INFO] [stdout]     |            -------------------------------------------------------------------------- in this macro invocation
[INFO] [stdout]     |
[INFO] [stdout]     = warning: this was previously accepted by the compiler but is being phased out; it will become a hard error in a future release!
[INFO] [stdout]     = note: for more information, see issue #79813 <https://github.com/rust-lang/rust/issues/79813>
[INFO] [stdout]     = note: this warning originates in the macro `find_kind_player` (in Nightly builds, run with -Z macro-backtrace for more info)
[INFO] [stdout] 
[INFO] [stdout] 
[INFO] [stdout] warning: trailing semicolon in macro used in expression position
[INFO] [stdout]    --> src/goban/macros.rs:147:10
[INFO] [stdout]     |
[INFO] [stdout] 147 |         };
[INFO] [stdout]     |          ^
[INFO] [stdout]     |
[INFO] [stdout]    ::: src/graphic/game.rs:197:30
[INFO] [stdout]     |
[INFO] [stdout] 197 |         if find_kind_player![find_kind_enemy!(map.current_player) , map.players_kind] != &PlayerKind::Human
[INFO] [stdout]     |                              ------------------------------------ in this macro invocation
[INFO] [stdout]     |
[INFO] [stdout]     = warning: this was previously accepted by the compiler but is being phased out; it will become a hard error in a future release!
[INFO] [stdout]     = note: for more information, see issue #79813 <https://github.com/rust-lang/rust/issues/79813>
[INFO] [stdout]     = note: this warning originates in the macro `find_kind_enemy` (in Nightly builds, run with -Z macro-backtrace for more info)
[INFO] [stdout] 
[INFO] [stdout] 
[INFO] [stdout] warning: trailing semicolon in macro used in expression position
[INFO] [stdout]    --> src/goban/macros.rs:134:10
[INFO] [stdout]     |
[INFO] [stdout] 134 |         };
[INFO] [stdout]     |          ^
[INFO] [stdout]     |
[INFO] [stdout]    ::: src/graphic/game.rs:221:13
[INFO] [stdout]     |
[INFO] [stdout] 221 |     else if find_kind_player![map.current_player, map.players_kind] != &PlayerKind::Human
[INFO] [stdout]     |             ------------------------------------------------------- in this macro invocation
[INFO] [stdout]     |
[INFO] [stdout]     = warning: this was previously accepted by the compiler but is being phased out; it will become a hard error in a future release!
[INFO] [stdout]     = note: for more information, see issue #79813 <https://github.com/rust-lang/rust/issues/79813>
[INFO] [stdout]     = note: this warning originates in the macro `find_kind_player` (in Nightly builds, run with -Z macro-backtrace for more info)
[INFO] [stdout] 
[INFO] [stdout] 
[INFO] [stdout] warning: trailing semicolon in macro used in expression position
[INFO] [stdout]   --> src/goban/macros.rs:92:10
[INFO] [stdout]    |
[INFO] [stdout] 92 |         };
[INFO] [stdout]    |          ^
[INFO] [stdout]    |
[INFO] [stdout]   ::: src/graphic/draw.rs:88:16
[INFO] [stdout]    |
[INFO] [stdout] 88 |     let slot = find_slot_player!(map.current_player);
[INFO] [stdout]    |                ------------------------------------- in this macro invocation
[INFO] [stdout]    |
[INFO] [stdout]    = warning: this was previously accepted by the compiler but is being phased out; it will become a hard error in a future release!
[INFO] [stdout]    = note: for more information, see issue #79813 <https://github.com/rust-lang/rust/issues/79813>
[INFO] [stdout]    = note: this warning originates in the macro `find_slot_player` (in Nightly builds, run with -Z macro-backtrace for more info)
[INFO] [stdout] 
[INFO] [stdout] 
[INFO] [stdout] warning: trailing semicolon in macro used in expression position
[INFO] [stdout]    --> src/goban/macros.rs:229:10
[INFO] [stdout]     |
[INFO] [stdout] 229 |         };
[INFO] [stdout]     |          ^
[INFO] [stdout]     |
[INFO] [stdout]    ::: src/heuristic/mod.rs:10:22
[INFO] [stdout]     |
[INFO] [stdout] 10  |     let masks_move = find_tm_player![player, (MOVE_P1, DMOVE_P1), (MOVE_P2, DMOVE_P2)];
[INFO] [stdout]     |                      ----------------------------------------------------------------- in this macro invocation
[INFO] [stdout]     |
[INFO] [stdout]     = warning: this was previously accepted by the compiler but is being phased out; it will become a hard error in a future release!
[INFO] [stdout]     = note: for more information, see issue #79813 <https://github.com/rust-lang/rust/issues/79813>
[INFO] [stdout]     = note: this warning originates in the macro `find_tm_player` (in Nightly builds, run with -Z macro-backtrace for more info)
[INFO] [stdout] 
[INFO] [stdout] 
[INFO] [stdout] warning: trailing semicolon in macro used in expression position
[INFO] [stdout]    --> src/goban/macros.rs:160:10
[INFO] [stdout]     |
[INFO] [stdout] 160 |         };
[INFO] [stdout]     |          ^
[INFO] [stdout]     |
[INFO] [stdout]    ::: src/heuristic/mod.rs:42:14
[INFO] [stdout]     |
[INFO] [stdout] 42  |     count += find_score![slot, map.players_score] as i128 * CAPTURE * 2;
[INFO] [stdout]     |              ------------------------------------ in this macro invocation
[INFO] [stdout]     |
[INFO] [stdout]     = warning: this was previously accepted by the compiler but is being phased out; it will become a hard error in a future release!
[INFO] [stdout]     = note: for more information, see issue #79813 <https://github.com/rust-lang/rust/issues/79813>
[INFO] [stdout]     = note: this warning originates in the macro `find_score` (in Nightly builds, run with -Z macro-backtrace for more info)
[INFO] [stdout] 
[INFO] [stdout] 
[INFO] [stdout] warning: trailing semicolon in macro used in expression position
[INFO] [stdout]    --> src/goban/macros.rs:173:10
[INFO] [stdout]     |
[INFO] [stdout] 173 |         };
[INFO] [stdout]     |          ^
[INFO] [stdout]     |
[INFO] [stdout]    ::: src/heuristic/mod.rs:43:14
[INFO] [stdout]     |
[INFO] [stdout] 43  |     count -= find_enemy_score![slot, map.players_score] as i128 * CAPTURE * 2;
[INFO] [stdout]     |              ------------------------------------------ in this macro invocation
[INFO] [stdout]     |
[INFO] [stdout]     = warning: this was previously accepted by the compiler but is being phased out; it will become a hard error in a future release!
[INFO] [stdout]     = note: for more information, see issue #79813 <https://github.com/rust-lang/rust/issues/79813>
[INFO] [stdout]     = note: this warning originates in the macro `find_enemy_score` (in Nightly builds, run with -Z macro-backtrace for more info)
[INFO] [stdout] 
[INFO] [stdout] 
[INFO] [stdout] warning: trailing semicolon in macro used in expression position
[INFO] [stdout]    --> src/goban/macros.rs:160:10
[INFO] [stdout]     |
[INFO] [stdout] 160 |         };
[INFO] [stdout]     |          ^
[INFO] [stdout]     |
[INFO] [stdout]    ::: src/heuristic/mod.rs:63:25
[INFO] [stdout]     |
[INFO] [stdout] 63  | ...   if count > 0 && find_score![map.current_player, map.players_score] + map.number_captured_preview((x, y), find_slot_player![map.curr...
[INFO] [stdout]     |                       -------------------------------------------------- in this macro invocation
[INFO] [stdout]     |
[INFO] [stdout]     = warning: this was previously accepted by the compiler but is being phased out; it will become a hard error in a future release!
[INFO] [stdout]     = note: for more information, see issue #79813 <https://github.com/rust-lang/rust/issues/79813>
[INFO] [stdout]     = note: this warning originates in the macro `find_score` (in Nightly builds, run with -Z macro-backtrace for more info)
[INFO] [stdout] 
[INFO] [stdout] 
[INFO] [stdout] warning: trailing semicolon in macro used in expression position
[INFO] [stdout]   --> src/goban/macros.rs:92:10
[INFO] [stdout]    |
[INFO] [stdout] 92 |         };
[INFO] [stdout]    |          ^
[INFO] [stdout]    |
[INFO] [stdout]   ::: src/heuristic/mod.rs:63:114
[INFO] [stdout]    |
[INFO] [stdout] 63 | ...map.number_captured_preview((x, y), find_slot_player![map.current_player]) >= 10
[INFO] [stdout]    |                                        ------------------------------------- in this macro invocation
[INFO] [stdout]    |
[INFO] [stdout]    = warning: this was previously accepted by the compiler but is being phased out; it will become a hard error in a future release!
[INFO] [stdout]    = note: for more information, see issue #79813 <https://github.com/rust-lang/rust/issues/79813>
[INFO] [stdout]    = note: this warning originates in the macro `find_slot_player` (in Nightly builds, run with -Z macro-backtrace for more info)
[INFO] [stdout] 
[INFO] [stdout] 
[INFO] [stdout] warning: trailing semicolon in macro used in expression position
[INFO] [stdout]    --> src/goban/macros.rs:173:10
[INFO] [stdout]     |
[INFO] [stdout] 173 |         };
[INFO] [stdout]     |          ^
[INFO] [stdout]     |
[INFO] [stdout]    ::: src/heuristic/mod.rs:67:30
[INFO] [stdout]     |
[INFO] [stdout] 67  | ...   else if count < 0 && find_enemy_score![map.current_player, map.players_score] + map.number_captured_preview((x, y), find_slot_playe...
[INFO] [stdout]     |                            -------------------------------------------------------- in this macro invocation
[INFO] [stdout]     |
[INFO] [stdout]     = warning: this was previously accepted by the compiler but is being phased out; it will become a hard error in a future release!
[INFO] [stdout]     = note: for more information, see issue #79813 <https://github.com/rust-lang/rust/issues/79813>
[INFO] [stdout]     = note: this warning originates in the macro `find_enemy_score` (in Nightly builds, run with -Z macro-backtrace for more info)
[INFO] [stdout] 
[INFO] [stdout] 
[INFO] [stdout] warning: trailing semicolon in macro used in expression position
[INFO] [stdout]   --> src/goban/macros.rs:92:10
[INFO] [stdout]    |
[INFO] [stdout] 92 |         };
[INFO] [stdout]    |          ^
[INFO] [stdout]    |
[INFO] [stdout]   ::: src/heuristic/mod.rs:67:125
[INFO] [stdout]    |
[INFO] [stdout] 67 | ...map.number_captured_preview((x, y), find_slot_player![map.current_player]) >= 10
[INFO] [stdout]    |                                        ------------------------------------- in this macro invocation
[INFO] [stdout]    |
[INFO] [stdout]    = warning: this was previously accepted by the compiler but is being phased out; it will become a hard error in a future release!
[INFO] [stdout]    = note: for more information, see issue #79813 <https://github.com/rust-lang/rust/issues/79813>
[INFO] [stdout]    = note: this warning originates in the macro `find_slot_player` (in Nightly builds, run with -Z macro-backtrace for more info)
[INFO] [stdout] 
[INFO] [stdout] 
[INFO] [stdout] warning: trailing semicolon in macro used in expression position
[INFO] [stdout]    --> src/goban/macros.rs:160:10
[INFO] [stdout]     |
[INFO] [stdout] 160 |         };
[INFO] [stdout]     |          ^
[INFO] [stdout]     |
[INFO] [stdout]    ::: src/heuristic/mod.rs:139:25
[INFO] [stdout]     |
[INFO] [stdout] 139 | ...   if count > 0 && find_score![map.current_player, map.players_score] + map.number_captured_preview((x, y), find_slot_player![map.curr...
[INFO] [stdout]     |                       -------------------------------------------------- in this macro invocation
[INFO] [stdout]     |
[INFO] [stdout]     = warning: this was previously accepted by the compiler but is being phased out; it will become a hard error in a future release!
[INFO] [stdout]     = note: for more information, see issue #79813 <https://github.com/rust-lang/rust/issues/79813>
[INFO] [stdout]     = note: this warning originates in the macro `find_score` (in Nightly builds, run with -Z macro-backtrace for more info)
[INFO] [stdout] 
[INFO] [stdout] 
[INFO] [stdout] warning: trailing semicolon in macro used in expression position
[INFO] [stdout]    --> src/goban/macros.rs:92:10
[INFO] [stdout]     |
[INFO] [stdout] 92  |         };
[INFO] [stdout]     |          ^
[INFO] [stdout]     |
[INFO] [stdout]    ::: src/heuristic/mod.rs:139:114
[INFO] [stdout]     |
[INFO] [stdout] 139 | ...map.number_captured_preview((x, y), find_slot_player![map.current_player]) >= 10
[INFO] [stdout]     |                                        ------------------------------------- in this macro invocation
[INFO] [stdout]     |
[INFO] [stdout]     = warning: this was previously accepted by the compiler but is being phased out; it will become a hard error in a future release!
[INFO] [stdout]     = note: for more information, see issue #79813 <https://github.com/rust-lang/rust/issues/79813>
[INFO] [stdout]     = note: this warning originates in the macro `find_slot_player` (in Nightly builds, run with -Z macro-backtrace for more info)
[INFO] [stdout] 
[INFO] [stdout] 
[INFO] [stdout] warning: trailing semicolon in macro used in expression position
[INFO] [stdout]    --> src/goban/macros.rs:173:10
[INFO] [stdout]     |
[INFO] [stdout] 173 |         };
[INFO] [stdout]     |          ^
[INFO] [stdout]     |
[INFO] [stdout]    ::: src/heuristic/mod.rs:143:30
[INFO] [stdout]     |
[INFO] [stdout] 143 | ...   else if count < 0 && find_enemy_score![map.current_player, map.players_score] + map.number_captured_preview((x, y), find_slot_playe...
[INFO] [stdout]     |                            -------------------------------------------------------- in this macro invocation
[INFO] [stdout]     |
[INFO] [stdout]     = warning: this was previously accepted by the compiler but is being phased out; it will become a hard error in a future release!
[INFO] [stdout]     = note: for more information, see issue #79813 <https://github.com/rust-lang/rust/issues/79813>
[INFO] [stdout]     = note: this warning originates in the macro `find_enemy_score` (in Nightly builds, run with -Z macro-backtrace for more info)
[INFO] [stdout] 
[INFO] [stdout] 
[INFO] [stdout] warning: trailing semicolon in macro used in expression position
[INFO] [stdout]    --> src/goban/macros.rs:92:10
[INFO] [stdout]     |
[INFO] [stdout] 92  |         };
[INFO] [stdout]     |          ^
[INFO] [stdout]     |
[INFO] [stdout]    ::: src/heuristic/mod.rs:143:125
[INFO] [stdout]     |
[INFO] [stdout] 143 | ...map.number_captured_preview((x, y), find_slot_player![map.current_player]) >= 10
[INFO] [stdout]     |                                        ------------------------------------- in this macro invocation
[INFO] [stdout]     |
[INFO] [stdout]     = warning: this was previously accepted by the compiler but is being phased out; it will become a hard error in a future release!
[INFO] [stdout]     = note: for more information, see issue #79813 <https://github.com/rust-lang/rust/issues/79813>
[INFO] [stdout]     = note: this warning originates in the macro `find_slot_player` (in Nightly builds, run with -Z macro-backtrace for more info)
[INFO] [stdout] 
[INFO] [stdout] 
[INFO] [stdout] warning: `...` range patterns are deprecated
[INFO] [stdout]    --> src/heuristic/mod.rs:207:11
[INFO] [stdout]     |
[INFO] [stdout] 207 |         0 ... 2 => 0,
[INFO] [stdout]     |           ^^^ help: use `..=` for an inclusive range
[INFO] [stdout]     |
[INFO] [stdout]     = warning: this is accepted in the current edition (Rust 2015) but is a hard error in Rust 2021!
[INFO] [stdout]     = note: for more information, see <https://doc.rust-lang.org/nightly/edition-guide/rust-2021/warnings-promoted-to-error.html>
[INFO] [stdout] 
[INFO] [stdout] 
[INFO] [stdout] warning: `...` range patterns are deprecated
[INFO] [stdout]    --> src/heuristic/mod.rs:208:11
[INFO] [stdout]     |
[INFO] [stdout] 208 |         3 ... 5 => slot_value![map.value_diagonale[y as usize], index ; mask_move; [9, 35, 36, 37, 38]],
[INFO] [stdout]     |           ^^^ help: use `..=` for an inclusive range
[INFO] [stdout]     |
[INFO] [stdout]     = warning: this is accepted in the current edition (Rust 2015) but is a hard error in Rust 2021!
[INFO] [stdout]     = note: for more information, see <https://doc.rust-lang.org/nightly/edition-guide/rust-2021/warnings-promoted-to-error.html>
[INFO] [stdout] 
[INFO] [stdout] 
[INFO] [stdout] warning: trailing semicolon in macro used in expression position
[INFO] [stdout]    --> src/goban/macros.rs:160:10
[INFO] [stdout]     |
[INFO] [stdout] 160 |         };
[INFO] [stdout]     |          ^
[INFO] [stdout]     |
[INFO] [stdout]    ::: src/heuristic/mod.rs:214:25
[INFO] [stdout]     |
[INFO] [stdout] 214 | ...   if count > 0 && find_score![map.current_player, map.players_score] + map.number_captured_preview((r_x, r_y), find_slot_player![map....
[INFO] [stdout]     |                       -------------------------------------------------- in this macro invocation
[INFO] [stdout]     |
[INFO] [stdout]     = warning: this was previously accepted by the compiler but is being phased out; it will become a hard error in a future release!
[INFO] [stdout]     = note: for more information, see issue #79813 <https://github.com/rust-lang/rust/issues/79813>
[INFO] [stdout]     = note: this warning originates in the macro `find_score` (in Nightly builds, run with -Z macro-backtrace for more info)
[INFO] [stdout] 
[INFO] [stdout] 
[INFO] [stdout] warning: trailing semicolon in macro used in expression position
[INFO] [stdout]    --> src/goban/macros.rs:92:10
[INFO] [stdout]     |
[INFO] [stdout] 92  |         };
[INFO] [stdout]     |          ^
[INFO] [stdout]     |
[INFO] [stdout]    ::: src/heuristic/mod.rs:214:118
[INFO] [stdout]     |
[INFO] [stdout] 214 | ...number_captured_preview((r_x, r_y), find_slot_player![map.current_player]) >= 10
[INFO] [stdout]     |                                        ------------------------------------- in this macro invocation
[INFO] [stdout]     |
[INFO] [stdout]     = warning: this was previously accepted by the compiler but is being phased out; it will become a hard error in a future release!
[INFO] [stdout]     = note: for more information, see issue #79813 <https://github.com/rust-lang/rust/issues/79813>
[INFO] [stdout]     = note: this warning originates in the macro `find_slot_player` (in Nightly builds, run with -Z macro-backtrace for more info)
[INFO] [stdout] 
[INFO] [stdout] 
[INFO] [stdout] warning: trailing semicolon in macro used in expression position
[INFO] [stdout]    --> src/goban/macros.rs:173:10
[INFO] [stdout]     |
[INFO] [stdout] 173 |         };
[INFO] [stdout]     |          ^
[INFO] [stdout]     |
[INFO] [stdout]    ::: src/heuristic/mod.rs:218:30
[INFO] [stdout]     |
[INFO] [stdout] 218 | ...   else if count < 0 && find_enemy_score![map.current_player, map.players_score] + map.number_captured_preview((r_x, r_y), find_slot_p...
[INFO] [stdout]     |                            -------------------------------------------------------- in this macro invocation
[INFO] [stdout]     |
[INFO] [stdout]     = warning: this was previously accepted by the compiler but is being phased out; it will become a hard error in a future release!
[INFO] [stdout]     = note: for more information, see issue #79813 <https://github.com/rust-lang/rust/issues/79813>
[INFO] [stdout]     = note: this warning originates in the macro `find_enemy_score` (in Nightly builds, run with -Z macro-backtrace for more info)
[INFO] [stdout] 
[INFO] [stdout] 
[INFO] [stdout] warning: trailing semicolon in macro used in expression position
[INFO] [stdout]    --> src/goban/macros.rs:92:10
[INFO] [stdout]     |
[INFO] [stdout] 92  |         };
[INFO] [stdout]     |          ^
[INFO] [stdout]     |
[INFO] [stdout]    ::: src/heuristic/mod.rs:218:129
[INFO] [stdout]     |
[INFO] [stdout] 218 | ...number_captured_preview((r_x, r_y), find_slot_player![map.current_player]) >= 10
[INFO] [stdout]     |                                        ------------------------------------- in this macro invocation
[INFO] [stdout]     |
[INFO] [stdout]     = warning: this was previously accepted by the compiler but is being phased out; it will become a hard error in a future release!
[INFO] [stdout]     = note: for more information, see issue #79813 <https://github.com/rust-lang/rust/issues/79813>
[INFO] [stdout]     = note: this warning originates in the macro `find_slot_player` (in Nightly builds, run with -Z macro-backtrace for more info)
[INFO] [stdout] 
[INFO] [stdout] 
[INFO] [stdout] warning: `...` range patterns are deprecated
[INFO] [stdout]    --> src/heuristic/mod.rs:226:11
[INFO] [stdout]     |
[INFO] [stdout] 226 |         0 ... 2 => 0,
[INFO] [stdout]     |           ^^^ help: use `..=` for an inclusive range
[INFO] [stdout]     |
[INFO] [stdout]     = warning: this is accepted in the current edition (Rust 2015) but is a hard error in Rust 2021!
[INFO] [stdout]     = note: for more information, see <https://doc.rust-lang.org/nightly/edition-guide/rust-2021/warnings-promoted-to-error.html>
[INFO] [stdout] 
[INFO] [stdout] 
[INFO] [stdout] warning: `...` range patterns are deprecated
[INFO] [stdout]    --> src/heuristic/mod.rs:227:11
[INFO] [stdout]     |
[INFO] [stdout] 227 |         3 ... 5 => slot_value![map.value_diagonale[y as usize], index ; mask_move; [25, 26, 30, 31]],
[INFO] [stdout]     |           ^^^ help: use `..=` for an inclusive range
[INFO] [stdout]     |
[INFO] [stdout]     = warning: this is accepted in the current edition (Rust 2015) but is a hard error in Rust 2021!
[INFO] [stdout]     = note: for more information, see <https://doc.rust-lang.org/nightly/edition-guide/rust-2021/warnings-promoted-to-error.html>
[INFO] [stdout] 
[INFO] [stdout] 
[INFO] [stdout] warning: `...` range patterns are deprecated
[INFO] [stdout]    --> src/heuristic/mod.rs:239:11
[INFO] [stdout]     |
[INFO] [stdout] 239 |         0 ... 2 => 0,
[INFO] [stdout]     |           ^^^ help: use `..=` for an inclusive range
[INFO] [stdout]     |
[INFO] [stdout]     = warning: this is accepted in the current edition (Rust 2015) but is a hard error in Rust 2021!
[INFO] [stdout]     = note: for more information, see <https://doc.rust-lang.org/nightly/edition-guide/rust-2021/warnings-promoted-to-error.html>
[INFO] [stdout] 
[INFO] [stdout] 
[INFO] [stdout] warning: `...` range patterns are deprecated
[INFO] [stdout]    --> src/heuristic/mod.rs:240:11
[INFO] [stdout]     |
[INFO] [stdout] 240 |         3 ... 5 => slot_value![map.value_diagonale[y as usize], index ; mask_move; [11, 17, 21, 22]],
[INFO] [stdout]     |           ^^^ help: use `..=` for an inclusive range
[INFO] [stdout]     |
[INFO] [stdout]     = warning: this is accepted in the current edition (Rust 2015) but is a hard error in Rust 2021!
[INFO] [stdout]     = note: for more information, see <https://doc.rust-lang.org/nightly/edition-guide/rust-2021/warnings-promoted-to-error.html>
[INFO] [stdout] 
[INFO] [stdout] 
[INFO] [stdout] warning: `...` range patterns are deprecated
[INFO] [stdout]    --> src/heuristic/mod.rs:252:11
[INFO] [stdout]     |
[INFO] [stdout] 252 |         0 ... 2 => 0,
[INFO] [stdout]     |           ^^^ help: use `..=` for an inclusive range
[INFO] [stdout]     |
[INFO] [stdout]     = warning: this is accepted in the current edition (Rust 2015) but is a hard error in Rust 2021!
[INFO] [stdout]     = note: for more information, see <https://doc.rust-lang.org/nightly/edition-guide/rust-2021/warnings-promoted-to-error.html>
[INFO] [stdout] 
[INFO] [stdout] 
[INFO] [stdout] warning: `...` range patterns are deprecated
[INFO] [stdout]    --> src/heuristic/mod.rs:253:11
[INFO] [stdout]     |
[INFO] [stdout] 253 |         3 ... 5 => slot_value![map.value_diagonale[y as usize], index ; mask_move; [0, 1, 3, 4, 13, 15]],
[INFO] [stdout]     |           ^^^ help: use `..=` for an inclusive range
[INFO] [stdout]     |
[INFO] [stdout]     = warning: this is accepted in the current edition (Rust 2015) but is a hard error in Rust 2021!
[INFO] [stdout]     = note: for more information, see <https://doc.rust-lang.org/nightly/edition-guide/rust-2021/warnings-promoted-to-error.html>
[INFO] [stdout] 
[INFO] [stdout] 
[INFO] [stdout] warning: `...` range patterns are deprecated
[INFO] [stdout]    --> src/heuristic/mod.rs:280:11
[INFO] [stdout]     |
[INFO] [stdout] 280 |         0 ... 2 => 0,
[INFO] [stdout]     |           ^^^ help: use `..=` for an inclusive range
[INFO] [stdout]     |
[INFO] [stdout]     = warning: this is accepted in the current edition (Rust 2015) but is a hard error in Rust 2021!
[INFO] [stdout]     = note: for more information, see <https://doc.rust-lang.org/nightly/edition-guide/rust-2021/warnings-promoted-to-error.html>
[INFO] [stdout] 
[INFO] [stdout] 
[INFO] [stdout] warning: `...` range patterns are deprecated
[INFO] [stdout]    --> src/heuristic/mod.rs:281:11
[INFO] [stdout]     |
[INFO] [stdout] 281 |         3 ... 5 => slot_value![map.value_diagonale_rotate[x as usize], index ; mask_move; [9, 35, 36, 37, 38]],
[INFO] [stdout]     |           ^^^ help: use `..=` for an inclusive range
[INFO] [stdout]     |
[INFO] [stdout]     = warning: this is accepted in the current edition (Rust 2015) but is a hard error in Rust 2021!
[INFO] [stdout]     = note: for more information, see <https://doc.rust-lang.org/nightly/edition-guide/rust-2021/warnings-promoted-to-error.html>
[INFO] [stdout] 
[INFO] [stdout] 
[INFO] [stdout] warning: trailing semicolon in macro used in expression position
[INFO] [stdout]    --> src/goban/macros.rs:160:10
[INFO] [stdout]     |
[INFO] [stdout] 160 |         };
[INFO] [stdout]     |          ^
[INFO] [stdout]     |
[INFO] [stdout]    ::: src/heuristic/mod.rs:287:25
[INFO] [stdout]     |
[INFO] [stdout] 287 | ...   if count > 0 && find_score![map.current_player, map.players_score] + map.number_captured_preview((r_x, r_y), find_slot_player![map....
[INFO] [stdout]     |                       -------------------------------------------------- in this macro invocation
[INFO] [stdout]     |
[INFO] [stdout]     = warning: this was previously accepted by the compiler but is being phased out; it will become a hard error in a future release!
[INFO] [stdout]     = note: for more information, see issue #79813 <https://github.com/rust-lang/rust/issues/79813>
[INFO] [stdout]     = note: this warning originates in the macro `find_score` (in Nightly builds, run with -Z macro-backtrace for more info)
[INFO] [stdout] 
[INFO] [stdout] 
[INFO] [stdout] warning: trailing semicolon in macro used in expression position
[INFO] [stdout]    --> src/goban/macros.rs:92:10
[INFO] [stdout]     |
[INFO] [stdout] 92  |         };
[INFO] [stdout]     |          ^
[INFO] [stdout]     |
[INFO] [stdout]    ::: src/heuristic/mod.rs:287:118
[INFO] [stdout]     |
[INFO] [stdout] 287 | ...number_captured_preview((r_x, r_y), find_slot_player![map.current_player]) >= 10
[INFO] [stdout]     |                                        ------------------------------------- in this macro invocation
[INFO] [stdout]     |
[INFO] [stdout]     = warning: this was previously accepted by the compiler but is being phased out; it will become a hard error in a future release!
[INFO] [stdout]     = note: for more information, see issue #79813 <https://github.com/rust-lang/rust/issues/79813>
[INFO] [stdout]     = note: this warning originates in the macro `find_slot_player` (in Nightly builds, run with -Z macro-backtrace for more info)
[INFO] [stdout] 
[INFO] [stdout] 
[INFO] [stdout] warning: trailing semicolon in macro used in expression position
[INFO] [stdout]    --> src/goban/macros.rs:173:10
[INFO] [stdout]     |
[INFO] [stdout] 173 |         };
[INFO] [stdout]     |          ^
[INFO] [stdout]     |
[INFO] [stdout]    ::: src/heuristic/mod.rs:291:30
[INFO] [stdout]     |
[INFO] [stdout] 291 | ...   else if count < 0 && find_enemy_score![map.current_player, map.players_score] + map.number_captured_preview((r_x, r_y), find_slot_p...
[INFO] [stdout]     |                            -------------------------------------------------------- in this macro invocation
[INFO] [stdout]     |
[INFO] [stdout]     = warning: this was previously accepted by the compiler but is being phased out; it will become a hard error in a future release!
[INFO] [stdout]     = note: for more information, see issue #79813 <https://github.com/rust-lang/rust/issues/79813>
[INFO] [stdout]     = note: this warning originates in the macro `find_enemy_score` (in Nightly builds, run with -Z macro-backtrace for more info)
[INFO] [stdout] 
[INFO] [stdout] 
[INFO] [stdout] warning: trailing semicolon in macro used in expression position
[INFO] [stdout]    --> src/goban/macros.rs:92:10
[INFO] [stdout]     |
[INFO] [stdout] 92  |         };
[INFO] [stdout]     |          ^
[INFO] [stdout]     |
[INFO] [stdout]    ::: src/heuristic/mod.rs:291:129
[INFO] [stdout]     |
[INFO] [stdout] 291 | ...number_captured_preview((r_x, r_y), find_slot_player![map.current_player]) >= 10
[INFO] [stdout]     |                                        ------------------------------------- in this macro invocation
[INFO] [stdout]     |
[INFO] [stdout]     = warning: this was previously accepted by the compiler but is being phased out; it will become a hard error in a future release!
[INFO] [stdout]     = note: for more information, see issue #79813 <https://github.com/rust-lang/rust/issues/79813>
[INFO] [stdout]     = note: this warning originates in the macro `find_slot_player` (in Nightly builds, run with -Z macro-backtrace for more info)
[INFO] [stdout] 
[INFO] [stdout] 
[INFO] [stdout] warning: `...` range patterns are deprecated
[INFO] [stdout]    --> src/heuristic/mod.rs:299:11
[INFO] [stdout]     |
[INFO] [stdout] 299 |         0 ... 2 => 0,
[INFO] [stdout]     |           ^^^ help: use `..=` for an inclusive range
[INFO] [stdout]     |
[INFO] [stdout]     = warning: this is accepted in the current edition (Rust 2015) but is a hard error in Rust 2021!
[INFO] [stdout]     = note: for more information, see <https://doc.rust-lang.org/nightly/edition-guide/rust-2021/warnings-promoted-to-error.html>
[INFO] [stdout] 
[INFO] [stdout] 
[INFO] [stdout] warning: `...` range patterns are deprecated
[INFO] [stdout]    --> src/heuristic/mod.rs:300:11
[INFO] [stdout]     |
[INFO] [stdout] 300 |         3 ... 5 => slot_value![map.value_diagonale_rotate[x as usize], index ; mask_move; [25, 26, 30, 31]],
[INFO] [stdout]     |           ^^^ help: use `..=` for an inclusive range
[INFO] [stdout]     |
[INFO] [stdout]     = warning: this is accepted in the current edition (Rust 2015) but is a hard error in Rust 2021!
[INFO] [stdout]     = note: for more information, see <https://doc.rust-lang.org/nightly/edition-guide/rust-2021/warnings-promoted-to-error.html>
[INFO] [stdout] 
[INFO] [stdout] 
[INFO] [stdout] warning: `...` range patterns are deprecated
[INFO] [stdout]    --> src/heuristic/mod.rs:312:11
[INFO] [stdout]     |
[INFO] [stdout] 312 |         0 ... 2 => 0,
[INFO] [stdout]     |           ^^^ help: use `..=` for an inclusive range
[INFO] [stdout]     |
[INFO] [stdout]     = warning: this is accepted in the current edition (Rust 2015) but is a hard error in Rust 2021!
[INFO] [stdout]     = note: for more information, see <https://doc.rust-lang.org/nightly/edition-guide/rust-2021/warnings-promoted-to-error.html>
[INFO] [stdout] 
[INFO] [stdout] 
[INFO] [stdout] warning: `...` range patterns are deprecated
[INFO] [stdout]    --> src/heuristic/mod.rs:313:11
[INFO] [stdout]     |
[INFO] [stdout] 313 |         3 ... 5 => slot_value![map.value_diagonale_rotate[x as usize], index ; mask_move; [11, 17, 21, 22]],
[INFO] [stdout]     |           ^^^ help: use `..=` for an inclusive range
[INFO] [stdout]     |
[INFO] [stdout]     = warning: this is accepted in the current edition (Rust 2015) but is a hard error in Rust 2021!
[INFO] [stdout]     = note: for more information, see <https://doc.rust-lang.org/nightly/edition-guide/rust-2021/warnings-promoted-to-error.html>
[INFO] [stdout] 
[INFO] [stdout] 
[INFO] [stdout] warning: `...` range patterns are deprecated
[INFO] [stdout]    --> src/heuristic/mod.rs:325:11
[INFO] [stdout]     |
[INFO] [stdout] 325 |         0 ... 2 => 0,
[INFO] [stdout]     |           ^^^ help: use `..=` for an inclusive range
[INFO] [stdout]     |
[INFO] [stdout]     = warning: this is accepted in the current edition (Rust 2015) but is a hard error in Rust 2021!
[INFO] [stdout]     = note: for more information, see <https://doc.rust-lang.org/nightly/edition-guide/rust-2021/warnings-promoted-to-error.html>
[INFO] [stdout] 
[INFO] [stdout] 
[INFO] [stdout] warning: `...` range patterns are deprecated
[INFO] [stdout]    --> src/heuristic/mod.rs:326:11
[INFO] [stdout]     |
[INFO] [stdout] 326 |         3 ... 5 => slot_value![map.value_diagonale_rotate[x as usize], index ; mask_move; [0, 1, 3, 4, 13, 15]],
[INFO] [stdout]     |           ^^^ help: use `..=` for an inclusive range
[INFO] [stdout]     |
[INFO] [stdout]     = warning: this is accepted in the current edition (Rust 2015) but is a hard error in Rust 2021!
[INFO] [stdout]     = note: for more information, see <https://doc.rust-lang.org/nightly/edition-guide/rust-2021/warnings-promoted-to-error.html>
[INFO] [stdout] 
[INFO] [stdout] 
[INFO] [stdout] warning: trailing semicolon in macro used in expression position
[INFO] [stdout]    --> src/goban/macros.rs:92:10
[INFO] [stdout]     |
[INFO] [stdout] 92  |         };
[INFO] [stdout]     |          ^
[INFO] [stdout]     |
[INFO] [stdout]    ::: src/goban/map/mod.rs:139:49
[INFO] [stdout]     |
[INFO] [stdout] 139 |         if self.number_captured_preview((x, y), find_slot_player![player]) > 0
[INFO] [stdout]     |                                                 ------------------------- in this macro invocation
[INFO] [stdout]     |
[INFO] [stdout]     = note: `#[warn(semicolon_in_expressions_from_macros)]` on by default
[INFO] [stdout]     = warning: this was previously accepted by the compiler but is being phased out; it will become a hard error in a future release!
[INFO] [stdout]     = note: for more information, see issue #79813 <https://github.com/rust-lang/rust/issues/79813>
[INFO] [stdout]     = note: this warning originates in the macro `find_slot_player` (in Nightly builds, run with -Z macro-backtrace for more info)
[INFO] [stdout] 
[INFO] [stdout] 
[INFO] [stdout] warning: trailing semicolon in macro used in expression position
[INFO] [stdout]    --> src/goban/macros.rs:229:10
[INFO] [stdout]     |
[INFO] [stdout] 229 |         };
[INFO] [stdout]     |          ^
[INFO] [stdout]     |
[INFO] [stdout]    ::: src/goban/map/mod.rs:143:46
[INFO] [stdout]     |
[INFO] [stdout] 143 |         match self.three_move_number((x, y), find_tm_player![player, (THREE_MOVE_P1, DTHREE_MOVE_P1), (THREE_MOVE_P2, DTHREE_MOVE_P2)])
[INFO] [stdout]     |                                              ----------------------------------------------------------------------------------------- in this macro invocation
[INFO] [stdout]     |
[INFO] [stdout]     = warning: this was previously accepted by the compiler but is being phased out; it will become a hard error in a future release!
[INFO] [stdout]     = note: for more information, see issue #79813 <https://github.com/rust-lang/rust/issues/79813>
[INFO] [stdout]     = note: this warning originates in the macro `find_tm_player` (in Nightly builds, run with -Z macro-backtrace for more info)
[INFO] [stdout] 
[INFO] [stdout] 
[INFO] [stdout] warning: trailing semicolon in macro used in expression position
[INFO] [stdout]    --> src/goban/macros.rs:242:10
[INFO] [stdout]     |
[INFO] [stdout] 242 |         };
[INFO] [stdout]     |          ^
[INFO] [stdout]     |
[INFO] [stdout]    ::: src/goban/map/mod.rs:174:20
[INFO] [stdout]     |
[INFO] [stdout] 174 |        let masks = find_tm_player_preview![slot_player, CAPTURE_P1, CAPTURE_P2];
[INFO] [stdout]     |                    ------------------------------------------------------------ in this macro invocation
[INFO] [stdout]     |
[INFO] [stdout]     = warning: this was previously accepted by the compiler but is being phased out; it will become a hard error in a future release!
[INFO] [stdout]     = note: for more information, see issue #79813 <https://github.com/rust-lang/rust/issues/79813>
[INFO] [stdout]     = note: this warning originates in the macro `find_tm_player_preview` (in Nightly builds, run with -Z macro-backtrace for more info)
[INFO] [stdout] 
[INFO] [stdout] 
[INFO] [stdout] warning: trailing semicolon in macro used in expression position
[INFO] [stdout]    --> src/goban/macros.rs:229:10
[INFO] [stdout]     |
[INFO] [stdout] 229 |         };
[INFO] [stdout]     |          ^
[INFO] [stdout]     |
[INFO] [stdout]    ::: src/goban/map/mod.rs:234:20
[INFO] [stdout]     |
[INFO] [stdout] 234 |        let masks = find_tm_player![self.current_player, CAPTURE_P1, CAPTURE_P2];
[INFO] [stdout]     |                    ------------------------------------------------------------ in this macro invocation
[INFO] [stdout]     |
[INFO] [stdout]     = warning: this was previously accepted by the compiler but is being phased out; it will become a hard error in a future release!
[INFO] [stdout]     = note: for more information, see issue #79813 <https://github.com/rust-lang/rust/issues/79813>
[INFO] [stdout]     = note: this warning originates in the macro `find_tm_player` (in Nightly builds, run with -Z macro-backtrace for more info)
[INFO] [stdout] 
[INFO] [stdout] 
[INFO] [stdout] warning: trailing semicolon in macro used in expression position
[INFO] [stdout]    --> src/goban/macros.rs:121:10
[INFO] [stdout]     |
[INFO] [stdout] 121 |         };
[INFO] [stdout]     |          ^
[INFO] [stdout]     |
[INFO] [stdout]    ::: src/goban/map/mod.rs:311:26
[INFO] [stdout]     |
[INFO] [stdout] 311 |         let slot_enemy = find_slot_enemy![self.current_player];
[INFO] [stdout]     |                          ------------------------------------- in this macro invocation
[INFO] [stdout]     |
[INFO] [stdout]     = warning: this was previously accepted by the compiler but is being phased out; it will become a hard error in a future release!
[INFO] [stdout]     = note: for more information, see issue #79813 <https://github.com/rust-lang/rust/issues/79813>
[INFO] [stdout]     = note: this warning originates in the macro `find_slot_enemy` (in Nightly builds, run with -Z macro-backtrace for more info)
[INFO] [stdout] 
[INFO] [stdout] 
[INFO] [stdout] warning: trailing semicolon in macro used in expression position
[INFO] [stdout]    --> src/goban/macros.rs:229:10
[INFO] [stdout]     |
[INFO] [stdout] 229 |         };
[INFO] [stdout]     |          ^
[INFO] [stdout]     |
[INFO] [stdout]    ::: src/goban/map/mod.rs:470:20
[INFO] [stdout]     |
[INFO] [stdout] 470 |        let masks = find_tm_player![slot_player, IS_CAPTURABLE_P1, IS_CAPTURABLE_P2];
[INFO] [stdout]     |                    ---------------------------------------------------------------- in this macro invocation
[INFO] [stdout]     |
[INFO] [stdout]     = warning: this was previously accepted by the compiler but is being phased out; it will become a hard error in a future release!
[INFO] [stdout]     = note: for more information, see issue #79813 <https://github.com/rust-lang/rust/issues/79813>
[INFO] [stdout]     = note: this warning originates in the macro `find_tm_player` (in Nightly builds, run with -Z macro-backtrace for more info)
[INFO] [stdout] 
[INFO] [stdout] 
[INFO] [stdout] warning: `...` range patterns are deprecated
[INFO] [stdout]    --> src/goban/map/mod.rs:545:15
[INFO] [stdout]     |
[INFO] [stdout] 545 |             3 ... 5 => slot_cmp![self.value_diagonale[conv.1 as usize], conv.0 * 3 ; slot_d; [0, 3, 6]] as usize,
[INFO] [stdout]     |               ^^^ help: use `..=` for an inclusive range
[INFO] [stdout]     |
[INFO] [stdout]     = note: `#[warn(ellipsis_inclusive_range_patterns)]` on by default
[INFO] [stdout]     = warning: this is accepted in the current edition (Rust 2015) but is a hard error in Rust 2021!
[INFO] [stdout]     = note: for more information, see <https://doc.rust-lang.org/nightly/edition-guide/rust-2021/warnings-promoted-to-error.html>
[INFO] [stdout] 
[INFO] [stdout] 
[INFO] [stdout] warning: `...` range patterns are deprecated
[INFO] [stdout]    --> src/goban/map/mod.rs:552:15
[INFO] [stdout]     |
[INFO] [stdout] 552 | ...   3 ... 5 => slot_cmp![self.value_diagonale_rotate[conv.0 as usize], ((RSIZEMAP as i128) * 2 - conv.1) * 3 ; slot_d; [0, 3, 6]] as us...
[INFO] [stdout]     |         ^^^ help: use `..=` for an inclusive range
[INFO] [stdout]     |
[INFO] [stdout]     = warning: this is accepted in the current edition (Rust 2015) but is a hard error in Rust 2021!
[INFO] [stdout]     = note: for more information, see <https://doc.rust-lang.org/nightly/edition-guide/rust-2021/warnings-promoted-to-error.html>
[INFO] [stdout] 
[INFO] [stdout] 
[INFO] [stdout] warning: trailing semicolon in macro used in expression position
[INFO] [stdout]   --> src/goban/macros.rs:92:10
[INFO] [stdout]    |
[INFO] [stdout] 92 |         };
[INFO] [stdout]    |          ^
[INFO] [stdout]    |
[INFO] [stdout]   ::: src/minmax/recursive.rs:30:23
[INFO] [stdout]    |
[INFO] [stdout] 30 |     let slot_player = find_slot_player![action.map.current_player];
[INFO] [stdout]    |                       -------------------------------------------- in this macro invocation
[INFO] [stdout]    |
[INFO] [stdout]    = warning: this was previously accepted by the compiler but is being phased out; it will become a hard error in a future release!
[INFO] [stdout]    = note: for more information, see issue #79813 <https://github.com/rust-lang/rust/issues/79813>
[INFO] [stdout]    = note: this warning originates in the macro `find_slot_player` (in Nightly builds, run with -Z macro-backtrace for more info)
[INFO] [stdout] 
[INFO] [stdout] 
[INFO] [stdout] warning: unused label
[INFO] [stdout]    --> src/minmax/recursive.rs:134:4
[INFO] [stdout]     |
[INFO] [stdout] 134 |             'root: for y_x in area.iter()
[INFO] [stdout]     |             ^^^^^
[INFO] [stdout]     |
[INFO] [stdout]     = note: `#[warn(unused_labels)]` on by default
[INFO] [stdout] 
[INFO] [stdout] 
[INFO] [stdout] warning: trailing semicolon in macro used in expression position
[INFO] [stdout]    --> src/goban/macros.rs:92:10
[INFO] [stdout]     |
[INFO] [stdout] 92  |         };
[INFO] [stdout]     |          ^
[INFO] [stdout]     |
[INFO] [stdout]    ::: src/minmax/recursive.rs:226:23
[INFO] [stdout]     |
[INFO] [stdout] 226 |     let slot_player = find_slot_player![action.map.current_player];
[INFO] [stdout]     |                       -------------------------------------------- in this macro invocation
[INFO] [stdout]     |
[INFO] [stdout]     = warning: this was previously accepted by the compiler but is being phased out; it will become a hard error in a future release!
[INFO] [stdout]     = note: for more information, see issue #79813 <https://github.com/rust-lang/rust/issues/79813>
[INFO] [stdout]     = note: this warning originates in the macro `find_slot_player` (in Nightly builds, run with -Z macro-backtrace for more info)
[INFO] [stdout] 
[INFO] [stdout] 
[INFO] [stdout] warning: trailing semicolon in macro used in expression position
[INFO] [stdout]    --> src/goban/macros.rs:147:10
[INFO] [stdout]     |
[INFO] [stdout] 147 |         };
[INFO] [stdout]     |          ^
[INFO] [stdout]     |
[INFO] [stdout]    ::: src/minmax/recursive.rs:280:120
[INFO] [stdout]     |
[INFO] [stdout] 280 |         last_action.value =    heuristic::value_map(&last_action.map, player) - heuristic::value_map(&last_action.map, find_kind_enem...
[INFO] [stdout]     |                                                                                                                        ------------------------ in this macro invocation
[INFO] [stdout]     |
[INFO] [stdout]     = warning: this was previously accepted by the compiler but is being phased out; it will become a hard error in a future release!
[INFO] [stdout]     = note: for more information, see issue #79813 <https://github.com/rust-lang/rust/issues/79813>
[INFO] [stdout]     = note: this warning originates in the macro `find_kind_enemy` (in Nightly builds, run with -Z macro-backtrace for more info)
[INFO] [stdout] 
[INFO] [stdout] 
[INFO] [stdout] warning: trailing semicolon in macro used in expression position
[INFO] [stdout]    --> src/goban/macros.rs:134:10
[INFO] [stdout]     |
[INFO] [stdout] 134 |         };
[INFO] [stdout]     |          ^
[INFO] [stdout]     |
[INFO] [stdout]    ::: src/minmax/recursive.rs:322:23
[INFO] [stdout]     |
[INFO] [stdout] 322 |     let depth: i128 = find_kind_player![map.current_player, map.players_kind].depth();
[INFO] [stdout]     |                       ------------------------------------------------------- in this macro invocation
[INFO] [stdout]     |
[INFO] [stdout]     = warning: this was previously accepted by the compiler but is being phased out; it will become a hard error in a future release!
[INFO] [stdout]     = note: for more information, see issue #79813 <https://github.com/rust-lang/rust/issues/79813>
[INFO] [stdout]     = note: this warning originates in the macro `find_kind_player` (in Nightly builds, run with -Z macro-backtrace for more info)
[INFO] [stdout] 
[INFO] [stdout] 
[INFO] [stdout] warning: `...` range patterns are deprecated
[INFO] [stdout]    --> src/minmax/recursive.rs:325:8
[INFO] [stdout]     |
[INFO] [stdout] 325 |                     1 ... 6 => solver(depth, &mut map.clone(), Turn::MAX, (MIN, MAX), &map.current_player, MAX_VEC_AREA - depth as usize),
[INFO] [stdout]     |                       ^^^ help: use `..=` for an inclusive range
[INFO] [stdout]     |
[INFO] [stdout]     = warning: this is accepted in the current edition (Rust 2015) but is a hard error in Rust 2021!
[INFO] [stdout]     = note: for more information, see <https://doc.rust-lang.org/nightly/edition-guide/rust-2021/warnings-promoted-to-error.html>
[INFO] [stdout] 
[INFO] [stdout] 
[INFO] [stdout] warning: trailing semicolon in macro used in expression position
[INFO] [stdout]    --> src/goban/macros.rs:92:10
[INFO] [stdout]     |
[INFO] [stdout] 92  |         };
[INFO] [stdout]     |          ^
[INFO] [stdout]     |
[INFO] [stdout]    ::: src/graphic/game.rs:165:79
[INFO] [stdout]     |
[INFO] [stdout] 165 |             map.number_captured((action.x_y.0 as i128, action.x_y.1 as i128), find_slot_player![map.current_player], true);
[INFO] [stdout]     |                                                                               ------------------------------------- in this macro invocation
[INFO] [stdout]     |
[INFO] [stdout]     = warning: this was previously accepted by the compiler but is being phased out; it will become a hard error in a future release!
[INFO] [stdout]     = note: for more information, see issue #79813 <https://github.com/rust-lang/rust/issues/79813>
[INFO] [stdout]     = note: this warning originates in the macro `find_slot_player` (in Nightly builds, run with -Z macro-backtrace for more info)
[INFO] [stdout] 
[INFO] [stdout] 
[INFO] [stdout] warning: trailing semicolon in macro used in expression position
[INFO] [stdout]    --> src/goban/macros.rs:92:10
[INFO] [stdout]     |
[INFO] [stdout] 92  |         };
[INFO] [stdout]     |          ^
[INFO] [stdout]     |
[INFO] [stdout]    ::: src/graphic/game.rs:166:73
[INFO] [stdout]     |
[INFO] [stdout] 166 |             map.set_value((action.x_y.0 as i128, action.x_y.1 as i128), find_slot_player!(map.current_player));
[INFO] [stdout]     |                                                                         ------------------------------------- in this macro invocation
[INFO] [stdout]     |
[INFO] [stdout]     = warning: this was previously accepted by the compiler but is being phased out; it will become a hard error in a future release!
[INFO] [stdout]     = note: for more information, see issue #79813 <https://github.com/rust-lang/rust/issues/79813>
[INFO] [stdout]     = note: this warning originates in the macro `find_slot_player` (in Nightly builds, run with -Z macro-backtrace for more info)
[INFO] [stdout] 
[INFO] [stdout] 
[INFO] [stdout] warning: trailing semicolon in macro used in expression position
[INFO] [stdout]    --> src/goban/macros.rs:92:10
[INFO] [stdout]     |
[INFO] [stdout] 92  |         };
[INFO] [stdout]     |          ^
[INFO] [stdout]     |
[INFO] [stdout]    ::: src/graphic/game.rs:178:97
[INFO] [stdout]     |
[INFO] [stdout] 178 |     map.number_captured((cursor.cursor_in_board[0] as i128, cursor.cursor_in_board[1] as i128), find_slot_player![map.current_player], ...
[INFO] [stdout]     |                                                                                                 ------------------------------------- in this macro invocation
[INFO] [stdout]     |
[INFO] [stdout]     = warning: this was previously accepted by the compiler but is being phased out; it will become a hard error in a future release!
[INFO] [stdout]     = note: for more information, see issue #79813 <https://github.com/rust-lang/rust/issues/79813>
[INFO] [stdout]     = note: this warning originates in the macro `find_slot_player` (in Nightly builds, run with -Z macro-backtrace for more info)
[INFO] [stdout] 
[INFO] [stdout] 
[INFO] [stdout] warning: trailing semicolon in macro used in expression position
[INFO] [stdout]    --> src/goban/macros.rs:92:10
[INFO] [stdout]     |
[INFO] [stdout] 92  |         };
[INFO] [stdout]     |          ^
[INFO] [stdout]     |
[INFO] [stdout]    ::: src/graphic/game.rs:179:91
[INFO] [stdout]     |
[INFO] [stdout] 179 |     map.set_value((cursor.cursor_in_board[0] as i128, cursor.cursor_in_board[1] as i128), find_slot_player!(map.current_player));
[INFO] [stdout]     |                                                                                           ------------------------------------- in this macro invocation
[INFO] [stdout]     |
[INFO] [stdout]     = warning: this was previously accepted by the compiler but is being phased out; it will become a hard error in a future release!
[INFO] [stdout]     = note: for more information, see issue #79813 <https://github.com/rust-lang/rust/issues/79813>
[INFO] [stdout]     = note: this warning originates in the macro `find_slot_player` (in Nightly builds, run with -Z macro-backtrace for more info)
[INFO] [stdout] 
[INFO] [stdout] 
[INFO] [stdout] warning: trailing semicolon in macro used in expression position
[INFO] [stdout]    --> src/goban/macros.rs:134:10
[INFO] [stdout]     |
[INFO] [stdout] 134 |         };
[INFO] [stdout]     |          ^
[INFO] [stdout]     |
[INFO] [stdout]    ::: src/graphic/game.rs:193:12
[INFO] [stdout]     |
[INFO] [stdout] 193 |         if find_kind_player![map.current_player, map.players_kind] != &PlayerKind::Human
[INFO] [stdout]     |            ------------------------------------------------------- in this macro invocation
[INFO] [stdout]     |
[INFO] [stdout]     = warning: this was previously accepted by the compiler but is being phased out; it will become a hard error in a future release!
[INFO] [stdout]     = note: for more information, see issue #79813 <https://github.com/rust-lang/rust/issues/79813>
[INFO] [stdout]     = note: this warning originates in the macro `find_kind_player` (in Nightly builds, run with -Z macro-backtrace for more info)
[INFO] [stdout] 
[INFO] [stdout] 
[INFO] [stdout] warning: trailing semicolon in macro used in expression position
[INFO] [stdout]    --> src/goban/macros.rs:134:10
[INFO] [stdout]     |
[INFO] [stdout] 134 |         };
[INFO] [stdout]     |          ^
[INFO] [stdout]     |
[INFO] [stdout]    ::: src/graphic/game.rs:197:12
[INFO] [stdout]     |
[INFO] [stdout] 197 |         if find_kind_player![find_kind_enemy!(map.current_player) , map.players_kind] != &PlayerKind::Human
[INFO] [stdout]     |            -------------------------------------------------------------------------- in this macro invocation
[INFO] [stdout]     |
[INFO] [stdout]     = warning: this was previously accepted by the compiler but is being phased out; it will become a hard error in a future release!
[INFO] [stdout]     = note: for more information, see issue #79813 <https://github.com/rust-lang/rust/issues/79813>
[INFO] [stdout]     = note: this warning originates in the macro `find_kind_player` (in Nightly builds, run with -Z macro-backtrace for more info)
[INFO] [stdout] 
[INFO] [stdout] 
[INFO] [stdout] warning: trailing semicolon in macro used in expression position
[INFO] [stdout]    --> src/goban/macros.rs:147:10
[INFO] [stdout]     |
[INFO] [stdout] 147 |         };
[INFO] [stdout]     |          ^
[INFO] [stdout]     |
[INFO] [stdout]    ::: src/graphic/game.rs:197:30
[INFO] [stdout]     |
[INFO] [stdout] 197 |         if find_kind_player![find_kind_enemy!(map.current_player) , map.players_kind] != &PlayerKind::Human
[INFO] [stdout]     |                              ------------------------------------ in this macro invocation
[INFO] [stdout]     |
[INFO] [stdout]     = warning: this was previously accepted by the compiler but is being phased out; it will become a hard error in a future release!
[INFO] [stdout]     = note: for more information, see issue #79813 <https://github.com/rust-lang/rust/issues/79813>
[INFO] [stdout]     = note: this warning originates in the macro `find_kind_enemy` (in Nightly builds, run with -Z macro-backtrace for more info)
[INFO] [stdout] 
[INFO] [stdout] 
[INFO] [stdout] warning: trailing semicolon in macro used in expression position
[INFO] [stdout]    --> src/goban/macros.rs:134:10
[INFO] [stdout]     |
[INFO] [stdout] 134 |         };
[INFO] [stdout]     |          ^
[INFO] [stdout]     |
[INFO] [stdout]    ::: src/graphic/game.rs:221:13
[INFO] [stdout]     |
[INFO] [stdout] 221 |     else if find_kind_player![map.current_player, map.players_kind] != &PlayerKind::Human
[INFO] [stdout]     |             ------------------------------------------------------- in this macro invocation
[INFO] [stdout]     |
[INFO] [stdout]     = warning: this was previously accepted by the compiler but is being phased out; it will become a hard error in a future release!
[INFO] [stdout]     = note: for more information, see issue #79813 <https://github.com/rust-lang/rust/issues/79813>
[INFO] [stdout]     = note: this warning originates in the macro `find_kind_player` (in Nightly builds, run with -Z macro-backtrace for more info)
[INFO] [stdout] 
[INFO] [stdout] 
[INFO] [stdout] warning: trailing semicolon in macro used in expression position
[INFO] [stdout]   --> src/goban/macros.rs:92:10
[INFO] [stdout]    |
[INFO] [stdout] 92 |         };
[INFO] [stdout]    |          ^
[INFO] [stdout]    |
[INFO] [stdout]   ::: src/graphic/draw.rs:88:16
[INFO] [stdout]    |
[INFO] [stdout] 88 |     let slot = find_slot_player!(map.current_player);
[INFO] [stdout]    |                ------------------------------------- in this macro invocation
[INFO] [stdout]    |
[INFO] [stdout]    = warning: this was previously accepted by the compiler but is being phased out; it will become a hard error in a future release!
[INFO] [stdout]    = note: for more information, see issue #79813 <https://github.com/rust-lang/rust/issues/79813>
[INFO] [stdout]    = note: this warning originates in the macro `find_slot_player` (in Nightly builds, run with -Z macro-backtrace for more info)
[INFO] [stdout] 
[INFO] [stdout] 
[INFO] [stdout] warning: trailing semicolon in macro used in expression position
[INFO] [stdout]    --> src/goban/macros.rs:229:10
[INFO] [stdout]     |
[INFO] [stdout] 229 |         };
[INFO] [stdout]     |          ^
[INFO] [stdout]     |
[INFO] [stdout]    ::: src/heuristic/mod.rs:10:22
[INFO] [stdout]     |
[INFO] [stdout] 10  |     let masks_move = find_tm_player![player, (MOVE_P1, DMOVE_P1), (MOVE_P2, DMOVE_P2)];
[INFO] [stdout]     |                      ----------------------------------------------------------------- in this macro invocation
[INFO] [stdout]     |
[INFO] [stdout]     = warning: this was previously accepted by the compiler but is being phased out; it will become a hard error in a future release!
[INFO] [stdout]     = note: for more information, see issue #79813 <https://github.com/rust-lang/rust/issues/79813>
[INFO] [stdout]     = note: this warning originates in the macro `find_tm_player` (in Nightly builds, run with -Z macro-backtrace for more info)
[INFO] [stdout] 
[INFO] [stdout] 
[INFO] [stdout] warning: trailing semicolon in macro used in expression position
[INFO] [stdout]    --> src/goban/macros.rs:160:10
[INFO] [stdout]     |
[INFO] [stdout] 160 |         };
[INFO] [stdout]     |          ^
[INFO] [stdout]     |
[INFO] [stdout]    ::: src/heuristic/mod.rs:42:14
[INFO] [stdout]     |
[INFO] [stdout] 42  |     count += find_score![slot, map.players_score] as i128 * CAPTURE * 2;
[INFO] [stdout]     |              ------------------------------------ in this macro invocation
[INFO] [stdout]     |
[INFO] [stdout]     = warning: this was previously accepted by the compiler but is being phased out; it will become a hard error in a future release!
[INFO] [stdout]     = note: for more information, see issue #79813 <https://github.com/rust-lang/rust/issues/79813>
[INFO] [stdout]     = note: this warning originates in the macro `find_score` (in Nightly builds, run with -Z macro-backtrace for more info)
[INFO] [stdout] 
[INFO] [stdout] 
[INFO] [stdout] warning: trailing semicolon in macro used in expression position
[INFO] [stdout]    --> src/goban/macros.rs:173:10
[INFO] [stdout]     |
[INFO] [stdout] 173 |         };
[INFO] [stdout]     |          ^
[INFO] [stdout]     |
[INFO] [stdout]    ::: src/heuristic/mod.rs:43:14
[INFO] [stdout]     |
[INFO] [stdout] 43  |     count -= find_enemy_score![slot, map.players_score] as i128 * CAPTURE * 2;
[INFO] [stdout]     |              ------------------------------------------ in this macro invocation
[INFO] [stdout]     |
[INFO] [stdout]     = warning: this was previously accepted by the compiler but is being phased out; it will become a hard error in a future release!
[INFO] [stdout]     = note: for more information, see issue #79813 <https://github.com/rust-lang/rust/issues/79813>
[INFO] [stdout]     = note: this warning originates in the macro `find_enemy_score` (in Nightly builds, run with -Z macro-backtrace for more info)
[INFO] [stdout] 
[INFO] [stdout] 
[INFO] [stdout] warning: trailing semicolon in macro used in expression position
[INFO] [stdout]    --> src/goban/macros.rs:160:10
[INFO] [stdout]     |
[INFO] [stdout] 160 |         };
[INFO] [stdout]     |          ^
[INFO] [stdout]     |
[INFO] [stdout]    ::: src/heuristic/mod.rs:63:25
[INFO] [stdout]     |
[INFO] [stdout] 63  | ...   if count > 0 && find_score![map.current_player, map.players_score] + map.number_captured_preview((x, y), find_slot_player![map.curr...
[INFO] [stdout]     |                       -------------------------------------------------- in this macro invocation
[INFO] [stdout]     |
[INFO] [stdout]     = warning: this was previously accepted by the compiler but is being phased out; it will become a hard error in a future release!
[INFO] [stdout]     = note: for more information, see issue #79813 <https://github.com/rust-lang/rust/issues/79813>
[INFO] [stdout]     = note: this warning originates in the macro `find_score` (in Nightly builds, run with -Z macro-backtrace for more info)
[INFO] [stdout] 
[INFO] [stdout] 
[INFO] [stdout] warning: trailing semicolon in macro used in expression position
[INFO] [stdout]   --> src/goban/macros.rs:92:10
[INFO] [stdout]    |
[INFO] [stdout] 92 |         };
[INFO] [stdout]    |          ^
[INFO] [stdout]    |
[INFO] [stdout]   ::: src/heuristic/mod.rs:63:114
[INFO] [stdout]    |
[INFO] [stdout] 63 | ...map.number_captured_preview((x, y), find_slot_player![map.current_player]) >= 10
[INFO] [stdout]    |                                        ------------------------------------- in this macro invocation
[INFO] [stdout]    |
[INFO] [stdout]    = warning: this was previously accepted by the compiler but is being phased out; it will become a hard error in a future release!
[INFO] [stdout]    = note: for more information, see issue #79813 <https://github.com/rust-lang/rust/issues/79813>
[INFO] [stdout]    = note: this warning originates in the macro `find_slot_player` (in Nightly builds, run with -Z macro-backtrace for more info)
[INFO] [stdout] 
[INFO] [stdout] 
[INFO] [stdout] warning: trailing semicolon in macro used in expression position
[INFO] [stdout]    --> src/goban/macros.rs:173:10
[INFO] [stdout]     |
[INFO] [stdout] 173 |         };
[INFO] [stdout]     |          ^
[INFO] [stdout]     |
[INFO] [stdout]    ::: src/heuristic/mod.rs:67:30
[INFO] [stdout]     |
[INFO] [stdout] 67  | ...   else if count < 0 && find_enemy_score![map.current_player, map.players_score] + map.number_captured_preview((x, y), find_slot_playe...
[INFO] [stdout]     |                            -------------------------------------------------------- in this macro invocation
[INFO] [stdout]     |
[INFO] [stdout]     = warning: this was previously accepted by the compiler but is being phased out; it will become a hard error in a future release!
[INFO] [stdout]     = note: for more information, see issue #79813 <https://github.com/rust-lang/rust/issues/79813>
[INFO] [stdout]     = note: this warning originates in the macro `find_enemy_score` (in Nightly builds, run with -Z macro-backtrace for more info)
[INFO] [stdout] 
[INFO] [stdout] 
[INFO] [stdout] warning: trailing semicolon in macro used in expression position
[INFO] [stdout]   --> src/goban/macros.rs:92:10
[INFO] [stdout]    |
[INFO] [stdout] 92 |         };
[INFO] [stdout]    |          ^
[INFO] [stdout]    |
[INFO] [stdout]   ::: src/heuristic/mod.rs:67:125
[INFO] [stdout]    |
[INFO] [stdout] 67 | ...map.number_captured_preview((x, y), find_slot_player![map.current_player]) >= 10
[INFO] [stdout]    |                                        ------------------------------------- in this macro invocation
[INFO] [stdout]    |
[INFO] [stdout]    = warning: this was previously accepted by the compiler but is being phased out; it will become a hard error in a future release!
[INFO] [stdout]    = note: for more information, see issue #79813 <https://github.com/rust-lang/rust/issues/79813>
[INFO] [stdout]    = note: this warning originates in the macro `find_slot_player` (in Nightly builds, run with -Z macro-backtrace for more info)
[INFO] [stdout] 
[INFO] [stdout] 
[INFO] [stdout] warning: trailing semicolon in macro used in expression position
[INFO] [stdout]    --> src/goban/macros.rs:160:10
[INFO] [stdout]     |
[INFO] [stdout] 160 |         };
[INFO] [stdout]     |          ^
[INFO] [stdout]     |
[INFO] [stdout]    ::: src/heuristic/mod.rs:139:25
[INFO] [stdout]     |
[INFO] [stdout] 139 | ...   if count > 0 && find_score![map.current_player, map.players_score] + map.number_captured_preview((x, y), find_slot_player![map.curr...
[INFO] [stdout]     |                       -------------------------------------------------- in this macro invocation
[INFO] [stdout]     |
[INFO] [stdout]     = warning: this was previously accepted by the compiler but is being phased out; it will become a hard error in a future release!
[INFO] [stdout]     = note: for more information, see issue #79813 <https://github.com/rust-lang/rust/issues/79813>
[INFO] [stdout]     = note: this warning originates in the macro `find_score` (in Nightly builds, run with -Z macro-backtrace for more info)
[INFO] [stdout] 
[INFO] [stdout] 
[INFO] [stdout] warning: trailing semicolon in macro used in expression position
[INFO] [stdout]    --> src/goban/macros.rs:92:10
[INFO] [stdout]     |
[INFO] [stdout] 92  |         };
[INFO] [stdout]     |          ^
[INFO] [stdout]     |
[INFO] [stdout]    ::: src/heuristic/mod.rs:139:114
[INFO] [stdout]     |
[INFO] [stdout] 139 | ...map.number_captured_preview((x, y), find_slot_player![map.current_player]) >= 10
[INFO] [stdout]     |                                        ------------------------------------- in this macro invocation
[INFO] [stdout]     |
[INFO] [stdout]     = warning: this was previously accepted by the compiler but is being phased out; it will become a hard error in a future release!
[INFO] [stdout]     = note: for more information, see issue #79813 <https://github.com/rust-lang/rust/issues/79813>
[INFO] [stdout]     = note: this warning originates in the macro `find_slot_player` (in Nightly builds, run with -Z macro-backtrace for more info)
[INFO] [stdout] 
[INFO] [stdout] 
[INFO] [stdout] warning: trailing semicolon in macro used in expression position
[INFO] [stdout]    --> src/goban/macros.rs:173:10
[INFO] [stdout]     |
[INFO] [stdout] 173 |         };
[INFO] [stdout]     |          ^
[INFO] [stdout]     |
[INFO] [stdout]    ::: src/heuristic/mod.rs:143:30
[INFO] [stdout]     |
[INFO] [stdout] 143 | ...   else if count < 0 && find_enemy_score![map.current_player, map.players_score] + map.number_captured_preview((x, y), find_slot_playe...
[INFO] [stdout]     |                            -------------------------------------------------------- in this macro invocation
[INFO] [stdout]     |
[INFO] [stdout]     = warning: this was previously accepted by the compiler but is being phased out; it will become a hard error in a future release!
[INFO] [stdout]     = note: for more information, see issue #79813 <https://github.com/rust-lang/rust/issues/79813>
[INFO] [stdout]     = note: this warning originates in the macro `find_enemy_score` (in Nightly builds, run with -Z macro-backtrace for more info)
[INFO] [stdout] 
[INFO] [stdout] 
[INFO] [stdout] warning: trailing semicolon in macro used in expression position
[INFO] [stdout]    --> src/goban/macros.rs:92:10
[INFO] [stdout]     |
[INFO] [stdout] 92  |         };
[INFO] [stdout]     |          ^
[INFO] [stdout]     |
[INFO] [stdout]    ::: src/heuristic/mod.rs:143:125
[INFO] [stdout]     |
[INFO] [stdout] 143 | ...map.number_captured_preview((x, y), find_slot_player![map.current_player]) >= 10
[INFO] [stdout]     |                                        ------------------------------------- in this macro invocation
[INFO] [stdout]     |
[INFO] [stdout]     = warning: this was previously accepted by the compiler but is being phased out; it will become a hard error in a future release!
[INFO] [stdout]     = note: for more information, see issue #79813 <https://github.com/rust-lang/rust/issues/79813>
[INFO] [stdout]     = note: this warning originates in the macro `find_slot_player` (in Nightly builds, run with -Z macro-backtrace for more info)
[INFO] [stdout] 
[INFO] [stdout] 
[INFO] [stdout] warning: `...` range patterns are deprecated
[INFO] [stdout]    --> src/heuristic/mod.rs:207:11
[INFO] [stdout]     |
[INFO] [stdout] 207 |         0 ... 2 => 0,
[INFO] [stdout]     |           ^^^ help: use `..=` for an inclusive range
[INFO] [stdout]     |
[INFO] [stdout]     = warning: this is accepted in the current edition (Rust 2015) but is a hard error in Rust 2021!
[INFO] [stdout]     = note: for more information, see <https://doc.rust-lang.org/nightly/edition-guide/rust-2021/warnings-promoted-to-error.html>
[INFO] [stdout] 
[INFO] [stdout] 
[INFO] [stdout] warning: `...` range patterns are deprecated
[INFO] [stdout]    --> src/heuristic/mod.rs:208:11
[INFO] [stdout]     |
[INFO] [stdout] 208 |         3 ... 5 => slot_value![map.value_diagonale[y as usize], index ; mask_move; [9, 35, 36, 37, 38]],
[INFO] [stdout]     |           ^^^ help: use `..=` for an inclusive range
[INFO] [stdout]     |
[INFO] [stdout]     = warning: this is accepted in the current edition (Rust 2015) but is a hard error in Rust 2021!
[INFO] [stdout]     = note: for more information, see <https://doc.rust-lang.org/nightly/edition-guide/rust-2021/warnings-promoted-to-error.html>
[INFO] [stdout] 
[INFO] [stdout] 
[INFO] [stdout] warning: trailing semicolon in macro used in expression position
[INFO] [stdout]    --> src/goban/macros.rs:160:10
[INFO] [stdout]     |
[INFO] [stdout] 160 |         };
[INFO] [stdout]     |          ^
[INFO] [stdout]     |
[INFO] [stdout]    ::: src/heuristic/mod.rs:214:25
[INFO] [stdout]     |
[INFO] [stdout] 214 | ...   if count > 0 && find_score![map.current_player, map.players_score] + map.number_captured_preview((r_x, r_y), find_slot_player![map....
[INFO] [stdout]     |                       -------------------------------------------------- in this macro invocation
[INFO] [stdout]     |
[INFO] [stdout]     = warning: this was previously accepted by the compiler but is being phased out; it will become a hard error in a future release!
[INFO] [stdout]     = note: for more information, see issue #79813 <https://github.com/rust-lang/rust/issues/79813>
[INFO] [stdout]     = note: this warning originates in the macro `find_score` (in Nightly builds, run with -Z macro-backtrace for more info)
[INFO] [stdout] 
[INFO] [stdout] 
[INFO] [stdout] warning: trailing semicolon in macro used in expression position
[INFO] [stdout]    --> src/goban/macros.rs:92:10
[INFO] [stdout]     |
[INFO] [stdout] 92  |         };
[INFO] [stdout]     |          ^
[INFO] [stdout]     |
[INFO] [stdout]    ::: src/heuristic/mod.rs:214:118
[INFO] [stdout]     |
[INFO] [stdout] 214 | ...number_captured_preview((r_x, r_y), find_slot_player![map.current_player]) >= 10
[INFO] [stdout]     |                                        ------------------------------------- in this macro invocation
[INFO] [stdout]     |
[INFO] [stdout]     = warning: this was previously accepted by the compiler but is being phased out; it will become a hard error in a future release!
[INFO] [stdout]     = note: for more information, see issue #79813 <https://github.com/rust-lang/rust/issues/79813>
[INFO] [stdout]     = note: this warning originates in the macro `find_slot_player` (in Nightly builds, run with -Z macro-backtrace for more info)
[INFO] [stdout] 
[INFO] [stdout] 
[INFO] [stdout] warning: trailing semicolon in macro used in expression position
[INFO] [stdout]    --> src/goban/macros.rs:173:10
[INFO] [stdout]     |
[INFO] [stdout] 173 |         };
[INFO] [stdout]     |          ^
[INFO] [stdout]     |
[INFO] [stdout]    ::: src/heuristic/mod.rs:218:30
[INFO] [stdout]     |
[INFO] [stdout] 218 | ...   else if count < 0 && find_enemy_score![map.current_player, map.players_score] + map.number_captured_preview((r_x, r_y), find_slot_p...
[INFO] [stdout]     |                            -------------------------------------------------------- in this macro invocation
[INFO] [stdout]     |
[INFO] [stdout]     = warning: this was previously accepted by the compiler but is being phased out; it will become a hard error in a future release!
[INFO] [stdout]     = note: for more information, see issue #79813 <https://github.com/rust-lang/rust/issues/79813>
[INFO] [stdout]     = note: this warning originates in the macro `find_enemy_score` (in Nightly builds, run with -Z macro-backtrace for more info)
[INFO] [stdout] 
[INFO] [stdout] 
[INFO] [stdout] warning: trailing semicolon in macro used in expression position
[INFO] [stdout]    --> src/goban/macros.rs:92:10
[INFO] [stdout]     |
[INFO] [stdout] 92  |         };
[INFO] [stdout]     |          ^
[INFO] [stdout]     |
[INFO] [stdout]    ::: src/heuristic/mod.rs:218:129
[INFO] [stdout]     |
[INFO] [stdout] 218 | ...number_captured_preview((r_x, r_y), find_slot_player![map.current_player]) >= 10
[INFO] [stdout]     |                                        ------------------------------------- in this macro invocation
[INFO] [stdout]     |
[INFO] [stdout]     = warning: this was previously accepted by the compiler but is being phased out; it will become a hard error in a future release!
[INFO] [stdout]     = note: for more information, see issue #79813 <https://github.com/rust-lang/rust/issues/79813>
[INFO] [stdout]     = note: this warning originates in the macro `find_slot_player` (in Nightly builds, run with -Z macro-backtrace for more info)
[INFO] [stdout] 
[INFO] [stdout] 
[INFO] [stdout] warning: `...` range patterns are deprecated
[INFO] [stdout]    --> src/heuristic/mod.rs:226:11
[INFO] [stdout]     |
[INFO] [stdout] 226 |         0 ... 2 => 0,
[INFO] [stdout]     |           ^^^ help: use `..=` for an inclusive range
[INFO] [stdout]     |
[INFO] [stdout]     = warning: this is accepted in the current edition (Rust 2015) but is a hard error in Rust 2021!
[INFO] [stdout]     = note: for more information, see <https://doc.rust-lang.org/nightly/edition-guide/rust-2021/warnings-promoted-to-error.html>
[INFO] [stdout] 
[INFO] [stdout] 
[INFO] [stdout] warning: `...` range patterns are deprecated
[INFO] [stdout]    --> src/heuristic/mod.rs:227:11
[INFO] [stdout]     |
[INFO] [stdout] 227 |         3 ... 5 => slot_value![map.value_diagonale[y as usize], index ; mask_move; [25, 26, 30, 31]],
[INFO] [stdout]     |           ^^^ help: use `..=` for an inclusive range
[INFO] [stdout]     |
[INFO] [stdout]     = warning: this is accepted in the current edition (Rust 2015) but is a hard error in Rust 2021!
[INFO] [stdout]     = note: for more information, see <https://doc.rust-lang.org/nightly/edition-guide/rust-2021/warnings-promoted-to-error.html>
[INFO] [stdout] 
[INFO] [stdout] 
[INFO] [stdout] warning: `...` range patterns are deprecated
[INFO] [stdout]    --> src/heuristic/mod.rs:239:11
[INFO] [stdout]     |
[INFO] [stdout] 239 |         0 ... 2 => 0,
[INFO] [stdout]     |           ^^^ help: use `..=` for an inclusive range
[INFO] [stdout]     |
[INFO] [stdout]     = warning: this is accepted in the current edition (Rust 2015) but is a hard error in Rust 2021!
[INFO] [stdout]     = note: for more information, see <https://doc.rust-lang.org/nightly/edition-guide/rust-2021/warnings-promoted-to-error.html>
[INFO] [stdout] 
[INFO] [stdout] 
[INFO] [stdout] warning: `...` range patterns are deprecated
[INFO] [stdout]    --> src/heuristic/mod.rs:240:11
[INFO] [stdout]     |
[INFO] [stdout] 240 |         3 ... 5 => slot_value![map.value_diagonale[y as usize], index ; mask_move; [11, 17, 21, 22]],
[INFO] [stdout]     |           ^^^ help: use `..=` for an inclusive range
[INFO] [stdout]     |
[INFO] [stdout]     = warning: this is accepted in the current edition (Rust 2015) but is a hard error in Rust 2021!
[INFO] [stdout]     = note: for more information, see <https://doc.rust-lang.org/nightly/edition-guide/rust-2021/warnings-promoted-to-error.html>
[INFO] [stdout] 
[INFO] [stdout] 
[INFO] [stdout] warning: `...` range patterns are deprecated
[INFO] [stdout]    --> src/heuristic/mod.rs:252:11
[INFO] [stdout]     |
[INFO] [stdout] 252 |         0 ... 2 => 0,
[INFO] [stdout]     |           ^^^ help: use `..=` for an inclusive range
[INFO] [stdout]     |
[INFO] [stdout]     = warning: this is accepted in the current edition (Rust 2015) but is a hard error in Rust 2021!
[INFO] [stdout]     = note: for more information, see <https://doc.rust-lang.org/nightly/edition-guide/rust-2021/warnings-promoted-to-error.html>
[INFO] [stdout] 
[INFO] [stdout] 
[INFO] [stdout] warning: `...` range patterns are deprecated
[INFO] [stdout]    --> src/heuristic/mod.rs:253:11
[INFO] [stdout]     |
[INFO] [stdout] 253 |         3 ... 5 => slot_value![map.value_diagonale[y as usize], index ; mask_move; [0, 1, 3, 4, 13, 15]],
[INFO] [stdout]     |           ^^^ help: use `..=` for an inclusive range
[INFO] [stdout]     |
[INFO] [stdout]     = warning: this is accepted in the current edition (Rust 2015) but is a hard error in Rust 2021!
[INFO] [stdout]     = note: for more information, see <https://doc.rust-lang.org/nightly/edition-guide/rust-2021/warnings-promoted-to-error.html>
[INFO] [stdout] 
[INFO] [stdout] 
[INFO] [stdout] warning: `...` range patterns are deprecated
[INFO] [stdout]    --> src/heuristic/mod.rs:280:11
[INFO] [stdout]     |
[INFO] [stdout] 280 |         0 ... 2 => 0,
[INFO] [stdout]     |           ^^^ help: use `..=` for an inclusive range
[INFO] [stdout]     |
[INFO] [stdout]     = warning: this is accepted in the current edition (Rust 2015) but is a hard error in Rust 2021!
[INFO] [stdout]     = note: for more information, see <https://doc.rust-lang.org/nightly/edition-guide/rust-2021/warnings-promoted-to-error.html>
[INFO] [stdout] 
[INFO] [stdout] 
[INFO] [stdout] warning: `...` range patterns are deprecated
[INFO] [stdout]    --> src/heuristic/mod.rs:281:11
[INFO] [stdout]     |
[INFO] [stdout] 281 |         3 ... 5 => slot_value![map.value_diagonale_rotate[x as usize], index ; mask_move; [9, 35, 36, 37, 38]],
[INFO] [stdout]     |           ^^^ help: use `..=` for an inclusive range
[INFO] [stdout]     |
[INFO] [stdout]     = warning: this is accepted in the current edition (Rust 2015) but is a hard error in Rust 2021!
[INFO] [stdout]     = note: for more information, see <https://doc.rust-lang.org/nightly/edition-guide/rust-2021/warnings-promoted-to-error.html>
[INFO] [stdout] 
[INFO] [stdout] 
[INFO] [stdout] warning: trailing semicolon in macro used in expression position
[INFO] [stdout]    --> src/goban/macros.rs:160:10
[INFO] [stdout]     |
[INFO] [stdout] 160 |         };
[INFO] [stdout]     |          ^
[INFO] [stdout]     |
[INFO] [stdout]    ::: src/heuristic/mod.rs:287:25
[INFO] [stdout]     |
[INFO] [stdout] 287 | ...   if count > 0 && find_score![map.current_player, map.players_score] + map.number_captured_preview((r_x, r_y), find_slot_player![map....
[INFO] [stdout]     |                       -------------------------------------------------- in this macro invocation
[INFO] [stdout]     |
[INFO] [stdout]     = warning: this was previously accepted by the compiler but is being phased out; it will become a hard error in a future release!
[INFO] [stdout]     = note: for more information, see issue #79813 <https://github.com/rust-lang/rust/issues/79813>
[INFO] [stdout]     = note: this warning originates in the macro `find_score` (in Nightly builds, run with -Z macro-backtrace for more info)
[INFO] [stdout] 
[INFO] [stdout] 
[INFO] [stdout] warning: trailing semicolon in macro used in expression position
[INFO] [stdout]    --> src/goban/macros.rs:92:10
[INFO] [stdout]     |
[INFO] [stdout] 92  |         };
[INFO] [stdout]     |          ^
[INFO] [stdout]     |
[INFO] [stdout]    ::: src/heuristic/mod.rs:287:118
[INFO] [stdout]     |
[INFO] [stdout] 287 | ...number_captured_preview((r_x, r_y), find_slot_player![map.current_player]) >= 10
[INFO] [stdout]     |                                        ------------------------------------- in this macro invocation
[INFO] [stdout]     |
[INFO] [stdout]     = warning: this was previously accepted by the compiler but is being phased out; it will become a hard error in a future release!
[INFO] [stdout]     = note: for more information, see issue #79813 <https://github.com/rust-lang/rust/issues/79813>
[INFO] [stdout]     = note: this warning originates in the macro `find_slot_player` (in Nightly builds, run with -Z macro-backtrace for more info)
[INFO] [stdout] 
[INFO] [stdout] 
[INFO] [stdout] warning: trailing semicolon in macro used in expression position
[INFO] [stdout]    --> src/goban/macros.rs:173:10
[INFO] [stdout]     |
[INFO] [stdout] 173 |         };
[INFO] [stdout]     |          ^
[INFO] [stdout]     |
[INFO] [stdout]    ::: src/heuristic/mod.rs:291:30
[INFO] [stdout]     |
[INFO] [stdout] 291 | ...   else if count < 0 && find_enemy_score![map.current_player, map.players_score] + map.number_captured_preview((r_x, r_y), find_slot_p...
[INFO] [stdout]     |                            -------------------------------------------------------- in this macro invocation
[INFO] [stdout]     |
[INFO] [stdout]     = warning: this was previously accepted by the compiler but is being phased out; it will become a hard error in a future release!
[INFO] [stdout]     = note: for more information, see issue #79813 <https://github.com/rust-lang/rust/issues/79813>
[INFO] [stdout]     = note: this warning originates in the macro `find_enemy_score` (in Nightly builds, run with -Z macro-backtrace for more info)
[INFO] [stdout] 
[INFO] [stdout] 
[INFO] [stdout] warning: trailing semicolon in macro used in expression position
[INFO] [stdout]    --> src/goban/macros.rs:92:10
[INFO] [stdout]     |
[INFO] [stdout] 92  |         };
[INFO] [stdout]     |          ^
[INFO] [stdout]     |
[INFO] [stdout]    ::: src/heuristic/mod.rs:291:129
[INFO] [stdout]     |
[INFO] [stdout] 291 | ...number_captured_preview((r_x, r_y), find_slot_player![map.current_player]) >= 10
[INFO] [stdout]     |                                        ------------------------------------- in this macro invocation
[INFO] [stdout]     |
[INFO] [stdout]     = warning: this was previously accepted by the compiler but is being phased out; it will become a hard error in a future release!
[INFO] [stdout]     = note: for more information, see issue #79813 <https://github.com/rust-lang/rust/issues/79813>
[INFO] [stdout]     = note: this warning originates in the macro `find_slot_player` (in Nightly builds, run with -Z macro-backtrace for more info)
[INFO] [stdout] 
[INFO] [stdout] 
[INFO] [stdout] warning: `...` range patterns are deprecated
[INFO] [stdout]    --> src/heuristic/mod.rs:299:11
[INFO] [stdout]     |
[INFO] [stdout] 299 |         0 ... 2 => 0,
[INFO] [stdout]     |           ^^^ help: use `..=` for an inclusive range
[INFO] [stdout]     |
[INFO] [stdout]     = warning: this is accepted in the current edition (Rust 2015) but is a hard error in Rust 2021!
[INFO] [stdout]     = note: for more information, see <https://doc.rust-lang.org/nightly/edition-guide/rust-2021/warnings-promoted-to-error.html>
[INFO] [stdout] 
[INFO] [stdout] 
[INFO] [stdout] warning: `...` range patterns are deprecated
[INFO] [stdout]    --> src/heuristic/mod.rs:300:11
[INFO] [stdout]     |
[INFO] [stdout] 300 |         3 ... 5 => slot_value![map.value_diagonale_rotate[x as usize], index ; mask_move; [25, 26, 30, 31]],
[INFO] [stdout]     |           ^^^ help: use `..=` for an inclusive range
[INFO] [stdout]     |
[INFO] [stdout]     = warning: this is accepted in the current edition (Rust 2015) but is a hard error in Rust 2021!
[INFO] [stdout]     = note: for more information, see <https://doc.rust-lang.org/nightly/edition-guide/rust-2021/warnings-promoted-to-error.html>
[INFO] [stdout] 
[INFO] [stdout] 
[INFO] [stdout] warning: `...` range patterns are deprecated
[INFO] [stdout]    --> src/heuristic/mod.rs:312:11
[INFO] [stdout]     |
[INFO] [stdout] 312 |         0 ... 2 => 0,
[INFO] [stdout]     |           ^^^ help: use `..=` for an inclusive range
[INFO] [stdout]     |
[INFO] [stdout]     = warning: this is accepted in the current edition (Rust 2015) but is a hard error in Rust 2021!
[INFO] [stdout]     = note: for more information, see <https://doc.rust-lang.org/nightly/edition-guide/rust-2021/warnings-promoted-to-error.html>
[INFO] [stdout] 
[INFO] [stdout] 
[INFO] [stdout] warning: `...` range patterns are deprecated
[INFO] [stdout]    --> src/heuristic/mod.rs:313:11
[INFO] [stdout]     |
[INFO] [stdout] 313 |         3 ... 5 => slot_value![map.value_diagonale_rotate[x as usize], index ; mask_move; [11, 17, 21, 22]],
[INFO] [stdout]     |           ^^^ help: use `..=` for an inclusive range
[INFO] [stdout]     |
[INFO] [stdout]     = warning: this is accepted in the current edition (Rust 2015) but is a hard error in Rust 2021!
[INFO] [stdout]     = note: for more information, see <https://doc.rust-lang.org/nightly/edition-guide/rust-2021/warnings-promoted-to-error.html>
[INFO] [stdout] 
[INFO] [stdout] 
[INFO] [stdout] warning: `...` range patterns are deprecated
[INFO] [stdout]    --> src/heuristic/mod.rs:325:11
[INFO] [stdout]     |
[INFO] [stdout] 325 |         0 ... 2 => 0,
[INFO] [stdout]     |           ^^^ help: use `..=` for an inclusive range
[INFO] [stdout]     |
[INFO] [stdout]     = warning: this is accepted in the current edition (Rust 2015) but is a hard error in Rust 2021!
[INFO] [stdout]     = note: for more information, see <https://doc.rust-lang.org/nightly/edition-guide/rust-2021/warnings-promoted-to-error.html>
[INFO] [stdout] 
[INFO] [stdout] 
[INFO] [stdout] warning: `...` range patterns are deprecated
[INFO] [stdout]    --> src/heuristic/mod.rs:326:11
[INFO] [stdout]     |
[INFO] [stdout] 326 |         3 ... 5 => slot_value![map.value_diagonale_rotate[x as usize], index ; mask_move; [0, 1, 3, 4, 13, 15]],
[INFO] [stdout]     |           ^^^ help: use `..=` for an inclusive range
[INFO] [stdout]     |
[INFO] [stdout]     = warning: this is accepted in the current edition (Rust 2015) but is a hard error in Rust 2021!
[INFO] [stdout]     = note: for more information, see <https://doc.rust-lang.org/nightly/edition-guide/rust-2021/warnings-promoted-to-error.html>
[INFO] [stdout] 
[INFO] [stdout] 
[INFO] [stdout] error[E0061]: this function takes 2 arguments but 1 argument was supplied
[INFO] [stdout]    --> src/goban/mod.rs:56:21
[INFO] [stdout]     |
[INFO] [stdout] 56  |         assert_eq!(init().is_available((0, 2)), 0);
[INFO] [stdout]     |                           ^^^^^^^^^^^^ ------ supplied 1 argument
[INFO] [stdout]     |                           |
[INFO] [stdout]     |                           expected 2 arguments
[INFO] [stdout]     |
[INFO] [stdout] note: associated function defined here
[INFO] [stdout]    --> src/goban/map/mod.rs:124:12
[INFO] [stdout]     |
[INFO] [stdout] 124 |     pub fn is_available(&self, (x, y):(i128, i128), player: &Player) -> i128
[INFO] [stdout]     |            ^^^^^^^^^^^^ -----  -------------------  ---------------
[INFO] [stdout] 
[INFO] [stdout] 
[INFO] [stdout] error[E0061]: this function takes 2 arguments but 1 argument was supplied
[INFO] [stdout]    --> src/goban/mod.rs:64:18
[INFO] [stdout]     |
[INFO] [stdout] 64  |         assert_eq!(map.is_available((0, 4)), 0);
[INFO] [stdout]     |                        ^^^^^^^^^^^^ ------ supplied 1 argument
[INFO] [stdout]     |                        |
[INFO] [stdout]     |                        expected 2 arguments
[INFO] [stdout]     |
[INFO] [stdout] note: associated function defined here
[INFO] [stdout]    --> src/goban/map/mod.rs:124:12
[INFO] [stdout]     |
[INFO] [stdout] 124 |     pub fn is_available(&self, (x, y):(i128, i128), player: &Player) -> i128
[INFO] [stdout]     |            ^^^^^^^^^^^^ -----  -------------------  ---------------
[INFO] [stdout] 
[INFO] [stdout] 
[INFO] [stdout] error[E0061]: this function takes 2 arguments but 1 argument was supplied
[INFO] [stdout]    --> src/goban/mod.rs:65:18
[INFO] [stdout]     |
[INFO] [stdout] 65  |         assert_eq!(map.is_available((19, 4)), -1); // overflow
[INFO] [stdout]     |                        ^^^^^^^^^^^^ ------- supplied 1 argument
[INFO] [stdout]     |                        |
[INFO] [stdout]     |                        expected 2 arguments
[INFO] [stdout]     |
[INFO] [stdout] note: associated function defined here
[INFO] [stdout]    --> src/goban/map/mod.rs:124:12
[INFO] [stdout]     |
[INFO] [stdout] 124 |     pub fn is_available(&self, (x, y):(i128, i128), player: &Player) -> i128
[INFO] [stdout]     |            ^^^^^^^^^^^^ -----  -------------------  ---------------
[INFO] [stdout] 
[INFO] [stdout] 
[INFO] [stdout] error[E0061]: this function takes 2 arguments but 1 argument was supplied
[INFO] [stdout]    --> src/goban/mod.rs:84:18
[INFO] [stdout]     |
[INFO] [stdout] 84  |         assert_eq!(map.is_available((1, 4)), -1);
[INFO] [stdout]     |                        ^^^^^^^^^^^^ ------ supplied 1 argument
[INFO] [stdout]     |                        |
[INFO] [stdout]     |                        expected 2 arguments
[INFO] [stdout]     |
[INFO] [stdout] note: associated function defined here
[INFO] [stdout]    --> src/goban/map/mod.rs:124:12
[INFO] [stdout]     |
[INFO] [stdout] 124 |     pub fn is_available(&self, (x, y):(i128, i128), player: &Player) -> i128
[INFO] [stdout]     |            ^^^^^^^^^^^^ -----  -------------------  ---------------
[INFO] [stdout] 
[INFO] [stdout] 
[INFO] [stdout] error: aborting due to 4 previous errors; 59 warnings emitted
[INFO] [stdout] 
[INFO] [stdout] 
[INFO] [stdout] For more information about this error, try `rustc --explain E0061`.
[INFO] [stdout] 
[INFO] [stderr] error: could not compile `gomoku` due to 5 previous errors; 59 warnings emitted
[INFO] [stderr] warning: build failed, waiting for other jobs to finish...
[INFO] [stdout] warning: variable does not need to be mutable
[INFO] [stdout]    --> src/minmax/recursive.rs:294:8
[INFO] [stdout]     |
[INFO] [stdout] 294 |             let mut new_map = map.clone();
[INFO] [stdout]     |                 ----^^^^^^^
[INFO] [stdout]     |                 |
[INFO] [stdout]     |                 help: remove this `mut`
[INFO] [stdout]     |
[INFO] [stdout]     = note: `#[warn(unused_mut)]` on by default
[INFO] [stdout] 
[INFO] [stdout] 
[INFO] [stdout] warning: field is never read: `base`
[INFO] [stdout]   --> src/graphic/game.rs:24:2
[INFO] [stdout]    |
[INFO] [stdout] 24 |     pub base: String,
[INFO] [stdout]    |     ^^^^^^^^^^^^^^^^
[INFO] [stdout]    |
[INFO] [stdout]    = note: `#[warn(dead_code)]` on by default
[INFO] [stdout] 
[INFO] [stdout] 
[INFO] [stdout] warning: 60 warnings emitted
[INFO] [stdout] 
[INFO] [stdout] 
[INFO] [stderr] error: build failed
[INFO] running `Command { std: "docker" "inspect" "1c2e7b4a416caf3c2bf12e37e8aa75d412e037af5acbef43a35b3e7834db180e", kill_on_drop: false }`
[INFO] running `Command { std: "docker" "rm" "-f" "1c2e7b4a416caf3c2bf12e37e8aa75d412e037af5acbef43a35b3e7834db180e", kill_on_drop: false }`
[INFO] [stdout] 1c2e7b4a416caf3c2bf12e37e8aa75d412e037af5acbef43a35b3e7834db180e
