[INFO] cloning repository https://github.com/alilee/rust-osdev-jumpstart
[INFO] running `Command { std: "git" "-c" "credential.helper=" "-c" "credential.helper=/workspace/cargo-home/bin/git-credential-null" "clone" "--bare" "https://github.com/alilee/rust-osdev-jumpstart" "/workspace/cache/git-repos/https%3A%2F%2Fgithub.com%2Falilee%2Frust-osdev-jumpstart", kill_on_drop: false }`
[INFO] [stderr] Cloning into bare repository '/workspace/cache/git-repos/https%3A%2F%2Fgithub.com%2Falilee%2Frust-osdev-jumpstart'...
[INFO] running `Command { std: "git" "rev-parse" "HEAD", kill_on_drop: false }`
[INFO] [stdout] f728f7f30b6404c7357ea08735cbcf8861027c74
[INFO] checking alilee/rust-osdev-jumpstart against beta-2021-10-15 for beta-1.56-3
[INFO] running `Command { std: "git" "clone" "/workspace/cache/git-repos/https%3A%2F%2Fgithub.com%2Falilee%2Frust-osdev-jumpstart" "/workspace/builds/worker-12/source", kill_on_drop: false }`
[INFO] [stderr] Cloning into '/workspace/builds/worker-12/source'...
[INFO] [stderr] done.
[INFO] validating manifest of git repo https://github.com/alilee/rust-osdev-jumpstart on toolchain beta-2021-10-15
[INFO] running `Command { std: "/workspace/cargo-home/bin/cargo" "+beta-2021-10-15" "metadata" "--manifest-path" "Cargo.toml" "--no-deps", kill_on_drop: false }`
[INFO] removed /workspace/builds/worker-12/source/.cargo/config.toml
[INFO] started tweaking git repo https://github.com/alilee/rust-osdev-jumpstart
[INFO] finished tweaking git repo https://github.com/alilee/rust-osdev-jumpstart
[INFO] tweaked toml for git repo https://github.com/alilee/rust-osdev-jumpstart written to /workspace/builds/worker-12/source/Cargo.toml
[INFO] crate git repo https://github.com/alilee/rust-osdev-jumpstart already has a lockfile, it will not be regenerated
[INFO] running `Command { std: "/workspace/cargo-home/bin/cargo" "+beta-2021-10-15" "fetch" "--manifest-path" "Cargo.toml", kill_on_drop: false }`
[INFO] [stderr]     Blocking waiting for file lock on package cache
[INFO] [stderr]  Downloading crates ...
[INFO] [stderr]   Downloaded tock-registers v0.6.0
[INFO] [stderr]   Downloaded cortex-a v5.1.0
[INFO] [stderr]   Downloaded register v1.0.1
[INFO] [stderr]   Downloaded qemu-exit v1.0.0
[INFO] running `Command { std: "docker" "create" "-v" "/var/lib/crater-agent-workspace/builds/worker-12/target:/opt/rustwide/target:rw,Z" "-v" "/var/lib/crater-agent-workspace/builds/worker-12/source:/opt/rustwide/workdir:ro,Z" "-v" "/var/lib/crater-agent-workspace/cargo-home:/opt/rustwide/cargo-home:ro,Z" "-v" "/var/lib/crater-agent-workspace/rustup-home:/opt/rustwide/rustup-home:ro,Z" "-e" "SOURCE_DIR=/opt/rustwide/workdir" "-e" "CARGO_TARGET_DIR=/opt/rustwide/target" "-e" "CARGO_HOME=/opt/rustwide/cargo-home" "-e" "RUSTUP_HOME=/opt/rustwide/rustup-home" "-w" "/opt/rustwide/workdir" "-m" "1610612736" "--user" "0:0" "--network" "none" "ghcr.io/rust-lang/crates-build-env/linux@sha256:a89201d6b5b9fd45c15d5952ece0a0129e7e80cb26ec023fd59cf09bc26f1604" "/opt/rustwide/cargo-home/bin/cargo" "+beta-2021-10-15" "metadata" "--no-deps" "--format-version=1", kill_on_drop: false }`
[INFO] [stdout] fc9866367a5ea69fea70fa519923122878be2120894135d218c089bd242c6f78
[INFO] [stderr] WARNING: Your kernel does not support swap limit capabilities or the cgroup is not mounted. Memory limited without swap.
[INFO] running `Command { std: "docker" "start" "-a" "fc9866367a5ea69fea70fa519923122878be2120894135d218c089bd242c6f78", kill_on_drop: false }`
[INFO] running `Command { std: "docker" "inspect" "fc9866367a5ea69fea70fa519923122878be2120894135d218c089bd242c6f78", kill_on_drop: false }`
[INFO] running `Command { std: "docker" "rm" "-f" "fc9866367a5ea69fea70fa519923122878be2120894135d218c089bd242c6f78", kill_on_drop: false }`
[INFO] [stdout] fc9866367a5ea69fea70fa519923122878be2120894135d218c089bd242c6f78
[INFO] running `Command { std: "docker" "create" "-v" "/var/lib/crater-agent-workspace/builds/worker-12/target:/opt/rustwide/target:rw,Z" "-v" "/var/lib/crater-agent-workspace/builds/worker-12/source:/opt/rustwide/workdir:ro,Z" "-v" "/var/lib/crater-agent-workspace/cargo-home:/opt/rustwide/cargo-home:ro,Z" "-v" "/var/lib/crater-agent-workspace/rustup-home:/opt/rustwide/rustup-home:ro,Z" "-e" "SOURCE_DIR=/opt/rustwide/workdir" "-e" "CARGO_TARGET_DIR=/opt/rustwide/target" "-e" "CARGO_INCREMENTAL=0" "-e" "RUST_BACKTRACE=full" "-e" "RUSTFLAGS=--cap-lints=warn" "-e" "CARGO_HOME=/opt/rustwide/cargo-home" "-e" "RUSTUP_HOME=/opt/rustwide/rustup-home" "-w" "/opt/rustwide/workdir" "-m" "1610612736" "--user" "0:0" "--network" "none" "ghcr.io/rust-lang/crates-build-env/linux@sha256:a89201d6b5b9fd45c15d5952ece0a0129e7e80cb26ec023fd59cf09bc26f1604" "/opt/rustwide/cargo-home/bin/cargo" "+beta-2021-10-15" "check" "--frozen" "--all" "--all-targets" "--message-format=json", kill_on_drop: false }`
[INFO] [stderr] WARNING: Your kernel does not support swap limit capabilities or the cgroup is not mounted. Memory limited without swap.
[INFO] [stdout] fe6ac1663493b1757f380fa1f5288b5d3e4587fb8648da4aa44bddc388895a56
[INFO] running `Command { std: "docker" "start" "-a" "fe6ac1663493b1757f380fa1f5288b5d3e4587fb8648da4aa44bddc388895a56", kill_on_drop: false }`
[INFO] [stderr]    Compiling bootloader v0.9.11
[INFO] [stderr]    Compiling syn v1.0.55
[INFO] [stderr]     Checking test-types v0.1.0 (/opt/rustwide/workdir/test-types)
[INFO] [stderr]     Checking qemu-exit v1.0.0
[INFO] [stdout] error[E0557]: feature has been removed
[INFO] [stdout]   --> /opt/rustwide/cargo-home/registry/src/github.com-1ecc6299db9ec823/qemu-exit-1.0.0/src/lib.rs:74:12
[INFO] [stdout]    |
[INFO] [stdout] 74 | #![feature(const_fn)]
[INFO] [stdout]    |            ^^^^^^^^ feature has been removed
[INFO] [stdout]    |
[INFO] [stdout]    = note: split into finer-grained feature gates
[INFO] [stdout] 
[INFO] [stdout] 
[INFO] [stdout] error[E0554]: `#![feature]` may not be used on the beta release channel
[INFO] [stdout]   --> /opt/rustwide/cargo-home/registry/src/github.com-1ecc6299db9ec823/qemu-exit-1.0.0/src/lib.rs:73:1
[INFO] [stdout]    |
[INFO] [stdout] 73 | #![feature(asm)]
[INFO] [stdout]    | ^^^^^^^^^^^^^^^^
[INFO] [stdout] 
[INFO] [stdout] 
[INFO] [stdout] error[E0554]: `#![feature]` may not be used on the beta release channel
[INFO] [stdout]   --> /opt/rustwide/cargo-home/registry/src/github.com-1ecc6299db9ec823/qemu-exit-1.0.0/src/lib.rs:74:1
[INFO] [stdout]    |
[INFO] [stdout] 74 | #![feature(const_fn)]
[INFO] [stdout]    | ^^^^^^^^^^^^^^^^^^^^^
[INFO] [stdout] 
[INFO] [stdout] 
[INFO] [stdout] error[E0554]: `#![feature]` may not be used on the beta release channel
[INFO] [stdout]   --> /opt/rustwide/cargo-home/registry/src/github.com-1ecc6299db9ec823/qemu-exit-1.0.0/src/lib.rs:75:1
[INFO] [stdout]    |
[INFO] [stdout] 75 | #![feature(const_panic)]
[INFO] [stdout]    | ^^^^^^^^^^^^^^^^^^^^^^^^
[INFO] [stdout] 
[INFO] [stdout] 
[INFO] [stdout] error: aborting due to 4 previous errors
[INFO] [stdout] 
[INFO] [stdout] 
[INFO] [stdout] Some errors have detailed explanations: E0554, E0557.
[INFO] [stdout] 
[INFO] [stdout] For more information about an error, try `rustc --explain E0554`.
[INFO] [stdout] 
[INFO] [stderr] error: could not compile `qemu-exit` due to 5 previous errors
[INFO] [stderr] warning: build failed, waiting for other jobs to finish...
[INFO] [stderr] error: build failed
[INFO] running `Command { std: "docker" "inspect" "fe6ac1663493b1757f380fa1f5288b5d3e4587fb8648da4aa44bddc388895a56", kill_on_drop: false }`
[INFO] running `Command { std: "docker" "rm" "-f" "fe6ac1663493b1757f380fa1f5288b5d3e4587fb8648da4aa44bddc388895a56", kill_on_drop: false }`
[INFO] [stdout] fe6ac1663493b1757f380fa1f5288b5d3e4587fb8648da4aa44bddc388895a56
