[INFO] cloning repository https://github.com/alice/advent_2018
[INFO] running `Command { std: "git" "-c" "credential.helper=" "-c" "credential.helper=/workspace/cargo-home/bin/git-credential-null" "clone" "--bare" "https://github.com/alice/advent_2018" "/workspace/cache/git-repos/https%3A%2F%2Fgithub.com%2Falice%2Fadvent_2018", kill_on_drop: false }`
[INFO] [stderr] Cloning into bare repository '/workspace/cache/git-repos/https%3A%2F%2Fgithub.com%2Falice%2Fadvent_2018'...
[INFO] running `Command { std: "git" "rev-parse" "HEAD", kill_on_drop: false }`
[INFO] [stdout] 20a76d7c09d59dda4b5cb62d6cd8cff374d091df
[INFO] checking alice/advent_2018 against 1.55.0 for beta-1.56-3
[INFO] running `Command { std: "git" "clone" "/workspace/cache/git-repos/https%3A%2F%2Fgithub.com%2Falice%2Fadvent_2018" "/workspace/builds/worker-10/source", kill_on_drop: false }`
[INFO] [stderr] Cloning into '/workspace/builds/worker-10/source'...
[INFO] [stderr] done.
[INFO] validating manifest of git repo https://github.com/alice/advent_2018 on toolchain 1.55.0
[INFO] running `Command { std: "/workspace/cargo-home/bin/cargo" "+1.55.0" "metadata" "--manifest-path" "Cargo.toml" "--no-deps", kill_on_drop: false }`
[INFO] started tweaking git repo https://github.com/alice/advent_2018
[INFO] finished tweaking git repo https://github.com/alice/advent_2018
[INFO] tweaked toml for git repo https://github.com/alice/advent_2018 written to /workspace/builds/worker-10/source/Cargo.toml
[INFO] crate git repo https://github.com/alice/advent_2018 already has a lockfile, it will not be regenerated
[INFO] running `Command { std: "/workspace/cargo-home/bin/cargo" "+1.55.0" "fetch" "--manifest-path" "Cargo.toml", kill_on_drop: false }`
[INFO] running `Command { std: "docker" "create" "-v" "/var/lib/crater-agent-workspace/builds/worker-10/target:/opt/rustwide/target:rw,Z" "-v" "/var/lib/crater-agent-workspace/builds/worker-10/source:/opt/rustwide/workdir:ro,Z" "-v" "/var/lib/crater-agent-workspace/cargo-home:/opt/rustwide/cargo-home:ro,Z" "-v" "/var/lib/crater-agent-workspace/rustup-home:/opt/rustwide/rustup-home:ro,Z" "-e" "SOURCE_DIR=/opt/rustwide/workdir" "-e" "CARGO_TARGET_DIR=/opt/rustwide/target" "-e" "CARGO_HOME=/opt/rustwide/cargo-home" "-e" "RUSTUP_HOME=/opt/rustwide/rustup-home" "-w" "/opt/rustwide/workdir" "-m" "1610612736" "--user" "0:0" "--network" "none" "ghcr.io/rust-lang/crates-build-env/linux@sha256:a89201d6b5b9fd45c15d5952ece0a0129e7e80cb26ec023fd59cf09bc26f1604" "/opt/rustwide/cargo-home/bin/cargo" "+1.55.0" "metadata" "--no-deps" "--format-version=1", kill_on_drop: false }`
[INFO] [stdout] 5d055fb44bd787c621f69731ec5f871ce331ab7b583cf1285d5bec376d1fe36b
[INFO] [stderr] WARNING: Your kernel does not support swap limit capabilities or the cgroup is not mounted. Memory limited without swap.
[INFO] running `Command { std: "docker" "start" "-a" "5d055fb44bd787c621f69731ec5f871ce331ab7b583cf1285d5bec376d1fe36b", kill_on_drop: false }`
[INFO] running `Command { std: "docker" "inspect" "5d055fb44bd787c621f69731ec5f871ce331ab7b583cf1285d5bec376d1fe36b", kill_on_drop: false }`
[INFO] running `Command { std: "docker" "rm" "-f" "5d055fb44bd787c621f69731ec5f871ce331ab7b583cf1285d5bec376d1fe36b", kill_on_drop: false }`
[INFO] [stdout] 5d055fb44bd787c621f69731ec5f871ce331ab7b583cf1285d5bec376d1fe36b
[INFO] running `Command { std: "docker" "create" "-v" "/var/lib/crater-agent-workspace/builds/worker-10/target:/opt/rustwide/target:rw,Z" "-v" "/var/lib/crater-agent-workspace/builds/worker-10/source:/opt/rustwide/workdir:ro,Z" "-v" "/var/lib/crater-agent-workspace/cargo-home:/opt/rustwide/cargo-home:ro,Z" "-v" "/var/lib/crater-agent-workspace/rustup-home:/opt/rustwide/rustup-home:ro,Z" "-e" "SOURCE_DIR=/opt/rustwide/workdir" "-e" "CARGO_TARGET_DIR=/opt/rustwide/target" "-e" "CARGO_INCREMENTAL=0" "-e" "RUST_BACKTRACE=full" "-e" "RUSTFLAGS=--cap-lints=warn" "-e" "CARGO_HOME=/opt/rustwide/cargo-home" "-e" "RUSTUP_HOME=/opt/rustwide/rustup-home" "-w" "/opt/rustwide/workdir" "-m" "1610612736" "--user" "0:0" "--network" "none" "ghcr.io/rust-lang/crates-build-env/linux@sha256:a89201d6b5b9fd45c15d5952ece0a0129e7e80cb26ec023fd59cf09bc26f1604" "/opt/rustwide/cargo-home/bin/cargo" "+1.55.0" "check" "--frozen" "--all" "--all-targets" "--message-format=json", kill_on_drop: false }`
[INFO] [stdout] c8da2caadf2304f93dc5ae970d1100e1a8b681dfc7dbb4dabd14220a4e1f78f6
[INFO] [stderr] WARNING: Your kernel does not support swap limit capabilities or the cgroup is not mounted. Memory limited without swap.
[INFO] running `Command { std: "docker" "start" "-a" "c8da2caadf2304f93dc5ae970d1100e1a8b681dfc7dbb4dabd14220a4e1f78f6", kill_on_drop: false }`
[INFO] [stderr]    Compiling libc v0.2.44
[INFO] [stderr]     Checking rustc-demangle v0.1.11
[INFO] [stderr]    Compiling serde v1.0.81
[INFO] [stderr]    Compiling backtrace-sys v0.1.26
[INFO] [stderr]     Checking regex-syntax v0.5.6
[INFO] [stderr]     Checking memchr v2.1.1
[INFO] [stderr]     Checking rand v0.4.3
[INFO] [stderr]     Checking time v0.1.40
[INFO] [stderr]     Checking backtrace v0.2.3
[INFO] [stderr]     Checking aho-corasick v0.6.9
[INFO] [stderr]     Checking error-chain v0.5.0
[INFO] [stderr]     Checking chrono v0.4.6
[INFO] [stderr]     Checking cpuprofiler v0.0.3
[INFO] [stderr]     Checking regex v0.2.11
[INFO] [stderr]     Checking rand v0.3.22
[INFO] [stderr]     Checking libmath v0.2.1
[INFO] [stderr]     Checking multimap v0.4.0
[INFO] [stderr]     Checking advent_2018 v0.1.0 (/opt/rustwide/workdir)
[INFO] [stdout] error[E0583]: file not found for module `day14`
[INFO] [stdout]   --> src/main.rs:17:1
[INFO] [stdout]    |
[INFO] [stdout] 17 | mod day14;
[INFO] [stdout]    | ^^^^^^^^^^
[INFO] [stdout]    |
[INFO] [stdout]    = help: to create the module `day14`, create file "src/day14.rs" or "src/day14/mod.rs"
[INFO] [stdout] 
[INFO] [stdout] 
[INFO] [stdout] error[E0583]: file not found for module `day14`
[INFO] [stdout]   --> src/main.rs:17:1
[INFO] [stdout]    |
[INFO] [stdout] 17 | mod day14;
[INFO] [stdout]    | ^^^^^^^^^^
[INFO] [stdout]    |
[INFO] [stdout]    = help: to create the module `day14`, create file "src/day14.rs" or "src/day14/mod.rs"
[INFO] [stdout] 
[INFO] [stdout] 
[INFO] [stdout] error[E0425]: cannot find function `run1` in module `day14`
[INFO] [stdout]   --> src/main.rs:63:26
[INFO] [stdout]    |
[INFO] [stdout] 63 |         "14.1" => day14::run1(),
[INFO] [stdout]    |                          ^^^^ not found in `day14`
[INFO] [stdout]    |
[INFO] [stdout] help: consider importing one of these items
[INFO] [stdout]    |
[INFO] [stdout] 10 | use day11::run1;
[INFO] [stdout]    |
[INFO] [stdout] 10 | use day12::run1;
[INFO] [stdout]    |
[INFO] [stdout] 10 | use day13::run1;
[INFO] [stdout]    |
[INFO] [stdout] 10 | use day1::run1;
[INFO] [stdout]    |
[INFO] [stdout]      and 7 other candidates
[INFO] [stdout] 
[INFO] [stdout] 
[INFO] [stdout] error[E0425]: cannot find function `run2` in module `day14`
[INFO] [stdout]   --> src/main.rs:64:26
[INFO] [stdout]    |
[INFO] [stdout] 64 |         "14.2" => day14::run2(),
[INFO] [stdout]    |                          ^^^^ not found in `day14`
[INFO] [stdout]    |
[INFO] [stdout] help: consider importing one of these items
[INFO] [stdout]    |
[INFO] [stdout] 10 | use day11::run2;
[INFO] [stdout]    |
[INFO] [stdout] 10 | use day12::run2;
[INFO] [stdout]    |
[INFO] [stdout] 10 | use day13::run2;
[INFO] [stdout]    |
[INFO] [stdout] 10 | use day1::run2;
[INFO] [stdout]    |
[INFO] [stdout]      and 6 other candidates
[INFO] [stdout] 
[INFO] [stdout] 
[INFO] [stdout] error[E0425]: cannot find function `run1` in module `day14`
[INFO] [stdout]   --> src/main.rs:63:26
[INFO] [stdout]    |
[INFO] [stdout] 63 |         "14.1" => day14::run1(),
[INFO] [stdout]    |                          ^^^^ not found in `day14`
[INFO] [stdout]    |
[INFO] [stdout] help: consider importing one of these items
[INFO] [stdout]    |
[INFO] [stdout] 10 | use day11::run1;
[INFO] [stdout]    |
[INFO] [stdout] 10 | use day12::run1;
[INFO] [stdout]    |
[INFO] [stdout] 10 | use day13::run1;
[INFO] [stdout]    |
[INFO] [stdout] 10 | use day1::run1;
[INFO] [stdout]    |
[INFO] [stdout]      and 7 other candidates
[INFO] [stdout] 
[INFO] [stdout] 
[INFO] [stdout] error[E0425]: cannot find function `run2` in module `day14`
[INFO] [stdout]   --> src/main.rs:64:26
[INFO] [stdout]    |
[INFO] [stdout] 64 |         "14.2" => day14::run2(),
[INFO] [stdout]    |                          ^^^^ not found in `day14`
[INFO] [stdout]    |
[INFO] [stdout] help: consider importing one of these items
[INFO] [stdout]    |
[INFO] [stdout] 10 | use day11::run2;
[INFO] [stdout]    |
[INFO] [stdout] 10 | use day12::run2;
[INFO] [stdout]    |
[INFO] [stdout] 10 | use day13::run2;
[INFO] [stdout]    |
[INFO] [stdout] 10 | use day1::run2;
[INFO] [stdout]    |
[INFO] [stdout]      and 6 other candidates
[INFO] [stdout] 
[INFO] [stdout] 
[INFO] [stdout] error: aborting due to 3 previous errors
[INFO] [stdout] 
[INFO] [stdout] 
[INFO] [stdout] Some errors have detailed explanations: E0425, E0583.
[INFO] [stdout] 
[INFO] [stdout] For more information about an error, try `rustc --explain E0425`.
[INFO] [stdout] 
[INFO] [stderr] error: could not compile `advent_2018` due to 4 previous errors
[INFO] [stderr] warning: build failed, waiting for other jobs to finish...
[INFO] [stdout] error: aborting due to 3 previous errors
[INFO] [stdout] 
[INFO] [stdout] 
[INFO] [stdout] Some errors have detailed explanations: E0425, E0583.
[INFO] [stdout] 
[INFO] [stdout] For more information about an error, try `rustc --explain E0425`.
[INFO] [stdout] 
[INFO] [stderr] error: build failed
[INFO] running `Command { std: "docker" "inspect" "c8da2caadf2304f93dc5ae970d1100e1a8b681dfc7dbb4dabd14220a4e1f78f6", kill_on_drop: false }`
[INFO] running `Command { std: "docker" "rm" "-f" "c8da2caadf2304f93dc5ae970d1100e1a8b681dfc7dbb4dabd14220a4e1f78f6", kill_on_drop: false }`
[INFO] [stdout] c8da2caadf2304f93dc5ae970d1100e1a8b681dfc7dbb4dabd14220a4e1f78f6
