[INFO] cloning repository https://github.com/alexsparrow/sigurd
[INFO] running `Command { std: "git" "-c" "credential.helper=" "-c" "credential.helper=/workspace/cargo-home/bin/git-credential-null" "clone" "--bare" "https://github.com/alexsparrow/sigurd" "/workspace/cache/git-repos/https%3A%2F%2Fgithub.com%2Falexsparrow%2Fsigurd", kill_on_drop: false }`
[INFO] [stderr] Cloning into bare repository '/workspace/cache/git-repos/https%3A%2F%2Fgithub.com%2Falexsparrow%2Fsigurd'...
[INFO] running `Command { std: "git" "rev-parse" "HEAD", kill_on_drop: false }`
[INFO] [stdout] b09c4e67c1f988d92a14d2425d439750809ab3fd
[INFO] checking alexsparrow/sigurd against beta-2021-10-15 for beta-1.56-3
[INFO] running `Command { std: "git" "clone" "/workspace/cache/git-repos/https%3A%2F%2Fgithub.com%2Falexsparrow%2Fsigurd" "/workspace/builds/worker-3/source", kill_on_drop: false }`
[INFO] [stderr] Cloning into '/workspace/builds/worker-3/source'...
[INFO] [stderr] done.
[INFO] validating manifest of git repo https://github.com/alexsparrow/sigurd on toolchain beta-2021-10-15
[INFO] running `Command { std: "/workspace/cargo-home/bin/cargo" "+beta-2021-10-15" "metadata" "--manifest-path" "Cargo.toml" "--no-deps", kill_on_drop: false }`
[INFO] started tweaking git repo https://github.com/alexsparrow/sigurd
[INFO] finished tweaking git repo https://github.com/alexsparrow/sigurd
[INFO] tweaked toml for git repo https://github.com/alexsparrow/sigurd written to /workspace/builds/worker-3/source/Cargo.toml
[INFO] crate git repo https://github.com/alexsparrow/sigurd already has a lockfile, it will not be regenerated
[INFO] running `Command { std: "/workspace/cargo-home/bin/cargo" "+beta-2021-10-15" "fetch" "--manifest-path" "Cargo.toml", kill_on_drop: false }`
[INFO] [stderr]  Downloading crates ...
[INFO] [stderr]   Downloaded wasm-bindgen-test-macro v0.3.13
[INFO] [stderr]   Downloaded wasm-bindgen-test v0.3.13
[INFO] running `Command { std: "docker" "create" "-v" "/var/lib/crater-agent-workspace/builds/worker-3/target:/opt/rustwide/target:rw,Z" "-v" "/var/lib/crater-agent-workspace/builds/worker-3/source:/opt/rustwide/workdir:ro,Z" "-v" "/var/lib/crater-agent-workspace/cargo-home:/opt/rustwide/cargo-home:ro,Z" "-v" "/var/lib/crater-agent-workspace/rustup-home:/opt/rustwide/rustup-home:ro,Z" "-e" "SOURCE_DIR=/opt/rustwide/workdir" "-e" "CARGO_TARGET_DIR=/opt/rustwide/target" "-e" "CARGO_HOME=/opt/rustwide/cargo-home" "-e" "RUSTUP_HOME=/opt/rustwide/rustup-home" "-w" "/opt/rustwide/workdir" "-m" "1610612736" "--user" "0:0" "--network" "none" "ghcr.io/rust-lang/crates-build-env/linux@sha256:a89201d6b5b9fd45c15d5952ece0a0129e7e80cb26ec023fd59cf09bc26f1604" "/opt/rustwide/cargo-home/bin/cargo" "+beta-2021-10-15" "metadata" "--no-deps" "--format-version=1", kill_on_drop: false }`
[INFO] [stderr] WARNING: Your kernel does not support swap limit capabilities or the cgroup is not mounted. Memory limited without swap.
[INFO] [stdout] 0c0a5eec8d1c083e0f42daf8477e5638bc8e8b00f0de061e8b7eee4b6f2dcd93
[INFO] running `Command { std: "docker" "start" "-a" "0c0a5eec8d1c083e0f42daf8477e5638bc8e8b00f0de061e8b7eee4b6f2dcd93", kill_on_drop: false }`
[INFO] running `Command { std: "docker" "inspect" "0c0a5eec8d1c083e0f42daf8477e5638bc8e8b00f0de061e8b7eee4b6f2dcd93", kill_on_drop: false }`
[INFO] running `Command { std: "docker" "rm" "-f" "0c0a5eec8d1c083e0f42daf8477e5638bc8e8b00f0de061e8b7eee4b6f2dcd93", kill_on_drop: false }`
[INFO] [stdout] 0c0a5eec8d1c083e0f42daf8477e5638bc8e8b00f0de061e8b7eee4b6f2dcd93
[INFO] running `Command { std: "docker" "create" "-v" "/var/lib/crater-agent-workspace/builds/worker-3/target:/opt/rustwide/target:rw,Z" "-v" "/var/lib/crater-agent-workspace/builds/worker-3/source:/opt/rustwide/workdir:ro,Z" "-v" "/var/lib/crater-agent-workspace/cargo-home:/opt/rustwide/cargo-home:ro,Z" "-v" "/var/lib/crater-agent-workspace/rustup-home:/opt/rustwide/rustup-home:ro,Z" "-e" "SOURCE_DIR=/opt/rustwide/workdir" "-e" "CARGO_TARGET_DIR=/opt/rustwide/target" "-e" "CARGO_INCREMENTAL=0" "-e" "RUST_BACKTRACE=full" "-e" "RUSTFLAGS=--cap-lints=warn" "-e" "CARGO_HOME=/opt/rustwide/cargo-home" "-e" "RUSTUP_HOME=/opt/rustwide/rustup-home" "-w" "/opt/rustwide/workdir" "-m" "1610612736" "--user" "0:0" "--network" "none" "ghcr.io/rust-lang/crates-build-env/linux@sha256:a89201d6b5b9fd45c15d5952ece0a0129e7e80cb26ec023fd59cf09bc26f1604" "/opt/rustwide/cargo-home/bin/cargo" "+beta-2021-10-15" "check" "--frozen" "--all" "--all-targets" "--message-format=json", kill_on_drop: false }`
[INFO] [stdout] f72dac772502246efa5cdebc6283a5ab5110984d3a105c841367464ba7fe1bb8
[INFO] [stderr] WARNING: Your kernel does not support swap limit capabilities or the cgroup is not mounted. Memory limited without swap.
[INFO] running `Command { std: "docker" "start" "-a" "f72dac772502246efa5cdebc6283a5ab5110984d3a105c841367464ba7fe1bb8", kill_on_drop: false }`
[INFO] [stderr]    Compiling serde v1.0.110
[INFO] [stderr]    Compiling wasm-bindgen-shared v0.2.63
[INFO] [stderr]    Compiling wasm-bindgen v0.2.63
[INFO] [stderr]    Compiling syn v1.0.30
[INFO] [stderr]    Compiling wasm-bindgen-test-macro v0.3.13
[INFO] [stderr]    Compiling pest_generator v2.1.3
[INFO] [stderr]    Compiling wasm-bindgen-backend v0.2.63
[INFO] [stderr]     Checking serde_json v1.0.53
[INFO] [stderr]    Compiling wasm-bindgen-macro-support v0.2.63
[INFO] [stderr]    Compiling serde_derive v1.0.110
[INFO] [stderr]    Compiling pest_derive v2.1.0
[INFO] [stderr]    Compiling wasm-bindgen-macro v0.2.63
[INFO] [stderr]     Checking js-sys v0.3.40
[INFO] [stderr]     Checking console_error_panic_hook v0.1.6
[INFO] [stderr]     Checking sigurd v0.1.0 (/opt/rustwide/workdir/sigurd)
[INFO] [stderr]     Checking wasm-bindgen-futures v0.4.13
[INFO] [stderr]     Checking wasm-bindgen-test v0.3.13
[INFO] [stderr]     Checking sigurd-wasm v0.1.0 (/opt/rustwide/workdir/sigurd-wasm)
[INFO] [stdout] error[E0463]: can't find crate for `wasm_bindgen_test`
[INFO] [stdout]   --> sigurd-wasm/src/lib.rs:12:1
[INFO] [stdout]    |
[INFO] [stdout] 12 | extern crate wasm_bindgen_test;
[INFO] [stdout]    | ^^^^^^^^^^^^^^^^^^^^^^^^^^^^^^^ can't find crate
[INFO] [stdout] 
[INFO] [stdout] 
[INFO] [stdout] error: aborting due to previous error
[INFO] [stdout] 
[INFO] [stdout] 
[INFO] [stdout] For more information about this error, try `rustc --explain E0463`.
[INFO] [stdout] 
[INFO] [stdout] error[E0425]: cannot find function `set_print` in module `io`
[INFO] [stdout]     --> sigurd-wasm/src/print.rs:83:9
[INFO] [stdout]      |
[INFO] [stdout] 83   |     io::set_print(Some(Box::new(printer)));
[INFO] [stdout]      |         ^^^^^^^^^ help: a function with a similar name exists: `_eprint`
[INFO] [stdout] 
[INFO] [stdout] 
[INFO] [stdout] error[E0554]: `#![feature]` may not be used on the beta release channel
[INFO] [stdout]  --> sigurd-wasm/src/lib.rs:1:1
[INFO] [stdout]   |
[INFO] [stdout] 1 | #![feature(set_stdio)]
[INFO] [stdout]   | ^^^^^^^^^^^^^^^^^^^^^^
[INFO] [stdout] 
[INFO] [stdout] 
[INFO] [stdout] error: aborting due to 2 previous errors
[INFO] [stdout] 
[INFO] [stdout] 
[INFO] [stdout] Some errors have detailed explanations: E0425, E0554.
[INFO] [stdout] 
[INFO] [stdout] For more information about an error, try `rustc --explain E0425`.
[INFO] [stdout] 
[INFO] [stderr] error: could not compile `sigurd-wasm` due to 3 previous errors
[INFO] [stderr] warning: build failed, waiting for other jobs to finish...
[INFO] [stderr] error: build failed
[INFO] running `Command { std: "docker" "inspect" "f72dac772502246efa5cdebc6283a5ab5110984d3a105c841367464ba7fe1bb8", kill_on_drop: false }`
[INFO] running `Command { std: "docker" "rm" "-f" "f72dac772502246efa5cdebc6283a5ab5110984d3a105c841367464ba7fe1bb8", kill_on_drop: false }`
[INFO] [stdout] f72dac772502246efa5cdebc6283a5ab5110984d3a105c841367464ba7fe1bb8
