[INFO] cloning repository https://github.com/aleshaleksey/asbestos-test
[INFO] running `Command { std: "git" "-c" "credential.helper=" "-c" "credential.helper=/workspace/cargo-home/bin/git-credential-null" "clone" "--bare" "https://github.com/aleshaleksey/asbestos-test" "/workspace/cache/git-repos/https%3A%2F%2Fgithub.com%2Faleshaleksey%2Fasbestos-test", kill_on_drop: false }`
[INFO] [stderr] Cloning into bare repository '/workspace/cache/git-repos/https%3A%2F%2Fgithub.com%2Faleshaleksey%2Fasbestos-test'...
[INFO] running `Command { std: "git" "rev-parse" "HEAD", kill_on_drop: false }`
[INFO] [stdout] ec54cd34997fb0f905fe2f3a3472496b8dcae640
[INFO] checking aleshaleksey/asbestos-test against beta-2021-10-15 for beta-1.56-3
[INFO] running `Command { std: "git" "clone" "/workspace/cache/git-repos/https%3A%2F%2Fgithub.com%2Faleshaleksey%2Fasbestos-test" "/workspace/builds/worker-7/source", kill_on_drop: false }`
[INFO] [stderr] Cloning into '/workspace/builds/worker-7/source'...
[INFO] [stderr] done.
[INFO] validating manifest of git repo https://github.com/aleshaleksey/asbestos-test on toolchain beta-2021-10-15
[INFO] running `Command { std: "/workspace/cargo-home/bin/cargo" "+beta-2021-10-15" "metadata" "--manifest-path" "Cargo.toml" "--no-deps", kill_on_drop: false }`
[INFO] started tweaking git repo https://github.com/aleshaleksey/asbestos-test
[INFO] finished tweaking git repo https://github.com/aleshaleksey/asbestos-test
[INFO] tweaked toml for git repo https://github.com/aleshaleksey/asbestos-test written to /workspace/builds/worker-7/source/Cargo.toml
[INFO] crate git repo https://github.com/aleshaleksey/asbestos-test already has a lockfile, it will not be regenerated
[INFO] running `Command { std: "/workspace/cargo-home/bin/cargo" "+beta-2021-10-15" "fetch" "--manifest-path" "Cargo.toml", kill_on_drop: false }`
[INFO] [stderr]     Blocking waiting for file lock on package cache
[INFO] [stderr]     Blocking waiting for file lock on package cache
[INFO] running `Command { std: "docker" "create" "-v" "/var/lib/crater-agent-workspace/builds/worker-7/target:/opt/rustwide/target:rw,Z" "-v" "/var/lib/crater-agent-workspace/builds/worker-7/source:/opt/rustwide/workdir:ro,Z" "-v" "/var/lib/crater-agent-workspace/cargo-home:/opt/rustwide/cargo-home:ro,Z" "-v" "/var/lib/crater-agent-workspace/rustup-home:/opt/rustwide/rustup-home:ro,Z" "-e" "SOURCE_DIR=/opt/rustwide/workdir" "-e" "CARGO_TARGET_DIR=/opt/rustwide/target" "-e" "CARGO_HOME=/opt/rustwide/cargo-home" "-e" "RUSTUP_HOME=/opt/rustwide/rustup-home" "-w" "/opt/rustwide/workdir" "-m" "1610612736" "--user" "0:0" "--network" "none" "ghcr.io/rust-lang/crates-build-env/linux@sha256:a89201d6b5b9fd45c15d5952ece0a0129e7e80cb26ec023fd59cf09bc26f1604" "/opt/rustwide/cargo-home/bin/cargo" "+beta-2021-10-15" "metadata" "--no-deps" "--format-version=1", kill_on_drop: false }`
[INFO] [stdout] 077ec743fa9adad51433e17dc3edbb593ebd5aa8a721e5ae500aa6836f6ba940
[INFO] running `Command { std: "docker" "start" "-a" "077ec743fa9adad51433e17dc3edbb593ebd5aa8a721e5ae500aa6836f6ba940", kill_on_drop: false }`
[INFO] running `Command { std: "docker" "inspect" "077ec743fa9adad51433e17dc3edbb593ebd5aa8a721e5ae500aa6836f6ba940", kill_on_drop: false }`
[INFO] running `Command { std: "docker" "rm" "-f" "077ec743fa9adad51433e17dc3edbb593ebd5aa8a721e5ae500aa6836f6ba940", kill_on_drop: false }`
[INFO] [stdout] 077ec743fa9adad51433e17dc3edbb593ebd5aa8a721e5ae500aa6836f6ba940
[INFO] running `Command { std: "docker" "create" "-v" "/var/lib/crater-agent-workspace/builds/worker-7/target:/opt/rustwide/target:rw,Z" "-v" "/var/lib/crater-agent-workspace/builds/worker-7/source:/opt/rustwide/workdir:ro,Z" "-v" "/var/lib/crater-agent-workspace/cargo-home:/opt/rustwide/cargo-home:ro,Z" "-v" "/var/lib/crater-agent-workspace/rustup-home:/opt/rustwide/rustup-home:ro,Z" "-e" "SOURCE_DIR=/opt/rustwide/workdir" "-e" "CARGO_TARGET_DIR=/opt/rustwide/target" "-e" "CARGO_INCREMENTAL=0" "-e" "RUST_BACKTRACE=full" "-e" "RUSTFLAGS=--cap-lints=warn" "-e" "CARGO_HOME=/opt/rustwide/cargo-home" "-e" "RUSTUP_HOME=/opt/rustwide/rustup-home" "-w" "/opt/rustwide/workdir" "-m" "1610612736" "--user" "0:0" "--network" "none" "ghcr.io/rust-lang/crates-build-env/linux@sha256:a89201d6b5b9fd45c15d5952ece0a0129e7e80cb26ec023fd59cf09bc26f1604" "/opt/rustwide/cargo-home/bin/cargo" "+beta-2021-10-15" "check" "--frozen" "--all" "--all-targets" "--message-format=json", kill_on_drop: false }`
[INFO] [stdout] 2b02259a0a705f8294d6e3c8be654cd64be2967f3d5fe2b75f517a525b9501be
[INFO] running `Command { std: "docker" "start" "-a" "2b02259a0a705f8294d6e3c8be654cd64be2967f3d5fe2b75f517a525b9501be", kill_on_drop: false }`
[INFO] [stderr]     Blocking waiting for file lock on package cache
[INFO] [stderr]    Compiling proc-macro2 v1.0.6
[INFO] [stderr]    Compiling unicode-xid v0.2.0
[INFO] [stderr]    Compiling syn v1.0.11
[INFO] [stderr]    Compiling serde v1.0.104
[INFO] [stderr]    Compiling quote v1.0.2
[INFO] [stderr]    Compiling serde_derive v1.0.104
[INFO] [stderr]     Checking toml v0.4.10
[INFO] [stderr]     Checking asbestos-test v0.1.0 (/opt/rustwide/workdir)
[INFO] [stdout] error[E0554]: `#![feature]` may not be used on the beta release channel
[INFO] [stdout]  --> src/main.rs:1:1
[INFO] [stdout]   |
[INFO] [stdout] 1 | #![feature(try_trait)]
[INFO] [stdout]   | ^^^^^^^^^^^^^^^^^^^^^^
[INFO] [stdout] 
[INFO] [stdout] 
[INFO] [stdout] error[E0554]: `#![feature]` may not be used on the beta release channel
[INFO] [stdout]  --> src/main.rs:1:1
[INFO] [stdout]   |
[INFO] [stdout] 1 | #![feature(try_trait)]
[INFO] [stdout]   | ^^^^^^^^^^^^^^^^^^^^^^
[INFO] [stdout] 
[INFO] [stdout] 
[INFO] [stdout] error: aborting due to previous error
[INFO] [stdout] 
[INFO] [stdout] 
[INFO] [stdout] For more information about this error, try `rustc --explain E0554`.
[INFO] [stdout] 
[INFO] [stdout] error[E0063]: missing fields `ca_min_width` and `noise_level` in initializer of `AsbestosConfig`
[INFO] [stdout]    --> src/config.rs:102:14
[INFO] [stdout]     |
[INFO] [stdout] 102 |     let ac = AsbestosConfig {
[INFO] [stdout]     |              ^^^^^^^^^^^^^^ missing `ca_min_width` and `noise_level`
[INFO] [stdout] 
[INFO] [stdout] 
[INFO] [stderr] error: could not compile `asbestos-test` due to 2 previous errors
[INFO] [stderr] warning: build failed, waiting for other jobs to finish...
[INFO] [stdout] error: aborting due to 2 previous errors
[INFO] [stdout] 
[INFO] [stdout] 
[INFO] [stdout] Some errors have detailed explanations: E0063, E0554.
[INFO] [stdout] 
[INFO] [stdout] For more information about an error, try `rustc --explain E0063`.
[INFO] [stdout] 
[INFO] [stderr] error: build failed
[INFO] running `Command { std: "docker" "inspect" "2b02259a0a705f8294d6e3c8be654cd64be2967f3d5fe2b75f517a525b9501be", kill_on_drop: false }`
[INFO] running `Command { std: "docker" "rm" "-f" "2b02259a0a705f8294d6e3c8be654cd64be2967f3d5fe2b75f517a525b9501be", kill_on_drop: false }`
[INFO] [stdout] 2b02259a0a705f8294d6e3c8be654cd64be2967f3d5fe2b75f517a525b9501be
