[INFO] cloning repository https://github.com/ajm896/os_dev
[INFO] running `Command { std: "git" "-c" "credential.helper=" "-c" "credential.helper=/workspace/cargo-home/bin/git-credential-null" "clone" "--bare" "https://github.com/ajm896/os_dev" "/workspace/cache/git-repos/https%3A%2F%2Fgithub.com%2Fajm896%2Fos_dev", kill_on_drop: false }`
[INFO] [stderr] Cloning into bare repository '/workspace/cache/git-repos/https%3A%2F%2Fgithub.com%2Fajm896%2Fos_dev'...
[INFO] running `Command { std: "git" "rev-parse" "HEAD", kill_on_drop: false }`
[INFO] [stdout] 1d3f6609d4e752b1e8487a3396de394228d90a0d
[INFO] checking ajm896/os_dev against 1.55.0 for beta-1.56-3
[INFO] running `Command { std: "git" "clone" "/workspace/cache/git-repos/https%3A%2F%2Fgithub.com%2Fajm896%2Fos_dev" "/workspace/builds/worker-30/source", kill_on_drop: false }`
[INFO] [stderr] Cloning into '/workspace/builds/worker-30/source'...
[INFO] [stderr] done.
[INFO] [stderr] Updating files:  89% (787/876)
Updating files:  90% (789/876)
Updating files:  91% (798/876)
Updating files:  92% (806/876)
Updating files:  93% (815/876)
Updating files:  94% (824/876)
Updating files:  95% (833/876)
Updating files:  96% (841/876)
Updating files:  97% (850/876)
Updating files:  98% (859/876)
Updating files:  99% (868/876)
Updating files: 100% (876/876)
Updating files: 100% (876/876), done.
[INFO] validating manifest of git repo https://github.com/ajm896/os_dev on toolchain 1.55.0
[INFO] running `Command { std: "/workspace/cargo-home/bin/cargo" "+1.55.0" "metadata" "--manifest-path" "Cargo.toml" "--no-deps", kill_on_drop: false }`
[INFO] removed /workspace/builds/worker-30/source/.cargo/config.toml
[INFO] removed /workspace/builds/worker-30/source/rust-toolchain
[INFO] started tweaking git repo https://github.com/ajm896/os_dev
[INFO] finished tweaking git repo https://github.com/ajm896/os_dev
[INFO] tweaked toml for git repo https://github.com/ajm896/os_dev written to /workspace/builds/worker-30/source/Cargo.toml
[INFO] crate git repo https://github.com/ajm896/os_dev already has a lockfile, it will not be regenerated
[INFO] running `Command { std: "/workspace/cargo-home/bin/cargo" "+1.55.0" "fetch" "--manifest-path" "Cargo.toml", kill_on_drop: false }`
[INFO] [stderr]     Blocking waiting for file lock on package cache
[INFO] [stderr]     Blocking waiting for file lock on package cache
[INFO] running `Command { std: "docker" "create" "-v" "/var/lib/crater-agent-workspace/builds/worker-30/target:/opt/rustwide/target:rw,Z" "-v" "/var/lib/crater-agent-workspace/builds/worker-30/source:/opt/rustwide/workdir:ro,Z" "-v" "/var/lib/crater-agent-workspace/cargo-home:/opt/rustwide/cargo-home:ro,Z" "-v" "/var/lib/crater-agent-workspace/rustup-home:/opt/rustwide/rustup-home:ro,Z" "-e" "SOURCE_DIR=/opt/rustwide/workdir" "-e" "CARGO_TARGET_DIR=/opt/rustwide/target" "-e" "CARGO_HOME=/opt/rustwide/cargo-home" "-e" "RUSTUP_HOME=/opt/rustwide/rustup-home" "-w" "/opt/rustwide/workdir" "-m" "1610612736" "--user" "0:0" "--network" "none" "ghcr.io/rust-lang/crates-build-env/linux@sha256:a89201d6b5b9fd45c15d5952ece0a0129e7e80cb26ec023fd59cf09bc26f1604" "/opt/rustwide/cargo-home/bin/cargo" "+1.55.0" "metadata" "--no-deps" "--format-version=1", kill_on_drop: false }`
[INFO] [stdout] de18a76310772f106a4ddf35f12b847cc64e7efe1083dbffc93b5f6a5fa09f2e
[INFO] running `Command { std: "docker" "start" "-a" "de18a76310772f106a4ddf35f12b847cc64e7efe1083dbffc93b5f6a5fa09f2e", kill_on_drop: false }`
[INFO] running `Command { std: "docker" "inspect" "de18a76310772f106a4ddf35f12b847cc64e7efe1083dbffc93b5f6a5fa09f2e", kill_on_drop: false }`
[INFO] running `Command { std: "docker" "rm" "-f" "de18a76310772f106a4ddf35f12b847cc64e7efe1083dbffc93b5f6a5fa09f2e", kill_on_drop: false }`
[INFO] [stdout] de18a76310772f106a4ddf35f12b847cc64e7efe1083dbffc93b5f6a5fa09f2e
[INFO] running `Command { std: "docker" "create" "-v" "/var/lib/crater-agent-workspace/builds/worker-30/target:/opt/rustwide/target:rw,Z" "-v" "/var/lib/crater-agent-workspace/builds/worker-30/source:/opt/rustwide/workdir:ro,Z" "-v" "/var/lib/crater-agent-workspace/cargo-home:/opt/rustwide/cargo-home:ro,Z" "-v" "/var/lib/crater-agent-workspace/rustup-home:/opt/rustwide/rustup-home:ro,Z" "-e" "SOURCE_DIR=/opt/rustwide/workdir" "-e" "CARGO_TARGET_DIR=/opt/rustwide/target" "-e" "CARGO_INCREMENTAL=0" "-e" "RUST_BACKTRACE=full" "-e" "RUSTFLAGS=--cap-lints=warn" "-e" "CARGO_HOME=/opt/rustwide/cargo-home" "-e" "RUSTUP_HOME=/opt/rustwide/rustup-home" "-w" "/opt/rustwide/workdir" "-m" "1610612736" "--user" "0:0" "--network" "none" "ghcr.io/rust-lang/crates-build-env/linux@sha256:a89201d6b5b9fd45c15d5952ece0a0129e7e80cb26ec023fd59cf09bc26f1604" "/opt/rustwide/cargo-home/bin/cargo" "+1.55.0" "check" "--frozen" "--all" "--all-targets" "--message-format=json", kill_on_drop: false }`
[INFO] [stdout] 015fd67fe8f5f18e02d3c74213951acf9dc96b3c36530f5da247713bff967432
[INFO] running `Command { std: "docker" "start" "-a" "015fd67fe8f5f18e02d3c74213951acf9dc96b3c36530f5da247713bff967432", kill_on_drop: false }`
[INFO] [stderr]    Compiling bootloader v0.9.18
[INFO] [stderr]     Checking spin v0.5.2
[INFO] [stderr]     Checking volatile v0.2.7
[INFO] [stderr]     Checking lazy_static v1.4.0
[INFO] [stderr]     Checking os v0.1.0 (/opt/rustwide/workdir)
[INFO] [stdout] error[E0425]: cannot find value `info` in this scope
[INFO] [stdout]   --> src/main.rs:11:20
[INFO] [stdout]    |
[INFO] [stdout] 11 |     println!("{}", info);
[INFO] [stdout]    |                    ^^^^ help: a local variable with a similar name exists: `_info`
[INFO] [stdout] 
[INFO] [stdout] 
[INFO] [stdout] error[E0152]: found duplicate lang item `panic_impl`
[INFO] [stdout]   --> src/main.rs:10:1
[INFO] [stdout]    |
[INFO] [stdout] 10 | fn panic(_info: &PanicInfo) -> ! {
[INFO] [stdout]    | ^^^^^^^^^^^^^^^^^^^^^^^^^^^^^^^^
[INFO] [stdout]    |
[INFO] [stdout]    = note: the lang item is first defined in crate `std` (which `test` depends on)
[INFO] [stdout]    = note: first definition in `std` loaded from /opt/rustwide/rustup-home/toolchains/1.55.0-x86_64-unknown-linux-gnu/lib/rustlib/x86_64-unknown-linux-gnu/lib/libstd-008055cc7d873802.rlib
[INFO] [stdout]    = note: second definition in the local crate (`os`)
[INFO] [stdout] 
[INFO] [stdout] 
[INFO] [stdout] error[E0425]: cannot find value `info` in this scope
[INFO] [stdout]   --> src/main.rs:11:20
[INFO] [stdout]    |
[INFO] [stdout] 11 |     println!("{}", info);
[INFO] [stdout]    |                    ^^^^ help: a local variable with a similar name exists: `_info`
[INFO] [stdout] 
[INFO] [stdout] 
[INFO] [stdout] error: aborting due to previous error
[INFO] [stdout] 
[INFO] [stdout] 
[INFO] [stdout] For more information about this error, try `rustc --explain E0425`.
[INFO] [stdout] 
[INFO] [stderr] error: could not compile `os` due to 2 previous errors
[INFO] [stderr] warning: build failed, waiting for other jobs to finish...
[INFO] [stdout] error: aborting due to 2 previous errors
[INFO] [stdout] 
[INFO] [stdout] 
[INFO] [stdout] Some errors have detailed explanations: E0152, E0425.
[INFO] [stdout] 
[INFO] [stdout] For more information about an error, try `rustc --explain E0152`.
[INFO] [stdout] 
[INFO] [stderr] error: build failed
[INFO] running `Command { std: "docker" "inspect" "015fd67fe8f5f18e02d3c74213951acf9dc96b3c36530f5da247713bff967432", kill_on_drop: false }`
[INFO] running `Command { std: "docker" "rm" "-f" "015fd67fe8f5f18e02d3c74213951acf9dc96b3c36530f5da247713bff967432", kill_on_drop: false }`
[INFO] [stdout] 015fd67fe8f5f18e02d3c74213951acf9dc96b3c36530f5da247713bff967432
