[INFO] cloning repository https://github.com/ailisp/profile-borsh
[INFO] running `Command { std: "git" "-c" "credential.helper=" "-c" "credential.helper=/workspace/cargo-home/bin/git-credential-null" "clone" "--bare" "https://github.com/ailisp/profile-borsh" "/workspace/cache/git-repos/https%3A%2F%2Fgithub.com%2Failisp%2Fprofile-borsh", kill_on_drop: false }`
[INFO] [stderr] Cloning into bare repository '/workspace/cache/git-repos/https%3A%2F%2Fgithub.com%2Failisp%2Fprofile-borsh'...
[INFO] running `Command { std: "git" "rev-parse" "HEAD", kill_on_drop: false }`
[INFO] [stdout] 928fa4c4e4ec2631cc5d311492fb09b4c7c757ef
[INFO] checking ailisp/profile-borsh against 1.55.0 for beta-1.56-3
[INFO] running `Command { std: "git" "clone" "/workspace/cache/git-repos/https%3A%2F%2Fgithub.com%2Failisp%2Fprofile-borsh" "/workspace/builds/worker-9/source", kill_on_drop: false }`
[INFO] [stderr] Cloning into '/workspace/builds/worker-9/source'...
[INFO] [stderr] done.
[INFO] validating manifest of git repo https://github.com/ailisp/profile-borsh on toolchain 1.55.0
[INFO] running `Command { std: "/workspace/cargo-home/bin/cargo" "+1.55.0" "metadata" "--manifest-path" "Cargo.toml" "--no-deps", kill_on_drop: false }`
[INFO] started tweaking git repo https://github.com/ailisp/profile-borsh
[INFO] finished tweaking git repo https://github.com/ailisp/profile-borsh
[INFO] tweaked toml for git repo https://github.com/ailisp/profile-borsh written to /workspace/builds/worker-9/source/Cargo.toml
[INFO] crate git repo https://github.com/ailisp/profile-borsh already has a lockfile, it will not be regenerated
[INFO] running `Command { std: "/workspace/cargo-home/bin/cargo" "+1.55.0" "fetch" "--manifest-path" "Cargo.toml", kill_on_drop: false }`
[INFO] [stderr]     Blocking waiting for file lock on package cache
[INFO] [stderr]     Blocking waiting for file lock on package cache
[INFO] running `Command { std: "docker" "create" "-v" "/var/lib/crater-agent-workspace/builds/worker-9/target:/opt/rustwide/target:rw,Z" "-v" "/var/lib/crater-agent-workspace/builds/worker-9/source:/opt/rustwide/workdir:ro,Z" "-v" "/var/lib/crater-agent-workspace/cargo-home:/opt/rustwide/cargo-home:ro,Z" "-v" "/var/lib/crater-agent-workspace/rustup-home:/opt/rustwide/rustup-home:ro,Z" "-e" "SOURCE_DIR=/opt/rustwide/workdir" "-e" "CARGO_TARGET_DIR=/opt/rustwide/target" "-e" "CARGO_HOME=/opt/rustwide/cargo-home" "-e" "RUSTUP_HOME=/opt/rustwide/rustup-home" "-w" "/opt/rustwide/workdir" "-m" "1610612736" "--user" "0:0" "--network" "none" "ghcr.io/rust-lang/crates-build-env/linux@sha256:a89201d6b5b9fd45c15d5952ece0a0129e7e80cb26ec023fd59cf09bc26f1604" "/opt/rustwide/cargo-home/bin/cargo" "+1.55.0" "metadata" "--no-deps" "--format-version=1", kill_on_drop: false }`
[INFO] [stderr] WARNING: Your kernel does not support swap limit capabilities or the cgroup is not mounted. Memory limited without swap.
[INFO] [stdout] 8906504d2a634595144f98850f2222f71f8abc2ca9c7bf5633fe706aec7662c6
[INFO] running `Command { std: "docker" "start" "-a" "8906504d2a634595144f98850f2222f71f8abc2ca9c7bf5633fe706aec7662c6", kill_on_drop: false }`
[INFO] running `Command { std: "docker" "inspect" "8906504d2a634595144f98850f2222f71f8abc2ca9c7bf5633fe706aec7662c6", kill_on_drop: false }`
[INFO] running `Command { std: "docker" "rm" "-f" "8906504d2a634595144f98850f2222f71f8abc2ca9c7bf5633fe706aec7662c6", kill_on_drop: false }`
[INFO] [stdout] 8906504d2a634595144f98850f2222f71f8abc2ca9c7bf5633fe706aec7662c6
[INFO] running `Command { std: "docker" "create" "-v" "/var/lib/crater-agent-workspace/builds/worker-9/target:/opt/rustwide/target:rw,Z" "-v" "/var/lib/crater-agent-workspace/builds/worker-9/source:/opt/rustwide/workdir:ro,Z" "-v" "/var/lib/crater-agent-workspace/cargo-home:/opt/rustwide/cargo-home:ro,Z" "-v" "/var/lib/crater-agent-workspace/rustup-home:/opt/rustwide/rustup-home:ro,Z" "-e" "SOURCE_DIR=/opt/rustwide/workdir" "-e" "CARGO_TARGET_DIR=/opt/rustwide/target" "-e" "CARGO_INCREMENTAL=0" "-e" "RUST_BACKTRACE=full" "-e" "RUSTFLAGS=--cap-lints=warn" "-e" "CARGO_HOME=/opt/rustwide/cargo-home" "-e" "RUSTUP_HOME=/opt/rustwide/rustup-home" "-w" "/opt/rustwide/workdir" "-m" "1610612736" "--user" "0:0" "--network" "none" "ghcr.io/rust-lang/crates-build-env/linux@sha256:a89201d6b5b9fd45c15d5952ece0a0129e7e80cb26ec023fd59cf09bc26f1604" "/opt/rustwide/cargo-home/bin/cargo" "+1.55.0" "check" "--frozen" "--all" "--all-targets" "--message-format=json", kill_on_drop: false }`
[INFO] [stdout] 3f91a1923662bf188f91652a2789ca95718588ab65c1be791e2c9852883695cc
[INFO] [stderr] WARNING: Your kernel does not support swap limit capabilities or the cgroup is not mounted. Memory limited without swap.
[INFO] running `Command { std: "docker" "start" "-a" "3f91a1923662bf188f91652a2789ca95718588ab65c1be791e2c9852883695cc", kill_on_drop: false }`
[INFO] [stderr]    Compiling syn v1.0.60
[INFO] [stderr]    Compiling borsh-schema-derive-internal v0.8.1 (https://github.com/near/borsh-rs?rev=c62cdfbd10d4a17fc877809eba4ccb65e866d5f8#c62cdfbd)
[INFO] [stderr]    Compiling borsh-derive-internal v0.8.1 (https://github.com/near/borsh-rs?rev=c62cdfbd10d4a17fc877809eba4ccb65e866d5f8#c62cdfbd)
[INFO] [stderr]    Compiling borsh-derive v0.8.1 (https://github.com/near/borsh-rs?rev=c62cdfbd10d4a17fc877809eba4ccb65e866d5f8#c62cdfbd)
[INFO] [stderr]     Checking borsh v0.8.1 (https://github.com/near/borsh-rs?rev=c62cdfbd10d4a17fc877809eba4ccb65e866d5f8#c62cdfbd)
[INFO] [stderr]     Checking profile-borsh v0.1.0 (/opt/rustwide/workdir)
[INFO] [stdout] error[E0161]: cannot move a value of type [(usize, ExceptionCode)]: the size of [(usize, ExceptionCode)] cannot be statically determined
[INFO] [stdout]    --> src/main.rs:337:36
[INFO] [stdout]     |
[INFO] [stdout] 337 |         BorshSerialize::serialize(&unsafe{*std::ptr::slice_from_raw_parts(data_start, buckets+buckets+16)}, writer)
[INFO] [stdout]     |                                    ^^^^^^^^^^^^^^^^^^^^^^^^^^^^^^^^^^^^^^^^^^^^^^^^^^^^^^^^^^^^^^^^^^^^^^^
[INFO] [stdout] 
[INFO] [stdout] 
[INFO] [stdout] warning: variable does not need to be mutable
[INFO] [stdout]    --> src/main.rs:328:13
[INFO] [stdout]     |
[INFO] [stdout] 328 |         let mut std_hashmap: HashMap2<usize, ExceptionCode> = unsafe {
[INFO] [stdout]     |             ----^^^^^^^^^^^
[INFO] [stdout]     |             |
[INFO] [stdout]     |             help: remove this `mut`
[INFO] [stdout]     |
[INFO] [stdout]     = note: `#[warn(unused_mut)]` on by default
[INFO] [stdout] 
[INFO] [stdout] 
[INFO] [stdout] warning: variable does not need to be mutable
[INFO] [stdout]    --> src/main.rs:331:13
[INFO] [stdout]     |
[INFO] [stdout] 331 |         let mut hashbrown_raw_table = std_hashmap.base.table;
[INFO] [stdout]     |             ----^^^^^^^^^^^^^^^^^^^
[INFO] [stdout]     |             |
[INFO] [stdout]     |             help: remove this `mut`
[INFO] [stdout] 
[INFO] [stdout] 
[INFO] [stdout] warning: variable does not need to be mutable
[INFO] [stdout]    --> src/main.rs:336:13
[INFO] [stdout]     |
[INFO] [stdout] 336 | ...   let mut data_start = unsafe{NonNull::new_unchecked(hashbrown_raw_table.ctrl.as_ptr() as *mut (usize, ExceptionCode)).as_ptr().wrapp...
[INFO] [stdout]     |           ----^^^^^^^^^^
[INFO] [stdout]     |           |
[INFO] [stdout]     |           help: remove this `mut`
[INFO] [stdout] 
[INFO] [stdout] 
[INFO] [stdout] error[E0508]: cannot move out of type `[(usize, ExceptionCode)]`, a non-copy slice
[INFO] [stdout]    --> src/main.rs:337:43
[INFO] [stdout]     |
[INFO] [stdout] 337 |         BorshSerialize::serialize(&unsafe{*std::ptr::slice_from_raw_parts(data_start, buckets+buckets+16)}, writer)
[INFO] [stdout]     |                                           ^^^^^^^^^^^^^^^^^^^^^^^^^^^^^^^^^^^^^^^^^^^^^^^^^^^^^^^^^^^^^^^
[INFO] [stdout]     |                                           |
[INFO] [stdout]     |                                           cannot move out of here
[INFO] [stdout]     |                                           move occurs because value has type `[(usize, ExceptionCode)]`, which does not implement the `Copy` trait
[INFO] [stdout] 
[INFO] [stdout] 
[INFO] [stdout] error: aborting due to 2 previous errors; 3 warnings emitted
[INFO] [stdout] 
[INFO] [stdout] 
[INFO] [stdout] Some errors have detailed explanations: E0161, E0508.
[INFO] [stdout] 
[INFO] [stdout] For more information about an error, try `rustc --explain E0161`.
[INFO] [stdout] 
[INFO] [stderr] error: could not compile `profile-borsh` due to 3 previous errors; 3 warnings emitted
[INFO] [stderr] warning: build failed, waiting for other jobs to finish...
[INFO] [stdout] error[E0161]: cannot move a value of type [(usize, ExceptionCode)]: the size of [(usize, ExceptionCode)] cannot be statically determined
[INFO] [stdout]    --> src/main.rs:337:36
[INFO] [stdout]     |
[INFO] [stdout] 337 |         BorshSerialize::serialize(&unsafe{*std::ptr::slice_from_raw_parts(data_start, buckets+buckets+16)}, writer)
[INFO] [stdout]     |                                    ^^^^^^^^^^^^^^^^^^^^^^^^^^^^^^^^^^^^^^^^^^^^^^^^^^^^^^^^^^^^^^^^^^^^^^^
[INFO] [stdout] 
[INFO] [stdout] 
[INFO] [stdout] warning: variable does not need to be mutable
[INFO] [stdout]    --> src/main.rs:328:13
[INFO] [stdout]     |
[INFO] [stdout] 328 |         let mut std_hashmap: HashMap2<usize, ExceptionCode> = unsafe {
[INFO] [stdout]     |             ----^^^^^^^^^^^
[INFO] [stdout]     |             |
[INFO] [stdout]     |             help: remove this `mut`
[INFO] [stdout]     |
[INFO] [stdout]     = note: `#[warn(unused_mut)]` on by default
[INFO] [stdout] 
[INFO] [stdout] 
[INFO] [stdout] warning: variable does not need to be mutable
[INFO] [stdout]    --> src/main.rs:331:13
[INFO] [stdout]     |
[INFO] [stdout] 331 |         let mut hashbrown_raw_table = std_hashmap.base.table;
[INFO] [stdout]     |             ----^^^^^^^^^^^^^^^^^^^
[INFO] [stdout]     |             |
[INFO] [stdout]     |             help: remove this `mut`
[INFO] [stdout] 
[INFO] [stdout] 
[INFO] [stdout] warning: variable does not need to be mutable
[INFO] [stdout]    --> src/main.rs:336:13
[INFO] [stdout]     |
[INFO] [stdout] 336 | ...   let mut data_start = unsafe{NonNull::new_unchecked(hashbrown_raw_table.ctrl.as_ptr() as *mut (usize, ExceptionCode)).as_ptr().wrapp...
[INFO] [stdout]     |           ----^^^^^^^^^^
[INFO] [stdout]     |           |
[INFO] [stdout]     |           help: remove this `mut`
[INFO] [stdout] 
[INFO] [stdout] 
[INFO] [stdout] error[E0508]: cannot move out of type `[(usize, ExceptionCode)]`, a non-copy slice
[INFO] [stdout]    --> src/main.rs:337:43
[INFO] [stdout]     |
[INFO] [stdout] 337 |         BorshSerialize::serialize(&unsafe{*std::ptr::slice_from_raw_parts(data_start, buckets+buckets+16)}, writer)
[INFO] [stdout]     |                                           ^^^^^^^^^^^^^^^^^^^^^^^^^^^^^^^^^^^^^^^^^^^^^^^^^^^^^^^^^^^^^^^
[INFO] [stdout]     |                                           |
[INFO] [stdout]     |                                           cannot move out of here
[INFO] [stdout]     |                                           move occurs because value has type `[(usize, ExceptionCode)]`, which does not implement the `Copy` trait
[INFO] [stdout] 
[INFO] [stdout] 
[INFO] [stdout] error: aborting due to 2 previous errors; 3 warnings emitted
[INFO] [stdout] 
[INFO] [stdout] 
[INFO] [stdout] Some errors have detailed explanations: E0161, E0508.
[INFO] [stdout] 
[INFO] [stderr] error: build failed
[INFO] [stdout] For more information about an error, try `rustc --explain E0161`.
[INFO] [stdout] 
[INFO] running `Command { std: "docker" "inspect" "3f91a1923662bf188f91652a2789ca95718588ab65c1be791e2c9852883695cc", kill_on_drop: false }`
[INFO] running `Command { std: "docker" "rm" "-f" "3f91a1923662bf188f91652a2789ca95718588ab65c1be791e2c9852883695cc", kill_on_drop: false }`
[INFO] [stdout] 3f91a1923662bf188f91652a2789ca95718588ab65c1be791e2c9852883695cc
